[INFO] fetching crate nommy 0.4.1...
[INFO] testing nommy-0.4.1 against beta-2021-08-01 for beta-1.55-1
[INFO] extracting crate nommy 0.4.1 into /workspace/builds/worker-67/source
[INFO] validating manifest of crates.io crate nommy 0.4.1 on toolchain beta-2021-08-01
[INFO] running `Command { std: "/workspace/cargo-home/bin/cargo" "+beta-2021-08-01" "metadata" "--manifest-path" "Cargo.toml" "--no-deps", kill_on_drop: false }`
[INFO] started tweaking crates.io crate nommy 0.4.1
[INFO] finished tweaking crates.io crate nommy 0.4.1
[INFO] tweaked toml for crates.io crate nommy 0.4.1 written to /workspace/builds/worker-67/source/Cargo.toml
[INFO] running `Command { std: "/workspace/cargo-home/bin/cargo" "+beta-2021-08-01" "generate-lockfile" "--manifest-path" "Cargo.toml" "-Zno-index-update", kill_on_drop: false }`
[INFO] [stderr]     Blocking waiting for file lock on package cache
[INFO] running `Command { std: "/workspace/cargo-home/bin/cargo" "+beta-2021-08-01" "fetch" "--manifest-path" "Cargo.toml", kill_on_drop: false }`
[INFO] [stderr]     Blocking waiting for file lock on package cache
[INFO] [stderr]     Blocking waiting for file lock on package cache
[INFO] running `Command { std: "docker" "create" "-v" "/var/lib/crater-agent-workspace/builds/worker-67/target:/opt/rustwide/target:rw,Z" "-v" "/var/lib/crater-agent-workspace/builds/worker-67/source:/opt/rustwide/workdir:ro,Z" "-v" "/var/lib/crater-agent-workspace/cargo-home:/opt/rustwide/cargo-home:ro,Z" "-v" "/var/lib/crater-agent-workspace/rustup-home:/opt/rustwide/rustup-home:ro,Z" "-e" "SOURCE_DIR=/opt/rustwide/workdir" "-e" "CARGO_TARGET_DIR=/opt/rustwide/target" "-e" "CARGO_HOME=/opt/rustwide/cargo-home" "-e" "RUSTUP_HOME=/opt/rustwide/rustup-home" "-w" "/opt/rustwide/workdir" "-m" "1610612736" "--user" "0:0" "--network" "none" "ghcr.io/rust-lang/crates-build-env/linux@sha256:34b6a614d2c27851fe6cbf88fbd1137609cefab8b10d0615aaeb6fd47975d74e" "/opt/rustwide/cargo-home/bin/cargo" "+beta-2021-08-01" "metadata" "--no-deps" "--format-version=1", kill_on_drop: false }`
[INFO] [stdout] 36230d855ed4dfe79635cd935967ceb6b994df20cc869db04f9b2990552894ff
[INFO] running `Command { std: "docker" "start" "-a" "36230d855ed4dfe79635cd935967ceb6b994df20cc869db04f9b2990552894ff", kill_on_drop: false }`
[INFO] running `Command { std: "docker" "inspect" "36230d855ed4dfe79635cd935967ceb6b994df20cc869db04f9b2990552894ff", kill_on_drop: false }`
[INFO] running `Command { std: "docker" "rm" "-f" "36230d855ed4dfe79635cd935967ceb6b994df20cc869db04f9b2990552894ff", kill_on_drop: false }`
[INFO] [stdout] 36230d855ed4dfe79635cd935967ceb6b994df20cc869db04f9b2990552894ff
[INFO] running `Command { std: "docker" "create" "-v" "/var/lib/crater-agent-workspace/builds/worker-67/target:/opt/rustwide/target:rw,Z" "-v" "/var/lib/crater-agent-workspace/builds/worker-67/source:/opt/rustwide/workdir:ro,Z" "-v" "/var/lib/crater-agent-workspace/cargo-home:/opt/rustwide/cargo-home:ro,Z" "-v" "/var/lib/crater-agent-workspace/rustup-home:/opt/rustwide/rustup-home:ro,Z" "-e" "SOURCE_DIR=/opt/rustwide/workdir" "-e" "CARGO_TARGET_DIR=/opt/rustwide/target" "-e" "CARGO_INCREMENTAL=0" "-e" "RUST_BACKTRACE=full" "-e" "RUSTFLAGS=--cap-lints=warn" "-e" "CARGO_HOME=/opt/rustwide/cargo-home" "-e" "RUSTUP_HOME=/opt/rustwide/rustup-home" "-w" "/opt/rustwide/workdir" "-m" "1610612736" "--user" "0:0" "--network" "none" "ghcr.io/rust-lang/crates-build-env/linux@sha256:34b6a614d2c27851fe6cbf88fbd1137609cefab8b10d0615aaeb6fd47975d74e" "/opt/rustwide/cargo-home/bin/cargo" "+beta-2021-08-01" "build" "--frozen" "--message-format=json", kill_on_drop: false }`
[INFO] [stdout] ef8d61381323a36d037176a6de8bbcbdcc11dc566cac87e345e975d6aa4739e3
[INFO] running `Command { std: "docker" "start" "-a" "ef8d61381323a36d037176a6de8bbcbdcc11dc566cac87e345e975d6aa4739e3", kill_on_drop: false }`
[INFO] [stderr]    Compiling eyre v0.6.5
[INFO] [stderr]    Compiling indenter v0.3.3
[INFO] [stderr]    Compiling nommy_derive v0.4.1
[INFO] [stderr]    Compiling nommy v0.4.1 (/opt/rustwide/workdir)
[INFO] [stdout] error[E0554]: `#![feature]` may not be used on the beta release channel
[INFO] [stdout]  --> src/lib.rs:2:1
[INFO] [stdout]   |
[INFO] [stdout] 2 | #![feature(array_map)]
[INFO] [stdout]   | ^^^^^^^^^^^^^^^^^^^^^^
[INFO] [stdout] 
[INFO] [stdout] 
[INFO] [stdout] error[E0554]: `#![feature]` may not be used on the beta release channel
[INFO] [stdout]  --> src/lib.rs:3:1
[INFO] [stdout]   |
[INFO] [stdout] 3 | #![feature(maybe_uninit_uninit_array)]
[INFO] [stdout]   | ^^^^^^^^^^^^^^^^^^^^^^^^^^^^^^^^^^^^^^
[INFO] [stdout] 
[INFO] [stdout] 
[INFO] [stdout] error[E0554]: `#![feature]` may not be used on the beta release channel
[INFO] [stdout]  --> src/lib.rs:4:1
[INFO] [stdout]   |
[INFO] [stdout] 4 | #![feature(maybe_uninit_array_assume_init)]
[INFO] [stdout]   | ^^^^^^^^^^^^^^^^^^^^^^^^^^^^^^^^^^^^^^^^^^^
[INFO] [stdout] 
[INFO] [stdout] 
[INFO] [stdout] error[E0554]: `#![feature]` may not be used on the beta release channel
[INFO] [stdout]  --> src/lib.rs:5:1
[INFO] [stdout]   |
[INFO] [stdout] 5 | #![feature(const_generics)]
[INFO] [stdout]   | ^^^^^^^^^^^^^^^^^^^^^^^^^^^
[INFO] [stdout] 
[INFO] [stdout] 
[INFO] [stdout] error: aborting due to 4 previous errors
[INFO] [stdout] 
[INFO] [stdout] 
[INFO] [stdout] For more information about this error, try `rustc --explain E0554`.
[INFO] [stdout] 
[INFO] [stderr] error: could not compile `nommy` due to 5 previous errors
[INFO] running `Command { std: "docker" "inspect" "ef8d61381323a36d037176a6de8bbcbdcc11dc566cac87e345e975d6aa4739e3", kill_on_drop: false }`
[INFO] running `Command { std: "docker" "rm" "-f" "ef8d61381323a36d037176a6de8bbcbdcc11dc566cac87e345e975d6aa4739e3", kill_on_drop: false }`
[INFO] [stdout] ef8d61381323a36d037176a6de8bbcbdcc11dc566cac87e345e975d6aa4739e3
