[INFO] fetching crate nice_glfw 1.0.1...
[INFO] testing nice_glfw-1.0.1 against beta-2021-08-01 for beta-1.55-1
[INFO] extracting crate nice_glfw 1.0.1 into /workspace/builds/worker-39/source
[INFO] validating manifest of crates.io crate nice_glfw 1.0.1 on toolchain beta-2021-08-01
[INFO] running `Command { std: "/workspace/cargo-home/bin/cargo" "+beta-2021-08-01" "metadata" "--manifest-path" "Cargo.toml" "--no-deps", kill_on_drop: false }`
[INFO] started tweaking crates.io crate nice_glfw 1.0.1
[INFO] finished tweaking crates.io crate nice_glfw 1.0.1
[INFO] tweaked toml for crates.io crate nice_glfw 1.0.1 written to /workspace/builds/worker-39/source/Cargo.toml
[INFO] running `Command { std: "/workspace/cargo-home/bin/cargo" "+beta-2021-08-01" "generate-lockfile" "--manifest-path" "Cargo.toml" "-Zno-index-update", kill_on_drop: false }`
[INFO] [stderr]     Blocking waiting for file lock on package cache
[INFO] running `Command { std: "/workspace/cargo-home/bin/cargo" "+beta-2021-08-01" "fetch" "--manifest-path" "Cargo.toml", kill_on_drop: false }`
[INFO] [stderr]     Blocking waiting for file lock on package cache
[INFO] [stderr]  Downloading crates ...
[INFO] [stderr]   Downloaded raw-window-handle v0.3.3
[INFO] [stderr]   Downloaded glfw v0.41.0
[INFO] [stderr]   Downloaded glfw-sys v3.3.4
[INFO] running `Command { std: "docker" "create" "-v" "/var/lib/crater-agent-workspace/builds/worker-39/target:/opt/rustwide/target:rw,Z" "-v" "/var/lib/crater-agent-workspace/builds/worker-39/source:/opt/rustwide/workdir:ro,Z" "-v" "/var/lib/crater-agent-workspace/cargo-home:/opt/rustwide/cargo-home:ro,Z" "-v" "/var/lib/crater-agent-workspace/rustup-home:/opt/rustwide/rustup-home:ro,Z" "-e" "SOURCE_DIR=/opt/rustwide/workdir" "-e" "CARGO_TARGET_DIR=/opt/rustwide/target" "-e" "CARGO_HOME=/opt/rustwide/cargo-home" "-e" "RUSTUP_HOME=/opt/rustwide/rustup-home" "-w" "/opt/rustwide/workdir" "-m" "1610612736" "--user" "0:0" "--network" "none" "ghcr.io/rust-lang/crates-build-env/linux@sha256:34b6a614d2c27851fe6cbf88fbd1137609cefab8b10d0615aaeb6fd47975d74e" "/opt/rustwide/cargo-home/bin/cargo" "+beta-2021-08-01" "metadata" "--no-deps" "--format-version=1", kill_on_drop: false }`
[INFO] [stdout] c10493779b98ae371273faffb37db40552abdda8e9050077e5e1ed3ea1768091
[INFO] running `Command { std: "docker" "start" "-a" "c10493779b98ae371273faffb37db40552abdda8e9050077e5e1ed3ea1768091", kill_on_drop: false }`
[INFO] running `Command { std: "docker" "inspect" "c10493779b98ae371273faffb37db40552abdda8e9050077e5e1ed3ea1768091", kill_on_drop: false }`
[INFO] running `Command { std: "docker" "rm" "-f" "c10493779b98ae371273faffb37db40552abdda8e9050077e5e1ed3ea1768091", kill_on_drop: false }`
[INFO] [stdout] c10493779b98ae371273faffb37db40552abdda8e9050077e5e1ed3ea1768091
[INFO] running `Command { std: "docker" "create" "-v" "/var/lib/crater-agent-workspace/builds/worker-39/target:/opt/rustwide/target:rw,Z" "-v" "/var/lib/crater-agent-workspace/builds/worker-39/source:/opt/rustwide/workdir:ro,Z" "-v" "/var/lib/crater-agent-workspace/cargo-home:/opt/rustwide/cargo-home:ro,Z" "-v" "/var/lib/crater-agent-workspace/rustup-home:/opt/rustwide/rustup-home:ro,Z" "-e" "SOURCE_DIR=/opt/rustwide/workdir" "-e" "CARGO_TARGET_DIR=/opt/rustwide/target" "-e" "CARGO_INCREMENTAL=0" "-e" "RUST_BACKTRACE=full" "-e" "RUSTFLAGS=--cap-lints=warn" "-e" "CARGO_HOME=/opt/rustwide/cargo-home" "-e" "RUSTUP_HOME=/opt/rustwide/rustup-home" "-w" "/opt/rustwide/workdir" "-m" "1610612736" "--user" "0:0" "--network" "none" "ghcr.io/rust-lang/crates-build-env/linux@sha256:34b6a614d2c27851fe6cbf88fbd1137609cefab8b10d0615aaeb6fd47975d74e" "/opt/rustwide/cargo-home/bin/cargo" "+beta-2021-08-01" "build" "--frozen" "--message-format=json", kill_on_drop: false }`
[INFO] [stdout] 2f1efe708ff6709abf2eda857f3986eb45cbd88e12ec098e0edbac6ec00a7cd9
[INFO] running `Command { std: "docker" "start" "-a" "2f1efe708ff6709abf2eda857f3986eb45cbd88e12ec098e0edbac6ec00a7cd9", kill_on_drop: false }`
[INFO] [stderr]     Blocking waiting for file lock on package cache
[INFO] [stderr]    Compiling cmake v0.1.45
[INFO] [stderr]    Compiling raw-window-handle v0.3.3
[INFO] [stderr]    Compiling glfw-sys v3.3.4
[INFO] [stderr]    Compiling glfw v0.41.0
[INFO] [stderr]    Compiling nice_glfw v1.0.1 (/opt/rustwide/workdir)
[INFO] [stdout] error[E0432]: unresolved import `glfw::WindowHint::OpenglForwardCompat`
[INFO] [stdout]   --> src/lib.rs:31:5
[INFO] [stdout]    |
[INFO] [stdout] 31 | use glfw::WindowHint::OpenglForwardCompat;
[INFO] [stdout]    |     ^^^^^^^^^^^^^^^^^^-------------------
[INFO] [stdout]    |     |                 |
[INFO] [stdout]    |     |                 help: a similar name exists in the module: `OpenGlForwardCompat`
[INFO] [stdout]    |     no `OpenglForwardCompat` in `WindowHint`
[INFO] [stdout] 
[INFO] [stdout] 
[INFO] [stdout] error[E0432]: unresolved import `glfw::WindowHint::OpenglProfile`
[INFO] [stdout]   --> src/lib.rs:32:5
[INFO] [stdout]    |
[INFO] [stdout] 32 | use glfw::WindowHint::OpenglProfile;
[INFO] [stdout]    |     ^^^^^^^^^^^^^^^^^^-------------
[INFO] [stdout]    |     |                 |
[INFO] [stdout]    |     |                 help: a similar name exists in the module: `OpenGlProfile`
[INFO] [stdout]    |     no `OpenglProfile` in `WindowHint`
[INFO] [stdout] 
[INFO] [stdout] 
[INFO] [stdout] warning: unused import: `glfw::WindowMode::Windowed`
[INFO] [stdout]   --> src/lib.rs:29:5
[INFO] [stdout]    |
[INFO] [stdout] 29 | use glfw::WindowMode::Windowed;
[INFO] [stdout]    |     ^^^^^^^^^^^^^^^^^^^^^^^^^^
[INFO] [stdout]    |
[INFO] [stdout]    = note: `#[warn(unused_imports)]` on by default
[INFO] [stdout] 
[INFO] [stdout] 
[INFO] [stdout] warning: unused import: `glfw::WindowHint::ContextVersion`
[INFO] [stdout]   --> src/lib.rs:30:5
[INFO] [stdout]    |
[INFO] [stdout] 30 | use glfw::WindowHint::ContextVersion;
[INFO] [stdout]    |     ^^^^^^^^^^^^^^^^^^^^^^^^^^^^^^^^
[INFO] [stdout] 
[INFO] [stdout] 
[INFO] [stdout] error[E0599]: no variant or associated item named `OpenglForwardCompat` found for enum `WindowHint` in the current scope
[INFO] [stdout]    --> src/lib.rs:154:25
[INFO] [stdout]     |
[INFO] [stdout] 154 |             WindowHint::OpenglForwardCompat(true),
[INFO] [stdout]     |                         ^^^^^^^^^^^^^^^^^^^
[INFO] [stdout]     |                         |
[INFO] [stdout]     |                         variant or associated item not found in `WindowHint`
[INFO] [stdout]     |                         help: there is a variant with a similar name: `OpenGlForwardCompat`
[INFO] [stdout] 
[INFO] [stdout] 
[INFO] [stdout] error[E0599]: no variant or associated item named `OpenglProfile` found for enum `WindowHint` in the current scope
[INFO] [stdout]    --> src/lib.rs:155:25
[INFO] [stdout]     |
[INFO] [stdout] 155 |             WindowHint::OpenglProfile(OpenGlProfileHint::Core)
[INFO] [stdout]     |                         ^^^^^^^^^^^^^
[INFO] [stdout]     |                         |
[INFO] [stdout]     |                         variant or associated item not found in `WindowHint`
[INFO] [stdout]     |                         help: there is a variant with a similar name: `OpenGlProfile`
[INFO] [stdout] 
[INFO] [stdout] 
[INFO] [stdout] error[E0599]: no variant or associated item named `OpenglForwardCompat` found for enum `WindowHint` in the current scope
[INFO] [stdout]    --> src/lib.rs:159:25
[INFO] [stdout]     |
[INFO] [stdout] 159 |             WindowHint::OpenglForwardCompat(true),
[INFO] [stdout]     |                         ^^^^^^^^^^^^^^^^^^^
[INFO] [stdout]     |                         |
[INFO] [stdout]     |                         variant or associated item not found in `WindowHint`
[INFO] [stdout]     |                         help: there is a variant with a similar name: `OpenGlForwardCompat`
[INFO] [stdout] 
[INFO] [stdout] 
[INFO] [stdout] error[E0599]: no variant or associated item named `OpenglProfile` found for enum `WindowHint` in the current scope
[INFO] [stdout]    --> src/lib.rs:160:25
[INFO] [stdout]     |
[INFO] [stdout] 160 |             WindowHint::OpenglProfile(OpenGlProfileHint::Core)
[INFO] [stdout]     |                         ^^^^^^^^^^^^^
[INFO] [stdout]     |                         |
[INFO] [stdout]     |                         variant or associated item not found in `WindowHint`
[INFO] [stdout]     |                         help: there is a variant with a similar name: `OpenGlProfile`
[INFO] [stdout] 
[INFO] [stdout] 
[INFO] [stdout] error[E0599]: no variant or associated item named `OpenglForwardCompat` found for enum `WindowHint` in the current scope
[INFO] [stdout]    --> src/lib.rs:164:25
[INFO] [stdout]     |
[INFO] [stdout] 164 |             WindowHint::OpenglForwardCompat(true),
[INFO] [stdout]     |                         ^^^^^^^^^^^^^^^^^^^
[INFO] [stdout]     |                         |
[INFO] [stdout]     |                         variant or associated item not found in `WindowHint`
[INFO] [stdout]     |                         help: there is a variant with a similar name: `OpenGlForwardCompat`
[INFO] [stdout] 
[INFO] [stdout] 
[INFO] [stdout] error[E0599]: no variant or associated item named `OpenglProfile` found for enum `WindowHint` in the current scope
[INFO] [stdout]    --> src/lib.rs:165:25
[INFO] [stdout]     |
[INFO] [stdout] 165 |             WindowHint::OpenglProfile(OpenGlProfileHint::Core)
[INFO] [stdout]     |                         ^^^^^^^^^^^^^
[INFO] [stdout]     |                         |
[INFO] [stdout]     |                         variant or associated item not found in `WindowHint`
[INFO] [stdout]     |                         help: there is a variant with a similar name: `OpenGlProfile`
[INFO] [stdout] 
[INFO] [stdout] 
[INFO] [stdout] error[E0599]: no variant or associated item named `OpenglForwardCompat` found for enum `WindowHint` in the current scope
[INFO] [stdout]    --> src/lib.rs:169:25
[INFO] [stdout]     |
[INFO] [stdout] 169 |             WindowHint::OpenglForwardCompat(true),
[INFO] [stdout]     |                         ^^^^^^^^^^^^^^^^^^^
[INFO] [stdout]     |                         |
[INFO] [stdout]     |                         variant or associated item not found in `WindowHint`
[INFO] [stdout]     |                         help: there is a variant with a similar name: `OpenGlForwardCompat`
[INFO] [stdout] 
[INFO] [stdout] 
[INFO] [stdout] error[E0599]: no variant or associated item named `OpenglProfile` found for enum `WindowHint` in the current scope
[INFO] [stdout]    --> src/lib.rs:170:25
[INFO] [stdout]     |
[INFO] [stdout] 170 |             WindowHint::OpenglProfile(OpenGlProfileHint::Core)
[INFO] [stdout]     |                         ^^^^^^^^^^^^^
[INFO] [stdout]     |                         |
[INFO] [stdout]     |                         variant or associated item not found in `WindowHint`
[INFO] [stdout]     |                         help: there is a variant with a similar name: `OpenGlProfile`
[INFO] [stdout] 
[INFO] [stdout] 
[INFO] [stdout] error[E0599]: no variant or associated item named `OpenglForwardCompat` found for enum `WindowHint` in the current scope
[INFO] [stdout]    --> src/lib.rs:174:25
[INFO] [stdout]     |
[INFO] [stdout] 174 |             WindowHint::OpenglForwardCompat(true),
[INFO] [stdout]     |                         ^^^^^^^^^^^^^^^^^^^
[INFO] [stdout]     |                         |
[INFO] [stdout]     |                         variant or associated item not found in `WindowHint`
[INFO] [stdout]     |                         help: there is a variant with a similar name: `OpenGlForwardCompat`
[INFO] [stdout] 
[INFO] [stdout] 
[INFO] [stdout] error[E0599]: no variant or associated item named `OpenglProfile` found for enum `WindowHint` in the current scope
[INFO] [stdout]    --> src/lib.rs:175:25
[INFO] [stdout]     |
[INFO] [stdout] 175 |             WindowHint::OpenglProfile(OpenGlProfileHint::Core)
[INFO] [stdout]     |                         ^^^^^^^^^^^^^
[INFO] [stdout]     |                         |
[INFO] [stdout]     |                         variant or associated item not found in `WindowHint`
[INFO] [stdout]     |                         help: there is a variant with a similar name: `OpenGlProfile`
[INFO] [stdout] 
[INFO] [stdout] 
[INFO] [stdout] error[E0599]: no variant or associated item named `OpenglForwardCompat` found for enum `WindowHint` in the current scope
[INFO] [stdout]    --> src/lib.rs:179:25
[INFO] [stdout]     |
[INFO] [stdout] 179 |             WindowHint::OpenglForwardCompat(true),
[INFO] [stdout]     |                         ^^^^^^^^^^^^^^^^^^^
[INFO] [stdout]     |                         |
[INFO] [stdout]     |                         variant or associated item not found in `WindowHint`
[INFO] [stdout]     |                         help: there is a variant with a similar name: `OpenGlForwardCompat`
[INFO] [stdout] 
[INFO] [stdout] 
[INFO] [stdout] error[E0599]: no variant or associated item named `OpenglProfile` found for enum `WindowHint` in the current scope
[INFO] [stdout]    --> src/lib.rs:180:25
[INFO] [stdout]     |
[INFO] [stdout] 180 |             WindowHint::OpenglProfile(OpenGlProfileHint::Core)
[INFO] [stdout]     |                         ^^^^^^^^^^^^^
[INFO] [stdout]     |                         |
[INFO] [stdout]     |                         variant or associated item not found in `WindowHint`
[INFO] [stdout]     |                         help: there is a variant with a similar name: `OpenGlProfile`
[INFO] [stdout] 
[INFO] [stdout] 
[INFO] [stdout] error[E0599]: no variant or associated item named `OpenglForwardCompat` found for enum `WindowHint` in the current scope
[INFO] [stdout]    --> src/lib.rs:184:25
[INFO] [stdout]     |
[INFO] [stdout] 184 |             WindowHint::OpenglForwardCompat(true),
[INFO] [stdout]     |                         ^^^^^^^^^^^^^^^^^^^
[INFO] [stdout]     |                         |
[INFO] [stdout]     |                         variant or associated item not found in `WindowHint`
[INFO] [stdout]     |                         help: there is a variant with a similar name: `OpenGlForwardCompat`
[INFO] [stdout] 
[INFO] [stdout] 
[INFO] [stdout] error[E0599]: no variant or associated item named `OpenglProfile` found for enum `WindowHint` in the current scope
[INFO] [stdout]    --> src/lib.rs:185:25
[INFO] [stdout]     |
[INFO] [stdout] 185 |             WindowHint::OpenglProfile(OpenGlProfileHint::Core),
[INFO] [stdout]     |                         ^^^^^^^^^^^^^
[INFO] [stdout]     |                         |
[INFO] [stdout]     |                         variant or associated item not found in `WindowHint`
[INFO] [stdout]     |                         help: there is a variant with a similar name: `OpenGlProfile`
[INFO] [stdout] 
[INFO] [stdout] 
[INFO] [stdout] error[E0599]: no variant or associated item named `OpenglForwardCompat` found for enum `WindowHint` in the current scope
[INFO] [stdout]    --> src/lib.rs:189:25
[INFO] [stdout]     |
[INFO] [stdout] 189 |             WindowHint::OpenglForwardCompat(true),
[INFO] [stdout]     |                         ^^^^^^^^^^^^^^^^^^^
[INFO] [stdout]     |                         |
[INFO] [stdout]     |                         variant or associated item not found in `WindowHint`
[INFO] [stdout]     |                         help: there is a variant with a similar name: `OpenGlForwardCompat`
[INFO] [stdout] 
[INFO] [stdout] 
[INFO] [stdout] error[E0599]: no variant or associated item named `OpenglForwardCompat` found for enum `WindowHint` in the current scope
[INFO] [stdout]    --> src/lib.rs:196:25
[INFO] [stdout]     |
[INFO] [stdout] 196 |             WindowHint::OpenglForwardCompat(true),
[INFO] [stdout]     |                         ^^^^^^^^^^^^^^^^^^^
[INFO] [stdout]     |                         |
[INFO] [stdout]     |                         variant or associated item not found in `WindowHint`
[INFO] [stdout]     |                         help: there is a variant with a similar name: `OpenGlForwardCompat`
[INFO] [stdout] 
[INFO] [stdout] 
[INFO] [stdout] error: aborting due to 18 previous errors; 2 warnings emitted
[INFO] [stdout] 
[INFO] [stdout] 
[INFO] [stdout] Some errors have detailed explanations: E0432, E0599.
[INFO] [stdout] 
[INFO] [stdout] For more information about an error, try `rustc --explain E0432`.
[INFO] [stdout] 
[INFO] [stderr] error: could not compile `nice_glfw` due to 19 previous errors; 2 warnings emitted
[INFO] [stderr] warning: build failed, waiting for other jobs to finish...
[INFO] [stderr] error: build failed
[INFO] running `Command { std: "docker" "inspect" "2f1efe708ff6709abf2eda857f3986eb45cbd88e12ec098e0edbac6ec00a7cd9", kill_on_drop: false }`
[INFO] running `Command { std: "docker" "rm" "-f" "2f1efe708ff6709abf2eda857f3986eb45cbd88e12ec098e0edbac6ec00a7cd9", kill_on_drop: false }`
[INFO] [stdout] 2f1efe708ff6709abf2eda857f3986eb45cbd88e12ec098e0edbac6ec00a7cd9
