[INFO] fetching crate network-internet-protocol 0.1.10...
[INFO] testing network-internet-protocol-0.1.10 against beta-2021-08-01 for beta-1.55-1
[INFO] extracting crate network-internet-protocol 0.1.10 into /workspace/builds/worker-34/source
[INFO] validating manifest of crates.io crate network-internet-protocol 0.1.10 on toolchain beta-2021-08-01
[INFO] running `Command { std: "/workspace/cargo-home/bin/cargo" "+beta-2021-08-01" "metadata" "--manifest-path" "Cargo.toml" "--no-deps", kill_on_drop: false }`
[INFO] started tweaking crates.io crate network-internet-protocol 0.1.10
[INFO] finished tweaking crates.io crate network-internet-protocol 0.1.10
[INFO] tweaked toml for crates.io crate network-internet-protocol 0.1.10 written to /workspace/builds/worker-34/source/Cargo.toml
[INFO] running `Command { std: "/workspace/cargo-home/bin/cargo" "+beta-2021-08-01" "generate-lockfile" "--manifest-path" "Cargo.toml" "-Zno-index-update", kill_on_drop: false }`
[INFO] [stderr]     Blocking waiting for file lock on package cache
[INFO] running `Command { std: "/workspace/cargo-home/bin/cargo" "+beta-2021-08-01" "fetch" "--manifest-path" "Cargo.toml", kill_on_drop: false }`
[INFO] [stderr]  Downloading crates ...
[INFO] [stderr]   Downloaded generic-array v0.9.1
[INFO] [stderr]   Downloaded network-ethernet v0.1.9
[INFO] [stderr]   Downloaded libnuma-sys v0.0.9
[INFO] [stderr]   Downloaded digest v0.7.6
[INFO] [stderr]   Downloaded hyper-thread-random v0.4.2
[INFO] [stderr]   Downloaded network-endian v0.1.5
[INFO] [stderr]   Downloaded network-time v0.1.1
[INFO] [stderr]   Downloaded network-check-sum v0.1.4
[INFO] [stderr]   Downloaded network-packet v0.1.1
[INFO] [stderr]   Downloaded rdma-core-sys v0.1.10
[INFO] [stderr]   Downloaded dpdk-sys v0.1.5
[INFO] running `Command { std: "docker" "create" "-v" "/var/lib/crater-agent-workspace/builds/worker-34/target:/opt/rustwide/target:rw,Z" "-v" "/var/lib/crater-agent-workspace/builds/worker-34/source:/opt/rustwide/workdir:ro,Z" "-v" "/var/lib/crater-agent-workspace/cargo-home:/opt/rustwide/cargo-home:ro,Z" "-v" "/var/lib/crater-agent-workspace/rustup-home:/opt/rustwide/rustup-home:ro,Z" "-e" "SOURCE_DIR=/opt/rustwide/workdir" "-e" "CARGO_TARGET_DIR=/opt/rustwide/target" "-e" "CARGO_HOME=/opt/rustwide/cargo-home" "-e" "RUSTUP_HOME=/opt/rustwide/rustup-home" "-w" "/opt/rustwide/workdir" "-m" "1610612736" "--user" "0:0" "--network" "none" "ghcr.io/rust-lang/crates-build-env/linux@sha256:34b6a614d2c27851fe6cbf88fbd1137609cefab8b10d0615aaeb6fd47975d74e" "/opt/rustwide/cargo-home/bin/cargo" "+beta-2021-08-01" "metadata" "--no-deps" "--format-version=1", kill_on_drop: false }`
[INFO] [stdout] 54fd0b998a0809ecf1bae0f38171ad2de9b51f6d0d5bef0c3e078e23d7a925a6
[INFO] running `Command { std: "docker" "start" "-a" "54fd0b998a0809ecf1bae0f38171ad2de9b51f6d0d5bef0c3e078e23d7a925a6", kill_on_drop: false }`
[INFO] running `Command { std: "docker" "inspect" "54fd0b998a0809ecf1bae0f38171ad2de9b51f6d0d5bef0c3e078e23d7a925a6", kill_on_drop: false }`
[INFO] running `Command { std: "docker" "rm" "-f" "54fd0b998a0809ecf1bae0f38171ad2de9b51f6d0d5bef0c3e078e23d7a925a6", kill_on_drop: false }`
[INFO] [stdout] 54fd0b998a0809ecf1bae0f38171ad2de9b51f6d0d5bef0c3e078e23d7a925a6
[INFO] running `Command { std: "docker" "create" "-v" "/var/lib/crater-agent-workspace/builds/worker-34/target:/opt/rustwide/target:rw,Z" "-v" "/var/lib/crater-agent-workspace/builds/worker-34/source:/opt/rustwide/workdir:ro,Z" "-v" "/var/lib/crater-agent-workspace/cargo-home:/opt/rustwide/cargo-home:ro,Z" "-v" "/var/lib/crater-agent-workspace/rustup-home:/opt/rustwide/rustup-home:ro,Z" "-e" "SOURCE_DIR=/opt/rustwide/workdir" "-e" "CARGO_TARGET_DIR=/opt/rustwide/target" "-e" "CARGO_INCREMENTAL=0" "-e" "RUST_BACKTRACE=full" "-e" "RUSTFLAGS=--cap-lints=warn" "-e" "CARGO_HOME=/opt/rustwide/cargo-home" "-e" "RUSTUP_HOME=/opt/rustwide/rustup-home" "-w" "/opt/rustwide/workdir" "-m" "1610612736" "--user" "0:0" "--network" "none" "ghcr.io/rust-lang/crates-build-env/linux@sha256:34b6a614d2c27851fe6cbf88fbd1137609cefab8b10d0615aaeb6fd47975d74e" "/opt/rustwide/cargo-home/bin/cargo" "+beta-2021-08-01" "build" "--frozen" "--message-format=json", kill_on_drop: false }`
[INFO] [stdout] 2d9ea9cd3ee180e4a0b520d5417457a20f730e7865582aa97865d06851906edc
[INFO] running `Command { std: "docker" "start" "-a" "2d9ea9cd3ee180e4a0b520d5417457a20f730e7865582aa97865d06851906edc", kill_on_drop: false }`
[INFO] [stderr]    Compiling syn v1.0.74
[INFO] [stderr]    Compiling serde v1.0.127
[INFO] [stderr]    Compiling likely v0.1.0
[INFO] [stderr]    Compiling arrayref v0.3.6
[INFO] [stderr]    Compiling rand v0.4.6
[INFO] [stderr]    Compiling generic-array v0.9.1
[INFO] [stderr]    Compiling digest v0.7.6
[INFO] [stderr]    Compiling hyper-thread-random v0.4.2
[INFO] [stderr]    Compiling serde_derive v1.0.127
[INFO] [stderr]    Compiling network-endian v0.1.5
[INFO] [stderr]    Compiling network-time v0.1.1
[INFO] [stderr]    Compiling network-packet v0.1.1
[INFO] [stdout] error[E0557]: feature has been removed
[INFO] [stdout]  --> /opt/rustwide/cargo-home/registry/src/github.com-1ecc6299db9ec823/network-endian-0.1.5/src/lib.rs:7:12
[INFO] [stdout]   |
[INFO] [stdout] 7 | #![feature(const_fn)]
[INFO] [stdout]   |            ^^^^^^^^ feature has been removed
[INFO] [stdout]   |
[INFO] [stdout]   = note: split into finer-grained feature gates
[INFO] [stdout] 
[INFO] [stdout] 
[INFO] [stdout] error[E0557]: feature has been removed
[INFO] [stdout]  --> /opt/rustwide/cargo-home/registry/src/github.com-1ecc6299db9ec823/network-packet-0.1.1/src/lib.rs:7:12
[INFO] [stdout]   |
[INFO] [stdout] 7 | #![feature(const_fn)]
[INFO] [stdout]   |            ^^^^^^^^ feature has been removed
[INFO] [stdout]   |
[INFO] [stdout]   = note: split into finer-grained feature gates
[INFO] [stdout] 
[INFO] [stdout] 
[INFO] [stdout] error[E0557]: feature has been removed
[INFO] [stdout]  --> /opt/rustwide/cargo-home/registry/src/github.com-1ecc6299db9ec823/network-time-0.1.1/src/lib.rs:8:12
[INFO] [stdout]   |
[INFO] [stdout] 8 | #![feature(const_fn)]
[INFO] [stdout]   |            ^^^^^^^^ feature has been removed
[INFO] [stdout]   |
[INFO] [stdout]   = note: split into finer-grained feature gates
[INFO] [stdout] 
[INFO] [stdout] 
[INFO] [stdout] error: the legacy LLVM-style asm! syntax is no longer supported
[INFO] [stdout]    --> /opt/rustwide/cargo-home/registry/src/github.com-1ecc6299db9ec823/network-time-0.1.1/src/MonotonicMillisecondTimestamp.rs:283:4
[INFO] [stdout]     |
[INFO] [stdout] 283 |               asm!
[INFO] [stdout]     |               ^---
[INFO] [stdout]     |               |
[INFO] [stdout]     |  _____________help: replace with: `llvm_asm!`
[INFO] [stdout]     | |
[INFO] [stdout] 284 | |             (
[INFO] [stdout] 285 | |                 "rdtsc"
[INFO] [stdout] 286 | |                 :
[INFO] [stdout] ...   |
[INFO] [stdout] 292 | |                     "volatile"
[INFO] [stdout] 293 | |             );
[INFO] [stdout]     | |______________^
[INFO] [stdout]     |
[INFO] [stdout]     = note: consider migrating to the new asm! syntax specified in RFC 2873
[INFO] [stdout]     = note: alternatively, switch to llvm_asm! to keep your code working as it is
[INFO] [stdout] 
[INFO] [stdout] 
[INFO] [stdout] error[E0554]: `#![feature]` may not be used on the beta release channel
[INFO] [stdout]  --> /opt/rustwide/cargo-home/registry/src/github.com-1ecc6299db9ec823/network-endian-0.1.5/src/lib.rs:7:1
[INFO] [stdout]   |
[INFO] [stdout] 7 | #![feature(const_fn)]
[INFO] [stdout]   | ^^^^^^^^^^^^^^^^^^^^^
[INFO] [stdout] 
[INFO] [stdout] 
[INFO] [stdout] error[E0554]: `#![feature]` may not be used on the beta release channel
[INFO] [stdout]  --> /opt/rustwide/cargo-home/registry/src/github.com-1ecc6299db9ec823/network-time-0.1.1/src/lib.rs:7:1
[INFO] [stdout]   |
[INFO] [stdout] 7 | #![feature(asm)]
[INFO] [stdout]   | ^^^^^^^^^^^^^^^^
[INFO] [stdout] 
[INFO] [stdout] 
[INFO] [stdout] error[E0554]: `#![feature]` may not be used on the beta release channel
[INFO] [stdout]  --> /opt/rustwide/cargo-home/registry/src/github.com-1ecc6299db9ec823/network-time-0.1.1/src/lib.rs:8:1
[INFO] [stdout]   |
[INFO] [stdout] 8 | #![feature(const_fn)]
[INFO] [stdout]   | ^^^^^^^^^^^^^^^^^^^^^
[INFO] [stdout] 
[INFO] [stdout] 
[INFO] [stdout] error[E0554]: `#![feature]` may not be used on the beta release channel
[INFO] [stdout]  --> /opt/rustwide/cargo-home/registry/src/github.com-1ecc6299db9ec823/network-time-0.1.1/src/lib.rs:9:1
[INFO] [stdout]   |
[INFO] [stdout] 9 | #![feature(core_intrinsics)]
[INFO] [stdout]   | ^^^^^^^^^^^^^^^^^^^^^^^^^^^^
[INFO] [stdout] 
[INFO] [stdout] 
[INFO] [stdout] error[E0554]: `#![feature]` may not be used on the beta release channel
[INFO] [stdout]  --> /opt/rustwide/cargo-home/registry/src/github.com-1ecc6299db9ec823/network-packet-0.1.1/src/lib.rs:7:1
[INFO] [stdout]   |
[INFO] [stdout] 7 | #![feature(const_fn)]
[INFO] [stdout]   | ^^^^^^^^^^^^^^^^^^^^^
[INFO] [stdout] 
[INFO] [stdout] 
[INFO] [stdout] error[E0554]: `#![feature]` may not be used on the beta release channel
[INFO] [stdout]  --> /opt/rustwide/cargo-home/registry/src/github.com-1ecc6299db9ec823/network-packet-0.1.1/src/lib.rs:8:1
[INFO] [stdout]   |
[INFO] [stdout] 8 | #![feature(reverse_bits)]
[INFO] [stdout]   | ^^^^^^^^^^^^^^^^^^^^^^^^^
[INFO] [stdout] 
[INFO] [stdout] 
[INFO] [stdout] error[E0554]: `#![feature]` may not be used on the beta release channel
[INFO] [stdout]  --> /opt/rustwide/cargo-home/registry/src/github.com-1ecc6299db9ec823/network-packet-0.1.1/src/lib.rs:9:1
[INFO] [stdout]   |
[INFO] [stdout] 9 | #![feature(try_from)]
[INFO] [stdout]   | ^^^^^^^^^^^^^^^^^^^^^
[INFO] [stdout] 
[INFO] [stdout] 
[INFO] [stdout] error[E0554]: `#![feature]` may not be used on the beta release channel
[INFO] [stdout]   --> /opt/rustwide/cargo-home/registry/src/github.com-1ecc6299db9ec823/network-packet-0.1.1/src/lib.rs:10:1
[INFO] [stdout]    |
[INFO] [stdout] 10 | #![feature(untagged_unions)]
[INFO] [stdout]    | ^^^^^^^^^^^^^^^^^^^^^^^^^^^^
[INFO] [stdout] 
[INFO] [stdout] 
[INFO] [stdout] error: aborting due to 5 previous errors
[INFO] [stdout] 
[INFO] [stdout] 
[INFO] [stdout] Some errors have detailed explanations: E0554, E0557.
[INFO] [stdout] 
[INFO] [stdout] For more information about an error, try `rustc --explain E0554`.
[INFO] [stdout] 
[INFO] [stderr] error: could not compile `network-time` due to 6 previous errors
[INFO] [stderr] warning: build failed, waiting for other jobs to finish...
[INFO] [stdout] error: aborting due to 5 previous errors
[INFO] [stdout] 
[INFO] [stdout] 
[INFO] [stdout] Some errors have detailed explanations: E0554, E0557.
[INFO] [stdout] 
[INFO] [stdout] For more information about an error, try `rustc --explain E0554`.
[INFO] [stdout] 
[INFO] [stdout] error[E0599]: no function or associated item named `from_bytes` found for type `u16` in the current scope
[INFO] [stdout]   --> /opt/rustwide/cargo-home/registry/src/github.com-1ecc6299db9ec823/network-endian-0.1.5/src/NetworkEndianU16.rs:16:21
[INFO] [stdout]    |
[INFO] [stdout] 16 |         u16::from_be(u16::from_bytes(self.0)).partial_cmp(&u16::from_be(u16::from_bytes(other.0)))
[INFO] [stdout]    |                           ^^^^^^^^^^
[INFO] [stdout]    |                           |
[INFO] [stdout]    |                           function or associated item not found in `u16`
[INFO] [stdout]    |                           help: there is an associated function with a similar name: `from_be`
[INFO] [stdout] 
[INFO] [stdout] 
[INFO] [stdout] error[E0599]: no function or associated item named `from_bytes` found for type `u16` in the current scope
[INFO] [stdout]   --> /opt/rustwide/cargo-home/registry/src/github.com-1ecc6299db9ec823/network-endian-0.1.5/src/NetworkEndianU16.rs:16:72
[INFO] [stdout]    |
[INFO] [stdout] 16 |         u16::from_be(u16::from_bytes(self.0)).partial_cmp(&u16::from_be(u16::from_bytes(other.0)))
[INFO] [stdout]    |                                                                              ^^^^^^^^^^
[INFO] [stdout]    |                                                                              |
[INFO] [stdout]    |                                                                              function or associated item not found in `u16`
[INFO] [stdout]    |                                                                              help: there is an associated function with a similar name: `from_be`
[INFO] [stdout] 
[INFO] [stdout] 
[INFO] [stdout] error[E0599]: no function or associated item named `from_bytes` found for type `u16` in the current scope
[INFO] [stdout]   --> /opt/rustwide/cargo-home/registry/src/github.com-1ecc6299db9ec823/network-endian-0.1.5/src/NetworkEndianU16.rs:25:21
[INFO] [stdout]    |
[INFO] [stdout] 25 |         u16::from_be(u16::from_bytes(self.0)).cmp(&u16::from_be(u16::from_bytes(other.0)))
[INFO] [stdout]    |                           ^^^^^^^^^^
[INFO] [stdout]    |                           |
[INFO] [stdout]    |                           function or associated item not found in `u16`
[INFO] [stdout]    |                           help: there is an associated function with a similar name: `from_be`
[INFO] [stdout] 
[INFO] [stdout] 
[INFO] [stdout] error[E0599]: no function or associated item named `from_bytes` found for type `u16` in the current scope
[INFO] [stdout]   --> /opt/rustwide/cargo-home/registry/src/github.com-1ecc6299db9ec823/network-endian-0.1.5/src/NetworkEndianU16.rs:25:64
[INFO] [stdout]    |
[INFO] [stdout] 25 |         u16::from_be(u16::from_bytes(self.0)).cmp(&u16::from_be(u16::from_bytes(other.0)))
[INFO] [stdout]    |                                                                      ^^^^^^^^^^
[INFO] [stdout]    |                                                                      |
[INFO] [stdout]    |                                                                      function or associated item not found in `u16`
[INFO] [stdout]    |                                                                      help: there is an associated function with a similar name: `from_be`
[INFO] [stdout] 
[INFO] [stdout] 
[INFO] [stdout] error[E0599]: no method named `to_bytes` found for type `u16` in the current scope
[INFO] [stdout]    --> /opt/rustwide/cargo-home/registry/src/github.com-1ecc6299db9ec823/network-endian-0.1.5/src/NetworkEndianU16.rs:113:42
[INFO] [stdout]     |
[INFO] [stdout] 113 |         NetworkEndianU16(native_endian.to_be().to_bytes())
[INFO] [stdout]     |                                                ^^^^^^^^ method not found in `u16`
[INFO] [stdout]     |
[INFO] [stdout]     = help: items from traits can only be used if the trait is implemented and in scope
[INFO] [stdout] note: `NetworkEndian` defines an item `to_bytes`, perhaps you need to implement it
[INFO] [stdout]    --> /opt/rustwide/cargo-home/registry/src/github.com-1ecc6299db9ec823/network-endian-0.1.5/src/NetworkEndian.rs:6:1
[INFO] [stdout]     |
[INFO] [stdout] 6   | pub trait NetworkEndian: Sized + Default + Debug + Copy + Clone + PartialOrd + Ord + PartialEq + Eq + Hash + Display + Serialize + DeserializeOwned
[INFO] [stdout]     | ^^^^^^^^^^^^^^^^^^^^^^^^^^^^^^^^^^^^^^^^^^^^^^^^^^^^^^^^^^^^^^^^^^^^^^^^^^^^^^^^^^^^^^^^^^^^^^^^^^^^^^^^^^^^^^^^^^^^^^^^^^^^^^^^^^^^^^^^^^^^^^^^^^^
[INFO] [stdout] 
[INFO] [stdout] 
[INFO] [stdout] error[E0599]: no function or associated item named `from_bytes` found for type `u16` in the current scope
[INFO] [stdout]    --> /opt/rustwide/cargo-home/registry/src/github.com-1ecc6299db9ec823/network-endian-0.1.5/src/NetworkEndianU16.rs:126:8
[INFO] [stdout]     |
[INFO] [stdout] 126 |         u16::from_bytes(self.0)
[INFO] [stdout]     |              ^^^^^^^^^^
[INFO] [stdout]     |              |
[INFO] [stdout]     |              function or associated item not found in `u16`
[INFO] [stdout]     |              help: there is an associated function with a similar name: `from_be`
[INFO] [stdout] 
[INFO] [stdout] 
[INFO] [stdout] error[E0599]: no function or associated item named `from_bytes` found for type `u32` in the current scope
[INFO] [stdout]   --> /opt/rustwide/cargo-home/registry/src/github.com-1ecc6299db9ec823/network-endian-0.1.5/src/NetworkEndianU32.rs:16:21
[INFO] [stdout]    |
[INFO] [stdout] 16 |         u32::from_be(u32::from_bytes(self.0)).partial_cmp(&u32::from_be(u32::from_bytes(other.0)))
[INFO] [stdout]    |                           ^^^^^^^^^^
[INFO] [stdout]    |                           |
[INFO] [stdout]    |                           function or associated item not found in `u32`
[INFO] [stdout]    |                           help: there is an associated function with a similar name: `from_be`
[INFO] [stdout] 
[INFO] [stdout] 
[INFO] [stdout] error[E0599]: no function or associated item named `from_bytes` found for type `u32` in the current scope
[INFO] [stdout]   --> /opt/rustwide/cargo-home/registry/src/github.com-1ecc6299db9ec823/network-endian-0.1.5/src/NetworkEndianU32.rs:16:72
[INFO] [stdout]    |
[INFO] [stdout] 16 |         u32::from_be(u32::from_bytes(self.0)).partial_cmp(&u32::from_be(u32::from_bytes(other.0)))
[INFO] [stdout]    |                                                                              ^^^^^^^^^^
[INFO] [stdout]    |                                                                              |
[INFO] [stdout]    |                                                                              function or associated item not found in `u32`
[INFO] [stdout]    |                                                                              help: there is an associated function with a similar name: `from_be`
[INFO] [stdout] 
[INFO] [stdout] 
[INFO] [stdout] error[E0599]: no function or associated item named `from_bytes` found for type `u32` in the current scope
[INFO] [stdout]   --> /opt/rustwide/cargo-home/registry/src/github.com-1ecc6299db9ec823/network-endian-0.1.5/src/NetworkEndianU32.rs:25:21
[INFO] [stdout]    |
[INFO] [stdout] 25 |         u32::from_be(u32::from_bytes(self.0)).cmp(&u32::from_be(u32::from_bytes(other.0)))
[INFO] [stdout]    |                           ^^^^^^^^^^
[INFO] [stdout]    |                           |
[INFO] [stdout]    |                           function or associated item not found in `u32`
[INFO] [stdout]    |                           help: there is an associated function with a similar name: `from_be`
[INFO] [stdout] 
[INFO] [stdout] 
[INFO] [stdout] error[E0599]: no function or associated item named `from_bytes` found for type `u32` in the current scope
[INFO] [stdout]   --> /opt/rustwide/cargo-home/registry/src/github.com-1ecc6299db9ec823/network-endian-0.1.5/src/NetworkEndianU32.rs:25:64
[INFO] [stdout]    |
[INFO] [stdout] 25 |         u32::from_be(u32::from_bytes(self.0)).cmp(&u32::from_be(u32::from_bytes(other.0)))
[INFO] [stdout]    |                                                                      ^^^^^^^^^^
[INFO] [stdout]    |                                                                      |
[INFO] [stdout]    |                                                                      function or associated item not found in `u32`
[INFO] [stdout]    |                                                                      help: there is an associated function with a similar name: `from_be`
[INFO] [stdout] 
[INFO] [stdout] 
[INFO] [stdout] error[E0599]: no method named `to_bytes` found for type `u32` in the current scope
[INFO] [stdout]    --> /opt/rustwide/cargo-home/registry/src/github.com-1ecc6299db9ec823/network-endian-0.1.5/src/NetworkEndianU32.rs:116:42
[INFO] [stdout]     |
[INFO] [stdout] 116 |         NetworkEndianU32(native_endian.to_be().to_bytes())
[INFO] [stdout]     |                                                ^^^^^^^^ method not found in `u32`
[INFO] [stdout]     |
[INFO] [stdout]     = help: items from traits can only be used if the trait is implemented and in scope
[INFO] [stdout] note: `NetworkEndian` defines an item `to_bytes`, perhaps you need to implement it
[INFO] [stdout]    --> /opt/rustwide/cargo-home/registry/src/github.com-1ecc6299db9ec823/network-endian-0.1.5/src/NetworkEndian.rs:6:1
[INFO] [stdout]     |
[INFO] [stdout] 6   | pub trait NetworkEndian: Sized + Default + Debug + Copy + Clone + PartialOrd + Ord + PartialEq + Eq + Hash + Display + Serialize + DeserializeOwned
[INFO] [stdout]     | ^^^^^^^^^^^^^^^^^^^^^^^^^^^^^^^^^^^^^^^^^^^^^^^^^^^^^^^^^^^^^^^^^^^^^^^^^^^^^^^^^^^^^^^^^^^^^^^^^^^^^^^^^^^^^^^^^^^^^^^^^^^^^^^^^^^^^^^^^^^^^^^^^^^
[INFO] [stdout] 
[INFO] [stdout] 
[INFO] [stdout] error[E0599]: no function or associated item named `from_bytes` found for type `u32` in the current scope
[INFO] [stdout]    --> /opt/rustwide/cargo-home/registry/src/github.com-1ecc6299db9ec823/network-endian-0.1.5/src/NetworkEndianU32.rs:129:8
[INFO] [stdout]     |
[INFO] [stdout] 129 |         u32::from_bytes(self.0)
[INFO] [stdout]     |              ^^^^^^^^^^
[INFO] [stdout]     |              |
[INFO] [stdout]     |              function or associated item not found in `u32`
[INFO] [stdout]     |              help: there is an associated function with a similar name: `from_be`
[INFO] [stdout] 
[INFO] [stdout] 
[INFO] [stdout] error[E0599]: no function or associated item named `from_bytes` found for type `u128` in the current scope
[INFO] [stdout]   --> /opt/rustwide/cargo-home/registry/src/github.com-1ecc6299db9ec823/network-endian-0.1.5/src/NetworkEndianU128.rs:16:23
[INFO] [stdout]    |
[INFO] [stdout] 16 |         u128::from_be(u128::from_bytes(self.0)).partial_cmp(&u128::from_be(u128::from_bytes(other.0)))
[INFO] [stdout]    |                             ^^^^^^^^^^
[INFO] [stdout]    |                             |
[INFO] [stdout]    |                             function or associated item not found in `u128`
[INFO] [stdout]    |                             help: there is an associated function with a similar name: `from_be`
[INFO] [stdout] 
[INFO] [stdout] 
[INFO] [stdout] error[E0599]: no function or associated item named `from_bytes` found for type `u128` in the current scope
[INFO] [stdout]   --> /opt/rustwide/cargo-home/registry/src/github.com-1ecc6299db9ec823/network-endian-0.1.5/src/NetworkEndianU128.rs:16:76
[INFO] [stdout]    |
[INFO] [stdout] 16 |         u128::from_be(u128::from_bytes(self.0)).partial_cmp(&u128::from_be(u128::from_bytes(other.0)))
[INFO] [stdout]    |                                                                                  ^^^^^^^^^^
[INFO] [stdout]    |                                                                                  |
[INFO] [stdout]    |                                                                                  function or associated item not found in `u128`
[INFO] [stdout]    |                                                                                  help: there is an associated function with a similar name: `from_be`
[INFO] [stdout] 
[INFO] [stdout] 
[INFO] [stdout] error[E0599]: no function or associated item named `from_bytes` found for type `u128` in the current scope
[INFO] [stdout]   --> /opt/rustwide/cargo-home/registry/src/github.com-1ecc6299db9ec823/network-endian-0.1.5/src/NetworkEndianU128.rs:25:23
[INFO] [stdout]    |
[INFO] [stdout] 25 |         u128::from_be(u128::from_bytes(self.0)).cmp(&u128::from_be(u128::from_bytes(other.0)))
[INFO] [stdout]    |                             ^^^^^^^^^^
[INFO] [stdout]    |                             |
[INFO] [stdout]    |                             function or associated item not found in `u128`
[INFO] [stdout]    |                             help: there is an associated function with a similar name: `from_be`
[INFO] [stdout] 
[INFO] [stdout] 
[INFO] [stdout] error[E0599]: no function or associated item named `from_bytes` found for type `u128` in the current scope
[INFO] [stdout]   --> /opt/rustwide/cargo-home/registry/src/github.com-1ecc6299db9ec823/network-endian-0.1.5/src/NetworkEndianU128.rs:25:68
[INFO] [stdout]    |
[INFO] [stdout] 25 |         u128::from_be(u128::from_bytes(self.0)).cmp(&u128::from_be(u128::from_bytes(other.0)))
[INFO] [stdout]    |                                                                          ^^^^^^^^^^
[INFO] [stdout]    |                                                                          |
[INFO] [stdout]    |                                                                          function or associated item not found in `u128`
[INFO] [stdout]    |                                                                          help: there is an associated function with a similar name: `from_be`
[INFO] [stdout] 
[INFO] [stdout] 
[INFO] [stdout] error[E0599]: no method named `to_bytes` found for type `u128` in the current scope
[INFO] [stdout]    --> /opt/rustwide/cargo-home/registry/src/github.com-1ecc6299db9ec823/network-endian-0.1.5/src/NetworkEndianU128.rs:113:43
[INFO] [stdout]     |
[INFO] [stdout] 113 |         NetworkEndianU128(native_endian.to_be().to_bytes())
[INFO] [stdout]     |                                                 ^^^^^^^^ method not found in `u128`
[INFO] [stdout]     |
[INFO] [stdout]     = help: items from traits can only be used if the trait is implemented and in scope
[INFO] [stdout] note: `NetworkEndian` defines an item `to_bytes`, perhaps you need to implement it
[INFO] [stdout]    --> /opt/rustwide/cargo-home/registry/src/github.com-1ecc6299db9ec823/network-endian-0.1.5/src/NetworkEndian.rs:6:1
[INFO] [stdout]     |
[INFO] [stdout] 6   | pub trait NetworkEndian: Sized + Default + Debug + Copy + Clone + PartialOrd + Ord + PartialEq + Eq + Hash + Display + Serialize + DeserializeOwned
[INFO] [stdout]     | ^^^^^^^^^^^^^^^^^^^^^^^^^^^^^^^^^^^^^^^^^^^^^^^^^^^^^^^^^^^^^^^^^^^^^^^^^^^^^^^^^^^^^^^^^^^^^^^^^^^^^^^^^^^^^^^^^^^^^^^^^^^^^^^^^^^^^^^^^^^^^^^^^^^
[INFO] [stdout] 
[INFO] [stdout] 
[INFO] [stdout] error[E0599]: no function or associated item named `from_bytes` found for type `u128` in the current scope
[INFO] [stdout]    --> /opt/rustwide/cargo-home/registry/src/github.com-1ecc6299db9ec823/network-endian-0.1.5/src/NetworkEndianU128.rs:126:9
[INFO] [stdout]     |
[INFO] [stdout] 126 |         u128::from_bytes(self.0)
[INFO] [stdout]     |               ^^^^^^^^^^
[INFO] [stdout]     |               |
[INFO] [stdout]     |               function or associated item not found in `u128`
[INFO] [stdout]     |               help: there is an associated function with a similar name: `from_be`
[INFO] [stdout] 
[INFO] [stdout] 
[INFO] [stdout] error: aborting due to 20 previous errors
[INFO] [stdout] 
[INFO] [stdout] 
[INFO] [stdout] Some errors have detailed explanations: E0554, E0557, E0599.
[INFO] [stdout] 
[INFO] [stdout] For more information about an error, try `rustc --explain E0554`.
[INFO] [stdout] 
[INFO] [stderr] error: build failed
[INFO] running `Command { std: "docker" "inspect" "2d9ea9cd3ee180e4a0b520d5417457a20f730e7865582aa97865d06851906edc", kill_on_drop: false }`
[INFO] running `Command { std: "docker" "rm" "-f" "2d9ea9cd3ee180e4a0b520d5417457a20f730e7865582aa97865d06851906edc", kill_on_drop: false }`
[INFO] [stdout] 2d9ea9cd3ee180e4a0b520d5417457a20f730e7865582aa97865d06851906edc
