[INFO] fetching crate naut_image_engine 0.14.22...
[INFO] testing naut_image_engine-0.14.22 against beta-2021-08-01 for beta-1.55-1
[INFO] extracting crate naut_image_engine 0.14.22 into /workspace/builds/worker-21/source
[INFO] validating manifest of crates.io crate naut_image_engine 0.14.22 on toolchain beta-2021-08-01
[INFO] running `Command { std: "/workspace/cargo-home/bin/cargo" "+beta-2021-08-01" "metadata" "--manifest-path" "Cargo.toml" "--no-deps", kill_on_drop: false }`
[INFO] started tweaking crates.io crate naut_image_engine 0.14.22
[INFO] finished tweaking crates.io crate naut_image_engine 0.14.22
[INFO] tweaked toml for crates.io crate naut_image_engine 0.14.22 written to /workspace/builds/worker-21/source/Cargo.toml
[INFO] running `Command { std: "/workspace/cargo-home/bin/cargo" "+beta-2021-08-01" "generate-lockfile" "--manifest-path" "Cargo.toml" "-Zno-index-update", kill_on_drop: false }`
[INFO] running `Command { std: "/workspace/cargo-home/bin/cargo" "+beta-2021-08-01" "fetch" "--manifest-path" "Cargo.toml", kill_on_drop: false }`
[INFO] [stderr]     Blocking waiting for file lock on package cache
[INFO] [stderr]  Downloading crates ...
[INFO] [stderr]   Downloaded imageproc v0.21.0
[INFO] running `Command { std: "docker" "create" "-v" "/var/lib/crater-agent-workspace/builds/worker-21/target:/opt/rustwide/target:rw,Z" "-v" "/var/lib/crater-agent-workspace/builds/worker-21/source:/opt/rustwide/workdir:ro,Z" "-v" "/var/lib/crater-agent-workspace/cargo-home:/opt/rustwide/cargo-home:ro,Z" "-v" "/var/lib/crater-agent-workspace/rustup-home:/opt/rustwide/rustup-home:ro,Z" "-e" "SOURCE_DIR=/opt/rustwide/workdir" "-e" "CARGO_TARGET_DIR=/opt/rustwide/target" "-e" "CARGO_HOME=/opt/rustwide/cargo-home" "-e" "RUSTUP_HOME=/opt/rustwide/rustup-home" "-w" "/opt/rustwide/workdir" "-m" "1610612736" "--user" "0:0" "--network" "none" "ghcr.io/rust-lang/crates-build-env/linux@sha256:34b6a614d2c27851fe6cbf88fbd1137609cefab8b10d0615aaeb6fd47975d74e" "/opt/rustwide/cargo-home/bin/cargo" "+beta-2021-08-01" "metadata" "--no-deps" "--format-version=1", kill_on_drop: false }`
[INFO] [stdout] 900479290cd5e520a92d8f7ba8cf1414a9ef8882a0ec4d5886a912a567a383fc
[INFO] running `Command { std: "docker" "start" "-a" "900479290cd5e520a92d8f7ba8cf1414a9ef8882a0ec4d5886a912a567a383fc", kill_on_drop: false }`
[INFO] running `Command { std: "docker" "inspect" "900479290cd5e520a92d8f7ba8cf1414a9ef8882a0ec4d5886a912a567a383fc", kill_on_drop: false }`
[INFO] running `Command { std: "docker" "rm" "-f" "900479290cd5e520a92d8f7ba8cf1414a9ef8882a0ec4d5886a912a567a383fc", kill_on_drop: false }`
[INFO] [stdout] 900479290cd5e520a92d8f7ba8cf1414a9ef8882a0ec4d5886a912a567a383fc
[INFO] running `Command { std: "docker" "create" "-v" "/var/lib/crater-agent-workspace/builds/worker-21/target:/opt/rustwide/target:rw,Z" "-v" "/var/lib/crater-agent-workspace/builds/worker-21/source:/opt/rustwide/workdir:ro,Z" "-v" "/var/lib/crater-agent-workspace/cargo-home:/opt/rustwide/cargo-home:ro,Z" "-v" "/var/lib/crater-agent-workspace/rustup-home:/opt/rustwide/rustup-home:ro,Z" "-e" "SOURCE_DIR=/opt/rustwide/workdir" "-e" "CARGO_TARGET_DIR=/opt/rustwide/target" "-e" "CARGO_INCREMENTAL=0" "-e" "RUST_BACKTRACE=full" "-e" "RUSTFLAGS=--cap-lints=warn" "-e" "CARGO_HOME=/opt/rustwide/cargo-home" "-e" "RUSTUP_HOME=/opt/rustwide/rustup-home" "-w" "/opt/rustwide/workdir" "-m" "1610612736" "--user" "0:0" "--network" "none" "ghcr.io/rust-lang/crates-build-env/linux@sha256:34b6a614d2c27851fe6cbf88fbd1137609cefab8b10d0615aaeb6fd47975d74e" "/opt/rustwide/cargo-home/bin/cargo" "+beta-2021-08-01" "build" "--frozen" "--message-format=json", kill_on_drop: false }`
[INFO] [stdout] 054479b384276eaf54fbe21032f2e2403464553da05c43af08c3bc166c1d5892
[INFO] running `Command { std: "docker" "start" "-a" "054479b384276eaf54fbe21032f2e2403464553da05c43af08c3bc166c1d5892", kill_on_drop: false }`
[INFO] [stderr]     Blocking waiting for file lock on package cache
[INFO] [stderr]    Compiling autocfg v1.0.1
[INFO] [stderr]    Compiling libc v0.2.98
[INFO] [stderr]    Compiling cfg-if v1.0.0
[INFO] [stderr]    Compiling crossbeam-utils v0.8.5
[INFO] [stderr]    Compiling lazy_static v1.4.0
[INFO] [stderr]    Compiling proc-macro2 v1.0.28
[INFO] [stderr]    Compiling unicode-xid v0.2.2
[INFO] [stderr]    Compiling crossbeam-epoch v0.9.5
[INFO] [stderr]    Compiling rayon-core v1.9.1
[INFO] [stderr]    Compiling scopeguard v1.1.0
[INFO] [stderr]    Compiling syn v1.0.74
[INFO] [stderr]    Compiling either v1.6.1
[INFO] [stderr]    Compiling semver v1.0.4
[INFO] [stderr]    Compiling memchr v2.4.0
[INFO] [stderr]    Compiling bitflags v1.2.1
[INFO] [stderr]    Compiling ucd-trie v0.1.3
[INFO] [stderr]    Compiling regex-syntax v0.6.25
[INFO] [stderr]    Compiling log v0.4.14
[INFO] [stderr]    Compiling rust_hawktracer_normal_macro v0.4.1
[INFO] [stderr]    Compiling noop_proc_macro v0.3.0
[INFO] [stderr]    Compiling adler32 v1.2.0
[INFO] [stderr]    Compiling rust_hawktracer_proc_macro v0.4.1
[INFO] [stderr]    Compiling crc32fast v1.2.1
[INFO] [stderr]    Compiling arrayvec v0.5.2
[INFO] [stderr]    Compiling bytemuck v1.7.2
[INFO] [stderr]    Compiling paste v1.0.5
[INFO] [stderr]    Compiling bitstream-io v1.1.0
[INFO] [stderr]    Compiling imgref v1.9.1
[INFO] [stderr]    Compiling adler v1.0.2
[INFO] [stderr]    Compiling byteorder v1.4.3
[INFO] [stderr]    Compiling weezl v0.1.5
[INFO] [stderr]    Compiling color_quant v1.1.0
[INFO] [stderr]    Compiling scoped_threadpool v0.1.9
[INFO] [stderr]    Compiling unicode-segmentation v1.8.0
[INFO] [stderr]    Compiling strum v0.19.5
[INFO] [stderr]    Compiling rgb v0.8.27
[INFO] [stderr]    Compiling miniz_oxide v0.3.7
[INFO] [stderr]    Compiling itertools v0.10.1
[INFO] [stderr]    Compiling pest v2.1.3
[INFO] [stderr]    Compiling deflate v0.8.6
[INFO] [stderr]    Compiling loop9 v0.1.3
[INFO] [stderr]    Compiling heck v0.3.3
[INFO] [stderr]    Compiling gif v0.11.2
[INFO] [stderr]    Compiling avif-serialize v0.6.5
[INFO] [stderr]    Compiling num-traits v0.2.14
[INFO] [stderr]    Compiling memoffset v0.6.4
[INFO] [stderr]    Compiling num-integer v0.1.44
[INFO] [stderr]    Compiling rayon v1.5.1
[INFO] [stderr]    Compiling miniz_oxide v0.4.4
[INFO] [stderr]    Compiling num-rational v0.3.2
[INFO] [stderr]    Compiling num-iter v0.1.42
[INFO] [stderr]    Compiling crossbeam-channel v0.5.1
[INFO] [stderr]    Compiling num_cpus v1.13.0
[INFO] [stderr]    Compiling time v0.1.43
[INFO] [stderr]    Compiling jobserver v0.1.23
[INFO] [stderr]    Compiling rust_hawktracer v0.7.0
[INFO] [stderr]    Compiling quote v1.0.9
[INFO] [stderr]    Compiling png v0.16.8
[INFO] [stderr]    Compiling rustc_version v0.4.0
[INFO] [stderr]    Compiling cc v1.0.69
[INFO] [stderr]    Compiling aho-corasick v0.7.18
[INFO] [stderr]    Compiling crossbeam-deque v0.8.1
[INFO] [stderr]    Compiling semver-parser v0.10.2
[INFO] [stderr]    Compiling simd_helpers v0.1.0
[INFO] [stderr]    Compiling semver v0.11.0
[INFO] [stderr]    Compiling regex v1.5.4
[INFO] [stderr]    Compiling rustc_version v0.3.3
[INFO] [stderr]    Compiling chrono v0.4.19
[INFO] [stderr]    Compiling vergen v3.2.0
[INFO] [stderr]    Compiling nasm-rs v0.2.1
[INFO] [stderr]    Compiling jpeg-decoder v0.1.22
[INFO] [stderr]    Compiling rav1e v0.4.1
[INFO] [stderr]    Compiling tiff v0.6.1
[INFO] [stderr]    Compiling thiserror-impl v1.0.26
[INFO] [stderr]    Compiling num-derive v0.3.3
[INFO] [stderr]    Compiling arg_enum_proc_macro v0.3.1
[INFO] [stderr]    Compiling strum_macros v0.19.4
[INFO] [stderr]    Compiling thiserror v1.0.26
[INFO] [stderr]    Compiling v_frame v0.2.1
[INFO] [stderr]    Compiling ravif v0.6.4
[INFO] [stderr]    Compiling image v0.23.14
[INFO] [stderr]    Compiling naut_core v0.14.22
[INFO] [stderr]    Compiling naut_io v0.14.22
[INFO] [stderr]    Compiling naut_image_engine v0.14.22 (/opt/rustwide/workdir)
[INFO] [stderr]     Finished dev [unoptimized + debuginfo] target(s) in 1m 00s
[INFO] running `Command { std: "docker" "inspect" "054479b384276eaf54fbe21032f2e2403464553da05c43af08c3bc166c1d5892", kill_on_drop: false }`
[INFO] running `Command { std: "docker" "rm" "-f" "054479b384276eaf54fbe21032f2e2403464553da05c43af08c3bc166c1d5892", kill_on_drop: false }`
[INFO] [stdout] 054479b384276eaf54fbe21032f2e2403464553da05c43af08c3bc166c1d5892
[INFO] running `Command { std: "docker" "create" "-v" "/var/lib/crater-agent-workspace/builds/worker-21/target:/opt/rustwide/target:rw,Z" "-v" "/var/lib/crater-agent-workspace/builds/worker-21/source:/opt/rustwide/workdir:ro,Z" "-v" "/var/lib/crater-agent-workspace/cargo-home:/opt/rustwide/cargo-home:ro,Z" "-v" "/var/lib/crater-agent-workspace/rustup-home:/opt/rustwide/rustup-home:ro,Z" "-e" "SOURCE_DIR=/opt/rustwide/workdir" "-e" "CARGO_TARGET_DIR=/opt/rustwide/target" "-e" "CARGO_INCREMENTAL=0" "-e" "RUST_BACKTRACE=full" "-e" "RUSTFLAGS=--cap-lints=warn" "-e" "CARGO_HOME=/opt/rustwide/cargo-home" "-e" "RUSTUP_HOME=/opt/rustwide/rustup-home" "-w" "/opt/rustwide/workdir" "-m" "1610612736" "--user" "0:0" "--network" "none" "ghcr.io/rust-lang/crates-build-env/linux@sha256:34b6a614d2c27851fe6cbf88fbd1137609cefab8b10d0615aaeb6fd47975d74e" "/opt/rustwide/cargo-home/bin/cargo" "+beta-2021-08-01" "test" "--frozen" "--no-run" "--message-format=json", kill_on_drop: false }`
[INFO] [stdout] 01ef8844e354ebbf401aa331867ba36f7ae01c2155b71407dacefc74f966ab10
[INFO] running `Command { std: "docker" "start" "-a" "01ef8844e354ebbf401aa331867ba36f7ae01c2155b71407dacefc74f966ab10", kill_on_drop: false }`
[INFO] [stderr]    Compiling linked-hash-map v0.5.4
[INFO] [stderr]    Compiling parameterized-macro v0.2.0
[INFO] [stdout] error[E0433]: failed to resolve: could not find `export` in `syn`
[INFO] [stdout]  --> /opt/rustwide/cargo-home/registry/src/github.com-1ecc6299db9ec823/parameterized-macro-0.2.0/src/lib.rs:8:10
[INFO] [stdout]   |
[INFO] [stdout] 8 | use syn::export::fmt::Display;
[INFO] [stdout]   |          ^^^^^^ could not find `export` in `syn`
[INFO] [stdout] 
[INFO] [stdout] 
[INFO] [stdout] error[E0432]: unresolved import `syn::export`
[INFO] [stdout]  --> /opt/rustwide/cargo-home/registry/src/github.com-1ecc6299db9ec823/parameterized-macro-0.2.0/src/attribute.rs:2:10
[INFO] [stdout]   |
[INFO] [stdout] 2 | use syn::export::Formatter;
[INFO] [stdout]   |          ^^^^^^ could not find `export` in `syn`
[INFO] [stdout] 
[INFO] [stdout] 
[INFO] [stdout] error[E0405]: cannot find trait `Display` in this scope
[INFO] [stdout]    --> /opt/rustwide/cargo-home/registry/src/github.com-1ecc6299db9ec823/parameterized-macro-0.2.0/src/lib.rs:145:37
[INFO] [stdout]     |
[INFO] [stdout] 145 | fn panic_on_inequal_length<K: Ord + Display, V, D: Display>(
[INFO] [stdout]     |                                     ^^^^^^^ not found in this scope
[INFO] [stdout]     |
[INFO] [stdout] help: consider importing one of these items
[INFO] [stdout]     |
[INFO] [stdout] 5   | use core::fmt::Display;
[INFO] [stdout]     |
[INFO] [stdout] 5   | use std::fmt::Display;
[INFO] [stdout]     |
[INFO] [stdout] 5   | use syn::__private::fmt::Display;
[INFO] [stdout]     |
[INFO] [stdout] 
[INFO] [stdout] 
[INFO] [stdout] error[E0405]: cannot find trait `Display` in this scope
[INFO] [stdout]    --> /opt/rustwide/cargo-home/registry/src/github.com-1ecc6299db9ec823/parameterized-macro-0.2.0/src/lib.rs:145:52
[INFO] [stdout]     |
[INFO] [stdout] 145 | fn panic_on_inequal_length<K: Ord + Display, V, D: Display>(
[INFO] [stdout]     |                                                    ^^^^^^^ not found in this scope
[INFO] [stdout]     |
[INFO] [stdout] help: consider importing one of these items
[INFO] [stdout]     |
[INFO] [stdout] 5   | use core::fmt::Display;
[INFO] [stdout]     |
[INFO] [stdout] 5   | use std::fmt::Display;
[INFO] [stdout]     |
[INFO] [stdout] 5   | use syn::__private::fmt::Display;
[INFO] [stdout]     |
[INFO] [stdout] 
[INFO] [stdout] 
[INFO] [stdout] error: aborting due to 4 previous errors
[INFO] [stdout] 
[INFO] [stdout] 
[INFO] [stdout] Some errors have detailed explanations: E0405, E0432, E0433.
[INFO] [stdout] 
[INFO] [stdout] For more information about an error, try `rustc --explain E0405`.
[INFO] [stdout] 
[INFO] [stderr] error: could not compile `parameterized-macro` due to 5 previous errors
[INFO] running `Command { std: "docker" "inspect" "01ef8844e354ebbf401aa331867ba36f7ae01c2155b71407dacefc74f966ab10", kill_on_drop: false }`
[INFO] running `Command { std: "docker" "rm" "-f" "01ef8844e354ebbf401aa331867ba36f7ae01c2155b71407dacefc74f966ab10", kill_on_drop: false }`
[INFO] [stdout] 01ef8844e354ebbf401aa331867ba36f7ae01c2155b71407dacefc74f966ab10
