[INFO] fetching crate nash-mpc 1.2.3...
[INFO] testing nash-mpc-1.2.3 against beta-2021-08-01 for beta-1.55-1
[INFO] extracting crate nash-mpc 1.2.3 into /workspace/builds/worker-82/source
[INFO] validating manifest of crates.io crate nash-mpc 1.2.3 on toolchain beta-2021-08-01
[INFO] running `Command { std: "/workspace/cargo-home/bin/cargo" "+beta-2021-08-01" "metadata" "--manifest-path" "Cargo.toml" "--no-deps", kill_on_drop: false }`
[INFO] started tweaking crates.io crate nash-mpc 1.2.3
[INFO] finished tweaking crates.io crate nash-mpc 1.2.3
[INFO] tweaked toml for crates.io crate nash-mpc 1.2.3 written to /workspace/builds/worker-82/source/Cargo.toml
[INFO] running `Command { std: "/workspace/cargo-home/bin/cargo" "+beta-2021-08-01" "generate-lockfile" "--manifest-path" "Cargo.toml" "-Zno-index-update", kill_on_drop: false }`
[INFO] [stderr]     Blocking waiting for file lock on package cache
[INFO] running `Command { std: "/workspace/cargo-home/bin/cargo" "+beta-2021-08-01" "fetch" "--manifest-path" "Cargo.toml", kill_on_drop: false }`
[INFO] [stderr]     Blocking waiting for file lock on package cache
[INFO] [stderr]     Blocking waiting for file lock on package cache
[INFO] running `Command { std: "docker" "create" "-v" "/var/lib/crater-agent-workspace/builds/worker-82/target:/opt/rustwide/target:rw,Z" "-v" "/var/lib/crater-agent-workspace/builds/worker-82/source:/opt/rustwide/workdir:ro,Z" "-v" "/var/lib/crater-agent-workspace/cargo-home:/opt/rustwide/cargo-home:ro,Z" "-v" "/var/lib/crater-agent-workspace/rustup-home:/opt/rustwide/rustup-home:ro,Z" "-e" "SOURCE_DIR=/opt/rustwide/workdir" "-e" "CARGO_TARGET_DIR=/opt/rustwide/target" "-e" "CARGO_HOME=/opt/rustwide/cargo-home" "-e" "RUSTUP_HOME=/opt/rustwide/rustup-home" "-w" "/opt/rustwide/workdir" "-m" "1610612736" "--user" "0:0" "--network" "none" "ghcr.io/rust-lang/crates-build-env/linux@sha256:34b6a614d2c27851fe6cbf88fbd1137609cefab8b10d0615aaeb6fd47975d74e" "/opt/rustwide/cargo-home/bin/cargo" "+beta-2021-08-01" "metadata" "--no-deps" "--format-version=1", kill_on_drop: false }`
[INFO] [stdout] b2f36e03619c936d994603292f34335ec3480bbe990e62691323a805dec7eca1
[INFO] running `Command { std: "docker" "start" "-a" "b2f36e03619c936d994603292f34335ec3480bbe990e62691323a805dec7eca1", kill_on_drop: false }`
[INFO] running `Command { std: "docker" "inspect" "b2f36e03619c936d994603292f34335ec3480bbe990e62691323a805dec7eca1", kill_on_drop: false }`
[INFO] running `Command { std: "docker" "rm" "-f" "b2f36e03619c936d994603292f34335ec3480bbe990e62691323a805dec7eca1", kill_on_drop: false }`
[INFO] [stdout] b2f36e03619c936d994603292f34335ec3480bbe990e62691323a805dec7eca1
[INFO] running `Command { std: "docker" "create" "-v" "/var/lib/crater-agent-workspace/builds/worker-82/target:/opt/rustwide/target:rw,Z" "-v" "/var/lib/crater-agent-workspace/builds/worker-82/source:/opt/rustwide/workdir:ro,Z" "-v" "/var/lib/crater-agent-workspace/cargo-home:/opt/rustwide/cargo-home:ro,Z" "-v" "/var/lib/crater-agent-workspace/rustup-home:/opt/rustwide/rustup-home:ro,Z" "-e" "SOURCE_DIR=/opt/rustwide/workdir" "-e" "CARGO_TARGET_DIR=/opt/rustwide/target" "-e" "CARGO_INCREMENTAL=0" "-e" "RUST_BACKTRACE=full" "-e" "RUSTFLAGS=--cap-lints=warn" "-e" "CARGO_HOME=/opt/rustwide/cargo-home" "-e" "RUSTUP_HOME=/opt/rustwide/rustup-home" "-w" "/opt/rustwide/workdir" "-m" "1610612736" "--user" "0:0" "--network" "none" "ghcr.io/rust-lang/crates-build-env/linux@sha256:34b6a614d2c27851fe6cbf88fbd1137609cefab8b10d0615aaeb6fd47975d74e" "/opt/rustwide/cargo-home/bin/cargo" "+beta-2021-08-01" "build" "--frozen" "--message-format=json", kill_on_drop: false }`
[INFO] [stdout] 64b4f7022cd275387cb7745f40f16f79c819022811e6d2d925dbaa435d3b2e55
[INFO] running `Command { std: "docker" "start" "-a" "64b4f7022cd275387cb7745f40f16f79c819022811e6d2d925dbaa435d3b2e55", kill_on_drop: false }`
[INFO] [stderr]    Compiling getrandom v0.1.16
[INFO] [stderr]    Compiling version_check v0.9.3
[INFO] [stderr]    Compiling crossbeam-utils v0.8.5
[INFO] [stderr]    Compiling lazy_static v1.4.0
[INFO] [stderr]    Compiling subtle v2.4.1
[INFO] [stderr]    Compiling syn v1.0.74
[INFO] [stderr]    Compiling radium v0.3.0
[INFO] [stderr]    Compiling wyz v0.2.0
[INFO] [stderr]    Compiling funty v1.1.0
[INFO] [stderr]    Compiling serde v1.0.127
[INFO] [stderr]    Compiling ryu v1.0.5
[INFO] [stderr]    Compiling const-oid v0.4.5
[INFO] [stderr]    Compiling crossbeam-epoch v0.9.5
[INFO] [stderr]    Compiling rayon-core v1.9.1
[INFO] [stderr]    Compiling scopeguard v1.1.0
[INFO] [stderr]    Compiling serde_json v1.0.66
[INFO] [stderr]    Compiling zeroize v1.4.1
[INFO] [stderr]    Compiling itoa v0.4.7
[INFO] [stderr]    Compiling cpufeatures v0.1.5
[INFO] [stderr]    Compiling opaque-debug v0.3.0
[INFO] [stderr]    Compiling ppv-lite86 v0.2.10
[INFO] [stderr]    Compiling crossbeam-queue v0.3.2
[INFO] [stderr]    Compiling either v1.6.1
[INFO] [stderr]    Compiling hex v0.4.3
[INFO] [stderr]    Compiling memoffset v0.6.4
[INFO] [stderr]    Compiling num-integer v0.1.44
[INFO] [stderr]    Compiling rayon v1.5.1
[INFO] [stderr]    Compiling num_cpus v1.13.0
[INFO] [stderr]    Compiling time v0.1.43
[INFO] [stderr]    Compiling der v0.1.0
[INFO] [stderr]    Compiling generic-array v0.14.4
[INFO] [stderr]    Compiling pkcs8 v0.3.3
[INFO] [stderr]    Compiling rand_core v0.5.1
[INFO] [stderr]    Compiling bitvec v0.18.5
[INFO] [stderr]    Compiling crossbeam-channel v0.5.1
[INFO] [stderr]    Compiling rand_chacha v0.2.2
[INFO] [stderr]    Compiling chrono v0.4.19
[INFO] [stderr]    Compiling rand v0.7.3
[INFO] [stderr]    Compiling crossbeam-deque v0.8.1
[INFO] [stderr]    Compiling digest v0.9.0
[INFO] [stderr]    Compiling crypto-mac v0.10.1
[INFO] [stderr]    Compiling block-buffer v0.9.0
[INFO] [stderr]    Compiling signature v1.2.2
[INFO] [stderr]    Compiling hmac v0.10.1
[INFO] [stderr]    Compiling sha2 v0.9.5
[INFO] [stderr]    Compiling ff v0.8.0
[INFO] [stderr]    Compiling group v0.8.0
[INFO] [stderr]    Compiling elliptic-curve v0.8.5
[INFO] [stderr]    Compiling ecdsa v0.10.2
[INFO] [stderr]    Compiling p256 v0.7.3
[INFO] [stderr]    Compiling k256 v0.7.3
[INFO] [stderr]    Compiling serde_derive v1.0.127
[INFO] [stderr]    Compiling rust-gmp-serde v0.5.0
[INFO] [stderr]    Compiling rust-bigint v1.1.0
[INFO] [stderr]    Compiling paillier-common v0.1.1
[INFO] [stderr]    Compiling nash-mpc v1.2.3 (/opt/rustwide/workdir)
[INFO] [stderr]     Finished dev [unoptimized + debuginfo] target(s) in 29.56s
[INFO] running `Command { std: "docker" "inspect" "64b4f7022cd275387cb7745f40f16f79c819022811e6d2d925dbaa435d3b2e55", kill_on_drop: false }`
[INFO] running `Command { std: "docker" "rm" "-f" "64b4f7022cd275387cb7745f40f16f79c819022811e6d2d925dbaa435d3b2e55", kill_on_drop: false }`
[INFO] [stdout] 64b4f7022cd275387cb7745f40f16f79c819022811e6d2d925dbaa435d3b2e55
[INFO] running `Command { std: "docker" "create" "-v" "/var/lib/crater-agent-workspace/builds/worker-82/target:/opt/rustwide/target:rw,Z" "-v" "/var/lib/crater-agent-workspace/builds/worker-82/source:/opt/rustwide/workdir:ro,Z" "-v" "/var/lib/crater-agent-workspace/cargo-home:/opt/rustwide/cargo-home:ro,Z" "-v" "/var/lib/crater-agent-workspace/rustup-home:/opt/rustwide/rustup-home:ro,Z" "-e" "SOURCE_DIR=/opt/rustwide/workdir" "-e" "CARGO_TARGET_DIR=/opt/rustwide/target" "-e" "CARGO_INCREMENTAL=0" "-e" "RUST_BACKTRACE=full" "-e" "RUSTFLAGS=--cap-lints=warn" "-e" "CARGO_HOME=/opt/rustwide/cargo-home" "-e" "RUSTUP_HOME=/opt/rustwide/rustup-home" "-w" "/opt/rustwide/workdir" "-m" "1610612736" "--user" "0:0" "--network" "none" "ghcr.io/rust-lang/crates-build-env/linux@sha256:34b6a614d2c27851fe6cbf88fbd1137609cefab8b10d0615aaeb6fd47975d74e" "/opt/rustwide/cargo-home/bin/cargo" "+beta-2021-08-01" "test" "--frozen" "--no-run" "--message-format=json", kill_on_drop: false }`
[INFO] [stdout] 599ff61787c6cdf68c46b53322d42c247cd89f0738798e16f76a5cea2de6a45d
[INFO] running `Command { std: "docker" "start" "-a" "599ff61787c6cdf68c46b53322d42c247cd89f0738798e16f76a5cea2de6a45d", kill_on_drop: false }`
[INFO] [stderr]    Compiling semver v1.0.4
[INFO] [stderr]    Compiling memchr v2.4.0
[INFO] [stderr]    Compiling bitflags v1.2.1
[INFO] [stderr]    Compiling unicode-width v0.1.8
[INFO] [stderr]    Compiling plotters-backend v0.3.2
[INFO] [stderr]    Compiling regex-automata v0.1.10
[INFO] [stderr]    Compiling same-file v1.0.6
[INFO] [stderr]    Compiling regex-syntax v0.6.25
[INFO] [stderr]    Compiling half v1.7.1
[INFO] [stderr]    Compiling oorandom v11.1.3
[INFO] [stderr]    Compiling itertools v0.10.1
[INFO] [stderr]    Compiling atty v0.2.14
[INFO] [stderr]    Compiling bincode v1.3.3
[INFO] [stderr]    Compiling tinytemplate v1.2.1
[INFO] [stderr]    Compiling textwrap v0.11.0
[INFO] [stderr]    Compiling walkdir v2.3.2
[INFO] [stderr]    Compiling plotters-svg v0.3.1
[INFO] [stderr]    Compiling serde_cbor v0.11.1
[INFO] [stderr]    Compiling plotters v0.3.1
[INFO] [stderr]    Compiling clap v2.33.3
[INFO] [stderr]    Compiling rustc_version v0.4.0
[INFO] [stderr]    Compiling csv-core v0.1.10
[INFO] [stderr]    Compiling bstr v0.2.16
[INFO] [stderr]    Compiling cast v0.2.7
[INFO] [stderr]    Compiling regex v1.5.4
[INFO] [stderr]    Compiling csv v1.1.6
[INFO] [stderr]    Compiling criterion-plot v0.4.4
[INFO] [stderr]    Compiling criterion v0.3.5
[INFO] [stderr]    Compiling nash-mpc v1.2.3 (/opt/rustwide/workdir)
[INFO] [stdout] error[E0382]: use of moved value: `g`
[INFO] [stdout]    --> src/curves/secp256_k1_rust.rs:839:26
[INFO] [stdout]     |
[INFO] [stdout] 837 |         let g = Secp256k1Point::generator();
[INFO] [stdout]     |             - move occurs because `g` has type `Secp256k1Point`, which does not implement the `Copy` trait
[INFO] [stdout] 838 |         let i: Secp256k1Scalar = ECScalar::from(&BigInt::from(3)).unwrap();
[INFO] [stdout] 839 |         assert_eq!(((g + g).unwrap() + g).unwrap().ge, (g * i).unwrap().ge);
[INFO] [stdout]     |                     -----^-
[INFO] [stdout]     |                     |    |
[INFO] [stdout]     |                     |    value used here after move
[INFO] [stdout]     |                     `g` moved due to usage in operator
[INFO] [stdout]     |
[INFO] [stdout] note: calling this operator moves the left-hand side
[INFO] [stdout] 
[INFO] [stdout] 
[INFO] [stdout] error[E0382]: use of moved value: `g`
[INFO] [stdout]    --> src/curves/secp256_k1_rust.rs:839:40
[INFO] [stdout]     |
[INFO] [stdout] 837 |         let g = Secp256k1Point::generator();
[INFO] [stdout]     |             - move occurs because `g` has type `Secp256k1Point`, which does not implement the `Copy` trait
[INFO] [stdout] 838 |         let i: Secp256k1Scalar = ECScalar::from(&BigInt::from(3)).unwrap();
[INFO] [stdout] 839 |         assert_eq!(((g + g).unwrap() + g).unwrap().ge, (g * i).unwrap().ge);
[INFO] [stdout]     |                          -             ^ value used here after move
[INFO] [stdout]     |                          |
[INFO] [stdout]     |                          value moved here
[INFO] [stdout] 
[INFO] [stdout] 
[INFO] [stdout] error[E0382]: use of moved value: `g`
[INFO] [stdout]    --> src/curves/secp256_k1_rust.rs:839:57
[INFO] [stdout]     |
[INFO] [stdout] 837 |         let g = Secp256k1Point::generator();
[INFO] [stdout]     |             - move occurs because `g` has type `Secp256k1Point`, which does not implement the `Copy` trait
[INFO] [stdout] 838 |         let i: Secp256k1Scalar = ECScalar::from(&BigInt::from(3)).unwrap();
[INFO] [stdout] 839 |         assert_eq!(((g + g).unwrap() + g).unwrap().ge, (g * i).unwrap().ge);
[INFO] [stdout]     |                                        -                ^ value used here after move
[INFO] [stdout]     |                                        |
[INFO] [stdout]     |                                        value moved here
[INFO] [stdout] 
[INFO] [stdout] 
[INFO] [stdout] error[E0382]: use of moved value: `g`
[INFO] [stdout]    --> src/curves/secp256_k1_rust.rs:841:14
[INFO] [stdout]     |
[INFO] [stdout] 837 |         let g = Secp256k1Point::generator();
[INFO] [stdout]     |             - move occurs because `g` has type `Secp256k1Point`, which does not implement the `Copy` trait
[INFO] [stdout] 838 |         let i: Secp256k1Scalar = ECScalar::from(&BigInt::from(3)).unwrap();
[INFO] [stdout] 839 |         assert_eq!(((g + g).unwrap() + g).unwrap().ge, (g * i).unwrap().ge);
[INFO] [stdout]     |                                                        ------- `g` moved due to usage in operator
[INFO] [stdout] 840 |         assert_eq!(
[INFO] [stdout] 841 |             (g + g).unwrap().ge,
[INFO] [stdout]     |              ^ value used here after move
[INFO] [stdout]     |
[INFO] [stdout] note: calling this operator moves the left-hand side
[INFO] [stdout] 
[INFO] [stdout] 
[INFO] [stdout] error[E0382]: use of moved value: `g`
[INFO] [stdout]    --> src/curves/secp256_k1_rust.rs:841:18
[INFO] [stdout]     |
[INFO] [stdout] 837 |         let g = Secp256k1Point::generator();
[INFO] [stdout]     |             - move occurs because `g` has type `Secp256k1Point`, which does not implement the `Copy` trait
[INFO] [stdout] ...
[INFO] [stdout] 841 |             (g + g).unwrap().ge,
[INFO] [stdout]     |             -----^-
[INFO] [stdout]     |             |    |
[INFO] [stdout]     |             |    value used here after move
[INFO] [stdout]     |             `g` moved due to usage in operator
[INFO] [stdout] 
[INFO] [stdout] 
[INFO] [stdout] error[E0382]: use of moved value: `g`
[INFO] [stdout]    --> src/curves/secp256_k1_rust.rs:842:16
[INFO] [stdout]     |
[INFO] [stdout] 837 |         let g = Secp256k1Point::generator();
[INFO] [stdout]     |             - move occurs because `g` has type `Secp256k1Point`, which does not implement the `Copy` trait
[INFO] [stdout] ...
[INFO] [stdout] 841 |             (g + g).unwrap().ge,
[INFO] [stdout]     |                  - value moved here
[INFO] [stdout] 842 |             (((g + g).unwrap() - g).unwrap() + g).unwrap().ge
[INFO] [stdout]     |                ^ value used here after move
[INFO] [stdout] 
[INFO] [stdout] 
[INFO] [stdout] error[E0382]: use of moved value: `g`
[INFO] [stdout]    --> src/curves/secp256_k1_rust.rs:842:20
[INFO] [stdout]     |
[INFO] [stdout] 837 |         let g = Secp256k1Point::generator();
[INFO] [stdout]     |             - move occurs because `g` has type `Secp256k1Point`, which does not implement the `Copy` trait
[INFO] [stdout] ...
[INFO] [stdout] 842 |             (((g + g).unwrap() - g).unwrap() + g).unwrap().ge
[INFO] [stdout]     |               -----^-
[INFO] [stdout]     |               |    |
[INFO] [stdout]     |               |    value used here after move
[INFO] [stdout]     |               `g` moved due to usage in operator
[INFO] [stdout] 
[INFO] [stdout] 
[INFO] [stdout] error[E0382]: use of moved value: `g`
[INFO] [stdout]    --> src/curves/secp256_k1_rust.rs:842:34
[INFO] [stdout]     |
[INFO] [stdout] 837 |         let g = Secp256k1Point::generator();
[INFO] [stdout]     |             - move occurs because `g` has type `Secp256k1Point`, which does not implement the `Copy` trait
[INFO] [stdout] ...
[INFO] [stdout] 842 |             (((g + g).unwrap() - g).unwrap() + g).unwrap().ge
[INFO] [stdout]     |                    -             ^ value used here after move
[INFO] [stdout]     |                    |
[INFO] [stdout]     |                    value moved here
[INFO] [stdout] 
[INFO] [stdout] 
[INFO] [stdout] error[E0382]: use of moved value: `g`
[INFO] [stdout]    --> src/curves/secp256_k1_rust.rs:842:48
[INFO] [stdout]     |
[INFO] [stdout] 837 |         let g = Secp256k1Point::generator();
[INFO] [stdout]     |             - move occurs because `g` has type `Secp256k1Point`, which does not implement the `Copy` trait
[INFO] [stdout] ...
[INFO] [stdout] 842 |             (((g + g).unwrap() - g).unwrap() + g).unwrap().ge
[INFO] [stdout]     |                                  -             ^ value used here after move
[INFO] [stdout]     |                                  |
[INFO] [stdout]     |                                  value moved here
[INFO] [stdout] 
[INFO] [stdout] 
[INFO] [stdout] error[E0382]: use of moved value: `g`
[INFO] [stdout]    --> src/curves/secp256_r1.rs:845:26
[INFO] [stdout]     |
[INFO] [stdout] 843 |         let g = Secp256r1Point::generator();
[INFO] [stdout]     |             - move occurs because `g` has type `Secp256r1Point`, which does not implement the `Copy` trait
[INFO] [stdout] 844 |         let i: Secp256r1Scalar = ECScalar::from(&BigInt::from(3)).unwrap();
[INFO] [stdout] 845 |         assert_eq!(((g + g).unwrap() + g).unwrap().ge, (g * i).unwrap().ge);
[INFO] [stdout]     |                     -----^-
[INFO] [stdout]     |                     |    |
[INFO] [stdout]     |                     |    value used here after move
[INFO] [stdout]     |                     `g` moved due to usage in operator
[INFO] [stdout]     |
[INFO] [stdout] note: calling this operator moves the left-hand side
[INFO] [stdout] 
[INFO] [stdout] 
[INFO] [stdout] error[E0382]: use of moved value: `g`
[INFO] [stdout]    --> src/curves/secp256_r1.rs:845:40
[INFO] [stdout]     |
[INFO] [stdout] 843 |         let g = Secp256r1Point::generator();
[INFO] [stdout]     |             - move occurs because `g` has type `Secp256r1Point`, which does not implement the `Copy` trait
[INFO] [stdout] 844 |         let i: Secp256r1Scalar = ECScalar::from(&BigInt::from(3)).unwrap();
[INFO] [stdout] 845 |         assert_eq!(((g + g).unwrap() + g).unwrap().ge, (g * i).unwrap().ge);
[INFO] [stdout]     |                          -             ^ value used here after move
[INFO] [stdout]     |                          |
[INFO] [stdout]     |                          value moved here
[INFO] [stdout] 
[INFO] [stdout] 
[INFO] [stdout] error[E0382]: use of moved value: `g`
[INFO] [stdout]    --> src/curves/secp256_r1.rs:845:57
[INFO] [stdout]     |
[INFO] [stdout] 843 |         let g = Secp256r1Point::generator();
[INFO] [stdout]     |             - move occurs because `g` has type `Secp256r1Point`, which does not implement the `Copy` trait
[INFO] [stdout] 844 |         let i: Secp256r1Scalar = ECScalar::from(&BigInt::from(3)).unwrap();
[INFO] [stdout] 845 |         assert_eq!(((g + g).unwrap() + g).unwrap().ge, (g * i).unwrap().ge);
[INFO] [stdout]     |                                        -                ^ value used here after move
[INFO] [stdout]     |                                        |
[INFO] [stdout]     |                                        value moved here
[INFO] [stdout] 
[INFO] [stdout] 
[INFO] [stdout] error[E0382]: use of moved value: `g`
[INFO] [stdout]    --> src/curves/secp256_r1.rs:847:14
[INFO] [stdout]     |
[INFO] [stdout] 843 |         let g = Secp256r1Point::generator();
[INFO] [stdout]     |             - move occurs because `g` has type `Secp256r1Point`, which does not implement the `Copy` trait
[INFO] [stdout] 844 |         let i: Secp256r1Scalar = ECScalar::from(&BigInt::from(3)).unwrap();
[INFO] [stdout] 845 |         assert_eq!(((g + g).unwrap() + g).unwrap().ge, (g * i).unwrap().ge);
[INFO] [stdout]     |                                                        ------- `g` moved due to usage in operator
[INFO] [stdout] 846 |         assert_eq!(
[INFO] [stdout] 847 |             (g + g).unwrap().ge,
[INFO] [stdout]     |              ^ value used here after move
[INFO] [stdout]     |
[INFO] [stdout] note: calling this operator moves the left-hand side
[INFO] [stdout] 
[INFO] [stdout] 
[INFO] [stdout] error[E0382]: use of moved value: `g`
[INFO] [stdout]    --> src/curves/secp256_r1.rs:847:18
[INFO] [stdout]     |
[INFO] [stdout] 843 |         let g = Secp256r1Point::generator();
[INFO] [stdout]     |             - move occurs because `g` has type `Secp256r1Point`, which does not implement the `Copy` trait
[INFO] [stdout] ...
[INFO] [stdout] 847 |             (g + g).unwrap().ge,
[INFO] [stdout]     |             -----^-
[INFO] [stdout]     |             |    |
[INFO] [stdout]     |             |    value used here after move
[INFO] [stdout]     |             `g` moved due to usage in operator
[INFO] [stdout] 
[INFO] [stdout] 
[INFO] [stdout] error[E0382]: use of moved value: `g`
[INFO] [stdout]    --> src/curves/secp256_r1.rs:848:16
[INFO] [stdout]     |
[INFO] [stdout] 843 |         let g = Secp256r1Point::generator();
[INFO] [stdout]     |             - move occurs because `g` has type `Secp256r1Point`, which does not implement the `Copy` trait
[INFO] [stdout] ...
[INFO] [stdout] 847 |             (g + g).unwrap().ge,
[INFO] [stdout]     |                  - value moved here
[INFO] [stdout] 848 |             (((g + g).unwrap() - g).unwrap() + g).unwrap().ge
[INFO] [stdout]     |                ^ value used here after move
[INFO] [stdout] 
[INFO] [stdout] 
[INFO] [stdout] error[E0382]: use of moved value: `g`
[INFO] [stdout]    --> src/curves/secp256_r1.rs:848:20
[INFO] [stdout]     |
[INFO] [stdout] 843 |         let g = Secp256r1Point::generator();
[INFO] [stdout]     |             - move occurs because `g` has type `Secp256r1Point`, which does not implement the `Copy` trait
[INFO] [stdout] ...
[INFO] [stdout] 848 |             (((g + g).unwrap() - g).unwrap() + g).unwrap().ge
[INFO] [stdout]     |               -----^-
[INFO] [stdout]     |               |    |
[INFO] [stdout]     |               |    value used here after move
[INFO] [stdout]     |               `g` moved due to usage in operator
[INFO] [stdout] 
[INFO] [stdout] 
[INFO] [stdout] error[E0382]: use of moved value: `g`
[INFO] [stdout]    --> src/curves/secp256_r1.rs:848:34
[INFO] [stdout]     |
[INFO] [stdout] 843 |         let g = Secp256r1Point::generator();
[INFO] [stdout]     |             - move occurs because `g` has type `Secp256r1Point`, which does not implement the `Copy` trait
[INFO] [stdout] ...
[INFO] [stdout] 848 |             (((g + g).unwrap() - g).unwrap() + g).unwrap().ge
[INFO] [stdout]     |                    -             ^ value used here after move
[INFO] [stdout]     |                    |
[INFO] [stdout]     |                    value moved here
[INFO] [stdout] 
[INFO] [stdout] 
[INFO] [stdout] error[E0382]: use of moved value: `g`
[INFO] [stdout]    --> src/curves/secp256_r1.rs:848:48
[INFO] [stdout]     |
[INFO] [stdout] 843 |         let g = Secp256r1Point::generator();
[INFO] [stdout]     |             - move occurs because `g` has type `Secp256r1Point`, which does not implement the `Copy` trait
[INFO] [stdout] ...
[INFO] [stdout] 848 |             (((g + g).unwrap() - g).unwrap() + g).unwrap().ge
[INFO] [stdout]     |                                  -             ^ value used here after move
[INFO] [stdout]     |                                  |
[INFO] [stdout]     |                                  value moved here
[INFO] [stdout] 
[INFO] [stdout] 
[INFO] [stdout] error: aborting due to 18 previous errors
[INFO] [stdout] 
[INFO] [stdout] 
[INFO] [stdout] For more information about this error, try `rustc --explain E0382`.
[INFO] [stdout] 
[INFO] [stderr] error: could not compile `nash-mpc` due to 19 previous errors
[INFO] [stderr] warning: build failed, waiting for other jobs to finish...
[INFO] [stderr] error: build failed
[INFO] running `Command { std: "docker" "inspect" "599ff61787c6cdf68c46b53322d42c247cd89f0738798e16f76a5cea2de6a45d", kill_on_drop: false }`
[INFO] running `Command { std: "docker" "rm" "-f" "599ff61787c6cdf68c46b53322d42c247cd89f0738798e16f76a5cea2de6a45d", kill_on_drop: false }`
[INFO] [stdout] 599ff61787c6cdf68c46b53322d42c247cd89f0738798e16f76a5cea2de6a45d
