[INFO] fetching crate nanomsg 0.7.2...
[INFO] testing nanomsg-0.7.2 against 1.54.0 for beta-1.55-1
[INFO] extracting crate nanomsg 0.7.2 into /workspace/builds/worker-5/source
[INFO] validating manifest of crates.io crate nanomsg 0.7.2 on toolchain 1.54.0
[INFO] running `Command { std: "/workspace/cargo-home/bin/cargo" "+1.54.0" "metadata" "--manifest-path" "Cargo.toml" "--no-deps", kill_on_drop: false }`
[INFO] started tweaking crates.io crate nanomsg 0.7.2
[INFO] finished tweaking crates.io crate nanomsg 0.7.2
[INFO] tweaked toml for crates.io crate nanomsg 0.7.2 written to /workspace/builds/worker-5/source/Cargo.toml
[INFO] running `Command { std: "/workspace/cargo-home/bin/cargo" "+1.54.0" "generate-lockfile" "--manifest-path" "Cargo.toml" "-Zno-index-update", kill_on_drop: false }`
[INFO] running `Command { std: "/workspace/cargo-home/bin/cargo" "+1.54.0" "fetch" "--manifest-path" "Cargo.toml", kill_on_drop: false }`
[INFO] [stderr]     Blocking waiting for file lock on package cache
[INFO] running `Command { std: "docker" "create" "-v" "/var/lib/crater-agent-workspace/builds/worker-5/target:/opt/rustwide/target:rw,Z" "-v" "/var/lib/crater-agent-workspace/builds/worker-5/source:/opt/rustwide/workdir:ro,Z" "-v" "/var/lib/crater-agent-workspace/cargo-home:/opt/rustwide/cargo-home:ro,Z" "-v" "/var/lib/crater-agent-workspace/rustup-home:/opt/rustwide/rustup-home:ro,Z" "-e" "SOURCE_DIR=/opt/rustwide/workdir" "-e" "CARGO_TARGET_DIR=/opt/rustwide/target" "-e" "CARGO_HOME=/opt/rustwide/cargo-home" "-e" "RUSTUP_HOME=/opt/rustwide/rustup-home" "-w" "/opt/rustwide/workdir" "-m" "1610612736" "--user" "0:0" "--network" "none" "ghcr.io/rust-lang/crates-build-env/linux@sha256:34b6a614d2c27851fe6cbf88fbd1137609cefab8b10d0615aaeb6fd47975d74e" "/opt/rustwide/cargo-home/bin/cargo" "+1.54.0" "metadata" "--no-deps" "--format-version=1", kill_on_drop: false }`
[INFO] [stdout] cccaf697af8bda496ff853f84d553facfe1fef29d9c7c8563ca04c5a87b73ec4
[INFO] [stderr] WARNING: Your kernel does not support swap limit capabilities or the cgroup is not mounted. Memory limited without swap.
[INFO] running `Command { std: "docker" "start" "-a" "cccaf697af8bda496ff853f84d553facfe1fef29d9c7c8563ca04c5a87b73ec4", kill_on_drop: false }`
[INFO] running `Command { std: "docker" "inspect" "cccaf697af8bda496ff853f84d553facfe1fef29d9c7c8563ca04c5a87b73ec4", kill_on_drop: false }`
[INFO] running `Command { std: "docker" "rm" "-f" "cccaf697af8bda496ff853f84d553facfe1fef29d9c7c8563ca04c5a87b73ec4", kill_on_drop: false }`
[INFO] [stdout] cccaf697af8bda496ff853f84d553facfe1fef29d9c7c8563ca04c5a87b73ec4
[INFO] running `Command { std: "docker" "create" "-v" "/var/lib/crater-agent-workspace/builds/worker-5/target:/opt/rustwide/target:rw,Z" "-v" "/var/lib/crater-agent-workspace/builds/worker-5/source:/opt/rustwide/workdir:ro,Z" "-v" "/var/lib/crater-agent-workspace/cargo-home:/opt/rustwide/cargo-home:ro,Z" "-v" "/var/lib/crater-agent-workspace/rustup-home:/opt/rustwide/rustup-home:ro,Z" "-e" "SOURCE_DIR=/opt/rustwide/workdir" "-e" "CARGO_TARGET_DIR=/opt/rustwide/target" "-e" "CARGO_INCREMENTAL=0" "-e" "RUST_BACKTRACE=full" "-e" "RUSTFLAGS=--cap-lints=warn" "-e" "CARGO_HOME=/opt/rustwide/cargo-home" "-e" "RUSTUP_HOME=/opt/rustwide/rustup-home" "-w" "/opt/rustwide/workdir" "-m" "1610612736" "--user" "0:0" "--network" "none" "ghcr.io/rust-lang/crates-build-env/linux@sha256:34b6a614d2c27851fe6cbf88fbd1137609cefab8b10d0615aaeb6fd47975d74e" "/opt/rustwide/cargo-home/bin/cargo" "+1.54.0" "build" "--frozen" "--message-format=json", kill_on_drop: false }`
[INFO] [stdout] b6752b1d0a3980b4ce2dc28fac71e9cf1099c126c0229461b984f4adbc526519
[INFO] [stderr] WARNING: Your kernel does not support swap limit capabilities or the cgroup is not mounted. Memory limited without swap.
[INFO] running `Command { std: "docker" "start" "-a" "b6752b1d0a3980b4ce2dc28fac71e9cf1099c126c0229461b984f4adbc526519", kill_on_drop: false }`
[INFO] [stderr]    Compiling nanomsg-sys v0.7.2
[INFO] [stderr]    Compiling nanomsg v0.7.2 (/opt/rustwide/workdir)
[INFO] [stdout] warning: trait objects without an explicit `dyn` are deprecated
[INFO] [stdout]    --> src/result.rs:141:28
[INFO] [stdout]     |
[INFO] [stdout] 141 |         let as_std_error: &error::Error = &err;
[INFO] [stdout]     |                            ^^^^^^^^^^^^ help: use `dyn`: `dyn error::Error`
[INFO] [stdout]     |
[INFO] [stdout]     = note: `#[warn(bare_trait_objects)]` on by default
[INFO] [stdout]     = warning: this was previously accepted by the compiler but is being phased out; it will become a hard error in the 2021 edition!
[INFO] [stdout]     = note: for more information, see issue #80165 <https://github.com/rust-lang/rust/issues/80165>
[INFO] [stdout] 
[INFO] [stdout] 
[INFO] [stdout] warning: trait objects without an explicit `dyn` are deprecated
[INFO] [stdout]    --> src/result.rs:163:28
[INFO] [stdout]     |
[INFO] [stdout] 163 |         let as_std_error: &error::Error = self;
[INFO] [stdout]     |                            ^^^^^^^^^^^^ help: use `dyn`: `dyn error::Error`
[INFO] [stdout]     |
[INFO] [stdout]     = warning: this was previously accepted by the compiler but is being phased out; it will become a hard error in the 2021 edition!
[INFO] [stdout]     = note: for more information, see issue #80165 <https://github.com/rust-lang/rust/issues/80165>
[INFO] [stdout] 
[INFO] [stdout] 
[INFO] [stdout] warning: trait objects without an explicit `dyn` are deprecated
[INFO] [stdout]    --> src/result.rs:171:28
[INFO] [stdout]     |
[INFO] [stdout] 171 |         let as_std_error: &error::Error = self;
[INFO] [stdout]     |                            ^^^^^^^^^^^^ help: use `dyn`: `dyn error::Error`
[INFO] [stdout]     |
[INFO] [stdout]     = warning: this was previously accepted by the compiler but is being phased out; it will become a hard error in the 2021 edition!
[INFO] [stdout]     = note: for more information, see issue #80165 <https://github.com/rust-lang/rust/issues/80165>
[INFO] [stdout] 
[INFO] [stdout] 
[INFO] [stdout] warning: use of deprecated associated function `std::error::Error::description`: use the Display impl or to_string()
[INFO] [stdout]    --> src/result.rs:142:40
[INFO] [stdout]     |
[INFO] [stdout] 142 |         let description = as_std_error.description();
[INFO] [stdout]     |                                        ^^^^^^^^^^^
[INFO] [stdout]     |
[INFO] [stdout]     = note: `#[warn(deprecated)]` on by default
[INFO] [stdout] 
[INFO] [stdout] 
[INFO] [stdout] warning: use of deprecated associated function `std::error::Error::description`: use the Display impl or to_string()
[INFO] [stdout]    --> src/result.rs:164:40
[INFO] [stdout]     |
[INFO] [stdout] 164 |         let description = as_std_error.description();
[INFO] [stdout]     |                                        ^^^^^^^^^^^
[INFO] [stdout] 
[INFO] [stdout] 
[INFO] [stdout] warning: use of deprecated associated function `std::error::Error::description`: use the Display impl or to_string()
[INFO] [stdout]    --> src/result.rs:172:40
[INFO] [stdout]     |
[INFO] [stdout] 172 |         let description = as_std_error.description();
[INFO] [stdout]     |                                        ^^^^^^^^^^^
[INFO] [stdout] 
[INFO] [stdout] 
[INFO] [stdout] warning: getting the inner pointer of a temporary `CString`
[INFO] [stdout]    --> src/lib.rs:310:78
[INFO] [stdout]     |
[INFO] [stdout] 310 |         let ret = unsafe { nanomsg_sys::nn_bind(self.socket, c_addr.unwrap().as_ptr()) };
[INFO] [stdout]     |                                                              --------------- ^^^^^^ this pointer will be invalid
[INFO] [stdout]     |                                                              |
[INFO] [stdout]     |                                                              this `CString` is deallocated at the end of the statement, bind it to a variable to extend its lifetime
[INFO] [stdout]     |
[INFO] [stdout]     = note: `#[warn(temporary_cstring_as_ptr)]` on by default
[INFO] [stdout]     = note: pointers do not have a lifetime; when calling `as_ptr` the `CString` will be deallocated at the end of the statement because nothing is referencing it as far as the type system is concerned
[INFO] [stdout]     = help: for more information, see https://doc.rust-lang.org/reference/destructors.html
[INFO] [stdout] 
[INFO] [stdout] 
[INFO] [stdout] warning: getting the inner pointer of a temporary `CString`
[INFO] [stdout]    --> src/lib.rs:349:81
[INFO] [stdout]     |
[INFO] [stdout] 349 |         let ret = unsafe { nanomsg_sys::nn_connect(self.socket, c_addr.unwrap().as_ptr()) };
[INFO] [stdout]     |                                                                 --------------- ^^^^^^ this pointer will be invalid
[INFO] [stdout]     |                                                                 |
[INFO] [stdout]     |                                                                 this `CString` is deallocated at the end of the statement, bind it to a variable to extend its lifetime
[INFO] [stdout]     |
[INFO] [stdout]     = note: pointers do not have a lifetime; when calling `as_ptr` the `CString` will be deallocated at the end of the statement because nothing is referencing it as far as the type system is concerned
[INFO] [stdout]     = help: for more information, see https://doc.rust-lang.org/reference/destructors.html
[INFO] [stdout] 
[INFO] [stdout] 
[INFO] [stdout] warning: getting the inner pointer of a temporary `CString`
[INFO] [stdout]    --> src/lib.rs:698:34
[INFO] [stdout]     |
[INFO] [stdout] 698 |         let ptr = c_val.unwrap().as_ptr() as *const c_void;
[INFO] [stdout]     |                   -------------- ^^^^^^ this pointer will be invalid
[INFO] [stdout]     |                   |
[INFO] [stdout]     |                   this `CString` is deallocated at the end of the statement, bind it to a variable to extend its lifetime
[INFO] [stdout]     |
[INFO] [stdout]     = note: pointers do not have a lifetime; when calling `as_ptr` the `CString` will be deallocated at the end of the statement because nothing is referencing it as far as the type system is concerned
[INFO] [stdout]     = help: for more information, see https://doc.rust-lang.org/reference/destructors.html
[INFO] [stdout] 
[INFO] [stdout] 
[INFO] [stdout] warning: 9 warnings emitted
[INFO] [stdout] 
[INFO] [stdout] 
[INFO] [stderr]     Finished dev [unoptimized + debuginfo] target(s) in 1.74s
[INFO] running `Command { std: "docker" "inspect" "b6752b1d0a3980b4ce2dc28fac71e9cf1099c126c0229461b984f4adbc526519", kill_on_drop: false }`
[INFO] running `Command { std: "docker" "rm" "-f" "b6752b1d0a3980b4ce2dc28fac71e9cf1099c126c0229461b984f4adbc526519", kill_on_drop: false }`
[INFO] [stdout] b6752b1d0a3980b4ce2dc28fac71e9cf1099c126c0229461b984f4adbc526519
[INFO] running `Command { std: "docker" "create" "-v" "/var/lib/crater-agent-workspace/builds/worker-5/target:/opt/rustwide/target:rw,Z" "-v" "/var/lib/crater-agent-workspace/builds/worker-5/source:/opt/rustwide/workdir:ro,Z" "-v" "/var/lib/crater-agent-workspace/cargo-home:/opt/rustwide/cargo-home:ro,Z" "-v" "/var/lib/crater-agent-workspace/rustup-home:/opt/rustwide/rustup-home:ro,Z" "-e" "SOURCE_DIR=/opt/rustwide/workdir" "-e" "CARGO_TARGET_DIR=/opt/rustwide/target" "-e" "CARGO_INCREMENTAL=0" "-e" "RUST_BACKTRACE=full" "-e" "RUSTFLAGS=--cap-lints=warn" "-e" "CARGO_HOME=/opt/rustwide/cargo-home" "-e" "RUSTUP_HOME=/opt/rustwide/rustup-home" "-w" "/opt/rustwide/workdir" "-m" "1610612736" "--user" "0:0" "--network" "none" "ghcr.io/rust-lang/crates-build-env/linux@sha256:34b6a614d2c27851fe6cbf88fbd1137609cefab8b10d0615aaeb6fd47975d74e" "/opt/rustwide/cargo-home/bin/cargo" "+1.54.0" "test" "--frozen" "--no-run" "--message-format=json", kill_on_drop: false }`
[INFO] [stderr] WARNING: Your kernel does not support swap limit capabilities or the cgroup is not mounted. Memory limited without swap.
[INFO] [stdout] e39863a051b074336ccedeab1744786771e545734eca8872baa157d57e6c9acc
[INFO] running `Command { std: "docker" "start" "-a" "e39863a051b074336ccedeab1744786771e545734eca8872baa157d57e6c9acc", kill_on_drop: false }`
[INFO] [stderr]    Compiling nanomsg v0.7.2 (/opt/rustwide/workdir)
[INFO] [stdout] warning: trait objects without an explicit `dyn` are deprecated
[INFO] [stdout]    --> src/result.rs:141:28
[INFO] [stdout]     |
[INFO] [stdout] 141 |         let as_std_error: &error::Error = &err;
[INFO] [stdout]     |                            ^^^^^^^^^^^^ help: use `dyn`: `dyn error::Error`
[INFO] [stdout]     |
[INFO] [stdout]     = note: `#[warn(bare_trait_objects)]` on by default
[INFO] [stdout]     = warning: this was previously accepted by the compiler but is being phased out; it will become a hard error in the 2021 edition!
[INFO] [stdout]     = note: for more information, see issue #80165 <https://github.com/rust-lang/rust/issues/80165>
[INFO] [stdout] 
[INFO] [stdout] 
[INFO] [stdout] warning: trait objects without an explicit `dyn` are deprecated
[INFO] [stdout]    --> src/result.rs:163:28
[INFO] [stdout]     |
[INFO] [stdout] 163 |         let as_std_error: &error::Error = self;
[INFO] [stdout]     |                            ^^^^^^^^^^^^ help: use `dyn`: `dyn error::Error`
[INFO] [stdout]     |
[INFO] [stdout]     = warning: this was previously accepted by the compiler but is being phased out; it will become a hard error in the 2021 edition!
[INFO] [stdout]     = note: for more information, see issue #80165 <https://github.com/rust-lang/rust/issues/80165>
[INFO] [stdout] 
[INFO] [stdout] 
[INFO] [stdout] warning: trait objects without an explicit `dyn` are deprecated
[INFO] [stdout]    --> src/result.rs:171:28
[INFO] [stdout]     |
[INFO] [stdout] 171 |         let as_std_error: &error::Error = self;
[INFO] [stdout]     |                            ^^^^^^^^^^^^ help: use `dyn`: `dyn error::Error`
[INFO] [stdout]     |
[INFO] [stdout]     = warning: this was previously accepted by the compiler but is being phased out; it will become a hard error in the 2021 edition!
[INFO] [stdout]     = note: for more information, see issue #80165 <https://github.com/rust-lang/rust/issues/80165>
[INFO] [stdout] 
[INFO] [stdout] 
[INFO] [stdout] warning: use of deprecated associated function `std::error::Error::description`: use the Display impl or to_string()
[INFO] [stdout]    --> src/result.rs:142:40
[INFO] [stdout]     |
[INFO] [stdout] 142 |         let description = as_std_error.description();
[INFO] [stdout]     |                                        ^^^^^^^^^^^
[INFO] [stdout]     |
[INFO] [stdout]     = note: `#[warn(deprecated)]` on by default
[INFO] [stdout] 
[INFO] [stdout] 
[INFO] [stdout] warning: use of deprecated associated function `std::error::Error::description`: use the Display impl or to_string()
[INFO] [stdout]    --> src/result.rs:164:40
[INFO] [stdout]     |
[INFO] [stdout] 164 |         let description = as_std_error.description();
[INFO] [stdout]     |                                        ^^^^^^^^^^^
[INFO] [stdout] 
[INFO] [stdout] 
[INFO] [stdout] warning: use of deprecated associated function `std::error::Error::description`: use the Display impl or to_string()
[INFO] [stdout]    --> src/result.rs:172:40
[INFO] [stdout]     |
[INFO] [stdout] 172 |         let description = as_std_error.description();
[INFO] [stdout]     |                                        ^^^^^^^^^^^
[INFO] [stdout] 
[INFO] [stdout] 
[INFO] [stdout] warning: getting the inner pointer of a temporary `CString`
[INFO] [stdout]    --> src/lib.rs:310:78
[INFO] [stdout]     |
[INFO] [stdout] 310 |         let ret = unsafe { nanomsg_sys::nn_bind(self.socket, c_addr.unwrap().as_ptr()) };
[INFO] [stdout]     |                                                              --------------- ^^^^^^ this pointer will be invalid
[INFO] [stdout]     |                                                              |
[INFO] [stdout]     |                                                              this `CString` is deallocated at the end of the statement, bind it to a variable to extend its lifetime
[INFO] [stdout]     |
[INFO] [stdout]     = note: `#[warn(temporary_cstring_as_ptr)]` on by default
[INFO] [stdout]     = note: pointers do not have a lifetime; when calling `as_ptr` the `CString` will be deallocated at the end of the statement because nothing is referencing it as far as the type system is concerned
[INFO] [stdout]     = help: for more information, see https://doc.rust-lang.org/reference/destructors.html
[INFO] [stdout] 
[INFO] [stdout] 
[INFO] [stdout] warning: getting the inner pointer of a temporary `CString`
[INFO] [stdout]    --> src/lib.rs:349:81
[INFO] [stdout]     |
[INFO] [stdout] 349 |         let ret = unsafe { nanomsg_sys::nn_connect(self.socket, c_addr.unwrap().as_ptr()) };
[INFO] [stdout]     |                                                                 --------------- ^^^^^^ this pointer will be invalid
[INFO] [stdout]     |                                                                 |
[INFO] [stdout]     |                                                                 this `CString` is deallocated at the end of the statement, bind it to a variable to extend its lifetime
[INFO] [stdout]     |
[INFO] [stdout]     = note: pointers do not have a lifetime; when calling `as_ptr` the `CString` will be deallocated at the end of the statement because nothing is referencing it as far as the type system is concerned
[INFO] [stdout]     = help: for more information, see https://doc.rust-lang.org/reference/destructors.html
[INFO] [stdout] 
[INFO] [stdout] 
[INFO] [stdout] warning: getting the inner pointer of a temporary `CString`
[INFO] [stdout]    --> src/lib.rs:698:34
[INFO] [stdout]     |
[INFO] [stdout] 698 |         let ptr = c_val.unwrap().as_ptr() as *const c_void;
[INFO] [stdout]     |                   -------------- ^^^^^^ this pointer will be invalid
[INFO] [stdout]     |                   |
[INFO] [stdout]     |                   this `CString` is deallocated at the end of the statement, bind it to a variable to extend its lifetime
[INFO] [stdout]     |
[INFO] [stdout]     = note: pointers do not have a lifetime; when calling `as_ptr` the `CString` will be deallocated at the end of the statement because nothing is referencing it as far as the type system is concerned
[INFO] [stdout]     = help: for more information, see https://doc.rust-lang.org/reference/destructors.html
[INFO] [stdout] 
[INFO] [stdout] 
[INFO] [stdout] warning: 9 warnings emitted
[INFO] [stdout] 
[INFO] [stdout] 
[INFO] [stdout] warning: use of deprecated function `std::thread::sleep_ms`: replaced by `std::thread::sleep`
[INFO] [stdout]   --> examples/puller.rs:22:17
[INFO] [stdout]    |
[INFO] [stdout] 22 |                 thread::sleep_ms(1000); // fake some work ...
[INFO] [stdout]    |                 ^^^^^^^^^^^^^^^^
[INFO] [stdout]    |
[INFO] [stdout]    = note: `#[warn(deprecated)]` on by default
[INFO] [stdout] 
[INFO] [stdout] 
[INFO] [stdout] warning: use of deprecated function `std::thread::sleep_ms`: replaced by `std::thread::sleep`
[INFO] [stdout]   --> examples/issue.rs:18:9
[INFO] [stdout]    |
[INFO] [stdout] 18 |         thread::sleep_ms(500);
[INFO] [stdout]    |         ^^^^^^^^^^^^^^^^
[INFO] [stdout]    |
[INFO] [stdout]    = note: `#[warn(deprecated)]` on by default
[INFO] [stdout] 
[INFO] [stdout] 
[INFO] [stdout] warning: use of deprecated function `std::thread::sleep_ms`: replaced by `std::thread::sleep`
[INFO] [stdout]   --> examples/issue.rs:28:5
[INFO] [stdout]    |
[INFO] [stdout] 28 |     thread::sleep_ms(100);
[INFO] [stdout]    |     ^^^^^^^^^^^^^^^^
[INFO] [stdout] 
[INFO] [stdout] 
[INFO] [stdout] warning: trait objects without an explicit `dyn` are deprecated
[INFO] [stdout]    --> src/result.rs:141:28
[INFO] [stdout]     |
[INFO] [stdout] 141 |         let as_std_error: &error::Error = &err;
[INFO] [stdout]     |                            ^^^^^^^^^^^^ help: use `dyn`: `dyn error::Error`
[INFO] [stdout]     |
[INFO] [stdout]     = note: `#[warn(bare_trait_objects)]` on by default
[INFO] [stdout]     = warning: this was previously accepted by the compiler but is being phased out; it will become a hard error in the 2021 edition!
[INFO] [stdout]     = note: for more information, see issue #80165 <https://github.com/rust-lang/rust/issues/80165>
[INFO] [stdout] 
[INFO] [stdout] 
[INFO] [stdout] warning: trait objects without an explicit `dyn` are deprecated
[INFO] [stdout]    --> src/result.rs:163:28
[INFO] [stdout]     |
[INFO] [stdout] 163 |         let as_std_error: &error::Error = self;
[INFO] [stdout]     |                            ^^^^^^^^^^^^ help: use `dyn`: `dyn error::Error`
[INFO] [stdout]     |
[INFO] [stdout]     = warning: this was previously accepted by the compiler but is being phased out; it will become a hard error in the 2021 edition!
[INFO] [stdout]     = note: for more information, see issue #80165 <https://github.com/rust-lang/rust/issues/80165>
[INFO] [stdout] 
[INFO] [stdout] 
[INFO] [stdout] warning: trait objects without an explicit `dyn` are deprecated
[INFO] [stdout]    --> src/result.rs:171:28
[INFO] [stdout]     |
[INFO] [stdout] 171 |         let as_std_error: &error::Error = self;
[INFO] [stdout]     |                            ^^^^^^^^^^^^ help: use `dyn`: `dyn error::Error`
[INFO] [stdout]     |
[INFO] [stdout]     = warning: this was previously accepted by the compiler but is being phased out; it will become a hard error in the 2021 edition!
[INFO] [stdout]     = note: for more information, see issue #80165 <https://github.com/rust-lang/rust/issues/80165>
[INFO] [stdout] 
[INFO] [stdout] 
[INFO] [stdout] warning: unused `Result` that must be used
[INFO] [stdout]   --> examples/issue.rs:43:5
[INFO] [stdout]    |
[INFO] [stdout] 43 |     srv.join();
[INFO] [stdout]    |     ^^^^^^^^^^^
[INFO] [stdout]    |
[INFO] [stdout]    = note: `#[warn(unused_must_use)]` on by default
[INFO] [stdout]    = note: this `Result` may be an `Err` variant, which should be handled
[INFO] [stdout] 
[INFO] [stdout] 
[INFO] [stdout] warning: use of deprecated associated function `std::error::Error::description`: use the Display impl or to_string()
[INFO] [stdout]    --> src/result.rs:142:40
[INFO] [stdout]     |
[INFO] [stdout] 142 |         let description = as_std_error.description();
[INFO] [stdout]     |                                        ^^^^^^^^^^^
[INFO] [stdout]     |
[INFO] [stdout]     = note: `#[warn(deprecated)]` on by default
[INFO] [stdout] 
[INFO] [stdout] 
[INFO] [stdout] warning: use of deprecated associated function `std::error::Error::description`: use the Display impl or to_string()
[INFO] [stdout]    --> src/result.rs:164:40
[INFO] [stdout]     |
[INFO] [stdout] 164 |         let description = as_std_error.description();
[INFO] [stdout]     |                                        ^^^^^^^^^^^
[INFO] [stdout] 
[INFO] [stdout] 
[INFO] [stdout] warning: use of deprecated associated function `std::error::Error::description`: use the Display impl or to_string()
[INFO] [stdout]    --> src/result.rs:172:40
[INFO] [stdout]     |
[INFO] [stdout] 172 |         let description = as_std_error.description();
[INFO] [stdout]     |                                        ^^^^^^^^^^^
[INFO] [stdout] 
[INFO] [stdout] 
[INFO] [stdout] warning: variable does not need to be mutable
[INFO] [stdout]     --> src/lib.rs:1341:13
[INFO] [stdout]      |
[INFO] [stdout] 1341 |         let mut msg = Socket::allocate_msg(buf.len()).unwrap();
[INFO] [stdout]      |             ----^^^
[INFO] [stdout]      |             |
[INFO] [stdout]      |             help: remove this `mut`
[INFO] [stdout]      |
[INFO] [stdout]      = note: `#[warn(unused_mut)]` on by default
[INFO] [stdout] 
[INFO] [stdout] 
[INFO] [stdout] error: linking with `cc` failed: exit status: 1
[INFO] [stdout]   |
[INFO] [stdout]   = note: "cc" "-m64" "/opt/rustwide/target/debug/examples/pipeline-5146152c0e774102.pipeline.9mehwfdm-cgu.0.rcgu.o" "/opt/rustwide/target/debug/examples/pipeline-5146152c0e774102.pipeline.9mehwfdm-cgu.1.rcgu.o" "/opt/rustwide/target/debug/examples/pipeline-5146152c0e774102.pipeline.9mehwfdm-cgu.10.rcgu.o" "/opt/rustwide/target/debug/examples/pipeline-5146152c0e774102.pipeline.9mehwfdm-cgu.11.rcgu.o" "/opt/rustwide/target/debug/examples/pipeline-5146152c0e774102.pipeline.9mehwfdm-cgu.12.rcgu.o" "/opt/rustwide/target/debug/examples/pipeline-5146152c0e774102.pipeline.9mehwfdm-cgu.13.rcgu.o" "/opt/rustwide/target/debug/examples/pipeline-5146152c0e774102.pipeline.9mehwfdm-cgu.14.rcgu.o" "/opt/rustwide/target/debug/examples/pipeline-5146152c0e774102.pipeline.9mehwfdm-cgu.15.rcgu.o" "/opt/rustwide/target/debug/examples/pipeline-5146152c0e774102.pipeline.9mehwfdm-cgu.2.rcgu.o" "/opt/rustwide/target/debug/examples/pipeline-5146152c0e774102.pipeline.9mehwfdm-cgu.3.rcgu.o" "/opt/rustwide/target/debug/examples/pipeline-5146152c0e774102.pipeline.9mehwfdm-cgu.4.rcgu.o" "/opt/rustwide/target/debug/examples/pipeline-5146152c0e774102.pipeline.9mehwfdm-cgu.5.rcgu.o" "/opt/rustwide/target/debug/examples/pipeline-5146152c0e774102.pipeline.9mehwfdm-cgu.6.rcgu.o" "/opt/rustwide/target/debug/examples/pipeline-5146152c0e774102.pipeline.9mehwfdm-cgu.7.rcgu.o" "/opt/rustwide/target/debug/examples/pipeline-5146152c0e774102.pipeline.9mehwfdm-cgu.8.rcgu.o" "/opt/rustwide/target/debug/examples/pipeline-5146152c0e774102.pipeline.9mehwfdm-cgu.9.rcgu.o" "/opt/rustwide/target/debug/examples/pipeline-5146152c0e774102.3s74iaglozbhnq1a.rcgu.o" "-Wl,--as-needed" "-L" "/opt/rustwide/target/debug/deps" "-L" "/usr/local/lib" "-L" "/opt/rustwide/rustup-home/toolchains/1.54.0-x86_64-unknown-linux-gnu/lib/rustlib/x86_64-unknown-linux-gnu/lib" "-Wl,-Bstatic" "/opt/rustwide/target/debug/deps/libnanomsg-4030877e3ae3ae7c.rlib" "/opt/rustwide/target/debug/deps/libnanomsg_sys-917baaa59c81e5f7.rlib" "/opt/rustwide/target/debug/deps/liblibc-ef703b7b559de845.rlib" "-Wl,--start-group" "/opt/rustwide/rustup-home/toolchains/1.54.0-x86_64-unknown-linux-gnu/lib/rustlib/x86_64-unknown-linux-gnu/lib/libstd-2420485b9e5ef5e1.rlib" "/opt/rustwide/rustup-home/toolchains/1.54.0-x86_64-unknown-linux-gnu/lib/rustlib/x86_64-unknown-linux-gnu/lib/libpanic_unwind-785e3cb61c4b1960.rlib" "/opt/rustwide/rustup-home/toolchains/1.54.0-x86_64-unknown-linux-gnu/lib/rustlib/x86_64-unknown-linux-gnu/lib/libminiz_oxide-087191a88bdaa22d.rlib" "/opt/rustwide/rustup-home/toolchains/1.54.0-x86_64-unknown-linux-gnu/lib/rustlib/x86_64-unknown-linux-gnu/lib/libadler-9981842c02975178.rlib" "/opt/rustwide/rustup-home/toolchains/1.54.0-x86_64-unknown-linux-gnu/lib/rustlib/x86_64-unknown-linux-gnu/lib/libobject-6fb405869b015fde.rlib" "/opt/rustwide/rustup-home/toolchains/1.54.0-x86_64-unknown-linux-gnu/lib/rustlib/x86_64-unknown-linux-gnu/lib/libaddr2line-d05c5c3c56004b7b.rlib" "/opt/rustwide/rustup-home/toolchains/1.54.0-x86_64-unknown-linux-gnu/lib/rustlib/x86_64-unknown-linux-gnu/lib/libgimli-42d74d2097528b38.rlib" "/opt/rustwide/rustup-home/toolchains/1.54.0-x86_64-unknown-linux-gnu/lib/rustlib/x86_64-unknown-linux-gnu/lib/libstd_detect-fb36534c113d2209.rlib" "/opt/rustwide/rustup-home/toolchains/1.54.0-x86_64-unknown-linux-gnu/lib/rustlib/x86_64-unknown-linux-gnu/lib/librustc_demangle-b56b9042c12b6535.rlib" "/opt/rustwide/rustup-home/toolchains/1.54.0-x86_64-unknown-linux-gnu/lib/rustlib/x86_64-unknown-linux-gnu/lib/libhashbrown-491902d6cb3e76df.rlib" "/opt/rustwide/rustup-home/toolchains/1.54.0-x86_64-unknown-linux-gnu/lib/rustlib/x86_64-unknown-linux-gnu/lib/librustc_std_workspace_alloc-61834e0981b8c367.rlib" "/opt/rustwide/rustup-home/toolchains/1.54.0-x86_64-unknown-linux-gnu/lib/rustlib/x86_64-unknown-linux-gnu/lib/libunwind-f78aa99d613a55bc.rlib" "/opt/rustwide/rustup-home/toolchains/1.54.0-x86_64-unknown-linux-gnu/lib/rustlib/x86_64-unknown-linux-gnu/lib/libcfg_if-53ee54cd7fed2c57.rlib" "/opt/rustwide/rustup-home/toolchains/1.54.0-x86_64-unknown-linux-gnu/lib/rustlib/x86_64-unknown-linux-gnu/lib/liblibc-544ecdbd6cda3c58.rlib" "/opt/rustwide/rustup-home/toolchains/1.54.0-x86_64-unknown-linux-gnu/lib/rustlib/x86_64-unknown-linux-gnu/lib/liballoc-379cc252b6943a79.rlib" "/opt/rustwide/rustup-home/toolchains/1.54.0-x86_64-unknown-linux-gnu/lib/rustlib/x86_64-unknown-linux-gnu/lib/librustc_std_workspace_core-8063eea38dcc5e62.rlib" "/opt/rustwide/rustup-home/toolchains/1.54.0-x86_64-unknown-linux-gnu/lib/rustlib/x86_64-unknown-linux-gnu/lib/libcore-5b228734afae15ee.rlib" "-Wl,--end-group" "/opt/rustwide/rustup-home/toolchains/1.54.0-x86_64-unknown-linux-gnu/lib/rustlib/x86_64-unknown-linux-gnu/lib/libcompiler_builtins-d6c7a399d95d173f.rlib" "-Wl,-Bdynamic" "-lnanomsg" "-lgcc_s" "-lutil" "-lrt" "-lpthread" "-lm" "-ldl" "-lc" "-Wl,--eh-frame-hdr" "-Wl,-znoexecstack" "-L" "/opt/rustwide/rustup-home/toolchains/1.54.0-x86_64-unknown-linux-gnu/lib/rustlib/x86_64-unknown-linux-gnu/lib" "-o" "/opt/rustwide/target/debug/examples/pipeline-5146152c0e774102" "-Wl,--gc-sections" "-pie" "-Wl,-zrelro" "-Wl,-znow" "-nodefaultlibs"
[INFO] [stdout]   = note: /usr/bin/ld: cannot find -lnanomsg
[INFO] [stdout]           collect2: error: ld returned 1 exit status
[INFO] [stdout]           
[INFO] [stdout] 
[INFO] [stdout] 
[INFO] [stdout] error: aborting due to previous error
[INFO] [stdout] 
[INFO] [stdout] 
[INFO] [stderr] error: could not compile `nanomsg`
[INFO] [stderr] 
[INFO] [stderr] To learn more, run the command again with --verbose.
[INFO] [stderr] warning: build failed, waiting for other jobs to finish...
[INFO] [stdout] warning: variable does not need to be mutable
[INFO] [stdout]     --> src/lib.rs:2055:13
[INFO] [stdout]      |
[INFO] [stdout] 2055 |         let mut pollreq_slice = &mut pollreq_vector[..];
[INFO] [stdout]      |             ----^^^^^^^^^^^^^
[INFO] [stdout]      |             |
[INFO] [stdout]      |             help: remove this `mut`
[INFO] [stdout] 
[INFO] [stdout] 
[INFO] [stdout] error: linking with `cc` failed: exit status: 1
[INFO] [stdout]   |
[INFO] [stdout]   = note: "cc" "-m64" "/opt/rustwide/target/debug/examples/pubsub-7c88567ccfc65378.pubsub.eeh9abym-cgu.0.rcgu.o" "/opt/rustwide/target/debug/examples/pubsub-7c88567ccfc65378.pubsub.eeh9abym-cgu.1.rcgu.o" "/opt/rustwide/target/debug/examples/pubsub-7c88567ccfc65378.pubsub.eeh9abym-cgu.10.rcgu.o" "/opt/rustwide/target/debug/examples/pubsub-7c88567ccfc65378.pubsub.eeh9abym-cgu.11.rcgu.o" "/opt/rustwide/target/debug/examples/pubsub-7c88567ccfc65378.pubsub.eeh9abym-cgu.12.rcgu.o" "/opt/rustwide/target/debug/examples/pubsub-7c88567ccfc65378.pubsub.eeh9abym-cgu.13.rcgu.o" "/opt/rustwide/target/debug/examples/pubsub-7c88567ccfc65378.pubsub.eeh9abym-cgu.14.rcgu.o" "/opt/rustwide/target/debug/examples/pubsub-7c88567ccfc65378.pubsub.eeh9abym-cgu.15.rcgu.o" "/opt/rustwide/target/debug/examples/pubsub-7c88567ccfc65378.pubsub.eeh9abym-cgu.2.rcgu.o" "/opt/rustwide/target/debug/examples/pubsub-7c88567ccfc65378.pubsub.eeh9abym-cgu.3.rcgu.o" "/opt/rustwide/target/debug/examples/pubsub-7c88567ccfc65378.pubsub.eeh9abym-cgu.4.rcgu.o" "/opt/rustwide/target/debug/examples/pubsub-7c88567ccfc65378.pubsub.eeh9abym-cgu.5.rcgu.o" "/opt/rustwide/target/debug/examples/pubsub-7c88567ccfc65378.pubsub.eeh9abym-cgu.6.rcgu.o" "/opt/rustwide/target/debug/examples/pubsub-7c88567ccfc65378.pubsub.eeh9abym-cgu.7.rcgu.o" "/opt/rustwide/target/debug/examples/pubsub-7c88567ccfc65378.pubsub.eeh9abym-cgu.8.rcgu.o" "/opt/rustwide/target/debug/examples/pubsub-7c88567ccfc65378.pubsub.eeh9abym-cgu.9.rcgu.o" "/opt/rustwide/target/debug/examples/pubsub-7c88567ccfc65378.1unh7nys1hsnpnjn.rcgu.o" "-Wl,--as-needed" "-L" "/opt/rustwide/target/debug/deps" "-L" "/usr/local/lib" "-L" "/opt/rustwide/rustup-home/toolchains/1.54.0-x86_64-unknown-linux-gnu/lib/rustlib/x86_64-unknown-linux-gnu/lib" "-Wl,-Bstatic" "/opt/rustwide/target/debug/deps/libnanomsg-4030877e3ae3ae7c.rlib" "/opt/rustwide/target/debug/deps/libnanomsg_sys-917baaa59c81e5f7.rlib" "/opt/rustwide/target/debug/deps/liblibc-ef703b7b559de845.rlib" "-Wl,--start-group" "/opt/rustwide/rustup-home/toolchains/1.54.0-x86_64-unknown-linux-gnu/lib/rustlib/x86_64-unknown-linux-gnu/lib/libstd-2420485b9e5ef5e1.rlib" "/opt/rustwide/rustup-home/toolchains/1.54.0-x86_64-unknown-linux-gnu/lib/rustlib/x86_64-unknown-linux-gnu/lib/libpanic_unwind-785e3cb61c4b1960.rlib" "/opt/rustwide/rustup-home/toolchains/1.54.0-x86_64-unknown-linux-gnu/lib/rustlib/x86_64-unknown-linux-gnu/lib/libminiz_oxide-087191a88bdaa22d.rlib" "/opt/rustwide/rustup-home/toolchains/1.54.0-x86_64-unknown-linux-gnu/lib/rustlib/x86_64-unknown-linux-gnu/lib/libadler-9981842c02975178.rlib" "/opt/rustwide/rustup-home/toolchains/1.54.0-x86_64-unknown-linux-gnu/lib/rustlib/x86_64-unknown-linux-gnu/lib/libobject-6fb405869b015fde.rlib" "/opt/rustwide/rustup-home/toolchains/1.54.0-x86_64-unknown-linux-gnu/lib/rustlib/x86_64-unknown-linux-gnu/lib/libaddr2line-d05c5c3c56004b7b.rlib" "/opt/rustwide/rustup-home/toolchains/1.54.0-x86_64-unknown-linux-gnu/lib/rustlib/x86_64-unknown-linux-gnu/lib/libgimli-42d74d2097528b38.rlib" "/opt/rustwide/rustup-home/toolchains/1.54.0-x86_64-unknown-linux-gnu/lib/rustlib/x86_64-unknown-linux-gnu/lib/libstd_detect-fb36534c113d2209.rlib" "/opt/rustwide/rustup-home/toolchains/1.54.0-x86_64-unknown-linux-gnu/lib/rustlib/x86_64-unknown-linux-gnu/lib/librustc_demangle-b56b9042c12b6535.rlib" "/opt/rustwide/rustup-home/toolchains/1.54.0-x86_64-unknown-linux-gnu/lib/rustlib/x86_64-unknown-linux-gnu/lib/libhashbrown-491902d6cb3e76df.rlib" "/opt/rustwide/rustup-home/toolchains/1.54.0-x86_64-unknown-linux-gnu/lib/rustlib/x86_64-unknown-linux-gnu/lib/librustc_std_workspace_alloc-61834e0981b8c367.rlib" "/opt/rustwide/rustup-home/toolchains/1.54.0-x86_64-unknown-linux-gnu/lib/rustlib/x86_64-unknown-linux-gnu/lib/libunwind-f78aa99d613a55bc.rlib" "/opt/rustwide/rustup-home/toolchains/1.54.0-x86_64-unknown-linux-gnu/lib/rustlib/x86_64-unknown-linux-gnu/lib/libcfg_if-53ee54cd7fed2c57.rlib" "/opt/rustwide/rustup-home/toolchains/1.54.0-x86_64-unknown-linux-gnu/lib/rustlib/x86_64-unknown-linux-gnu/lib/liblibc-544ecdbd6cda3c58.rlib" "/opt/rustwide/rustup-home/toolchains/1.54.0-x86_64-unknown-linux-gnu/lib/rustlib/x86_64-unknown-linux-gnu/lib/liballoc-379cc252b6943a79.rlib" "/opt/rustwide/rustup-home/toolchains/1.54.0-x86_64-unknown-linux-gnu/lib/rustlib/x86_64-unknown-linux-gnu/lib/librustc_std_workspace_core-8063eea38dcc5e62.rlib" "/opt/rustwide/rustup-home/toolchains/1.54.0-x86_64-unknown-linux-gnu/lib/rustlib/x86_64-unknown-linux-gnu/lib/libcore-5b228734afae15ee.rlib" "-Wl,--end-group" "/opt/rustwide/rustup-home/toolchains/1.54.0-x86_64-unknown-linux-gnu/lib/rustlib/x86_64-unknown-linux-gnu/lib/libcompiler_builtins-d6c7a399d95d173f.rlib" "-Wl,-Bdynamic" "-lnanomsg" "-lgcc_s" "-lutil" "-lrt" "-lpthread" "-lm" "-ldl" "-lc" "-Wl,--eh-frame-hdr" "-Wl,-znoexecstack" "-L" "/opt/rustwide/rustup-home/toolchains/1.54.0-x86_64-unknown-linux-gnu/lib/rustlib/x86_64-unknown-linux-gnu/lib" "-o" "/opt/rustwide/target/debug/examples/pubsub-7c88567ccfc65378" "-Wl,--gc-sections" "-pie" "-Wl,-zrelro" "-Wl,-znow" "-nodefaultlibs"
[INFO] [stdout]   = note: /usr/bin/ld: cannot find -lnanomsg
[INFO] [stdout]           collect2: error: ld returned 1 exit status
[INFO] [stdout]           
[INFO] [stdout] 
[INFO] [stdout] 
[INFO] [stdout] error: aborting due to previous error
[INFO] [stdout] 
[INFO] [stdout] 
[INFO] [stdout] error: linking with `cc` failed: exit status: 1
[INFO] [stdout]   |
[INFO] [stdout]   = note: "cc" "-m64" "/opt/rustwide/target/debug/examples/puller-4ddd43c29eda4049.puller.2ni9fh0z-cgu.0.rcgu.o" "/opt/rustwide/target/debug/examples/puller-4ddd43c29eda4049.puller.2ni9fh0z-cgu.1.rcgu.o" "/opt/rustwide/target/debug/examples/puller-4ddd43c29eda4049.puller.2ni9fh0z-cgu.10.rcgu.o" "/opt/rustwide/target/debug/examples/puller-4ddd43c29eda4049.puller.2ni9fh0z-cgu.11.rcgu.o" "/opt/rustwide/target/debug/examples/puller-4ddd43c29eda4049.puller.2ni9fh0z-cgu.12.rcgu.o" "/opt/rustwide/target/debug/examples/puller-4ddd43c29eda4049.puller.2ni9fh0z-cgu.13.rcgu.o" "/opt/rustwide/target/debug/examples/puller-4ddd43c29eda4049.puller.2ni9fh0z-cgu.14.rcgu.o" "/opt/rustwide/target/debug/examples/puller-4ddd43c29eda4049.puller.2ni9fh0z-cgu.15.rcgu.o" "/opt/rustwide/target/debug/examples/puller-4ddd43c29eda4049.puller.2ni9fh0z-cgu.2.rcgu.o" "/opt/rustwide/target/debug/examples/puller-4ddd43c29eda4049.puller.2ni9fh0z-cgu.3.rcgu.o" "/opt/rustwide/target/debug/examples/puller-4ddd43c29eda4049.puller.2ni9fh0z-cgu.4.rcgu.o" "/opt/rustwide/target/debug/examples/puller-4ddd43c29eda4049.puller.2ni9fh0z-cgu.5.rcgu.o" "/opt/rustwide/target/debug/examples/puller-4ddd43c29eda4049.puller.2ni9fh0z-cgu.6.rcgu.o" "/opt/rustwide/target/debug/examples/puller-4ddd43c29eda4049.puller.2ni9fh0z-cgu.7.rcgu.o" "/opt/rustwide/target/debug/examples/puller-4ddd43c29eda4049.puller.2ni9fh0z-cgu.8.rcgu.o" "/opt/rustwide/target/debug/examples/puller-4ddd43c29eda4049.puller.2ni9fh0z-cgu.9.rcgu.o" "/opt/rustwide/target/debug/examples/puller-4ddd43c29eda4049.4i4hbygl4ury2tpl.rcgu.o" "-Wl,--as-needed" "-L" "/opt/rustwide/target/debug/deps" "-L" "/usr/local/lib" "-L" "/opt/rustwide/rustup-home/toolchains/1.54.0-x86_64-unknown-linux-gnu/lib/rustlib/x86_64-unknown-linux-gnu/lib" "-Wl,-Bstatic" "/opt/rustwide/target/debug/deps/libnanomsg-4030877e3ae3ae7c.rlib" "/opt/rustwide/target/debug/deps/libnanomsg_sys-917baaa59c81e5f7.rlib" "/opt/rustwide/target/debug/deps/liblibc-ef703b7b559de845.rlib" "-Wl,--start-group" "/opt/rustwide/rustup-home/toolchains/1.54.0-x86_64-unknown-linux-gnu/lib/rustlib/x86_64-unknown-linux-gnu/lib/libstd-2420485b9e5ef5e1.rlib" "/opt/rustwide/rustup-home/toolchains/1.54.0-x86_64-unknown-linux-gnu/lib/rustlib/x86_64-unknown-linux-gnu/lib/libpanic_unwind-785e3cb61c4b1960.rlib" "/opt/rustwide/rustup-home/toolchains/1.54.0-x86_64-unknown-linux-gnu/lib/rustlib/x86_64-unknown-linux-gnu/lib/libminiz_oxide-087191a88bdaa22d.rlib" "/opt/rustwide/rustup-home/toolchains/1.54.0-x86_64-unknown-linux-gnu/lib/rustlib/x86_64-unknown-linux-gnu/lib/libadler-9981842c02975178.rlib" "/opt/rustwide/rustup-home/toolchains/1.54.0-x86_64-unknown-linux-gnu/lib/rustlib/x86_64-unknown-linux-gnu/lib/libobject-6fb405869b015fde.rlib" "/opt/rustwide/rustup-home/toolchains/1.54.0-x86_64-unknown-linux-gnu/lib/rustlib/x86_64-unknown-linux-gnu/lib/libaddr2line-d05c5c3c56004b7b.rlib" "/opt/rustwide/rustup-home/toolchains/1.54.0-x86_64-unknown-linux-gnu/lib/rustlib/x86_64-unknown-linux-gnu/lib/libgimli-42d74d2097528b38.rlib" "/opt/rustwide/rustup-home/toolchains/1.54.0-x86_64-unknown-linux-gnu/lib/rustlib/x86_64-unknown-linux-gnu/lib/libstd_detect-fb36534c113d2209.rlib" "/opt/rustwide/rustup-home/toolchains/1.54.0-x86_64-unknown-linux-gnu/lib/rustlib/x86_64-unknown-linux-gnu/lib/librustc_demangle-b56b9042c12b6535.rlib" "/opt/rustwide/rustup-home/toolchains/1.54.0-x86_64-unknown-linux-gnu/lib/rustlib/x86_64-unknown-linux-gnu/lib/libhashbrown-491902d6cb3e76df.rlib" "/opt/rustwide/rustup-home/toolchains/1.54.0-x86_64-unknown-linux-gnu/lib/rustlib/x86_64-unknown-linux-gnu/lib/librustc_std_workspace_alloc-61834e0981b8c367.rlib" "/opt/rustwide/rustup-home/toolchains/1.54.0-x86_64-unknown-linux-gnu/lib/rustlib/x86_64-unknown-linux-gnu/lib/libunwind-f78aa99d613a55bc.rlib" "/opt/rustwide/rustup-home/toolchains/1.54.0-x86_64-unknown-linux-gnu/lib/rustlib/x86_64-unknown-linux-gnu/lib/libcfg_if-53ee54cd7fed2c57.rlib" "/opt/rustwide/rustup-home/toolchains/1.54.0-x86_64-unknown-linux-gnu/lib/rustlib/x86_64-unknown-linux-gnu/lib/liblibc-544ecdbd6cda3c58.rlib" "/opt/rustwide/rustup-home/toolchains/1.54.0-x86_64-unknown-linux-gnu/lib/rustlib/x86_64-unknown-linux-gnu/lib/liballoc-379cc252b6943a79.rlib" "/opt/rustwide/rustup-home/toolchains/1.54.0-x86_64-unknown-linux-gnu/lib/rustlib/x86_64-unknown-linux-gnu/lib/librustc_std_workspace_core-8063eea38dcc5e62.rlib" "/opt/rustwide/rustup-home/toolchains/1.54.0-x86_64-unknown-linux-gnu/lib/rustlib/x86_64-unknown-linux-gnu/lib/libcore-5b228734afae15ee.rlib" "-Wl,--end-group" "/opt/rustwide/rustup-home/toolchains/1.54.0-x86_64-unknown-linux-gnu/lib/rustlib/x86_64-unknown-linux-gnu/lib/libcompiler_builtins-d6c7a399d95d173f.rlib" "-Wl,-Bdynamic" "-lnanomsg" "-lgcc_s" "-lutil" "-lrt" "-lpthread" "-lm" "-ldl" "-lc" "-Wl,--eh-frame-hdr" "-Wl,-znoexecstack" "-L" "/opt/rustwide/rustup-home/toolchains/1.54.0-x86_64-unknown-linux-gnu/lib/rustlib/x86_64-unknown-linux-gnu/lib" "-o" "/opt/rustwide/target/debug/examples/puller-4ddd43c29eda4049" "-Wl,--gc-sections" "-pie" "-Wl,-zrelro" "-Wl,-znow" "-nodefaultlibs"
[INFO] [stdout]   = note: /usr/bin/ld: cannot find -lnanomsg
[INFO] [stdout]           collect2: error: ld returned 1 exit status
[INFO] [stdout]           
[INFO] [stdout] 
[INFO] [stdout] 
[INFO] [stdout] error: aborting due to previous error; 1 warning emitted
[INFO] [stdout] 
[INFO] [stdout] 
[INFO] [stdout] warning: getting the inner pointer of a temporary `CString`
[INFO] [stdout]    --> src/lib.rs:310:78
[INFO] [stdout]     |
[INFO] [stdout] 310 |         let ret = unsafe { nanomsg_sys::nn_bind(self.socket, c_addr.unwrap().as_ptr()) };
[INFO] [stdout]     |                                                              --------------- ^^^^^^ this pointer will be invalid
[INFO] [stdout]     |                                                              |
[INFO] [stdout]     |                                                              this `CString` is deallocated at the end of the statement, bind it to a variable to extend its lifetime
[INFO] [stdout]     |
[INFO] [stdout]     = note: `#[warn(temporary_cstring_as_ptr)]` on by default
[INFO] [stdout]     = note: pointers do not have a lifetime; when calling `as_ptr` the `CString` will be deallocated at the end of the statement because nothing is referencing it as far as the type system is concerned
[INFO] [stdout]     = help: for more information, see https://doc.rust-lang.org/reference/destructors.html
[INFO] [stdout] 
[INFO] [stdout] 
[INFO] [stdout] warning: getting the inner pointer of a temporary `CString`
[INFO] [stdout]    --> src/lib.rs:349:81
[INFO] [stdout]     |
[INFO] [stdout] 349 |         let ret = unsafe { nanomsg_sys::nn_connect(self.socket, c_addr.unwrap().as_ptr()) };
[INFO] [stdout]     |                                                                 --------------- ^^^^^^ this pointer will be invalid
[INFO] [stdout]     |                                                                 |
[INFO] [stdout]     |                                                                 this `CString` is deallocated at the end of the statement, bind it to a variable to extend its lifetime
[INFO] [stdout]     |
[INFO] [stdout]     = note: pointers do not have a lifetime; when calling `as_ptr` the `CString` will be deallocated at the end of the statement because nothing is referencing it as far as the type system is concerned
[INFO] [stdout]     = help: for more information, see https://doc.rust-lang.org/reference/destructors.html
[INFO] [stdout] 
[INFO] [stdout] 
[INFO] [stdout] warning: getting the inner pointer of a temporary `CString`
[INFO] [stdout]    --> src/lib.rs:698:34
[INFO] [stdout]     |
[INFO] [stdout] 698 |         let ptr = c_val.unwrap().as_ptr() as *const c_void;
[INFO] [stdout]     |                   -------------- ^^^^^^ this pointer will be invalid
[INFO] [stdout]     |                   |
[INFO] [stdout]     |                   this `CString` is deallocated at the end of the statement, bind it to a variable to extend its lifetime
[INFO] [stdout]     |
[INFO] [stdout]     = note: pointers do not have a lifetime; when calling `as_ptr` the `CString` will be deallocated at the end of the statement because nothing is referencing it as far as the type system is concerned
[INFO] [stdout]     = help: for more information, see https://doc.rust-lang.org/reference/destructors.html
[INFO] [stdout] 
[INFO] [stdout] 
[INFO] [stdout] error: linking with `cc` failed: exit status: 1
[INFO] [stdout]   |
[INFO] [stdout]   = note: "cc" "-m64" "/opt/rustwide/target/debug/examples/issue-2bc30f915010a76f.issue.82th3o9g-cgu.0.rcgu.o" "/opt/rustwide/target/debug/examples/issue-2bc30f915010a76f.issue.82th3o9g-cgu.1.rcgu.o" "/opt/rustwide/target/debug/examples/issue-2bc30f915010a76f.issue.82th3o9g-cgu.10.rcgu.o" "/opt/rustwide/target/debug/examples/issue-2bc30f915010a76f.issue.82th3o9g-cgu.11.rcgu.o" "/opt/rustwide/target/debug/examples/issue-2bc30f915010a76f.issue.82th3o9g-cgu.12.rcgu.o" "/opt/rustwide/target/debug/examples/issue-2bc30f915010a76f.issue.82th3o9g-cgu.13.rcgu.o" "/opt/rustwide/target/debug/examples/issue-2bc30f915010a76f.issue.82th3o9g-cgu.14.rcgu.o" "/opt/rustwide/target/debug/examples/issue-2bc30f915010a76f.issue.82th3o9g-cgu.15.rcgu.o" "/opt/rustwide/target/debug/examples/issue-2bc30f915010a76f.issue.82th3o9g-cgu.2.rcgu.o" "/opt/rustwide/target/debug/examples/issue-2bc30f915010a76f.issue.82th3o9g-cgu.3.rcgu.o" "/opt/rustwide/target/debug/examples/issue-2bc30f915010a76f.issue.82th3o9g-cgu.4.rcgu.o" "/opt/rustwide/target/debug/examples/issue-2bc30f915010a76f.issue.82th3o9g-cgu.5.rcgu.o" "/opt/rustwide/target/debug/examples/issue-2bc30f915010a76f.issue.82th3o9g-cgu.6.rcgu.o" "/opt/rustwide/target/debug/examples/issue-2bc30f915010a76f.issue.82th3o9g-cgu.7.rcgu.o" "/opt/rustwide/target/debug/examples/issue-2bc30f915010a76f.issue.82th3o9g-cgu.8.rcgu.o" "/opt/rustwide/target/debug/examples/issue-2bc30f915010a76f.issue.82th3o9g-cgu.9.rcgu.o" "/opt/rustwide/target/debug/examples/issue-2bc30f915010a76f.2mgo64948rrn8yyj.rcgu.o" "-Wl,--as-needed" "-L" "/opt/rustwide/target/debug/deps" "-L" "/usr/local/lib" "-L" "/opt/rustwide/rustup-home/toolchains/1.54.0-x86_64-unknown-linux-gnu/lib/rustlib/x86_64-unknown-linux-gnu/lib" "-Wl,-Bstatic" "/opt/rustwide/target/debug/deps/libnanomsg-4030877e3ae3ae7c.rlib" "/opt/rustwide/target/debug/deps/libnanomsg_sys-917baaa59c81e5f7.rlib" "/opt/rustwide/target/debug/deps/liblibc-ef703b7b559de845.rlib" "-Wl,--start-group" "/opt/rustwide/rustup-home/toolchains/1.54.0-x86_64-unknown-linux-gnu/lib/rustlib/x86_64-unknown-linux-gnu/lib/libstd-2420485b9e5ef5e1.rlib" "/opt/rustwide/rustup-home/toolchains/1.54.0-x86_64-unknown-linux-gnu/lib/rustlib/x86_64-unknown-linux-gnu/lib/libpanic_unwind-785e3cb61c4b1960.rlib" "/opt/rustwide/rustup-home/toolchains/1.54.0-x86_64-unknown-linux-gnu/lib/rustlib/x86_64-unknown-linux-gnu/lib/libminiz_oxide-087191a88bdaa22d.rlib" "/opt/rustwide/rustup-home/toolchains/1.54.0-x86_64-unknown-linux-gnu/lib/rustlib/x86_64-unknown-linux-gnu/lib/libadler-9981842c02975178.rlib" "/opt/rustwide/rustup-home/toolchains/1.54.0-x86_64-unknown-linux-gnu/lib/rustlib/x86_64-unknown-linux-gnu/lib/libobject-6fb405869b015fde.rlib" "/opt/rustwide/rustup-home/toolchains/1.54.0-x86_64-unknown-linux-gnu/lib/rustlib/x86_64-unknown-linux-gnu/lib/libaddr2line-d05c5c3c56004b7b.rlib" "/opt/rustwide/rustup-home/toolchains/1.54.0-x86_64-unknown-linux-gnu/lib/rustlib/x86_64-unknown-linux-gnu/lib/libgimli-42d74d2097528b38.rlib" "/opt/rustwide/rustup-home/toolchains/1.54.0-x86_64-unknown-linux-gnu/lib/rustlib/x86_64-unknown-linux-gnu/lib/libstd_detect-fb36534c113d2209.rlib" "/opt/rustwide/rustup-home/toolchains/1.54.0-x86_64-unknown-linux-gnu/lib/rustlib/x86_64-unknown-linux-gnu/lib/librustc_demangle-b56b9042c12b6535.rlib" "/opt/rustwide/rustup-home/toolchains/1.54.0-x86_64-unknown-linux-gnu/lib/rustlib/x86_64-unknown-linux-gnu/lib/libhashbrown-491902d6cb3e76df.rlib" "/opt/rustwide/rustup-home/toolchains/1.54.0-x86_64-unknown-linux-gnu/lib/rustlib/x86_64-unknown-linux-gnu/lib/librustc_std_workspace_alloc-61834e0981b8c367.rlib" "/opt/rustwide/rustup-home/toolchains/1.54.0-x86_64-unknown-linux-gnu/lib/rustlib/x86_64-unknown-linux-gnu/lib/libunwind-f78aa99d613a55bc.rlib" "/opt/rustwide/rustup-home/toolchains/1.54.0-x86_64-unknown-linux-gnu/lib/rustlib/x86_64-unknown-linux-gnu/lib/libcfg_if-53ee54cd7fed2c57.rlib" "/opt/rustwide/rustup-home/toolchains/1.54.0-x86_64-unknown-linux-gnu/lib/rustlib/x86_64-unknown-linux-gnu/lib/liblibc-544ecdbd6cda3c58.rlib" "/opt/rustwide/rustup-home/toolchains/1.54.0-x86_64-unknown-linux-gnu/lib/rustlib/x86_64-unknown-linux-gnu/lib/liballoc-379cc252b6943a79.rlib" "/opt/rustwide/rustup-home/toolchains/1.54.0-x86_64-unknown-linux-gnu/lib/rustlib/x86_64-unknown-linux-gnu/lib/librustc_std_workspace_core-8063eea38dcc5e62.rlib" "/opt/rustwide/rustup-home/toolchains/1.54.0-x86_64-unknown-linux-gnu/lib/rustlib/x86_64-unknown-linux-gnu/lib/libcore-5b228734afae15ee.rlib" "-Wl,--end-group" "/opt/rustwide/rustup-home/toolchains/1.54.0-x86_64-unknown-linux-gnu/lib/rustlib/x86_64-unknown-linux-gnu/lib/libcompiler_builtins-d6c7a399d95d173f.rlib" "-Wl,-Bdynamic" "-lnanomsg" "-lgcc_s" "-lutil" "-lrt" "-lpthread" "-lm" "-ldl" "-lc" "-Wl,--eh-frame-hdr" "-Wl,-znoexecstack" "-L" "/opt/rustwide/rustup-home/toolchains/1.54.0-x86_64-unknown-linux-gnu/lib/rustlib/x86_64-unknown-linux-gnu/lib" "-o" "/opt/rustwide/target/debug/examples/issue-2bc30f915010a76f" "-Wl,--gc-sections" "-pie" "-Wl,-zrelro" "-Wl,-znow" "-nodefaultlibs"
[INFO] [stdout]   = note: /usr/bin/ld: cannot find -lnanomsg
[INFO] [stdout]           collect2: error: ld returned 1 exit status
[INFO] [stdout]           
[INFO] [stdout] 
[INFO] [stdout] 
[INFO] [stdout] error: aborting due to previous error; 3 warnings emitted
[INFO] [stdout] 
[INFO] [stdout] 
[INFO] [stdout] error: linking with `cc` failed: exit status: 1
[INFO] [stdout]   |
[INFO] [stdout]   = note: "cc" "-m64" "/opt/rustwide/target/debug/examples/reqrep-aea6b276ece6f3ea.reqrep.310pnc9g-cgu.0.rcgu.o" "/opt/rustwide/target/debug/examples/reqrep-aea6b276ece6f3ea.reqrep.310pnc9g-cgu.1.rcgu.o" "/opt/rustwide/target/debug/examples/reqrep-aea6b276ece6f3ea.reqrep.310pnc9g-cgu.10.rcgu.o" "/opt/rustwide/target/debug/examples/reqrep-aea6b276ece6f3ea.reqrep.310pnc9g-cgu.11.rcgu.o" "/opt/rustwide/target/debug/examples/reqrep-aea6b276ece6f3ea.reqrep.310pnc9g-cgu.12.rcgu.o" "/opt/rustwide/target/debug/examples/reqrep-aea6b276ece6f3ea.reqrep.310pnc9g-cgu.13.rcgu.o" "/opt/rustwide/target/debug/examples/reqrep-aea6b276ece6f3ea.reqrep.310pnc9g-cgu.14.rcgu.o" "/opt/rustwide/target/debug/examples/reqrep-aea6b276ece6f3ea.reqrep.310pnc9g-cgu.15.rcgu.o" "/opt/rustwide/target/debug/examples/reqrep-aea6b276ece6f3ea.reqrep.310pnc9g-cgu.2.rcgu.o" "/opt/rustwide/target/debug/examples/reqrep-aea6b276ece6f3ea.reqrep.310pnc9g-cgu.3.rcgu.o" "/opt/rustwide/target/debug/examples/reqrep-aea6b276ece6f3ea.reqrep.310pnc9g-cgu.4.rcgu.o" "/opt/rustwide/target/debug/examples/reqrep-aea6b276ece6f3ea.reqrep.310pnc9g-cgu.5.rcgu.o" "/opt/rustwide/target/debug/examples/reqrep-aea6b276ece6f3ea.reqrep.310pnc9g-cgu.6.rcgu.o" "/opt/rustwide/target/debug/examples/reqrep-aea6b276ece6f3ea.reqrep.310pnc9g-cgu.7.rcgu.o" "/opt/rustwide/target/debug/examples/reqrep-aea6b276ece6f3ea.reqrep.310pnc9g-cgu.8.rcgu.o" "/opt/rustwide/target/debug/examples/reqrep-aea6b276ece6f3ea.reqrep.310pnc9g-cgu.9.rcgu.o" "/opt/rustwide/target/debug/examples/reqrep-aea6b276ece6f3ea.4yw3oln6vw1505fl.rcgu.o" "-Wl,--as-needed" "-L" "/opt/rustwide/target/debug/deps" "-L" "/usr/local/lib" "-L" "/opt/rustwide/rustup-home/toolchains/1.54.0-x86_64-unknown-linux-gnu/lib/rustlib/x86_64-unknown-linux-gnu/lib" "-Wl,-Bstatic" "/opt/rustwide/target/debug/deps/libnanomsg-4030877e3ae3ae7c.rlib" "/opt/rustwide/target/debug/deps/libnanomsg_sys-917baaa59c81e5f7.rlib" "/opt/rustwide/target/debug/deps/liblibc-ef703b7b559de845.rlib" "-Wl,--start-group" "/opt/rustwide/rustup-home/toolchains/1.54.0-x86_64-unknown-linux-gnu/lib/rustlib/x86_64-unknown-linux-gnu/lib/libstd-2420485b9e5ef5e1.rlib" "/opt/rustwide/rustup-home/toolchains/1.54.0-x86_64-unknown-linux-gnu/lib/rustlib/x86_64-unknown-linux-gnu/lib/libpanic_unwind-785e3cb61c4b1960.rlib" "/opt/rustwide/rustup-home/toolchains/1.54.0-x86_64-unknown-linux-gnu/lib/rustlib/x86_64-unknown-linux-gnu/lib/libminiz_oxide-087191a88bdaa22d.rlib" "/opt/rustwide/rustup-home/toolchains/1.54.0-x86_64-unknown-linux-gnu/lib/rustlib/x86_64-unknown-linux-gnu/lib/libadler-9981842c02975178.rlib" "/opt/rustwide/rustup-home/toolchains/1.54.0-x86_64-unknown-linux-gnu/lib/rustlib/x86_64-unknown-linux-gnu/lib/libobject-6fb405869b015fde.rlib" "/opt/rustwide/rustup-home/toolchains/1.54.0-x86_64-unknown-linux-gnu/lib/rustlib/x86_64-unknown-linux-gnu/lib/libaddr2line-d05c5c3c56004b7b.rlib" "/opt/rustwide/rustup-home/toolchains/1.54.0-x86_64-unknown-linux-gnu/lib/rustlib/x86_64-unknown-linux-gnu/lib/libgimli-42d74d2097528b38.rlib" "/opt/rustwide/rustup-home/toolchains/1.54.0-x86_64-unknown-linux-gnu/lib/rustlib/x86_64-unknown-linux-gnu/lib/libstd_detect-fb36534c113d2209.rlib" "/opt/rustwide/rustup-home/toolchains/1.54.0-x86_64-unknown-linux-gnu/lib/rustlib/x86_64-unknown-linux-gnu/lib/librustc_demangle-b56b9042c12b6535.rlib" "/opt/rustwide/rustup-home/toolchains/1.54.0-x86_64-unknown-linux-gnu/lib/rustlib/x86_64-unknown-linux-gnu/lib/libhashbrown-491902d6cb3e76df.rlib" "/opt/rustwide/rustup-home/toolchains/1.54.0-x86_64-unknown-linux-gnu/lib/rustlib/x86_64-unknown-linux-gnu/lib/librustc_std_workspace_alloc-61834e0981b8c367.rlib" "/opt/rustwide/rustup-home/toolchains/1.54.0-x86_64-unknown-linux-gnu/lib/rustlib/x86_64-unknown-linux-gnu/lib/libunwind-f78aa99d613a55bc.rlib" "/opt/rustwide/rustup-home/toolchains/1.54.0-x86_64-unknown-linux-gnu/lib/rustlib/x86_64-unknown-linux-gnu/lib/libcfg_if-53ee54cd7fed2c57.rlib" "/opt/rustwide/rustup-home/toolchains/1.54.0-x86_64-unknown-linux-gnu/lib/rustlib/x86_64-unknown-linux-gnu/lib/liblibc-544ecdbd6cda3c58.rlib" "/opt/rustwide/rustup-home/toolchains/1.54.0-x86_64-unknown-linux-gnu/lib/rustlib/x86_64-unknown-linux-gnu/lib/liballoc-379cc252b6943a79.rlib" "/opt/rustwide/rustup-home/toolchains/1.54.0-x86_64-unknown-linux-gnu/lib/rustlib/x86_64-unknown-linux-gnu/lib/librustc_std_workspace_core-8063eea38dcc5e62.rlib" "/opt/rustwide/rustup-home/toolchains/1.54.0-x86_64-unknown-linux-gnu/lib/rustlib/x86_64-unknown-linux-gnu/lib/libcore-5b228734afae15ee.rlib" "-Wl,--end-group" "/opt/rustwide/rustup-home/toolchains/1.54.0-x86_64-unknown-linux-gnu/lib/rustlib/x86_64-unknown-linux-gnu/lib/libcompiler_builtins-d6c7a399d95d173f.rlib" "-Wl,-Bdynamic" "-lnanomsg" "-lgcc_s" "-lutil" "-lrt" "-lpthread" "-lm" "-ldl" "-lc" "-Wl,--eh-frame-hdr" "-Wl,-znoexecstack" "-L" "/opt/rustwide/rustup-home/toolchains/1.54.0-x86_64-unknown-linux-gnu/lib/rustlib/x86_64-unknown-linux-gnu/lib" "-o" "/opt/rustwide/target/debug/examples/reqrep-aea6b276ece6f3ea" "-Wl,--gc-sections" "-pie" "-Wl,-zrelro" "-Wl,-znow" "-nodefaultlibs"
[INFO] [stdout]   = note: /usr/bin/ld: cannot find -lnanomsg
[INFO] [stdout]           collect2: error: ld returned 1 exit status
[INFO] [stdout]           
[INFO] [stdout] 
[INFO] [stdout] 
[INFO] [stdout] error: aborting due to previous error
[INFO] [stdout] 
[INFO] [stdout] 
[INFO] [stdout] error: linking with `cc` failed: exit status: 1
[INFO] [stdout]   |
[INFO] [stdout]   = note: "cc" "-m64" "/opt/rustwide/target/debug/deps/nanomsg-48fd6163a4a2fb27.nanomsg.5d919o5b-cgu.0.rcgu.o" "/opt/rustwide/target/debug/deps/nanomsg-48fd6163a4a2fb27.nanomsg.5d919o5b-cgu.1.rcgu.o" "/opt/rustwide/target/debug/deps/nanomsg-48fd6163a4a2fb27.nanomsg.5d919o5b-cgu.10.rcgu.o" "/opt/rustwide/target/debug/deps/nanomsg-48fd6163a4a2fb27.nanomsg.5d919o5b-cgu.11.rcgu.o" "/opt/rustwide/target/debug/deps/nanomsg-48fd6163a4a2fb27.nanomsg.5d919o5b-cgu.12.rcgu.o" "/opt/rustwide/target/debug/deps/nanomsg-48fd6163a4a2fb27.nanomsg.5d919o5b-cgu.13.rcgu.o" "/opt/rustwide/target/debug/deps/nanomsg-48fd6163a4a2fb27.nanomsg.5d919o5b-cgu.14.rcgu.o" "/opt/rustwide/target/debug/deps/nanomsg-48fd6163a4a2fb27.nanomsg.5d919o5b-cgu.15.rcgu.o" "/opt/rustwide/target/debug/deps/nanomsg-48fd6163a4a2fb27.nanomsg.5d919o5b-cgu.2.rcgu.o" "/opt/rustwide/target/debug/deps/nanomsg-48fd6163a4a2fb27.nanomsg.5d919o5b-cgu.3.rcgu.o" "/opt/rustwide/target/debug/deps/nanomsg-48fd6163a4a2fb27.nanomsg.5d919o5b-cgu.4.rcgu.o" "/opt/rustwide/target/debug/deps/nanomsg-48fd6163a4a2fb27.nanomsg.5d919o5b-cgu.5.rcgu.o" "/opt/rustwide/target/debug/deps/nanomsg-48fd6163a4a2fb27.nanomsg.5d919o5b-cgu.6.rcgu.o" "/opt/rustwide/target/debug/deps/nanomsg-48fd6163a4a2fb27.nanomsg.5d919o5b-cgu.7.rcgu.o" "/opt/rustwide/target/debug/deps/nanomsg-48fd6163a4a2fb27.nanomsg.5d919o5b-cgu.8.rcgu.o" "/opt/rustwide/target/debug/deps/nanomsg-48fd6163a4a2fb27.nanomsg.5d919o5b-cgu.9.rcgu.o" "/opt/rustwide/target/debug/deps/nanomsg-48fd6163a4a2fb27.3ehf02bdy8skcr2q.rcgu.o" "-Wl,--as-needed" "-L" "/opt/rustwide/target/debug/deps" "-L" "/usr/local/lib" "-L" "/opt/rustwide/rustup-home/toolchains/1.54.0-x86_64-unknown-linux-gnu/lib/rustlib/x86_64-unknown-linux-gnu/lib" "-Wl,-Bstatic" "/opt/rustwide/rustup-home/toolchains/1.54.0-x86_64-unknown-linux-gnu/lib/rustlib/x86_64-unknown-linux-gnu/lib/libtest-3599c5491d44663f.rlib" "/opt/rustwide/rustup-home/toolchains/1.54.0-x86_64-unknown-linux-gnu/lib/rustlib/x86_64-unknown-linux-gnu/lib/libterm-1d56ea45a67842c8.rlib" "/opt/rustwide/rustup-home/toolchains/1.54.0-x86_64-unknown-linux-gnu/lib/rustlib/x86_64-unknown-linux-gnu/lib/libgetopts-9749f7c936ebf9a7.rlib" "/opt/rustwide/rustup-home/toolchains/1.54.0-x86_64-unknown-linux-gnu/lib/rustlib/x86_64-unknown-linux-gnu/lib/libunicode_width-627a220173eefff1.rlib" "/opt/rustwide/rustup-home/toolchains/1.54.0-x86_64-unknown-linux-gnu/lib/rustlib/x86_64-unknown-linux-gnu/lib/librustc_std_workspace_std-16ed15e5bfe21b9b.rlib" "/opt/rustwide/target/debug/deps/libnanomsg_sys-917baaa59c81e5f7.rlib" "/opt/rustwide/target/debug/deps/liblibc-ef703b7b559de845.rlib" "-Wl,--start-group" "/opt/rustwide/rustup-home/toolchains/1.54.0-x86_64-unknown-linux-gnu/lib/rustlib/x86_64-unknown-linux-gnu/lib/libstd-2420485b9e5ef5e1.rlib" "/opt/rustwide/rustup-home/toolchains/1.54.0-x86_64-unknown-linux-gnu/lib/rustlib/x86_64-unknown-linux-gnu/lib/libpanic_unwind-785e3cb61c4b1960.rlib" "/opt/rustwide/rustup-home/toolchains/1.54.0-x86_64-unknown-linux-gnu/lib/rustlib/x86_64-unknown-linux-gnu/lib/libminiz_oxide-087191a88bdaa22d.rlib" "/opt/rustwide/rustup-home/toolchains/1.54.0-x86_64-unknown-linux-gnu/lib/rustlib/x86_64-unknown-linux-gnu/lib/libadler-9981842c02975178.rlib" "/opt/rustwide/rustup-home/toolchains/1.54.0-x86_64-unknown-linux-gnu/lib/rustlib/x86_64-unknown-linux-gnu/lib/libobject-6fb405869b015fde.rlib" "/opt/rustwide/rustup-home/toolchains/1.54.0-x86_64-unknown-linux-gnu/lib/rustlib/x86_64-unknown-linux-gnu/lib/libaddr2line-d05c5c3c56004b7b.rlib" "/opt/rustwide/rustup-home/toolchains/1.54.0-x86_64-unknown-linux-gnu/lib/rustlib/x86_64-unknown-linux-gnu/lib/libgimli-42d74d2097528b38.rlib" "/opt/rustwide/rustup-home/toolchains/1.54.0-x86_64-unknown-linux-gnu/lib/rustlib/x86_64-unknown-linux-gnu/lib/libstd_detect-fb36534c113d2209.rlib" "/opt/rustwide/rustup-home/toolchains/1.54.0-x86_64-unknown-linux-gnu/lib/rustlib/x86_64-unknown-linux-gnu/lib/librustc_demangle-b56b9042c12b6535.rlib" "/opt/rustwide/rustup-home/toolchains/1.54.0-x86_64-unknown-linux-gnu/lib/rustlib/x86_64-unknown-linux-gnu/lib/libhashbrown-491902d6cb3e76df.rlib" "/opt/rustwide/rustup-home/toolchains/1.54.0-x86_64-unknown-linux-gnu/lib/rustlib/x86_64-unknown-linux-gnu/lib/librustc_std_workspace_alloc-61834e0981b8c367.rlib" "/opt/rustwide/rustup-home/toolchains/1.54.0-x86_64-unknown-linux-gnu/lib/rustlib/x86_64-unknown-linux-gnu/lib/libunwind-f78aa99d613a55bc.rlib" "/opt/rustwide/rustup-home/toolchains/1.54.0-x86_64-unknown-linux-gnu/lib/rustlib/x86_64-unknown-linux-gnu/lib/libcfg_if-53ee54cd7fed2c57.rlib" "/opt/rustwide/rustup-home/toolchains/1.54.0-x86_64-unknown-linux-gnu/lib/rustlib/x86_64-unknown-linux-gnu/lib/liblibc-544ecdbd6cda3c58.rlib" "/opt/rustwide/rustup-home/toolchains/1.54.0-x86_64-unknown-linux-gnu/lib/rustlib/x86_64-unknown-linux-gnu/lib/liballoc-379cc252b6943a79.rlib" "/opt/rustwide/rustup-home/toolchains/1.54.0-x86_64-unknown-linux-gnu/lib/rustlib/x86_64-unknown-linux-gnu/lib/librustc_std_workspace_core-8063eea38dcc5e62.rlib" "/opt/rustwide/rustup-home/toolchains/1.54.0-x86_64-unknown-linux-gnu/lib/rustlib/x86_64-unknown-linux-gnu/lib/libcore-5b228734afae15ee.rlib" "-Wl,--end-group" "/opt/rustwide/rustup-home/toolchains/1.54.0-x86_64-unknown-linux-gnu/lib/rustlib/x86_64-unknown-linux-gnu/lib/libcompiler_builtins-d6c7a399d95d173f.rlib" "-Wl,-Bdynamic" "-lnanomsg" "-lgcc_s" "-lutil" "-lrt" "-lpthread" "-lm" "-ldl" "-lc" "-Wl,--eh-frame-hdr" "-Wl,-znoexecstack" "-L" "/opt/rustwide/rustup-home/toolchains/1.54.0-x86_64-unknown-linux-gnu/lib/rustlib/x86_64-unknown-linux-gnu/lib" "-o" "/opt/rustwide/target/debug/deps/nanomsg-48fd6163a4a2fb27" "-Wl,--gc-sections" "-pie" "-Wl,-zrelro" "-Wl,-znow" "-nodefaultlibs"
[INFO] [stdout]   = note: /usr/bin/ld: cannot find -lnanomsg
[INFO] [stdout]           collect2: error: ld returned 1 exit status
[INFO] [stdout]           
[INFO] [stdout] 
[INFO] [stdout] 
[INFO] [stdout] error: aborting due to previous error; 11 warnings emitted
[INFO] [stdout] 
[INFO] [stdout] 
[INFO] [stderr] error: build failed
[INFO] running `Command { std: "docker" "inspect" "e39863a051b074336ccedeab1744786771e545734eca8872baa157d57e6c9acc", kill_on_drop: false }`
[INFO] running `Command { std: "docker" "rm" "-f" "e39863a051b074336ccedeab1744786771e545734eca8872baa157d57e6c9acc", kill_on_drop: false }`
[INFO] [stdout] e39863a051b074336ccedeab1744786771e545734eca8872baa157d57e6c9acc
