[INFO] fetching crate nalgebra-macros 0.1.0...
[INFO] testing nalgebra-macros-0.1.0 against 1.54.0 for beta-1.55-1
[INFO] extracting crate nalgebra-macros 0.1.0 into /workspace/builds/worker-4/source
[INFO] validating manifest of crates.io crate nalgebra-macros 0.1.0 on toolchain 1.54.0
[INFO] running `Command { std: "/workspace/cargo-home/bin/cargo" "+1.54.0" "metadata" "--manifest-path" "Cargo.toml" "--no-deps", kill_on_drop: false }`
[INFO] started tweaking crates.io crate nalgebra-macros 0.1.0
[INFO] finished tweaking crates.io crate nalgebra-macros 0.1.0
[INFO] tweaked toml for crates.io crate nalgebra-macros 0.1.0 written to /workspace/builds/worker-4/source/Cargo.toml
[INFO] running `Command { std: "/workspace/cargo-home/bin/cargo" "+1.54.0" "generate-lockfile" "--manifest-path" "Cargo.toml" "-Zno-index-update", kill_on_drop: false }`
[INFO] running `Command { std: "/workspace/cargo-home/bin/cargo" "+1.54.0" "fetch" "--manifest-path" "Cargo.toml", kill_on_drop: false }`
[INFO] running `Command { std: "docker" "create" "-v" "/var/lib/crater-agent-workspace/builds/worker-4/target:/opt/rustwide/target:rw,Z" "-v" "/var/lib/crater-agent-workspace/builds/worker-4/source:/opt/rustwide/workdir:ro,Z" "-v" "/var/lib/crater-agent-workspace/cargo-home:/opt/rustwide/cargo-home:ro,Z" "-v" "/var/lib/crater-agent-workspace/rustup-home:/opt/rustwide/rustup-home:ro,Z" "-e" "SOURCE_DIR=/opt/rustwide/workdir" "-e" "CARGO_TARGET_DIR=/opt/rustwide/target" "-e" "CARGO_HOME=/opt/rustwide/cargo-home" "-e" "RUSTUP_HOME=/opt/rustwide/rustup-home" "-w" "/opt/rustwide/workdir" "-m" "1610612736" "--user" "0:0" "--network" "none" "ghcr.io/rust-lang/crates-build-env/linux@sha256:34b6a614d2c27851fe6cbf88fbd1137609cefab8b10d0615aaeb6fd47975d74e" "/opt/rustwide/cargo-home/bin/cargo" "+1.54.0" "metadata" "--no-deps" "--format-version=1", kill_on_drop: false }`
[INFO] [stdout] 6ed1b2ac26b0f13e3f10c3d2155b71e4f111fe92ca5ad39e9f9698e076d75dba
[INFO] [stderr] WARNING: Your kernel does not support swap limit capabilities or the cgroup is not mounted. Memory limited without swap.
[INFO] running `Command { std: "docker" "start" "-a" "6ed1b2ac26b0f13e3f10c3d2155b71e4f111fe92ca5ad39e9f9698e076d75dba", kill_on_drop: false }`
[INFO] running `Command { std: "docker" "inspect" "6ed1b2ac26b0f13e3f10c3d2155b71e4f111fe92ca5ad39e9f9698e076d75dba", kill_on_drop: false }`
[INFO] running `Command { std: "docker" "rm" "-f" "6ed1b2ac26b0f13e3f10c3d2155b71e4f111fe92ca5ad39e9f9698e076d75dba", kill_on_drop: false }`
[INFO] [stdout] 6ed1b2ac26b0f13e3f10c3d2155b71e4f111fe92ca5ad39e9f9698e076d75dba
[INFO] running `Command { std: "docker" "create" "-v" "/var/lib/crater-agent-workspace/builds/worker-4/target:/opt/rustwide/target:rw,Z" "-v" "/var/lib/crater-agent-workspace/builds/worker-4/source:/opt/rustwide/workdir:ro,Z" "-v" "/var/lib/crater-agent-workspace/cargo-home:/opt/rustwide/cargo-home:ro,Z" "-v" "/var/lib/crater-agent-workspace/rustup-home:/opt/rustwide/rustup-home:ro,Z" "-e" "SOURCE_DIR=/opt/rustwide/workdir" "-e" "CARGO_TARGET_DIR=/opt/rustwide/target" "-e" "CARGO_INCREMENTAL=0" "-e" "RUST_BACKTRACE=full" "-e" "RUSTFLAGS=--cap-lints=warn" "-e" "CARGO_HOME=/opt/rustwide/cargo-home" "-e" "RUSTUP_HOME=/opt/rustwide/rustup-home" "-w" "/opt/rustwide/workdir" "-m" "1610612736" "--user" "0:0" "--network" "none" "ghcr.io/rust-lang/crates-build-env/linux@sha256:34b6a614d2c27851fe6cbf88fbd1137609cefab8b10d0615aaeb6fd47975d74e" "/opt/rustwide/cargo-home/bin/cargo" "+1.54.0" "build" "--frozen" "--message-format=json", kill_on_drop: false }`
[INFO] [stderr] WARNING: Your kernel does not support swap limit capabilities or the cgroup is not mounted. Memory limited without swap.
[INFO] [stdout] 9f82c065bd6918c0895c22e00462068e3142f0659a4858292caf579ac6b4035a
[INFO] running `Command { std: "docker" "start" "-a" "9f82c065bd6918c0895c22e00462068e3142f0659a4858292caf579ac6b4035a", kill_on_drop: false }`
[INFO] [stderr]     Blocking waiting for file lock on package cache
[INFO] [stderr]    Compiling nalgebra-macros v0.1.0 (/opt/rustwide/workdir)
[INFO] [stderr]     Finished dev [unoptimized + debuginfo] target(s) in 2.92s
[INFO] running `Command { std: "docker" "inspect" "9f82c065bd6918c0895c22e00462068e3142f0659a4858292caf579ac6b4035a", kill_on_drop: false }`
[INFO] running `Command { std: "docker" "rm" "-f" "9f82c065bd6918c0895c22e00462068e3142f0659a4858292caf579ac6b4035a", kill_on_drop: false }`
[INFO] [stdout] 9f82c065bd6918c0895c22e00462068e3142f0659a4858292caf579ac6b4035a
[INFO] running `Command { std: "docker" "create" "-v" "/var/lib/crater-agent-workspace/builds/worker-4/target:/opt/rustwide/target:rw,Z" "-v" "/var/lib/crater-agent-workspace/builds/worker-4/source:/opt/rustwide/workdir:ro,Z" "-v" "/var/lib/crater-agent-workspace/cargo-home:/opt/rustwide/cargo-home:ro,Z" "-v" "/var/lib/crater-agent-workspace/rustup-home:/opt/rustwide/rustup-home:ro,Z" "-e" "SOURCE_DIR=/opt/rustwide/workdir" "-e" "CARGO_TARGET_DIR=/opt/rustwide/target" "-e" "CARGO_INCREMENTAL=0" "-e" "RUST_BACKTRACE=full" "-e" "RUSTFLAGS=--cap-lints=warn" "-e" "CARGO_HOME=/opt/rustwide/cargo-home" "-e" "RUSTUP_HOME=/opt/rustwide/rustup-home" "-w" "/opt/rustwide/workdir" "-m" "1610612736" "--user" "0:0" "--network" "none" "ghcr.io/rust-lang/crates-build-env/linux@sha256:34b6a614d2c27851fe6cbf88fbd1137609cefab8b10d0615aaeb6fd47975d74e" "/opt/rustwide/cargo-home/bin/cargo" "+1.54.0" "test" "--frozen" "--no-run" "--message-format=json", kill_on_drop: false }`
[INFO] [stderr] WARNING: Your kernel does not support swap limit capabilities or the cgroup is not mounted. Memory limited without swap.
[INFO] [stdout] 3083036c1f2d61a99407a5c94c36028b9d8c00f9fcf9d1d8657a9a2183349e73
[INFO] running `Command { std: "docker" "start" "-a" "3083036c1f2d61a99407a5c94c36028b9d8c00f9fcf9d1d8657a9a2183349e73", kill_on_drop: false }`
[INFO] [stderr]    Compiling num-complex v0.3.1
[INFO] [stderr]    Compiling approx v0.4.0
[INFO] [stderr]    Compiling num-rational v0.3.2
[INFO] [stderr]    Compiling toml v0.5.8
[INFO] [stderr]    Compiling serde_json v1.0.66
[INFO] [stderr]    Compiling simba v0.4.0
[INFO] [stderr]    Compiling trybuild v1.0.43
[INFO] [stderr]    Compiling nalgebra v0.26.2
[INFO] [stderr]    Compiling nalgebra-macros v0.1.0 (/opt/rustwide/workdir)
[INFO] [stdout] error[E0599]: no function or associated item named `from_array_storage` found for struct `Matrix` in the current scope
[INFO] [stdout]   --> tests/tests.rs:57:35
[INFO] [stdout]    |
[INFO] [stdout] 57 |     const _: SMatrix<i32, 0, 0> = matrix![];
[INFO] [stdout]    |                                   ^^^^^^^^^ function or associated item not found in `Matrix<_, Const<0_usize>, Const<0_usize>, ArrayStorage<_, 0_usize, 0_usize>>`
[INFO] [stdout]    |
[INFO] [stdout]    = note: this error originates in the macro `matrix` (in Nightly builds, run with -Z macro-backtrace for more info)
[INFO] [stdout] 
[INFO] [stdout] 
[INFO] [stdout] error[E0599]: no function or associated item named `from_array_storage` found for struct `Matrix<_, Const<1_usize>, Const<2_usize>, ArrayStorage<_, 1_usize, 2_usize>>` in the current scope
[INFO] [stdout]   --> tests/tests.rs:58:35
[INFO] [stdout]    |
[INFO] [stdout] 58 |     const _: SMatrix<i32, 1, 2> = matrix![1, 2];
[INFO] [stdout]    |                                   ^^^^^^^^^^^^^ function or associated item not found in `Matrix<_, Const<1_usize>, Const<2_usize>, ArrayStorage<_, 1_usize, 2_usize>>`
[INFO] [stdout]    |
[INFO] [stdout]    = note: this error originates in the macro `matrix` (in Nightly builds, run with -Z macro-backtrace for more info)
[INFO] [stdout] 
[INFO] [stdout] 
[INFO] [stdout] error[E0599]: no function or associated item named `from_array_storage` found for struct `Matrix<_, Const<2_usize>, Const<3_usize>, ArrayStorage<_, 2_usize, 3_usize>>` in the current scope
[INFO] [stdout]   --> tests/tests.rs:59:35
[INFO] [stdout]    |
[INFO] [stdout] 59 |     const _: SMatrix<i32, 2, 3> = matrix![1, 2, 3; 4, 5, 6];
[INFO] [stdout]    |                                   ^^^^^^^^^^^^^^^^^^^^^^^^^ function or associated item not found in `Matrix<_, Const<2_usize>, Const<3_usize>, ArrayStorage<_, 2_usize, 3_usize>>`
[INFO] [stdout]    |
[INFO] [stdout]    = note: this error originates in the macro `matrix` (in Nightly builds, run with -Z macro-backtrace for more info)
[INFO] [stdout] 
[INFO] [stdout] 
[INFO] [stdout] error[E0599]: no function or associated item named `from_array_storage` found for struct `Matrix` in the current scope
[INFO] [stdout]    --> tests/tests.rs:126:32
[INFO] [stdout]     |
[INFO] [stdout] 126 |     const _: SVector<i32, 0> = vector![];
[INFO] [stdout]     |                                ^^^^^^^^^ function or associated item not found in `Matrix<_, Const<0_usize>, Const<1_usize>, ArrayStorage<_, 0_usize, 1_usize>>`
[INFO] [stdout]     |
[INFO] [stdout]     = note: this error originates in the macro `vector` (in Nightly builds, run with -Z macro-backtrace for more info)
[INFO] [stdout] 
[INFO] [stdout] 
[INFO] [stdout] error[E0599]: no function or associated item named `from_array_storage` found for struct `Matrix<_, Const<1_usize>, Const<1_usize>, ArrayStorage<_, 1_usize, 1_usize>>` in the current scope
[INFO] [stdout]    --> tests/tests.rs:127:29
[INFO] [stdout]     |
[INFO] [stdout] 127 |     const _: Vector1<i32> = vector![1];
[INFO] [stdout]     |                             ^^^^^^^^^^ function or associated item not found in `Matrix<_, Const<1_usize>, Const<1_usize>, ArrayStorage<_, 1_usize, 1_usize>>`
[INFO] [stdout]     |
[INFO] [stdout]     = note: this error originates in the macro `vector` (in Nightly builds, run with -Z macro-backtrace for more info)
[INFO] [stdout] 
[INFO] [stdout] 
[INFO] [stdout] error[E0599]: no function or associated item named `from_array_storage` found for struct `Matrix<_, Const<2_usize>, Const<1_usize>, ArrayStorage<_, 2_usize, 1_usize>>` in the current scope
[INFO] [stdout]    --> tests/tests.rs:128:29
[INFO] [stdout]     |
[INFO] [stdout] 128 |     const _: Vector2<i32> = vector![1, 2];
[INFO] [stdout]     |                             ^^^^^^^^^^^^^ function or associated item not found in `Matrix<_, Const<2_usize>, Const<1_usize>, ArrayStorage<_, 2_usize, 1_usize>>`
[INFO] [stdout]     |
[INFO] [stdout]     = note: this error originates in the macro `vector` (in Nightly builds, run with -Z macro-backtrace for more info)
[INFO] [stdout] 
[INFO] [stdout] 
[INFO] [stdout] error[E0599]: no function or associated item named `from_array_storage` found for struct `Matrix<_, Const<6_usize>, Const<1_usize>, ArrayStorage<_, 6_usize, 1_usize>>` in the current scope
[INFO] [stdout]    --> tests/tests.rs:129:29
[INFO] [stdout]     |
[INFO] [stdout] 129 |     const _: Vector6<i32> = vector![1, 2, 3, 4, 5, 6];
[INFO] [stdout]     |                             ^^^^^^^^^^^^^^^^^^^^^^^^^ function or associated item not found in `Matrix<_, Const<6_usize>, Const<1_usize>, ArrayStorage<_, 6_usize, 1_usize>>`
[INFO] [stdout]     |
[INFO] [stdout]     = note: this error originates in the macro `vector` (in Nightly builds, run with -Z macro-backtrace for more info)
[INFO] [stdout] 
[INFO] [stdout] 
[INFO] [stdout] error[E0599]: no function or associated item named `from_array_storage` found for struct `Matrix` in the current scope
[INFO] [stdout]    --> tests/tests.rs:135:30
[INFO] [stdout]     |
[INFO] [stdout] 135 |     const _: Point<i32, 0> = point![];
[INFO] [stdout]     |                              ^^^^^^^^ function or associated item not found in `Matrix<_, Const<0_usize>, Const<1_usize>, ArrayStorage<_, 0_usize, 1_usize>>`
[INFO] [stdout]     |
[INFO] [stdout]     = note: this error originates in the macro `point` (in Nightly builds, run with -Z macro-backtrace for more info)
[INFO] [stdout] 
[INFO] [stdout] 
[INFO] [stdout] error[E0599]: no function or associated item named `from_array_storage` found for struct `Matrix<_, Const<1_usize>, Const<1_usize>, ArrayStorage<_, 1_usize, 1_usize>>` in the current scope
[INFO] [stdout]    --> tests/tests.rs:136:28
[INFO] [stdout]     |
[INFO] [stdout] 136 |     const _: Point1<i32> = point![1];
[INFO] [stdout]     |                            ^^^^^^^^^ function or associated item not found in `Matrix<_, Const<1_usize>, Const<1_usize>, ArrayStorage<_, 1_usize, 1_usize>>`
[INFO] [stdout]     |
[INFO] [stdout]     = note: this error originates in the macro `point` (in Nightly builds, run with -Z macro-backtrace for more info)
[INFO] [stdout] 
[INFO] [stdout] 
[INFO] [stdout] error[E0599]: no function or associated item named `from_array_storage` found for struct `Matrix<_, Const<2_usize>, Const<1_usize>, ArrayStorage<_, 2_usize, 1_usize>>` in the current scope
[INFO] [stdout]    --> tests/tests.rs:137:28
[INFO] [stdout]     |
[INFO] [stdout] 137 |     const _: Point2<i32> = point![1, 2];
[INFO] [stdout]     |                            ^^^^^^^^^^^^ function or associated item not found in `Matrix<_, Const<2_usize>, Const<1_usize>, ArrayStorage<_, 2_usize, 1_usize>>`
[INFO] [stdout]     |
[INFO] [stdout]     = note: this error originates in the macro `point` (in Nightly builds, run with -Z macro-backtrace for more info)
[INFO] [stdout] 
[INFO] [stdout] 
[INFO] [stdout] error[E0599]: no function or associated item named `from_array_storage` found for struct `Matrix<_, Const<6_usize>, Const<1_usize>, ArrayStorage<_, 6_usize, 1_usize>>` in the current scope
[INFO] [stdout]    --> tests/tests.rs:138:28
[INFO] [stdout]     |
[INFO] [stdout] 138 |     const _: Point6<i32> = point![1, 2, 3, 4, 5, 6];
[INFO] [stdout]     |                            ^^^^^^^^^^^^^^^^^^^^^^^^ function or associated item not found in `Matrix<_, Const<6_usize>, Const<1_usize>, ArrayStorage<_, 6_usize, 1_usize>>`
[INFO] [stdout]     |
[INFO] [stdout]     = note: this error originates in the macro `point` (in Nightly builds, run with -Z macro-backtrace for more info)
[INFO] [stdout] 
[INFO] [stdout] 
[INFO] [stdout] error[E0599]: no function or associated item named `from_array_storage` found for struct `Matrix<_, Const<2_usize>, Const<2_usize>, ArrayStorage<_, 2_usize, 2_usize>>` in the current scope
[INFO] [stdout]    --> tests/tests.rs:173:34
[INFO] [stdout]     |
[INFO] [stdout] 173 |     const _: SMatrix<i8, 2, 2> = matrix![0, 1; 2, 3];
[INFO] [stdout]     |                                  ^^^^^^^^^^^^^^^^^^^ function or associated item not found in `Matrix<_, Const<2_usize>, Const<2_usize>, ArrayStorage<_, 2_usize, 2_usize>>`
[INFO] [stdout]     |
[INFO] [stdout]     = note: this error originates in the macro `matrix` (in Nightly builds, run with -Z macro-backtrace for more info)
[INFO] [stdout] 
[INFO] [stdout] 
[INFO] [stdout] error[E0599]: no function or associated item named `from_array_storage` found for struct `Matrix<_, Const<2_usize>, Const<2_usize>, ArrayStorage<_, 2_usize, 2_usize>>` in the current scope
[INFO] [stdout]    --> tests/tests.rs:174:35
[INFO] [stdout]     |
[INFO] [stdout] 174 |     const _: SMatrix<i16, 2, 2> = matrix![0, 1; 2, 3];
[INFO] [stdout]     |                                   ^^^^^^^^^^^^^^^^^^^ function or associated item not found in `Matrix<_, Const<2_usize>, Const<2_usize>, ArrayStorage<_, 2_usize, 2_usize>>`
[INFO] [stdout]     |
[INFO] [stdout]     = note: this error originates in the macro `matrix` (in Nightly builds, run with -Z macro-backtrace for more info)
[INFO] [stdout] 
[INFO] [stdout] 
[INFO] [stdout] error[E0599]: no function or associated item named `from_array_storage` found for struct `Matrix<_, Const<2_usize>, Const<2_usize>, ArrayStorage<_, 2_usize, 2_usize>>` in the current scope
[INFO] [stdout]    --> tests/tests.rs:175:35
[INFO] [stdout]     |
[INFO] [stdout] 175 |     const _: SMatrix<i32, 2, 2> = matrix![0, 1; 2, 3];
[INFO] [stdout]     |                                   ^^^^^^^^^^^^^^^^^^^ function or associated item not found in `Matrix<_, Const<2_usize>, Const<2_usize>, ArrayStorage<_, 2_usize, 2_usize>>`
[INFO] [stdout]     |
[INFO] [stdout]     = note: this error originates in the macro `matrix` (in Nightly builds, run with -Z macro-backtrace for more info)
[INFO] [stdout] 
[INFO] [stdout] 
[INFO] [stdout] error[E0599]: no function or associated item named `from_array_storage` found for struct `Matrix<_, Const<2_usize>, Const<2_usize>, ArrayStorage<_, 2_usize, 2_usize>>` in the current scope
[INFO] [stdout]    --> tests/tests.rs:176:35
[INFO] [stdout]     |
[INFO] [stdout] 176 |     const _: SMatrix<i64, 2, 2> = matrix![0, 1; 2, 3];
[INFO] [stdout]     |                                   ^^^^^^^^^^^^^^^^^^^ function or associated item not found in `Matrix<_, Const<2_usize>, Const<2_usize>, ArrayStorage<_, 2_usize, 2_usize>>`
[INFO] [stdout]     |
[INFO] [stdout]     = note: this error originates in the macro `matrix` (in Nightly builds, run with -Z macro-backtrace for more info)
[INFO] [stdout] 
[INFO] [stdout] 
[INFO] [stdout] error[E0599]: no function or associated item named `from_array_storage` found for struct `Matrix<_, Const<2_usize>, Const<2_usize>, ArrayStorage<_, 2_usize, 2_usize>>` in the current scope
[INFO] [stdout]    --> tests/tests.rs:177:37
[INFO] [stdout]     |
[INFO] [stdout] 177 |     const _: SMatrix<isize, 2, 2> = matrix![0, 1; 2, 3];
[INFO] [stdout]     |                                     ^^^^^^^^^^^^^^^^^^^ function or associated item not found in `Matrix<_, Const<2_usize>, Const<2_usize>, ArrayStorage<_, 2_usize, 2_usize>>`
[INFO] [stdout]     |
[INFO] [stdout]     = note: this error originates in the macro `matrix` (in Nightly builds, run with -Z macro-backtrace for more info)
[INFO] [stdout] 
[INFO] [stdout] 
[INFO] [stdout] error[E0599]: no function or associated item named `from_array_storage` found for struct `Matrix<_, Const<2_usize>, Const<2_usize>, ArrayStorage<_, 2_usize, 2_usize>>` in the current scope
[INFO] [stdout]    --> tests/tests.rs:178:34
[INFO] [stdout]     |
[INFO] [stdout] 178 |     const _: SMatrix<u8, 2, 2> = matrix![0, 1; 2, 3];
[INFO] [stdout]     |                                  ^^^^^^^^^^^^^^^^^^^ function or associated item not found in `Matrix<_, Const<2_usize>, Const<2_usize>, ArrayStorage<_, 2_usize, 2_usize>>`
[INFO] [stdout]     |
[INFO] [stdout]     = note: this error originates in the macro `matrix` (in Nightly builds, run with -Z macro-backtrace for more info)
[INFO] [stdout] 
[INFO] [stdout] 
[INFO] [stdout] error[E0599]: no function or associated item named `from_array_storage` found for struct `Matrix<_, Const<2_usize>, Const<2_usize>, ArrayStorage<_, 2_usize, 2_usize>>` in the current scope
[INFO] [stdout]    --> tests/tests.rs:179:35
[INFO] [stdout]     |
[INFO] [stdout] 179 |     const _: SMatrix<u16, 2, 2> = matrix![0, 1; 2, 3];
[INFO] [stdout]     |                                   ^^^^^^^^^^^^^^^^^^^ function or associated item not found in `Matrix<_, Const<2_usize>, Const<2_usize>, ArrayStorage<_, 2_usize, 2_usize>>`
[INFO] [stdout]     |
[INFO] [stdout]     = note: this error originates in the macro `matrix` (in Nightly builds, run with -Z macro-backtrace for more info)
[INFO] [stdout] 
[INFO] [stdout] 
[INFO] [stdout] error[E0599]: no function or associated item named `from_array_storage` found for struct `Matrix<_, Const<2_usize>, Const<2_usize>, ArrayStorage<_, 2_usize, 2_usize>>` in the current scope
[INFO] [stdout]    --> tests/tests.rs:180:35
[INFO] [stdout]     |
[INFO] [stdout] 180 |     const _: SMatrix<u32, 2, 2> = matrix![0, 1; 2, 3];
[INFO] [stdout]     |                                   ^^^^^^^^^^^^^^^^^^^ function or associated item not found in `Matrix<_, Const<2_usize>, Const<2_usize>, ArrayStorage<_, 2_usize, 2_usize>>`
[INFO] [stdout]     |
[INFO] [stdout]     = note: this error originates in the macro `matrix` (in Nightly builds, run with -Z macro-backtrace for more info)
[INFO] [stdout] 
[INFO] [stdout] 
[INFO] [stdout] error[E0599]: no function or associated item named `from_array_storage` found for struct `Matrix<_, Const<2_usize>, Const<2_usize>, ArrayStorage<_, 2_usize, 2_usize>>` in the current scope
[INFO] [stdout]    --> tests/tests.rs:181:35
[INFO] [stdout]     |
[INFO] [stdout] 181 |     const _: SMatrix<u64, 2, 2> = matrix![0, 1; 2, 3];
[INFO] [stdout]     |                                   ^^^^^^^^^^^^^^^^^^^ function or associated item not found in `Matrix<_, Const<2_usize>, Const<2_usize>, ArrayStorage<_, 2_usize, 2_usize>>`
[INFO] [stdout]     |
[INFO] [stdout]     = note: this error originates in the macro `matrix` (in Nightly builds, run with -Z macro-backtrace for more info)
[INFO] [stdout] 
[INFO] [stdout] 
[INFO] [stdout] error[E0599]: no function or associated item named `from_array_storage` found for struct `Matrix<_, Const<2_usize>, Const<2_usize>, ArrayStorage<_, 2_usize, 2_usize>>` in the current scope
[INFO] [stdout]    --> tests/tests.rs:182:37
[INFO] [stdout]     |
[INFO] [stdout] 182 |     const _: SMatrix<usize, 2, 2> = matrix![0, 1; 2, 3];
[INFO] [stdout]     |                                     ^^^^^^^^^^^^^^^^^^^ function or associated item not found in `Matrix<_, Const<2_usize>, Const<2_usize>, ArrayStorage<_, 2_usize, 2_usize>>`
[INFO] [stdout]     |
[INFO] [stdout]     = note: this error originates in the macro `matrix` (in Nightly builds, run with -Z macro-backtrace for more info)
[INFO] [stdout] 
[INFO] [stdout] 
[INFO] [stdout] error[E0599]: no function or associated item named `from_array_storage` found for struct `Matrix<_, Const<2_usize>, Const<2_usize>, ArrayStorage<_, 2_usize, 2_usize>>` in the current scope
[INFO] [stdout]    --> tests/tests.rs:183:35
[INFO] [stdout]     |
[INFO] [stdout] 183 |     const _: SMatrix<f32, 2, 2> = matrix![0.0, 1.0; 2.0, 3.0];
[INFO] [stdout]     |                                   ^^^^^^^^^^^^^^^^^^^^^^^^^^^ function or associated item not found in `Matrix<_, Const<2_usize>, Const<2_usize>, ArrayStorage<_, 2_usize, 2_usize>>`
[INFO] [stdout]     |
[INFO] [stdout]     = note: this error originates in the macro `matrix` (in Nightly builds, run with -Z macro-backtrace for more info)
[INFO] [stdout] 
[INFO] [stdout] 
[INFO] [stdout] error[E0599]: no function or associated item named `from_array_storage` found for struct `Matrix<_, Const<2_usize>, Const<2_usize>, ArrayStorage<_, 2_usize, 2_usize>>` in the current scope
[INFO] [stdout]    --> tests/tests.rs:184:35
[INFO] [stdout]     |
[INFO] [stdout] 184 |     const _: SMatrix<f64, 2, 2> = matrix![0.0, 1.0; 2.0, 3.0];
[INFO] [stdout]     |                                   ^^^^^^^^^^^^^^^^^^^^^^^^^^^ function or associated item not found in `Matrix<_, Const<2_usize>, Const<2_usize>, ArrayStorage<_, 2_usize, 2_usize>>`
[INFO] [stdout]     |
[INFO] [stdout]     = note: this error originates in the macro `matrix` (in Nightly builds, run with -Z macro-backtrace for more info)
[INFO] [stdout] 
[INFO] [stdout] 
[INFO] [stdout] error[E0599]: no function or associated item named `from_array_storage` found for struct `Matrix<_, Const<4_usize>, Const<1_usize>, ArrayStorage<_, 4_usize, 1_usize>>` in the current scope
[INFO] [stdout]    --> tests/tests.rs:190:31
[INFO] [stdout]     |
[INFO] [stdout] 190 |     const _: SVector<i8, 4> = vector![0, 1, 2, 3];
[INFO] [stdout]     |                               ^^^^^^^^^^^^^^^^^^^ function or associated item not found in `Matrix<_, Const<4_usize>, Const<1_usize>, ArrayStorage<_, 4_usize, 1_usize>>`
[INFO] [stdout]     |
[INFO] [stdout]     = note: this error originates in the macro `vector` (in Nightly builds, run with -Z macro-backtrace for more info)
[INFO] [stdout] 
[INFO] [stdout] 
[INFO] [stdout] error[E0599]: no function or associated item named `from_array_storage` found for struct `Matrix<_, Const<4_usize>, Const<1_usize>, ArrayStorage<_, 4_usize, 1_usize>>` in the current scope
[INFO] [stdout]    --> tests/tests.rs:191:32
[INFO] [stdout]     |
[INFO] [stdout] 191 |     const _: SVector<i16, 4> = vector![0, 1, 2, 3];
[INFO] [stdout]     |                                ^^^^^^^^^^^^^^^^^^^ function or associated item not found in `Matrix<_, Const<4_usize>, Const<1_usize>, ArrayStorage<_, 4_usize, 1_usize>>`
[INFO] [stdout]     |
[INFO] [stdout]     = note: this error originates in the macro `vector` (in Nightly builds, run with -Z macro-backtrace for more info)
[INFO] [stdout] 
[INFO] [stdout] 
[INFO] [stdout] error[E0599]: no function or associated item named `from_array_storage` found for struct `Matrix<_, Const<4_usize>, Const<1_usize>, ArrayStorage<_, 4_usize, 1_usize>>` in the current scope
[INFO] [stdout]    --> tests/tests.rs:192:32
[INFO] [stdout]     |
[INFO] [stdout] 192 |     const _: SVector<i32, 4> = vector![0, 1, 2, 3];
[INFO] [stdout]     |                                ^^^^^^^^^^^^^^^^^^^ function or associated item not found in `Matrix<_, Const<4_usize>, Const<1_usize>, ArrayStorage<_, 4_usize, 1_usize>>`
[INFO] [stdout]     |
[INFO] [stdout]     = note: this error originates in the macro `vector` (in Nightly builds, run with -Z macro-backtrace for more info)
[INFO] [stdout] 
[INFO] [stdout] 
[INFO] [stdout] error[E0599]: no function or associated item named `from_array_storage` found for struct `Matrix<_, Const<4_usize>, Const<1_usize>, ArrayStorage<_, 4_usize, 1_usize>>` in the current scope
[INFO] [stdout]    --> tests/tests.rs:193:32
[INFO] [stdout]     |
[INFO] [stdout] 193 |     const _: SVector<i64, 4> = vector![0, 1, 2, 3];
[INFO] [stdout]     |                                ^^^^^^^^^^^^^^^^^^^ function or associated item not found in `Matrix<_, Const<4_usize>, Const<1_usize>, ArrayStorage<_, 4_usize, 1_usize>>`
[INFO] [stdout]     |
[INFO] [stdout]     = note: this error originates in the macro `vector` (in Nightly builds, run with -Z macro-backtrace for more info)
[INFO] [stdout] 
[INFO] [stdout] 
[INFO] [stdout] error[E0599]: no function or associated item named `from_array_storage` found for struct `Matrix<_, Const<4_usize>, Const<1_usize>, ArrayStorage<_, 4_usize, 1_usize>>` in the current scope
[INFO] [stdout]    --> tests/tests.rs:194:34
[INFO] [stdout]     |
[INFO] [stdout] 194 |     const _: SVector<isize, 4> = vector![0, 1, 2, 3];
[INFO] [stdout]     |                                  ^^^^^^^^^^^^^^^^^^^ function or associated item not found in `Matrix<_, Const<4_usize>, Const<1_usize>, ArrayStorage<_, 4_usize, 1_usize>>`
[INFO] [stdout]     |
[INFO] [stdout]     = note: this error originates in the macro `vector` (in Nightly builds, run with -Z macro-backtrace for more info)
[INFO] [stdout] 
[INFO] [stdout] 
[INFO] [stdout] error[E0599]: no function or associated item named `from_array_storage` found for struct `Matrix<_, Const<4_usize>, Const<1_usize>, ArrayStorage<_, 4_usize, 1_usize>>` in the current scope
[INFO] [stdout]    --> tests/tests.rs:195:31
[INFO] [stdout]     |
[INFO] [stdout] 195 |     const _: SVector<u8, 4> = vector![0, 1, 2, 3];
[INFO] [stdout]     |                               ^^^^^^^^^^^^^^^^^^^ function or associated item not found in `Matrix<_, Const<4_usize>, Const<1_usize>, ArrayStorage<_, 4_usize, 1_usize>>`
[INFO] [stdout]     |
[INFO] [stdout]     = note: this error originates in the macro `vector` (in Nightly builds, run with -Z macro-backtrace for more info)
[INFO] [stdout] 
[INFO] [stdout] 
[INFO] [stdout] error[E0599]: no function or associated item named `from_array_storage` found for struct `Matrix<_, Const<4_usize>, Const<1_usize>, ArrayStorage<_, 4_usize, 1_usize>>` in the current scope
[INFO] [stdout]    --> tests/tests.rs:196:32
[INFO] [stdout]     |
[INFO] [stdout] 196 |     const _: SVector<u16, 4> = vector![0, 1, 2, 3];
[INFO] [stdout]     |                                ^^^^^^^^^^^^^^^^^^^ function or associated item not found in `Matrix<_, Const<4_usize>, Const<1_usize>, ArrayStorage<_, 4_usize, 1_usize>>`
[INFO] [stdout]     |
[INFO] [stdout]     = note: this error originates in the macro `vector` (in Nightly builds, run with -Z macro-backtrace for more info)
[INFO] [stdout] 
[INFO] [stdout] 
[INFO] [stdout] error[E0599]: no function or associated item named `from_array_storage` found for struct `Matrix<_, Const<4_usize>, Const<1_usize>, ArrayStorage<_, 4_usize, 1_usize>>` in the current scope
[INFO] [stdout]    --> tests/tests.rs:197:32
[INFO] [stdout]     |
[INFO] [stdout] 197 |     const _: SVector<u32, 4> = vector![0, 1, 2, 3];
[INFO] [stdout]     |                                ^^^^^^^^^^^^^^^^^^^ function or associated item not found in `Matrix<_, Const<4_usize>, Const<1_usize>, ArrayStorage<_, 4_usize, 1_usize>>`
[INFO] [stdout]     |
[INFO] [stdout]     = note: this error originates in the macro `vector` (in Nightly builds, run with -Z macro-backtrace for more info)
[INFO] [stdout] 
[INFO] [stdout] 
[INFO] [stdout] error[E0599]: no function or associated item named `from_array_storage` found for struct `Matrix<_, Const<4_usize>, Const<1_usize>, ArrayStorage<_, 4_usize, 1_usize>>` in the current scope
[INFO] [stdout]    --> tests/tests.rs:198:32
[INFO] [stdout]     |
[INFO] [stdout] 198 |     const _: SVector<u64, 4> = vector![0, 1, 2, 3];
[INFO] [stdout]     |                                ^^^^^^^^^^^^^^^^^^^ function or associated item not found in `Matrix<_, Const<4_usize>, Const<1_usize>, ArrayStorage<_, 4_usize, 1_usize>>`
[INFO] [stdout]     |
[INFO] [stdout]     = note: this error originates in the macro `vector` (in Nightly builds, run with -Z macro-backtrace for more info)
[INFO] [stdout] 
[INFO] [stdout] 
[INFO] [stdout] error[E0599]: no function or associated item named `from_array_storage` found for struct `Matrix<_, Const<4_usize>, Const<1_usize>, ArrayStorage<_, 4_usize, 1_usize>>` in the current scope
[INFO] [stdout]    --> tests/tests.rs:199:34
[INFO] [stdout]     |
[INFO] [stdout] 199 |     const _: SVector<usize, 4> = vector![0, 1, 2, 3];
[INFO] [stdout]     |                                  ^^^^^^^^^^^^^^^^^^^ function or associated item not found in `Matrix<_, Const<4_usize>, Const<1_usize>, ArrayStorage<_, 4_usize, 1_usize>>`
[INFO] [stdout]     |
[INFO] [stdout]     = note: this error originates in the macro `vector` (in Nightly builds, run with -Z macro-backtrace for more info)
[INFO] [stdout] 
[INFO] [stdout] 
[INFO] [stdout] error[E0599]: no function or associated item named `from_array_storage` found for struct `Matrix<_, Const<4_usize>, Const<1_usize>, ArrayStorage<_, 4_usize, 1_usize>>` in the current scope
[INFO] [stdout]    --> tests/tests.rs:200:32
[INFO] [stdout]     |
[INFO] [stdout] 200 |     const _: SVector<f32, 4> = vector![0.0, 1.0, 2.0, 3.0];
[INFO] [stdout]     |                                ^^^^^^^^^^^^^^^^^^^^^^^^^^^ function or associated item not found in `Matrix<_, Const<4_usize>, Const<1_usize>, ArrayStorage<_, 4_usize, 1_usize>>`
[INFO] [stdout]     |
[INFO] [stdout]     = note: this error originates in the macro `vector` (in Nightly builds, run with -Z macro-backtrace for more info)
[INFO] [stdout] 
[INFO] [stdout] 
[INFO] [stdout] error[E0599]: no function or associated item named `from_array_storage` found for struct `Matrix<_, Const<4_usize>, Const<1_usize>, ArrayStorage<_, 4_usize, 1_usize>>` in the current scope
[INFO] [stdout]    --> tests/tests.rs:201:32
[INFO] [stdout]     |
[INFO] [stdout] 201 |     const _: SVector<f64, 4> = vector![0.0, 1.0, 2.0, 3.0];
[INFO] [stdout]     |                                ^^^^^^^^^^^^^^^^^^^^^^^^^^^ function or associated item not found in `Matrix<_, Const<4_usize>, Const<1_usize>, ArrayStorage<_, 4_usize, 1_usize>>`
[INFO] [stdout]     |
[INFO] [stdout]     = note: this error originates in the macro `vector` (in Nightly builds, run with -Z macro-backtrace for more info)
[INFO] [stdout] 
[INFO] [stdout] 
[INFO] [stdout] error[E0599]: no function or associated item named `from_array_storage` found for struct `Matrix<_, Const<4_usize>, Const<1_usize>, ArrayStorage<_, 4_usize, 1_usize>>` in the current scope
[INFO] [stdout]    --> tests/tests.rs:224:29
[INFO] [stdout]     |
[INFO] [stdout] 224 |     const _: Point<i8, 4> = point![0, 1, 2, 3];
[INFO] [stdout]     |                             ^^^^^^^^^^^^^^^^^^ function or associated item not found in `Matrix<_, Const<4_usize>, Const<1_usize>, ArrayStorage<_, 4_usize, 1_usize>>`
[INFO] [stdout]     |
[INFO] [stdout]     = note: this error originates in the macro `point` (in Nightly builds, run with -Z macro-backtrace for more info)
[INFO] [stdout] 
[INFO] [stdout] 
[INFO] [stdout] error[E0599]: no function or associated item named `from_array_storage` found for struct `Matrix<_, Const<4_usize>, Const<1_usize>, ArrayStorage<_, 4_usize, 1_usize>>` in the current scope
[INFO] [stdout]    --> tests/tests.rs:225:30
[INFO] [stdout]     |
[INFO] [stdout] 225 |     const _: Point<i16, 4> = point![0, 1, 2, 3];
[INFO] [stdout]     |                              ^^^^^^^^^^^^^^^^^^ function or associated item not found in `Matrix<_, Const<4_usize>, Const<1_usize>, ArrayStorage<_, 4_usize, 1_usize>>`
[INFO] [stdout]     |
[INFO] [stdout]     = note: this error originates in the macro `point` (in Nightly builds, run with -Z macro-backtrace for more info)
[INFO] [stdout] 
[INFO] [stdout] 
[INFO] [stdout] error[E0599]: no function or associated item named `from_array_storage` found for struct `Matrix<_, Const<4_usize>, Const<1_usize>, ArrayStorage<_, 4_usize, 1_usize>>` in the current scope
[INFO] [stdout]    --> tests/tests.rs:226:30
[INFO] [stdout]     |
[INFO] [stdout] 226 |     const _: Point<i32, 4> = point![0, 1, 2, 3];
[INFO] [stdout]     |                              ^^^^^^^^^^^^^^^^^^ function or associated item not found in `Matrix<_, Const<4_usize>, Const<1_usize>, ArrayStorage<_, 4_usize, 1_usize>>`
[INFO] [stdout]     |
[INFO] [stdout]     = note: this error originates in the macro `point` (in Nightly builds, run with -Z macro-backtrace for more info)
[INFO] [stdout] 
[INFO] [stdout] 
[INFO] [stdout] error[E0599]: no function or associated item named `from_array_storage` found for struct `Matrix<_, Const<4_usize>, Const<1_usize>, ArrayStorage<_, 4_usize, 1_usize>>` in the current scope
[INFO] [stdout]    --> tests/tests.rs:227:30
[INFO] [stdout]     |
[INFO] [stdout] 227 |     const _: Point<i64, 4> = point![0, 1, 2, 3];
[INFO] [stdout]     |                              ^^^^^^^^^^^^^^^^^^ function or associated item not found in `Matrix<_, Const<4_usize>, Const<1_usize>, ArrayStorage<_, 4_usize, 1_usize>>`
[INFO] [stdout]     |
[INFO] [stdout]     = note: this error originates in the macro `point` (in Nightly builds, run with -Z macro-backtrace for more info)
[INFO] [stdout] 
[INFO] [stdout] 
[INFO] [stdout] error[E0599]: no function or associated item named `from_array_storage` found for struct `Matrix<_, Const<4_usize>, Const<1_usize>, ArrayStorage<_, 4_usize, 1_usize>>` in the current scope
[INFO] [stdout]    --> tests/tests.rs:228:32
[INFO] [stdout]     |
[INFO] [stdout] 228 |     const _: Point<isize, 4> = point![0, 1, 2, 3];
[INFO] [stdout]     |                                ^^^^^^^^^^^^^^^^^^ function or associated item not found in `Matrix<_, Const<4_usize>, Const<1_usize>, ArrayStorage<_, 4_usize, 1_usize>>`
[INFO] [stdout]     |
[INFO] [stdout]     = note: this error originates in the macro `point` (in Nightly builds, run with -Z macro-backtrace for more info)
[INFO] [stdout] 
[INFO] [stdout] 
[INFO] [stdout] error[E0599]: no function or associated item named `from_array_storage` found for struct `Matrix<_, Const<4_usize>, Const<1_usize>, ArrayStorage<_, 4_usize, 1_usize>>` in the current scope
[INFO] [stdout]    --> tests/tests.rs:229:29
[INFO] [stdout]     |
[INFO] [stdout] 229 |     const _: Point<u8, 4> = point![0, 1, 2, 3];
[INFO] [stdout]     |                             ^^^^^^^^^^^^^^^^^^ function or associated item not found in `Matrix<_, Const<4_usize>, Const<1_usize>, ArrayStorage<_, 4_usize, 1_usize>>`
[INFO] [stdout]     |
[INFO] [stdout]     = note: this error originates in the macro `point` (in Nightly builds, run with -Z macro-backtrace for more info)
[INFO] [stdout] 
[INFO] [stdout] 
[INFO] [stdout] error[E0599]: no function or associated item named `from_array_storage` found for struct `Matrix<_, Const<4_usize>, Const<1_usize>, ArrayStorage<_, 4_usize, 1_usize>>` in the current scope
[INFO] [stdout]    --> tests/tests.rs:230:30
[INFO] [stdout]     |
[INFO] [stdout] 230 |     const _: Point<u16, 4> = point![0, 1, 2, 3];
[INFO] [stdout]     |                              ^^^^^^^^^^^^^^^^^^ function or associated item not found in `Matrix<_, Const<4_usize>, Const<1_usize>, ArrayStorage<_, 4_usize, 1_usize>>`
[INFO] [stdout]     |
[INFO] [stdout]     = note: this error originates in the macro `point` (in Nightly builds, run with -Z macro-backtrace for more info)
[INFO] [stdout] 
[INFO] [stdout] 
[INFO] [stdout] error[E0599]: no function or associated item named `from_array_storage` found for struct `Matrix<_, Const<4_usize>, Const<1_usize>, ArrayStorage<_, 4_usize, 1_usize>>` in the current scope
[INFO] [stdout]    --> tests/tests.rs:231:30
[INFO] [stdout]     |
[INFO] [stdout] 231 |     const _: Point<u32, 4> = point![0, 1, 2, 3];
[INFO] [stdout]     |                              ^^^^^^^^^^^^^^^^^^ function or associated item not found in `Matrix<_, Const<4_usize>, Const<1_usize>, ArrayStorage<_, 4_usize, 1_usize>>`
[INFO] [stdout]     |
[INFO] [stdout]     = note: this error originates in the macro `point` (in Nightly builds, run with -Z macro-backtrace for more info)
[INFO] [stdout] 
[INFO] [stdout] 
[INFO] [stdout] error[E0599]: no function or associated item named `from_array_storage` found for struct `Matrix<_, Const<4_usize>, Const<1_usize>, ArrayStorage<_, 4_usize, 1_usize>>` in the current scope
[INFO] [stdout]    --> tests/tests.rs:232:30
[INFO] [stdout]     |
[INFO] [stdout] 232 |     const _: Point<u64, 4> = point![0, 1, 2, 3];
[INFO] [stdout]     |                              ^^^^^^^^^^^^^^^^^^ function or associated item not found in `Matrix<_, Const<4_usize>, Const<1_usize>, ArrayStorage<_, 4_usize, 1_usize>>`
[INFO] [stdout]     |
[INFO] [stdout]     = note: this error originates in the macro `point` (in Nightly builds, run with -Z macro-backtrace for more info)
[INFO] [stdout] 
[INFO] [stdout] 
[INFO] [stdout] error[E0599]: no function or associated item named `from_array_storage` found for struct `Matrix<_, Const<4_usize>, Const<1_usize>, ArrayStorage<_, 4_usize, 1_usize>>` in the current scope
[INFO] [stdout]    --> tests/tests.rs:233:32
[INFO] [stdout]     |
[INFO] [stdout] 233 |     const _: Point<usize, 4> = point![0, 1, 2, 3];
[INFO] [stdout]     |                                ^^^^^^^^^^^^^^^^^^ function or associated item not found in `Matrix<_, Const<4_usize>, Const<1_usize>, ArrayStorage<_, 4_usize, 1_usize>>`
[INFO] [stdout]     |
[INFO] [stdout]     = note: this error originates in the macro `point` (in Nightly builds, run with -Z macro-backtrace for more info)
[INFO] [stdout] 
[INFO] [stdout] 
[INFO] [stdout] error[E0599]: no function or associated item named `from_array_storage` found for struct `Matrix<_, Const<4_usize>, Const<1_usize>, ArrayStorage<_, 4_usize, 1_usize>>` in the current scope
[INFO] [stdout]    --> tests/tests.rs:234:30
[INFO] [stdout]     |
[INFO] [stdout] 234 |     const _: Point<f32, 4> = point![0.0, 1.0, 2.0, 3.0];
[INFO] [stdout]     |                              ^^^^^^^^^^^^^^^^^^^^^^^^^^ function or associated item not found in `Matrix<_, Const<4_usize>, Const<1_usize>, ArrayStorage<_, 4_usize, 1_usize>>`
[INFO] [stdout]     |
[INFO] [stdout]     = note: this error originates in the macro `point` (in Nightly builds, run with -Z macro-backtrace for more info)
[INFO] [stdout] 
[INFO] [stdout] 
[INFO] [stdout] error[E0599]: no function or associated item named `from_array_storage` found for struct `Matrix<_, Const<4_usize>, Const<1_usize>, ArrayStorage<_, 4_usize, 1_usize>>` in the current scope
[INFO] [stdout]    --> tests/tests.rs:235:30
[INFO] [stdout]     |
[INFO] [stdout] 235 |     const _: Point<f64, 4> = point![0.0, 1.0, 2.0, 3.0];
[INFO] [stdout]     |                              ^^^^^^^^^^^^^^^^^^^^^^^^^^ function or associated item not found in `Matrix<_, Const<4_usize>, Const<1_usize>, ArrayStorage<_, 4_usize, 1_usize>>`
[INFO] [stdout]     |
[INFO] [stdout]     = note: this error originates in the macro `point` (in Nightly builds, run with -Z macro-backtrace for more info)
[INFO] [stdout] 
[INFO] [stdout] 
[INFO] [stdout] error[E0599]: no function or associated item named `from_array_storage` found for struct `Matrix` in the current scope
[INFO] [stdout]   --> tests/tests.rs:24:25
[INFO] [stdout]    |
[INFO] [stdout] 24 |     assert_eq_and_type!(matrix![], SMatrix::<i32, 0, 0>::zeros());
[INFO] [stdout]    |                         ^^^^^^^^^ function or associated item not found in `Matrix<_, Const<0_usize>, Const<0_usize>, ArrayStorage<_, 0_usize, 0_usize>>`
[INFO] [stdout]    |
[INFO] [stdout]    = note: this error originates in the macro `matrix` (in Nightly builds, run with -Z macro-backtrace for more info)
[INFO] [stdout] 
[INFO] [stdout] 
[INFO] [stdout] error[E0599]: no function or associated item named `from_array_storage` found for struct `Matrix` in the current scope
[INFO] [stdout]   --> tests/tests.rs:24:25
[INFO] [stdout]    |
[INFO] [stdout] 24 |     assert_eq_and_type!(matrix![], SMatrix::<i32, 0, 0>::zeros());
[INFO] [stdout]    |                         ^^^^^^^^^ function or associated item not found in `Matrix<_, Const<0_usize>, Const<0_usize>, ArrayStorage<_, 0_usize, 0_usize>>`
[INFO] [stdout]    |
[INFO] [stdout]    = note: this error originates in the macro `matrix` (in Nightly builds, run with -Z macro-backtrace for more info)
[INFO] [stdout] 
[INFO] [stdout] 
[INFO] [stdout] error[E0599]: no function or associated item named `from_array_storage` found for struct `Matrix<_, Const<1_usize>, Const<1_usize>, ArrayStorage<_, 1_usize, 1_usize>>` in the current scope
[INFO] [stdout]   --> tests/tests.rs:27:25
[INFO] [stdout]    |
[INFO] [stdout] 27 |     assert_eq_and_type!(matrix![1], SMatrix::<i32, 1, 1>::new(1));
[INFO] [stdout]    |                         ^^^^^^^^^^ function or associated item not found in `Matrix<_, Const<1_usize>, Const<1_usize>, ArrayStorage<_, 1_usize, 1_usize>>`
[INFO] [stdout]    |
[INFO] [stdout]    = note: this error originates in the macro `matrix` (in Nightly builds, run with -Z macro-backtrace for more info)
[INFO] [stdout] 
[INFO] [stdout] 
[INFO] [stdout] error[E0599]: no function or associated item named `from_array_storage` found for struct `Matrix<_, Const<1_usize>, Const<1_usize>, ArrayStorage<_, 1_usize, 1_usize>>` in the current scope
[INFO] [stdout]   --> tests/tests.rs:27:25
[INFO] [stdout]    |
[INFO] [stdout] 27 |     assert_eq_and_type!(matrix![1], SMatrix::<i32, 1, 1>::new(1));
[INFO] [stdout]    |                         ^^^^^^^^^^ function or associated item not found in `Matrix<_, Const<1_usize>, Const<1_usize>, ArrayStorage<_, 1_usize, 1_usize>>`
[INFO] [stdout]    |
[INFO] [stdout]    = note: this error originates in the macro `matrix` (in Nightly builds, run with -Z macro-backtrace for more info)
[INFO] [stdout] 
[INFO] [stdout] 
[INFO] [stdout] error[E0599]: no function or associated item named `from_array_storage` found for struct `Matrix<_, Const<1_usize>, Const<2_usize>, ArrayStorage<_, 1_usize, 2_usize>>` in the current scope
[INFO] [stdout]   --> tests/tests.rs:28:25
[INFO] [stdout]    |
[INFO] [stdout] 28 |     assert_eq_and_type!(matrix![1, 2], Matrix1x2::new(1, 2));
[INFO] [stdout]    |                         ^^^^^^^^^^^^^ function or associated item not found in `Matrix<_, Const<1_usize>, Const<2_usize>, ArrayStorage<_, 1_usize, 2_usize>>`
[INFO] [stdout]    |
[INFO] [stdout]    = note: this error originates in the macro `matrix` (in Nightly builds, run with -Z macro-backtrace for more info)
[INFO] [stdout] 
[INFO] [stdout] 
[INFO] [stdout] error[E0599]: no function or associated item named `from_array_storage` found for struct `Matrix<_, Const<1_usize>, Const<2_usize>, ArrayStorage<_, 1_usize, 2_usize>>` in the current scope
[INFO] [stdout]   --> tests/tests.rs:28:25
[INFO] [stdout]    |
[INFO] [stdout] 28 |     assert_eq_and_type!(matrix![1, 2], Matrix1x2::new(1, 2));
[INFO] [stdout]    |                         ^^^^^^^^^^^^^ function or associated item not found in `Matrix<_, Const<1_usize>, Const<2_usize>, ArrayStorage<_, 1_usize, 2_usize>>`
[INFO] [stdout]    |
[INFO] [stdout]    = note: this error originates in the macro `matrix` (in Nightly builds, run with -Z macro-backtrace for more info)
[INFO] [stdout] 
[INFO] [stdout] 
[INFO] [stdout] error[E0599]: no function or associated item named `from_array_storage` found for struct `Matrix<_, Const<1_usize>, Const<3_usize>, ArrayStorage<_, 1_usize, 3_usize>>` in the current scope
[INFO] [stdout]   --> tests/tests.rs:29:25
[INFO] [stdout]    |
[INFO] [stdout] 29 |     assert_eq_and_type!(matrix![1, 2, 3], Matrix1x3::new(1, 2, 3));
[INFO] [stdout]    |                         ^^^^^^^^^^^^^^^^ function or associated item not found in `Matrix<_, Const<1_usize>, Const<3_usize>, ArrayStorage<_, 1_usize, 3_usize>>`
[INFO] [stdout]    |
[INFO] [stdout]    = note: this error originates in the macro `matrix` (in Nightly builds, run with -Z macro-backtrace for more info)
[INFO] [stdout] 
[INFO] [stdout] 
[INFO] [stdout] error[E0599]: no function or associated item named `from_array_storage` found for struct `Matrix<_, Const<1_usize>, Const<3_usize>, ArrayStorage<_, 1_usize, 3_usize>>` in the current scope
[INFO] [stdout]   --> tests/tests.rs:29:25
[INFO] [stdout]    |
[INFO] [stdout] 29 |     assert_eq_and_type!(matrix![1, 2, 3], Matrix1x3::new(1, 2, 3));
[INFO] [stdout]    |                         ^^^^^^^^^^^^^^^^ function or associated item not found in `Matrix<_, Const<1_usize>, Const<3_usize>, ArrayStorage<_, 1_usize, 3_usize>>`
[INFO] [stdout]    |
[INFO] [stdout]    = note: this error originates in the macro `matrix` (in Nightly builds, run with -Z macro-backtrace for more info)
[INFO] [stdout] 
[INFO] [stdout] 
[INFO] [stdout] error[E0599]: no function or associated item named `from_array_storage` found for struct `Matrix<_, Const<1_usize>, Const<4_usize>, ArrayStorage<_, 1_usize, 4_usize>>` in the current scope
[INFO] [stdout]   --> tests/tests.rs:30:25
[INFO] [stdout]    |
[INFO] [stdout] 30 |     assert_eq_and_type!(matrix![1, 2, 3, 4], Matrix1x4::new(1, 2, 3, 4));
[INFO] [stdout]    |                         ^^^^^^^^^^^^^^^^^^^ function or associated item not found in `Matrix<_, Const<1_usize>, Const<4_usize>, ArrayStorage<_, 1_usize, 4_usize>>`
[INFO] [stdout]    |
[INFO] [stdout]    = note: this error originates in the macro `matrix` (in Nightly builds, run with -Z macro-backtrace for more info)
[INFO] [stdout] 
[INFO] [stdout] 
[INFO] [stdout] error[E0599]: no function or associated item named `from_array_storage` found for struct `Matrix<_, Const<1_usize>, Const<4_usize>, ArrayStorage<_, 1_usize, 4_usize>>` in the current scope
[INFO] [stdout]   --> tests/tests.rs:30:25
[INFO] [stdout]    |
[INFO] [stdout] 30 |     assert_eq_and_type!(matrix![1, 2, 3, 4], Matrix1x4::new(1, 2, 3, 4));
[INFO] [stdout]    |                         ^^^^^^^^^^^^^^^^^^^ function or associated item not found in `Matrix<_, Const<1_usize>, Const<4_usize>, ArrayStorage<_, 1_usize, 4_usize>>`
[INFO] [stdout]    |
[INFO] [stdout]    = note: this error originates in the macro `matrix` (in Nightly builds, run with -Z macro-backtrace for more info)
[INFO] [stdout] 
[INFO] [stdout] 
[INFO] [stdout] error[E0599]: no function or associated item named `from_array_storage` found for struct `Matrix<_, Const<2_usize>, Const<1_usize>, ArrayStorage<_, 2_usize, 1_usize>>` in the current scope
[INFO] [stdout]   --> tests/tests.rs:33:25
[INFO] [stdout]    |
[INFO] [stdout] 33 |     assert_eq_and_type!(matrix![1; 2], Matrix2x1::new(1, 2));
[INFO] [stdout]    |                         ^^^^^^^^^^^^^ function or associated item not found in `Matrix<_, Const<2_usize>, Const<1_usize>, ArrayStorage<_, 2_usize, 1_usize>>`
[INFO] [stdout]    |
[INFO] [stdout]    = note: this error originates in the macro `matrix` (in Nightly builds, run with -Z macro-backtrace for more info)
[INFO] [stdout] 
[INFO] [stdout] 
[INFO] [stdout] error[E0599]: no function or associated item named `from_array_storage` found for struct `Matrix<_, Const<2_usize>, Const<1_usize>, ArrayStorage<_, 2_usize, 1_usize>>` in the current scope
[INFO] [stdout]   --> tests/tests.rs:33:25
[INFO] [stdout]    |
[INFO] [stdout] 33 |     assert_eq_and_type!(matrix![1; 2], Matrix2x1::new(1, 2));
[INFO] [stdout]    |                         ^^^^^^^^^^^^^ function or associated item not found in `Matrix<_, Const<2_usize>, Const<1_usize>, ArrayStorage<_, 2_usize, 1_usize>>`
[INFO] [stdout]    |
[INFO] [stdout]    = note: this error originates in the macro `matrix` (in Nightly builds, run with -Z macro-backtrace for more info)
[INFO] [stdout] 
[INFO] [stdout] 
[INFO] [stdout] error[E0599]: no function or associated item named `from_array_storage` found for struct `Matrix<_, Const<2_usize>, Const<2_usize>, ArrayStorage<_, 2_usize, 2_usize>>` in the current scope
[INFO] [stdout]   --> tests/tests.rs:34:25
[INFO] [stdout]    |
[INFO] [stdout] 34 |     assert_eq_and_type!(matrix![1, 2; 3, 4], Matrix2::new(1, 2, 3, 4));
[INFO] [stdout]    |                         ^^^^^^^^^^^^^^^^^^^ function or associated item not found in `Matrix<_, Const<2_usize>, Const<2_usize>, ArrayStorage<_, 2_usize, 2_usize>>`
[INFO] [stdout]    |
[INFO] [stdout]    = note: this error originates in the macro `matrix` (in Nightly builds, run with -Z macro-backtrace for more info)
[INFO] [stdout] 
[INFO] [stdout] 
[INFO] [stdout] error[E0599]: no function or associated item named `from_array_storage` found for struct `Matrix<_, Const<2_usize>, Const<2_usize>, ArrayStorage<_, 2_usize, 2_usize>>` in the current scope
[INFO] [stdout]   --> tests/tests.rs:34:25
[INFO] [stdout]    |
[INFO] [stdout] 34 |     assert_eq_and_type!(matrix![1, 2; 3, 4], Matrix2::new(1, 2, 3, 4));
[INFO] [stdout]    |                         ^^^^^^^^^^^^^^^^^^^ function or associated item not found in `Matrix<_, Const<2_usize>, Const<2_usize>, ArrayStorage<_, 2_usize, 2_usize>>`
[INFO] [stdout]    |
[INFO] [stdout]    = note: this error originates in the macro `matrix` (in Nightly builds, run with -Z macro-backtrace for more info)
[INFO] [stdout] 
[INFO] [stdout] 
[INFO] [stdout] error[E0599]: no function or associated item named `from_array_storage` found for struct `Matrix<_, Const<2_usize>, Const<3_usize>, ArrayStorage<_, 2_usize, 3_usize>>` in the current scope
[INFO] [stdout]   --> tests/tests.rs:35:25
[INFO] [stdout]    |
[INFO] [stdout] 35 |     assert_eq_and_type!(matrix![1, 2, 3; 4, 5, 6], Matrix2x3::new(1, 2, 3, 4, 5, 6));
[INFO] [stdout]    |                         ^^^^^^^^^^^^^^^^^^^^^^^^^ function or associated item not found in `Matrix<_, Const<2_usize>, Const<3_usize>, ArrayStorage<_, 2_usize, 3_usize>>`
[INFO] [stdout]    |
[INFO] [stdout]    = note: this error originates in the macro `matrix` (in Nightly builds, run with -Z macro-backtrace for more info)
[INFO] [stdout] 
[INFO] [stdout] 
[INFO] [stdout] error[E0599]: no function or associated item named `from_array_storage` found for struct `Matrix<_, Const<2_usize>, Const<3_usize>, ArrayStorage<_, 2_usize, 3_usize>>` in the current scope
[INFO] [stdout]   --> tests/tests.rs:35:25
[INFO] [stdout]    |
[INFO] [stdout] 35 |     assert_eq_and_type!(matrix![1, 2, 3; 4, 5, 6], Matrix2x3::new(1, 2, 3, 4, 5, 6));
[INFO] [stdout]    |                         ^^^^^^^^^^^^^^^^^^^^^^^^^ function or associated item not found in `Matrix<_, Const<2_usize>, Const<3_usize>, ArrayStorage<_, 2_usize, 3_usize>>`
[INFO] [stdout]    |
[INFO] [stdout]    = note: this error originates in the macro `matrix` (in Nightly builds, run with -Z macro-backtrace for more info)
[INFO] [stdout] 
[INFO] [stdout] 
[INFO] [stdout] error[E0599]: no function or associated item named `from_array_storage` found for struct `Matrix<_, Const<2_usize>, Const<4_usize>, ArrayStorage<_, 2_usize, 4_usize>>` in the current scope
[INFO] [stdout]   --> tests/tests.rs:36:25
[INFO] [stdout]    |
[INFO] [stdout] 36 |     assert_eq_and_type!(matrix![1, 2, 3, 4; 5, 6, 7, 8], Matrix2x4::new(1, 2, 3, 4, 5, 6, 7, 8));
[INFO] [stdout]    |                         ^^^^^^^^^^^^^^^^^^^^^^^^^^^^^^^ function or associated item not found in `Matrix<_, Const<2_usize>, Const<4_usize>, ArrayStorage<_, 2_usize, 4_usize>>`
[INFO] [stdout]    |
[INFO] [stdout]    = note: this error originates in the macro `matrix` (in Nightly builds, run with -Z macro-backtrace for more info)
[INFO] [stdout] 
[INFO] [stdout] 
[INFO] [stdout] error[E0599]: no function or associated item named `from_array_storage` found for struct `Matrix<_, Const<2_usize>, Const<4_usize>, ArrayStorage<_, 2_usize, 4_usize>>` in the current scope
[INFO] [stdout]   --> tests/tests.rs:36:25
[INFO] [stdout]    |
[INFO] [stdout] 36 |     assert_eq_and_type!(matrix![1, 2, 3, 4; 5, 6, 7, 8], Matrix2x4::new(1, 2, 3, 4, 5, 6, 7, 8));
[INFO] [stdout]    |                         ^^^^^^^^^^^^^^^^^^^^^^^^^^^^^^^ function or associated item not found in `Matrix<_, Const<2_usize>, Const<4_usize>, ArrayStorage<_, 2_usize, 4_usize>>`
[INFO] [stdout]    |
[INFO] [stdout]    = note: this error originates in the macro `matrix` (in Nightly builds, run with -Z macro-backtrace for more info)
[INFO] [stdout] 
[INFO] [stdout] 
[INFO] [stdout] error[E0599]: no function or associated item named `from_array_storage` found for struct `Matrix<_, Const<3_usize>, Const<1_usize>, ArrayStorage<_, 3_usize, 1_usize>>` in the current scope
[INFO] [stdout]   --> tests/tests.rs:39:25
[INFO] [stdout]    |
[INFO] [stdout] 39 |     assert_eq_and_type!(matrix![1; 2; 3], Matrix3x1::new(1, 2, 3));
[INFO] [stdout]    |                         ^^^^^^^^^^^^^^^^ function or associated item not found in `Matrix<_, Const<3_usize>, Const<1_usize>, ArrayStorage<_, 3_usize, 1_usize>>`
[INFO] [stdout]    |
[INFO] [stdout]    = note: this error originates in the macro `matrix` (in Nightly builds, run with -Z macro-backtrace for more info)
[INFO] [stdout] 
[INFO] [stdout] 
[INFO] [stdout] error[E0599]: no function or associated item named `from_array_storage` found for struct `Matrix<_, Const<3_usize>, Const<1_usize>, ArrayStorage<_, 3_usize, 1_usize>>` in the current scope
[INFO] [stdout]   --> tests/tests.rs:39:25
[INFO] [stdout]    |
[INFO] [stdout] 39 |     assert_eq_and_type!(matrix![1; 2; 3], Matrix3x1::new(1, 2, 3));
[INFO] [stdout]    |                         ^^^^^^^^^^^^^^^^ function or associated item not found in `Matrix<_, Const<3_usize>, Const<1_usize>, ArrayStorage<_, 3_usize, 1_usize>>`
[INFO] [stdout]    |
[INFO] [stdout]    = note: this error originates in the macro `matrix` (in Nightly builds, run with -Z macro-backtrace for more info)
[INFO] [stdout] 
[INFO] [stdout] 
[INFO] [stdout] error[E0599]: no function or associated item named `from_array_storage` found for struct `Matrix<_, Const<3_usize>, Const<2_usize>, ArrayStorage<_, 3_usize, 2_usize>>` in the current scope
[INFO] [stdout]   --> tests/tests.rs:40:25
[INFO] [stdout]    |
[INFO] [stdout] 40 |     assert_eq_and_type!(matrix![1, 2; 3, 4; 5, 6], Matrix3x2::new(1, 2, 3, 4, 5, 6));
[INFO] [stdout]    |                         ^^^^^^^^^^^^^^^^^^^^^^^^^ function or associated item not found in `Matrix<_, Const<3_usize>, Const<2_usize>, ArrayStorage<_, 3_usize, 2_usize>>`
[INFO] [stdout]    |
[INFO] [stdout]    = note: this error originates in the macro `matrix` (in Nightly builds, run with -Z macro-backtrace for more info)
[INFO] [stdout] 
[INFO] [stdout] 
[INFO] [stdout] error[E0599]: no function or associated item named `from_array_storage` found for struct `Matrix<_, Const<3_usize>, Const<2_usize>, ArrayStorage<_, 3_usize, 2_usize>>` in the current scope
[INFO] [stdout]   --> tests/tests.rs:40:25
[INFO] [stdout]    |
[INFO] [stdout] 40 |     assert_eq_and_type!(matrix![1, 2; 3, 4; 5, 6], Matrix3x2::new(1, 2, 3, 4, 5, 6));
[INFO] [stdout]    |                         ^^^^^^^^^^^^^^^^^^^^^^^^^ function or associated item not found in `Matrix<_, Const<3_usize>, Const<2_usize>, ArrayStorage<_, 3_usize, 2_usize>>`
[INFO] [stdout]    |
[INFO] [stdout]    = note: this error originates in the macro `matrix` (in Nightly builds, run with -Z macro-backtrace for more info)
[INFO] [stdout] 
[INFO] [stdout] 
[INFO] [stdout] error[E0599]: no function or associated item named `from_array_storage` found for struct `Matrix<_, Const<3_usize>, Const<3_usize>, ArrayStorage<_, 3_usize, 3_usize>>` in the current scope
[INFO] [stdout]   --> tests/tests.rs:41:25
[INFO] [stdout]    |
[INFO] [stdout] 41 |     assert_eq_and_type!(matrix![1, 2, 3; 4, 5, 6; 7, 8, 9], Matrix3::new(1, 2, 3, 4, 5, 6, 7, 8, 9));
[INFO] [stdout]    |                         ^^^^^^^^^^^^^^^^^^^^^^^^^^^^^^^^^^ function or associated item not found in `Matrix<_, Const<3_usize>, Const<3_usize>, ArrayStorage<_, 3_usize, 3_usize>>`
[INFO] [stdout]    |
[INFO] [stdout]    = note: this error originates in the macro `matrix` (in Nightly builds, run with -Z macro-backtrace for more info)
[INFO] [stdout] 
[INFO] [stdout] 
[INFO] [stdout] error[E0599]: no function or associated item named `from_array_storage` found for struct `Matrix<_, Const<3_usize>, Const<3_usize>, ArrayStorage<_, 3_usize, 3_usize>>` in the current scope
[INFO] [stdout]   --> tests/tests.rs:41:25
[INFO] [stdout]    |
[INFO] [stdout] 41 |     assert_eq_and_type!(matrix![1, 2, 3; 4, 5, 6; 7, 8, 9], Matrix3::new(1, 2, 3, 4, 5, 6, 7, 8, 9));
[INFO] [stdout]    |                         ^^^^^^^^^^^^^^^^^^^^^^^^^^^^^^^^^^ function or associated item not found in `Matrix<_, Const<3_usize>, Const<3_usize>, ArrayStorage<_, 3_usize, 3_usize>>`
[INFO] [stdout]    |
[INFO] [stdout]    = note: this error originates in the macro `matrix` (in Nightly builds, run with -Z macro-backtrace for more info)
[INFO] [stdout] 
[INFO] [stdout] 
[INFO] [stdout] error[E0599]: no function or associated item named `from_array_storage` found for struct `Matrix<_, Const<3_usize>, Const<4_usize>, ArrayStorage<_, 3_usize, 4_usize>>` in the current scope
[INFO] [stdout]   --> tests/tests.rs:42:25
[INFO] [stdout]    |
[INFO] [stdout] 42 |     assert_eq_and_type!(matrix![1, 2, 3, 4; 5, 6, 7, 8; 9, 10, 11, 12],
[INFO] [stdout]    |                         ^^^^^^^^^^^^^^^^^^^^^^^^^^^^^^^^^^^^^^^^^^^^^^ function or associated item not found in `Matrix<_, Const<3_usize>, Const<4_usize>, ArrayStorage<_, 3_usize, 4_usize>>`
[INFO] [stdout]    |
[INFO] [stdout]    = note: this error originates in the macro `matrix` (in Nightly builds, run with -Z macro-backtrace for more info)
[INFO] [stdout] 
[INFO] [stdout] 
[INFO] [stdout] error[E0599]: no function or associated item named `from_array_storage` found for struct `Matrix<_, Const<3_usize>, Const<4_usize>, ArrayStorage<_, 3_usize, 4_usize>>` in the current scope
[INFO] [stdout]   --> tests/tests.rs:42:25
[INFO] [stdout]    |
[INFO] [stdout] 42 |     assert_eq_and_type!(matrix![1, 2, 3, 4; 5, 6, 7, 8; 9, 10, 11, 12],
[INFO] [stdout]    |                         ^^^^^^^^^^^^^^^^^^^^^^^^^^^^^^^^^^^^^^^^^^^^^^ function or associated item not found in `Matrix<_, Const<3_usize>, Const<4_usize>, ArrayStorage<_, 3_usize, 4_usize>>`
[INFO] [stdout]    |
[INFO] [stdout]    = note: this error originates in the macro `matrix` (in Nightly builds, run with -Z macro-backtrace for more info)
[INFO] [stdout] 
[INFO] [stdout] 
[INFO] [stdout] error[E0599]: no function or associated item named `from_array_storage` found for struct `Matrix<_, Const<4_usize>, Const<1_usize>, ArrayStorage<_, 4_usize, 1_usize>>` in the current scope
[INFO] [stdout]   --> tests/tests.rs:46:25
[INFO] [stdout]    |
[INFO] [stdout] 46 |     assert_eq_and_type!(matrix![1; 2; 3; 4], Matrix4x1::new(1, 2, 3, 4));
[INFO] [stdout]    |                         ^^^^^^^^^^^^^^^^^^^ function or associated item not found in `Matrix<_, Const<4_usize>, Const<1_usize>, ArrayStorage<_, 4_usize, 1_usize>>`
[INFO] [stdout]    |
[INFO] [stdout]    = note: this error originates in the macro `matrix` (in Nightly builds, run with -Z macro-backtrace for more info)
[INFO] [stdout] 
[INFO] [stdout] 
[INFO] [stdout] error[E0599]: no function or associated item named `from_array_storage` found for struct `Matrix<_, Const<4_usize>, Const<1_usize>, ArrayStorage<_, 4_usize, 1_usize>>` in the current scope
[INFO] [stdout]   --> tests/tests.rs:46:25
[INFO] [stdout]    |
[INFO] [stdout] 46 |     assert_eq_and_type!(matrix![1; 2; 3; 4], Matrix4x1::new(1, 2, 3, 4));
[INFO] [stdout]    |                         ^^^^^^^^^^^^^^^^^^^ function or associated item not found in `Matrix<_, Const<4_usize>, Const<1_usize>, ArrayStorage<_, 4_usize, 1_usize>>`
[INFO] [stdout]    |
[INFO] [stdout]    = note: this error originates in the macro `matrix` (in Nightly builds, run with -Z macro-backtrace for more info)
[INFO] [stdout] 
[INFO] [stdout] 
[INFO] [stdout] error[E0599]: no function or associated item named `from_array_storage` found for struct `Matrix<_, Const<4_usize>, Const<2_usize>, ArrayStorage<_, 4_usize, 2_usize>>` in the current scope
[INFO] [stdout]   --> tests/tests.rs:47:25
[INFO] [stdout]    |
[INFO] [stdout] 47 |     assert_eq_and_type!(matrix![1, 2; 3, 4; 5, 6; 7, 8], Matrix4x2::new(1, 2, 3, 4, 5, 6, 7, 8));
[INFO] [stdout]    |                         ^^^^^^^^^^^^^^^^^^^^^^^^^^^^^^^ function or associated item not found in `Matrix<_, Const<4_usize>, Const<2_usize>, ArrayStorage<_, 4_usize, 2_usize>>`
[INFO] [stdout]    |
[INFO] [stdout]    = note: this error originates in the macro `matrix` (in Nightly builds, run with -Z macro-backtrace for more info)
[INFO] [stdout] 
[INFO] [stdout] 
[INFO] [stdout] error[E0599]: no function or associated item named `from_array_storage` found for struct `Matrix<_, Const<4_usize>, Const<2_usize>, ArrayStorage<_, 4_usize, 2_usize>>` in the current scope
[INFO] [stdout]   --> tests/tests.rs:47:25
[INFO] [stdout]    |
[INFO] [stdout] 47 |     assert_eq_and_type!(matrix![1, 2; 3, 4; 5, 6; 7, 8], Matrix4x2::new(1, 2, 3, 4, 5, 6, 7, 8));
[INFO] [stdout]    |                         ^^^^^^^^^^^^^^^^^^^^^^^^^^^^^^^ function or associated item not found in `Matrix<_, Const<4_usize>, Const<2_usize>, ArrayStorage<_, 4_usize, 2_usize>>`
[INFO] [stdout]    |
[INFO] [stdout]    = note: this error originates in the macro `matrix` (in Nightly builds, run with -Z macro-backtrace for more info)
[INFO] [stdout] 
[INFO] [stdout] 
[INFO] [stdout] error[E0599]: no function or associated item named `from_array_storage` found for struct `Matrix<_, Const<4_usize>, Const<3_usize>, ArrayStorage<_, 4_usize, 3_usize>>` in the current scope
[INFO] [stdout]   --> tests/tests.rs:48:25
[INFO] [stdout]    |
[INFO] [stdout] 48 |     assert_eq_and_type!(matrix![1, 2, 3; 4, 5, 6; 7, 8, 9; 10, 11, 12],
[INFO] [stdout]    |                         ^^^^^^^^^^^^^^^^^^^^^^^^^^^^^^^^^^^^^^^^^^^^^^ function or associated item not found in `Matrix<_, Const<4_usize>, Const<3_usize>, ArrayStorage<_, 4_usize, 3_usize>>`
[INFO] [stdout]    |
[INFO] [stdout]    = note: this error originates in the macro `matrix` (in Nightly builds, run with -Z macro-backtrace for more info)
[INFO] [stdout] 
[INFO] [stdout] 
[INFO] [stdout] error[E0599]: no function or associated item named `from_array_storage` found for struct `Matrix<_, Const<4_usize>, Const<3_usize>, ArrayStorage<_, 4_usize, 3_usize>>` in the current scope
[INFO] [stdout]   --> tests/tests.rs:48:25
[INFO] [stdout]    |
[INFO] [stdout] 48 |     assert_eq_and_type!(matrix![1, 2, 3; 4, 5, 6; 7, 8, 9; 10, 11, 12],
[INFO] [stdout]    |                         ^^^^^^^^^^^^^^^^^^^^^^^^^^^^^^^^^^^^^^^^^^^^^^ function or associated item not found in `Matrix<_, Const<4_usize>, Const<3_usize>, ArrayStorage<_, 4_usize, 3_usize>>`
[INFO] [stdout]    |
[INFO] [stdout]    = note: this error originates in the macro `matrix` (in Nightly builds, run with -Z macro-backtrace for more info)
[INFO] [stdout] 
[INFO] [stdout] 
[INFO] [stdout] error[E0599]: no function or associated item named `from_array_storage` found for struct `Matrix<_, Const<4_usize>, Const<4_usize>, ArrayStorage<_, 4_usize, 4_usize>>` in the current scope
[INFO] [stdout]   --> tests/tests.rs:50:25
[INFO] [stdout]    |
[INFO] [stdout] 50 |     assert_eq_and_type!(matrix![1, 2, 3, 4; 5, 6, 7, 8; 9, 10, 11, 12; 13, 14, 15, 16],
[INFO] [stdout]    |                         ^^^^^^^^^^^^^^^^^^^^^^^^^^^^^^^^^^^^^^^^^^^^^^^^^^^^^^^^^^^^^^ function or associated item not found in `Matrix<_, Const<4_usize>, Const<4_usize>, ArrayStorage<_, 4_usize, 4_usize>>`
[INFO] [stdout]    |
[INFO] [stdout]    = note: this error originates in the macro `matrix` (in Nightly builds, run with -Z macro-backtrace for more info)
[INFO] [stdout] 
[INFO] [stdout] 
[INFO] [stdout] error[E0599]: no function or associated item named `from_array_storage` found for struct `Matrix<_, Const<4_usize>, Const<4_usize>, ArrayStorage<_, 4_usize, 4_usize>>` in the current scope
[INFO] [stdout]   --> tests/tests.rs:50:25
[INFO] [stdout]    |
[INFO] [stdout] 50 |     assert_eq_and_type!(matrix![1, 2, 3, 4; 5, 6, 7, 8; 9, 10, 11, 12; 13, 14, 15, 16],
[INFO] [stdout]    |                         ^^^^^^^^^^^^^^^^^^^^^^^^^^^^^^^^^^^^^^^^^^^^^^^^^^^^^^^^^^^^^^ function or associated item not found in `Matrix<_, Const<4_usize>, Const<4_usize>, ArrayStorage<_, 4_usize, 4_usize>>`
[INFO] [stdout]    |
[INFO] [stdout]    = note: this error originates in the macro `matrix` (in Nightly builds, run with -Z macro-backtrace for more info)
[INFO] [stdout] 
[INFO] [stdout] 
[INFO] [stdout] error[E0599]: no function or associated item named `from_vec_storage` found for struct `Matrix` in the current scope
[INFO] [stdout]   --> tests/tests.rs:67:25
[INFO] [stdout]    |
[INFO] [stdout] 67 |     assert_eq_and_type!(dmatrix![], DMatrix::<i32>::zeros(0, 0));
[INFO] [stdout]    |                         ^^^^^^^^^^ function or associated item not found in `Matrix<_, Dynamic, Dynamic, VecStorage<_, Dynamic, Dynamic>>`
[INFO] [stdout]    |
[INFO] [stdout]    = note: this error originates in the macro `dmatrix` (in Nightly builds, run with -Z macro-backtrace for more info)
[INFO] [stdout] 
[INFO] [stdout] 
[INFO] [stdout] error[E0599]: no function or associated item named `from_vec_storage` found for struct `Matrix` in the current scope
[INFO] [stdout]   --> tests/tests.rs:67:25
[INFO] [stdout]    |
[INFO] [stdout] 67 |     assert_eq_and_type!(dmatrix![], DMatrix::<i32>::zeros(0, 0));
[INFO] [stdout]    |                         ^^^^^^^^^^ function or associated item not found in `Matrix<_, Dynamic, Dynamic, VecStorage<_, Dynamic, Dynamic>>`
[INFO] [stdout]    |
[INFO] [stdout]    = note: this error originates in the macro `dmatrix` (in Nightly builds, run with -Z macro-backtrace for more info)
[INFO] [stdout] 
[INFO] [stdout] 
[INFO] [stdout] error[E0599]: no function or associated item named `from_vec_storage` found for struct `Matrix` in the current scope
[INFO] [stdout]   --> tests/tests.rs:70:25
[INFO] [stdout]    |
[INFO] [stdout] 70 |     assert_eq_and_type!(dmatrix![1], DMatrix::from_row_slice(1, 1, &[1]));
[INFO] [stdout]    |                         ^^^^^^^^^^^ function or associated item not found in `Matrix<_, Dynamic, Dynamic, VecStorage<_, Dynamic, Dynamic>>`
[INFO] [stdout]    |
[INFO] [stdout]    = note: this error originates in the macro `dmatrix` (in Nightly builds, run with -Z macro-backtrace for more info)
[INFO] [stdout] 
[INFO] [stdout] 
[INFO] [stdout] error[E0599]: no function or associated item named `from_vec_storage` found for struct `Matrix` in the current scope
[INFO] [stdout]   --> tests/tests.rs:70:25
[INFO] [stdout]    |
[INFO] [stdout] 70 |     assert_eq_and_type!(dmatrix![1], DMatrix::from_row_slice(1, 1, &[1]));
[INFO] [stdout]    |                         ^^^^^^^^^^^ function or associated item not found in `Matrix<_, Dynamic, Dynamic, VecStorage<_, Dynamic, Dynamic>>`
[INFO] [stdout]    |
[INFO] [stdout]    = note: this error originates in the macro `dmatrix` (in Nightly builds, run with -Z macro-backtrace for more info)
[INFO] [stdout] 
[INFO] [stdout] 
[INFO] [stdout] error[E0599]: no function or associated item named `from_vec_storage` found for struct `Matrix` in the current scope
[INFO] [stdout]   --> tests/tests.rs:71:25
[INFO] [stdout]    |
[INFO] [stdout] 71 |     assert_eq_and_type!(dmatrix![1, 2], DMatrix::from_row_slice(1, 2, &[1, 2]));
[INFO] [stdout]    |                         ^^^^^^^^^^^^^^ function or associated item not found in `Matrix<_, Dynamic, Dynamic, VecStorage<_, Dynamic, Dynamic>>`
[INFO] [stdout]    |
[INFO] [stdout]    = note: this error originates in the macro `dmatrix` (in Nightly builds, run with -Z macro-backtrace for more info)
[INFO] [stdout] 
[INFO] [stdout] 
[INFO] [stdout] error[E0599]: no function or associated item named `from_vec_storage` found for struct `Matrix` in the current scope
[INFO] [stdout]   --> tests/tests.rs:71:25
[INFO] [stdout]    |
[INFO] [stdout] 71 |     assert_eq_and_type!(dmatrix![1, 2], DMatrix::from_row_slice(1, 2, &[1, 2]));
[INFO] [stdout]    |                         ^^^^^^^^^^^^^^ function or associated item not found in `Matrix<_, Dynamic, Dynamic, VecStorage<_, Dynamic, Dynamic>>`
[INFO] [stdout]    |
[INFO] [stdout]    = note: this error originates in the macro `dmatrix` (in Nightly builds, run with -Z macro-backtrace for more info)
[INFO] [stdout] 
[INFO] [stdout] 
[INFO] [stdout] error[E0599]: no function or associated item named `from_vec_storage` found for struct `Matrix` in the current scope
[INFO] [stdout]   --> tests/tests.rs:72:25
[INFO] [stdout]    |
[INFO] [stdout] 72 |     assert_eq_and_type!(dmatrix![1, 2, 3], DMatrix::from_row_slice(1, 3, &[1, 2, 3]));
[INFO] [stdout]    |                         ^^^^^^^^^^^^^^^^^ function or associated item not found in `Matrix<_, Dynamic, Dynamic, VecStorage<_, Dynamic, Dynamic>>`
[INFO] [stdout]    |
[INFO] [stdout]    = note: this error originates in the macro `dmatrix` (in Nightly builds, run with -Z macro-backtrace for more info)
[INFO] [stdout] 
[INFO] [stdout] 
[INFO] [stdout] error[E0599]: no function or associated item named `from_vec_storage` found for struct `Matrix` in the current scope
[INFO] [stdout]   --> tests/tests.rs:72:25
[INFO] [stdout]    |
[INFO] [stdout] 72 |     assert_eq_and_type!(dmatrix![1, 2, 3], DMatrix::from_row_slice(1, 3, &[1, 2, 3]));
[INFO] [stdout]    |                         ^^^^^^^^^^^^^^^^^ function or associated item not found in `Matrix<_, Dynamic, Dynamic, VecStorage<_, Dynamic, Dynamic>>`
[INFO] [stdout]    |
[INFO] [stdout]    = note: this error originates in the macro `dmatrix` (in Nightly builds, run with -Z macro-backtrace for more info)
[INFO] [stdout] 
[INFO] [stdout] 
[INFO] [stdout] error[E0599]: no function or associated item named `from_vec_storage` found for struct `Matrix` in the current scope
[INFO] [stdout]   --> tests/tests.rs:73:25
[INFO] [stdout]    |
[INFO] [stdout] 73 |     assert_eq_and_type!(dmatrix![1, 2, 3, 4], DMatrix::from_row_slice(1, 4, &[1, 2, 3, 4]));
[INFO] [stdout]    |                         ^^^^^^^^^^^^^^^^^^^^ function or associated item not found in `Matrix<_, Dynamic, Dynamic, VecStorage<_, Dynamic, Dynamic>>`
[INFO] [stdout]    |
[INFO] [stdout]    = note: this error originates in the macro `dmatrix` (in Nightly builds, run with -Z macro-backtrace for more info)
[INFO] [stdout] 
[INFO] [stdout] 
[INFO] [stdout] error[E0599]: no function or associated item named `from_vec_storage` found for struct `Matrix` in the current scope
[INFO] [stdout]   --> tests/tests.rs:73:25
[INFO] [stdout]    |
[INFO] [stdout] 73 |     assert_eq_and_type!(dmatrix![1, 2, 3, 4], DMatrix::from_row_slice(1, 4, &[1, 2, 3, 4]));
[INFO] [stdout]    |                         ^^^^^^^^^^^^^^^^^^^^ function or associated item not found in `Matrix<_, Dynamic, Dynamic, VecStorage<_, Dynamic, Dynamic>>`
[INFO] [stdout]    |
[INFO] [stdout]    = note: this error originates in the macro `dmatrix` (in Nightly builds, run with -Z macro-backtrace for more info)
[INFO] [stdout] 
[INFO] [stdout] 
[INFO] [stdout] error[E0599]: no function or associated item named `from_vec_storage` found for struct `Matrix` in the current scope
[INFO] [stdout]   --> tests/tests.rs:76:25
[INFO] [stdout]    |
[INFO] [stdout] 76 |     assert_eq_and_type!(dmatrix![1; 2], DMatrix::from_row_slice(2, 1,  &[1, 2]));
[INFO] [stdout]    |                         ^^^^^^^^^^^^^^ function or associated item not found in `Matrix<_, Dynamic, Dynamic, VecStorage<_, Dynamic, Dynamic>>`
[INFO] [stdout]    |
[INFO] [stdout]    = note: this error originates in the macro `dmatrix` (in Nightly builds, run with -Z macro-backtrace for more info)
[INFO] [stdout] 
[INFO] [stdout] 
[INFO] [stdout] error[E0599]: no function or associated item named `from_vec_storage` found for struct `Matrix` in the current scope
[INFO] [stdout]   --> tests/tests.rs:76:25
[INFO] [stdout]    |
[INFO] [stdout] 76 |     assert_eq_and_type!(dmatrix![1; 2], DMatrix::from_row_slice(2, 1,  &[1, 2]));
[INFO] [stdout]    |                         ^^^^^^^^^^^^^^ function or associated item not found in `Matrix<_, Dynamic, Dynamic, VecStorage<_, Dynamic, Dynamic>>`
[INFO] [stdout]    |
[INFO] [stdout]    = note: this error originates in the macro `dmatrix` (in Nightly builds, run with -Z macro-backtrace for more info)
[INFO] [stdout] 
[INFO] [stdout] 
[INFO] [stdout] error[E0599]: no function or associated item named `from_vec_storage` found for struct `Matrix` in the current scope
[INFO] [stdout]   --> tests/tests.rs:77:25
[INFO] [stdout]    |
[INFO] [stdout] 77 |     assert_eq_and_type!(dmatrix![1, 2; 3, 4], DMatrix::from_row_slice(2, 2,  &[1, 2, 3, 4]));
[INFO] [stdout]    |                         ^^^^^^^^^^^^^^^^^^^^ function or associated item not found in `Matrix<_, Dynamic, Dynamic, VecStorage<_, Dynamic, Dynamic>>`
[INFO] [stdout]    |
[INFO] [stdout]    = note: this error originates in the macro `dmatrix` (in Nightly builds, run with -Z macro-backtrace for more info)
[INFO] [stdout] 
[INFO] [stdout] 
[INFO] [stdout] error[E0599]: no function or associated item named `from_vec_storage` found for struct `Matrix` in the current scope
[INFO] [stdout]   --> tests/tests.rs:77:25
[INFO] [stdout]    |
[INFO] [stdout] 77 |     assert_eq_and_type!(dmatrix![1, 2; 3, 4], DMatrix::from_row_slice(2, 2,  &[1, 2, 3, 4]));
[INFO] [stdout]    |                         ^^^^^^^^^^^^^^^^^^^^ function or associated item not found in `Matrix<_, Dynamic, Dynamic, VecStorage<_, Dynamic, Dynamic>>`
[INFO] [stdout]    |
[INFO] [stdout]    = note: this error originates in the macro `dmatrix` (in Nightly builds, run with -Z macro-backtrace for more info)
[INFO] [stdout] 
[INFO] [stdout] 
[INFO] [stdout] error[E0599]: no function or associated item named `from_vec_storage` found for struct `Matrix` in the current scope
[INFO] [stdout]   --> tests/tests.rs:78:25
[INFO] [stdout]    |
[INFO] [stdout] 78 |     assert_eq_and_type!(dmatrix![1, 2, 3; 4, 5, 6], DMatrix::from_row_slice(2, 3,  &[1, 2, 3, 4, 5, 6]));
[INFO] [stdout]    |                         ^^^^^^^^^^^^^^^^^^^^^^^^^^ function or associated item not found in `Matrix<_, Dynamic, Dynamic, VecStorage<_, Dynamic, Dynamic>>`
[INFO] [stdout]    |
[INFO] [stdout]    = note: this error originates in the macro `dmatrix` (in Nightly builds, run with -Z macro-backtrace for more info)
[INFO] [stdout] 
[INFO] [stdout] 
[INFO] [stdout] error[E0599]: no function or associated item named `from_vec_storage` found for struct `Matrix` in the current scope
[INFO] [stdout]   --> tests/tests.rs:78:25
[INFO] [stdout]    |
[INFO] [stdout] 78 |     assert_eq_and_type!(dmatrix![1, 2, 3; 4, 5, 6], DMatrix::from_row_slice(2, 3,  &[1, 2, 3, 4, 5, 6]));
[INFO] [stdout]    |                         ^^^^^^^^^^^^^^^^^^^^^^^^^^ function or associated item not found in `Matrix<_, Dynamic, Dynamic, VecStorage<_, Dynamic, Dynamic>>`
[INFO] [stdout]    |
[INFO] [stdout]    = note: this error originates in the macro `dmatrix` (in Nightly builds, run with -Z macro-backtrace for more info)
[INFO] [stdout] 
[INFO] [stdout] 
[INFO] [stdout] error[E0599]: no function or associated item named `from_vec_storage` found for struct `Matrix` in the current scope
[INFO] [stdout]   --> tests/tests.rs:79:25
[INFO] [stdout]    |
[INFO] [stdout] 79 |     assert_eq_and_type!(dmatrix![1, 2, 3, 4; 5, 6, 7, 8], DMatrix::from_row_slice(2, 4,  &[1, 2, 3, 4, 5, 6, 7, 8]));
[INFO] [stdout]    |                         ^^^^^^^^^^^^^^^^^^^^^^^^^^^^^^^^ function or associated item not found in `Matrix<_, Dynamic, Dynamic, VecStorage<_, Dynamic, Dynamic>>`
[INFO] [stdout]    |
[INFO] [stdout]    = note: this error originates in the macro `dmatrix` (in Nightly builds, run with -Z macro-backtrace for more info)
[INFO] [stdout] 
[INFO] [stdout] 
[INFO] [stdout] error[E0599]: no function or associated item named `from_vec_storage` found for struct `Matrix` in the current scope
[INFO] [stdout]   --> tests/tests.rs:79:25
[INFO] [stdout]    |
[INFO] [stdout] 79 |     assert_eq_and_type!(dmatrix![1, 2, 3, 4; 5, 6, 7, 8], DMatrix::from_row_slice(2, 4,  &[1, 2, 3, 4, 5, 6, 7, 8]));
[INFO] [stdout]    |                         ^^^^^^^^^^^^^^^^^^^^^^^^^^^^^^^^ function or associated item not found in `Matrix<_, Dynamic, Dynamic, VecStorage<_, Dynamic, Dynamic>>`
[INFO] [stdout]    |
[INFO] [stdout]    = note: this error originates in the macro `dmatrix` (in Nightly builds, run with -Z macro-backtrace for more info)
[INFO] [stdout] 
[INFO] [stdout] 
[INFO] [stdout] error[E0599]: no function or associated item named `from_vec_storage` found for struct `Matrix` in the current scope
[INFO] [stdout]   --> tests/tests.rs:82:25
[INFO] [stdout]    |
[INFO] [stdout] 82 |     assert_eq_and_type!(dmatrix![1; 2; 3], DMatrix::from_row_slice(3, 1,  &[1, 2, 3]));
[INFO] [stdout]    |                         ^^^^^^^^^^^^^^^^^ function or associated item not found in `Matrix<_, Dynamic, Dynamic, VecStorage<_, Dynamic, Dynamic>>`
[INFO] [stdout]    |
[INFO] [stdout]    = note: this error originates in the macro `dmatrix` (in Nightly builds, run with -Z macro-backtrace for more info)
[INFO] [stdout] 
[INFO] [stdout] 
[INFO] [stdout] error[E0599]: no function or associated item named `from_vec_storage` found for struct `Matrix` in the current scope
[INFO] [stdout]   --> tests/tests.rs:82:25
[INFO] [stdout]    |
[INFO] [stdout] 82 |     assert_eq_and_type!(dmatrix![1; 2; 3], DMatrix::from_row_slice(3, 1,  &[1, 2, 3]));
[INFO] [stdout]    |                         ^^^^^^^^^^^^^^^^^ function or associated item not found in `Matrix<_, Dynamic, Dynamic, VecStorage<_, Dynamic, Dynamic>>`
[INFO] [stdout]    |
[INFO] [stdout]    = note: this error originates in the macro `dmatrix` (in Nightly builds, run with -Z macro-backtrace for more info)
[INFO] [stdout] 
[INFO] [stdout] 
[INFO] [stdout] error[E0599]: no function or associated item named `from_vec_storage` found for struct `Matrix` in the current scope
[INFO] [stdout]   --> tests/tests.rs:83:25
[INFO] [stdout]    |
[INFO] [stdout] 83 |     assert_eq_and_type!(dmatrix![1, 2; 3, 4; 5, 6], DMatrix::from_row_slice(3, 2,  &[1, 2, 3, 4, 5, 6]));
[INFO] [stdout]    |                         ^^^^^^^^^^^^^^^^^^^^^^^^^^ function or associated item not found in `Matrix<_, Dynamic, Dynamic, VecStorage<_, Dynamic, Dynamic>>`
[INFO] [stdout]    |
[INFO] [stdout]    = note: this error originates in the macro `dmatrix` (in Nightly builds, run with -Z macro-backtrace for more info)
[INFO] [stdout] 
[INFO] [stdout] 
[INFO] [stdout] error[E0599]: no function or associated item named `from_vec_storage` found for struct `Matrix` in the current scope
[INFO] [stdout]   --> tests/tests.rs:83:25
[INFO] [stdout]    |
[INFO] [stdout] 83 |     assert_eq_and_type!(dmatrix![1, 2; 3, 4; 5, 6], DMatrix::from_row_slice(3, 2,  &[1, 2, 3, 4, 5, 6]));
[INFO] [stdout]    |                         ^^^^^^^^^^^^^^^^^^^^^^^^^^ function or associated item not found in `Matrix<_, Dynamic, Dynamic, VecStorage<_, Dynamic, Dynamic>>`
[INFO] [stdout]    |
[INFO] [stdout]    = note: this error originates in the macro `dmatrix` (in Nightly builds, run with -Z macro-backtrace for more info)
[INFO] [stdout] 
[INFO] [stdout] 
[INFO] [stdout] error[E0599]: no function or associated item named `from_vec_storage` found for struct `Matrix` in the current scope
[INFO] [stdout]   --> tests/tests.rs:84:25
[INFO] [stdout]    |
[INFO] [stdout] 84 |     assert_eq_and_type!(dmatrix![1, 2, 3; 4, 5, 6; 7, 8, 9], DMatrix::from_row_slice(3, 3,  &[1, 2, 3, 4, 5, 6, 7, 8, 9]));
[INFO] [stdout]    |                         ^^^^^^^^^^^^^^^^^^^^^^^^^^^^^^^^^^^ function or associated item not found in `Matrix<_, Dynamic, Dynamic, VecStorage<_, Dynamic, Dynamic>>`
[INFO] [stdout]    |
[INFO] [stdout]    = note: this error originates in the macro `dmatrix` (in Nightly builds, run with -Z macro-backtrace for more info)
[INFO] [stdout] 
[INFO] [stdout] 
[INFO] [stdout] error[E0599]: no function or associated item named `from_vec_storage` found for struct `Matrix` in the current scope
[INFO] [stdout]   --> tests/tests.rs:84:25
[INFO] [stdout]    |
[INFO] [stdout] 84 |     assert_eq_and_type!(dmatrix![1, 2, 3; 4, 5, 6; 7, 8, 9], DMatrix::from_row_slice(3, 3,  &[1, 2, 3, 4, 5, 6, 7, 8, 9]));
[INFO] [stdout]    |                         ^^^^^^^^^^^^^^^^^^^^^^^^^^^^^^^^^^^ function or associated item not found in `Matrix<_, Dynamic, Dynamic, VecStorage<_, Dynamic, Dynamic>>`
[INFO] [stdout]    |
[INFO] [stdout]    = note: this error originates in the macro `dmatrix` (in Nightly builds, run with -Z macro-backtrace for more info)
[INFO] [stdout] 
[INFO] [stdout] 
[INFO] [stdout] error[E0599]: no function or associated item named `from_vec_storage` found for struct `Matrix` in the current scope
[INFO] [stdout]   --> tests/tests.rs:85:25
[INFO] [stdout]    |
[INFO] [stdout] 85 |     assert_eq_and_type!(dmatrix![1, 2, 3, 4; 5, 6, 7, 8; 9, 10, 11, 12],
[INFO] [stdout]    |                         ^^^^^^^^^^^^^^^^^^^^^^^^^^^^^^^^^^^^^^^^^^^^^^^ function or associated item not found in `Matrix<_, Dynamic, Dynamic, VecStorage<_, Dynamic, Dynamic>>`
[INFO] [stdout]    |
[INFO] [stdout]    = note: this error originates in the macro `dmatrix` (in Nightly builds, run with -Z macro-backtrace for more info)
[INFO] [stdout] 
[INFO] [stdout] 
[INFO] [stdout] error[E0599]: no function or associated item named `from_vec_storage` found for struct `Matrix` in the current scope
[INFO] [stdout]   --> tests/tests.rs:85:25
[INFO] [stdout]    |
[INFO] [stdout] 85 |     assert_eq_and_type!(dmatrix![1, 2, 3, 4; 5, 6, 7, 8; 9, 10, 11, 12],
[INFO] [stdout]    |                         ^^^^^^^^^^^^^^^^^^^^^^^^^^^^^^^^^^^^^^^^^^^^^^^ function or associated item not found in `Matrix<_, Dynamic, Dynamic, VecStorage<_, Dynamic, Dynamic>>`
[INFO] [stdout]    |
[INFO] [stdout]    = note: this error originates in the macro `dmatrix` (in Nightly builds, run with -Z macro-backtrace for more info)
[INFO] [stdout] 
[INFO] [stdout] 
[INFO] [stdout] error[E0599]: no function or associated item named `from_vec_storage` found for struct `Matrix` in the current scope
[INFO] [stdout]   --> tests/tests.rs:89:25
[INFO] [stdout]    |
[INFO] [stdout] 89 |     assert_eq_and_type!(dmatrix![1; 2; 3; 4], DMatrix::from_row_slice(4, 1,  &[1, 2, 3, 4]));
[INFO] [stdout]    |                         ^^^^^^^^^^^^^^^^^^^^ function or associated item not found in `Matrix<_, Dynamic, Dynamic, VecStorage<_, Dynamic, Dynamic>>`
[INFO] [stdout]    |
[INFO] [stdout]    = note: this error originates in the macro `dmatrix` (in Nightly builds, run with -Z macro-backtrace for more info)
[INFO] [stdout] 
[INFO] [stdout] 
[INFO] [stdout] error[E0599]: no function or associated item named `from_vec_storage` found for struct `Matrix` in the current scope
[INFO] [stdout]   --> tests/tests.rs:89:25
[INFO] [stdout]    |
[INFO] [stdout] 89 |     assert_eq_and_type!(dmatrix![1; 2; 3; 4], DMatrix::from_row_slice(4, 1,  &[1, 2, 3, 4]));
[INFO] [stdout]    |                         ^^^^^^^^^^^^^^^^^^^^ function or associated item not found in `Matrix<_, Dynamic, Dynamic, VecStorage<_, Dynamic, Dynamic>>`
[INFO] [stdout]    |
[INFO] [stdout]    = note: this error originates in the macro `dmatrix` (in Nightly builds, run with -Z macro-backtrace for more info)
[INFO] [stdout] 
[INFO] [stdout] 
[INFO] [stdout] error[E0599]: no function or associated item named `from_vec_storage` found for struct `Matrix` in the current scope
[INFO] [stdout]   --> tests/tests.rs:90:25
[INFO] [stdout]    |
[INFO] [stdout] 90 |     assert_eq_and_type!(dmatrix![1, 2; 3, 4; 5, 6; 7, 8], DMatrix::from_row_slice(4, 2,  &[1, 2, 3, 4, 5, 6, 7, 8]));
[INFO] [stdout]    |                         ^^^^^^^^^^^^^^^^^^^^^^^^^^^^^^^^ function or associated item not found in `Matrix<_, Dynamic, Dynamic, VecStorage<_, Dynamic, Dynamic>>`
[INFO] [stdout]    |
[INFO] [stdout]    = note: this error originates in the macro `dmatrix` (in Nightly builds, run with -Z macro-backtrace for more info)
[INFO] [stdout] 
[INFO] [stdout] 
[INFO] [stdout] error[E0599]: no function or associated item named `from_vec_storage` found for struct `Matrix` in the current scope
[INFO] [stdout]   --> tests/tests.rs:90:25
[INFO] [stdout]    |
[INFO] [stdout] 90 |     assert_eq_and_type!(dmatrix![1, 2; 3, 4; 5, 6; 7, 8], DMatrix::from_row_slice(4, 2,  &[1, 2, 3, 4, 5, 6, 7, 8]));
[INFO] [stdout]    |                         ^^^^^^^^^^^^^^^^^^^^^^^^^^^^^^^^ function or associated item not found in `Matrix<_, Dynamic, Dynamic, VecStorage<_, Dynamic, Dynamic>>`
[INFO] [stdout]    |
[INFO] [stdout]    = note: this error originates in the macro `dmatrix` (in Nightly builds, run with -Z macro-backtrace for more info)
[INFO] [stdout] 
[INFO] [stdout] 
[INFO] [stdout] error[E0599]: no function or associated item named `from_vec_storage` found for struct `Matrix` in the current scope
[INFO] [stdout]   --> tests/tests.rs:91:25
[INFO] [stdout]    |
[INFO] [stdout] 91 |     assert_eq_and_type!(dmatrix![1, 2, 3; 4, 5, 6; 7, 8, 9; 10, 11, 12],
[INFO] [stdout]    |                         ^^^^^^^^^^^^^^^^^^^^^^^^^^^^^^^^^^^^^^^^^^^^^^^ function or associated item not found in `Matrix<_, Dynamic, Dynamic, VecStorage<_, Dynamic, Dynamic>>`
[INFO] [stdout]    |
[INFO] [stdout]    = note: this error originates in the macro `dmatrix` (in Nightly builds, run with -Z macro-backtrace for more info)
[INFO] [stdout] 
[INFO] [stdout] 
[INFO] [stdout] error[E0599]: no function or associated item named `from_vec_storage` found for struct `Matrix` in the current scope
[INFO] [stdout]   --> tests/tests.rs:91:25
[INFO] [stdout]    |
[INFO] [stdout] 91 |     assert_eq_and_type!(dmatrix![1, 2, 3; 4, 5, 6; 7, 8, 9; 10, 11, 12],
[INFO] [stdout]    |                         ^^^^^^^^^^^^^^^^^^^^^^^^^^^^^^^^^^^^^^^^^^^^^^^ function or associated item not found in `Matrix<_, Dynamic, Dynamic, VecStorage<_, Dynamic, Dynamic>>`
[INFO] [stdout]    |
[INFO] [stdout]    = note: this error originates in the macro `dmatrix` (in Nightly builds, run with -Z macro-backtrace for more info)
[INFO] [stdout] 
[INFO] [stdout] 
[INFO] [stdout] error[E0599]: no function or associated item named `from_vec_storage` found for struct `Matrix` in the current scope
[INFO] [stdout]   --> tests/tests.rs:93:25
[INFO] [stdout]    |
[INFO] [stdout] 93 |     assert_eq_and_type!(dmatrix![1, 2, 3, 4; 5, 6, 7, 8; 9, 10, 11, 12; 13, 14, 15, 16],
[INFO] [stdout]    |                         ^^^^^^^^^^^^^^^^^^^^^^^^^^^^^^^^^^^^^^^^^^^^^^^^^^^^^^^^^^^^^^^ function or associated item not found in `Matrix<_, Dynamic, Dynamic, VecStorage<_, Dynamic, Dynamic>>`
[INFO] [stdout]    |
[INFO] [stdout]    = note: this error originates in the macro `dmatrix` (in Nightly builds, run with -Z macro-backtrace for more info)
[INFO] [stdout] 
[INFO] [stdout] 
[INFO] [stdout] error[E0599]: no function or associated item named `from_vec_storage` found for struct `Matrix` in the current scope
[INFO] [stdout]   --> tests/tests.rs:93:25
[INFO] [stdout]    |
[INFO] [stdout] 93 |     assert_eq_and_type!(dmatrix![1, 2, 3, 4; 5, 6, 7, 8; 9, 10, 11, 12; 13, 14, 15, 16],
[INFO] [stdout]    |                         ^^^^^^^^^^^^^^^^^^^^^^^^^^^^^^^^^^^^^^^^^^^^^^^^^^^^^^^^^^^^^^^ function or associated item not found in `Matrix<_, Dynamic, Dynamic, VecStorage<_, Dynamic, Dynamic>>`
[INFO] [stdout]    |
[INFO] [stdout]    = note: this error originates in the macro `dmatrix` (in Nightly builds, run with -Z macro-backtrace for more info)
[INFO] [stdout] 
[INFO] [stdout] 
[INFO] [stdout] error[E0599]: no function or associated item named `from_array_storage` found for struct `Matrix` in the current scope
[INFO] [stdout]    --> tests/tests.rs:101:25
[INFO] [stdout]     |
[INFO] [stdout] 101 |     assert_eq_and_type!(vector![], SVector::<i32, 0>::zeros());
[INFO] [stdout]     |                         ^^^^^^^^^ function or associated item not found in `Matrix<_, Const<0_usize>, Const<1_usize>, ArrayStorage<_, 0_usize, 1_usize>>`
[INFO] [stdout]     |
[INFO] [stdout]     = note: this error originates in the macro `vector` (in Nightly builds, run with -Z macro-backtrace for more info)
[INFO] [stdout] 
[INFO] [stdout] 
[INFO] [stdout] error[E0599]: no function or associated item named `from_array_storage` found for struct `Matrix` in the current scope
[INFO] [stdout]    --> tests/tests.rs:101:25
[INFO] [stdout]     |
[INFO] [stdout] 101 |     assert_eq_and_type!(vector![], SVector::<i32, 0>::zeros());
[INFO] [stdout]     |                         ^^^^^^^^^ function or associated item not found in `Matrix<_, Const<0_usize>, Const<1_usize>, ArrayStorage<_, 0_usize, 1_usize>>`
[INFO] [stdout]     |
[INFO] [stdout]     = note: this error originates in the macro `vector` (in Nightly builds, run with -Z macro-backtrace for more info)
[INFO] [stdout] 
[INFO] [stdout] 
[INFO] [stdout] error[E0599]: no function or associated item named `from_array_storage` found for struct `Matrix<_, Const<1_usize>, Const<1_usize>, ArrayStorage<_, 1_usize, 1_usize>>` in the current scope
[INFO] [stdout]    --> tests/tests.rs:102:25
[INFO] [stdout]     |
[INFO] [stdout] 102 |     assert_eq_and_type!(vector![1], Vector1::<i32>::new(1));
[INFO] [stdout]     |                         ^^^^^^^^^^ function or associated item not found in `Matrix<_, Const<1_usize>, Const<1_usize>, ArrayStorage<_, 1_usize, 1_usize>>`
[INFO] [stdout]     |
[INFO] [stdout]     = note: this error originates in the macro `vector` (in Nightly builds, run with -Z macro-backtrace for more info)
[INFO] [stdout] 
[INFO] [stdout] 
[INFO] [stdout] error[E0599]: no function or associated item named `from_array_storage` found for struct `Matrix<_, Const<1_usize>, Const<1_usize>, ArrayStorage<_, 1_usize, 1_usize>>` in the current scope
[INFO] [stdout]    --> tests/tests.rs:102:25
[INFO] [stdout]     |
[INFO] [stdout] 102 |     assert_eq_and_type!(vector![1], Vector1::<i32>::new(1));
[INFO] [stdout]     |                         ^^^^^^^^^^ function or associated item not found in `Matrix<_, Const<1_usize>, Const<1_usize>, ArrayStorage<_, 1_usize, 1_usize>>`
[INFO] [stdout]     |
[INFO] [stdout]     = note: this error originates in the macro `vector` (in Nightly builds, run with -Z macro-backtrace for more info)
[INFO] [stdout] 
[INFO] [stdout] 
[INFO] [stdout] error[E0599]: no function or associated item named `from_array_storage` found for struct `Matrix<_, Const<2_usize>, Const<1_usize>, ArrayStorage<_, 2_usize, 1_usize>>` in the current scope
[INFO] [stdout]    --> tests/tests.rs:103:25
[INFO] [stdout]     |
[INFO] [stdout] 103 |     assert_eq_and_type!(vector![1, 2], Vector2::new(1, 2));
[INFO] [stdout]     |                         ^^^^^^^^^^^^^ function or associated item not found in `Matrix<_, Const<2_usize>, Const<1_usize>, ArrayStorage<_, 2_usize, 1_usize>>`
[INFO] [stdout]     |
[INFO] [stdout]     = note: this error originates in the macro `vector` (in Nightly builds, run with -Z macro-backtrace for more info)
[INFO] [stdout] 
[INFO] [stdout] 
[INFO] [stdout] error[E0599]: no function or associated item named `from_array_storage` found for struct `Matrix<_, Const<2_usize>, Const<1_usize>, ArrayStorage<_, 2_usize, 1_usize>>` in the current scope
[INFO] [stdout]    --> tests/tests.rs:103:25
[INFO] [stdout]     |
[INFO] [stdout] 103 |     assert_eq_and_type!(vector![1, 2], Vector2::new(1, 2));
[INFO] [stdout]     |                         ^^^^^^^^^^^^^ function or associated item not found in `Matrix<_, Const<2_usize>, Const<1_usize>, ArrayStorage<_, 2_usize, 1_usize>>`
[INFO] [stdout]     |
[INFO] [stdout]     = note: this error originates in the macro `vector` (in Nightly builds, run with -Z macro-backtrace for more info)
[INFO] [stdout] 
[INFO] [stdout] 
[INFO] [stdout] error[E0599]: no function or associated item named `from_array_storage` found for struct `Matrix<_, Const<3_usize>, Const<1_usize>, ArrayStorage<_, 3_usize, 1_usize>>` in the current scope
[INFO] [stdout]    --> tests/tests.rs:104:25
[INFO] [stdout]     |
[INFO] [stdout] 104 |     assert_eq_and_type!(vector![1, 2, 3], Vector3::new(1, 2, 3));
[INFO] [stdout]     |                         ^^^^^^^^^^^^^^^^ function or associated item not found in `Matrix<_, Const<3_usize>, Const<1_usize>, ArrayStorage<_, 3_usize, 1_usize>>`
[INFO] [stdout]     |
[INFO] [stdout]     = note: this error originates in the macro `vector` (in Nightly builds, run with -Z macro-backtrace for more info)
[INFO] [stdout] 
[INFO] [stdout] 
[INFO] [stdout] error[E0599]: no function or associated item named `from_array_storage` found for struct `Matrix<_, Const<3_usize>, Const<1_usize>, ArrayStorage<_, 3_usize, 1_usize>>` in the current scope
[INFO] [stdout]    --> tests/tests.rs:104:25
[INFO] [stdout]     |
[INFO] [stdout] 104 |     assert_eq_and_type!(vector![1, 2, 3], Vector3::new(1, 2, 3));
[INFO] [stdout]     |                         ^^^^^^^^^^^^^^^^ function or associated item not found in `Matrix<_, Const<3_usize>, Const<1_usize>, ArrayStorage<_, 3_usize, 1_usize>>`
[INFO] [stdout]     |
[INFO] [stdout]     = note: this error originates in the macro `vector` (in Nightly builds, run with -Z macro-backtrace for more info)
[INFO] [stdout] 
[INFO] [stdout] 
[INFO] [stdout] error[E0599]: no function or associated item named `from_array_storage` found for struct `Matrix<_, Const<4_usize>, Const<1_usize>, ArrayStorage<_, 4_usize, 1_usize>>` in the current scope
[INFO] [stdout]    --> tests/tests.rs:105:25
[INFO] [stdout]     |
[INFO] [stdout] 105 |     assert_eq_and_type!(vector![1, 2, 3, 4], Vector4::new(1, 2, 3, 4));
[INFO] [stdout]     |                         ^^^^^^^^^^^^^^^^^^^ function or associated item not found in `Matrix<_, Const<4_usize>, Const<1_usize>, ArrayStorage<_, 4_usize, 1_usize>>`
[INFO] [stdout]     |
[INFO] [stdout]     = note: this error originates in the macro `vector` (in Nightly builds, run with -Z macro-backtrace for more info)
[INFO] [stdout] 
[INFO] [stdout] 
[INFO] [stdout] error[E0599]: no function or associated item named `from_array_storage` found for struct `Matrix<_, Const<4_usize>, Const<1_usize>, ArrayStorage<_, 4_usize, 1_usize>>` in the current scope
[INFO] [stdout]    --> tests/tests.rs:105:25
[INFO] [stdout]     |
[INFO] [stdout] 105 |     assert_eq_and_type!(vector![1, 2, 3, 4], Vector4::new(1, 2, 3, 4));
[INFO] [stdout]     |                         ^^^^^^^^^^^^^^^^^^^ function or associated item not found in `Matrix<_, Const<4_usize>, Const<1_usize>, ArrayStorage<_, 4_usize, 1_usize>>`
[INFO] [stdout]     |
[INFO] [stdout]     = note: this error originates in the macro `vector` (in Nightly builds, run with -Z macro-backtrace for more info)
[INFO] [stdout] 
[INFO] [stdout] 
[INFO] [stdout] error[E0599]: no function or associated item named `from_array_storage` found for struct `Matrix<_, Const<5_usize>, Const<1_usize>, ArrayStorage<_, 5_usize, 1_usize>>` in the current scope
[INFO] [stdout]    --> tests/tests.rs:106:25
[INFO] [stdout]     |
[INFO] [stdout] 106 |     assert_eq_and_type!(vector![1, 2, 3, 4, 5], Vector5::new(1, 2, 3, 4, 5));
[INFO] [stdout]     |                         ^^^^^^^^^^^^^^^^^^^^^^ function or associated item not found in `Matrix<_, Const<5_usize>, Const<1_usize>, ArrayStorage<_, 5_usize, 1_usize>>`
[INFO] [stdout]     |
[INFO] [stdout]     = note: this error originates in the macro `vector` (in Nightly builds, run with -Z macro-backtrace for more info)
[INFO] [stdout] 
[INFO] [stdout] 
[INFO] [stdout] error[E0599]: no function or associated item named `from_array_storage` found for struct `Matrix<_, Const<5_usize>, Const<1_usize>, ArrayStorage<_, 5_usize, 1_usize>>` in the current scope
[INFO] [stdout]    --> tests/tests.rs:106:25
[INFO] [stdout]     |
[INFO] [stdout] 106 |     assert_eq_and_type!(vector![1, 2, 3, 4, 5], Vector5::new(1, 2, 3, 4, 5));
[INFO] [stdout]     |                         ^^^^^^^^^^^^^^^^^^^^^^ function or associated item not found in `Matrix<_, Const<5_usize>, Const<1_usize>, ArrayStorage<_, 5_usize, 1_usize>>`
[INFO] [stdout]     |
[INFO] [stdout]     = note: this error originates in the macro `vector` (in Nightly builds, run with -Z macro-backtrace for more info)
[INFO] [stdout] 
[INFO] [stdout] 
[INFO] [stdout] error[E0599]: no function or associated item named `from_array_storage` found for struct `Matrix<_, Const<6_usize>, Const<1_usize>, ArrayStorage<_, 6_usize, 1_usize>>` in the current scope
[INFO] [stdout]    --> tests/tests.rs:107:25
[INFO] [stdout]     |
[INFO] [stdout] 107 |     assert_eq_and_type!(vector![1, 2, 3, 4, 5, 6], Vector6::new(1, 2, 3, 4, 5, 6));
[INFO] [stdout]     |                         ^^^^^^^^^^^^^^^^^^^^^^^^^ function or associated item not found in `Matrix<_, Const<6_usize>, Const<1_usize>, ArrayStorage<_, 6_usize, 1_usize>>`
[INFO] [stdout]     |
[INFO] [stdout]     = note: this error originates in the macro `vector` (in Nightly builds, run with -Z macro-backtrace for more info)
[INFO] [stdout] 
[INFO] [stdout] 
[INFO] [stdout] error[E0599]: no function or associated item named `from_array_storage` found for struct `Matrix<_, Const<6_usize>, Const<1_usize>, ArrayStorage<_, 6_usize, 1_usize>>` in the current scope
[INFO] [stdout]    --> tests/tests.rs:107:25
[INFO] [stdout]     |
[INFO] [stdout] 107 |     assert_eq_and_type!(vector![1, 2, 3, 4, 5, 6], Vector6::new(1, 2, 3, 4, 5, 6));
[INFO] [stdout]     |                         ^^^^^^^^^^^^^^^^^^^^^^^^^ function or associated item not found in `Matrix<_, Const<6_usize>, Const<1_usize>, ArrayStorage<_, 6_usize, 1_usize>>`
[INFO] [stdout]     |
[INFO] [stdout]     = note: this error originates in the macro `vector` (in Nightly builds, run with -Z macro-backtrace for more info)
[INFO] [stdout] 
[INFO] [stdout] 
[INFO] [stdout] error[E0599]: no function or associated item named `from_array_storage` found for struct `Matrix` in the current scope
[INFO] [stdout]    --> tests/tests.rs:114:25
[INFO] [stdout]     |
[INFO] [stdout] 114 |     assert_eq_and_type!(point![], Point::<i32, 0>::origin());
[INFO] [stdout]     |                         ^^^^^^^^ function or associated item not found in `Matrix<_, Const<0_usize>, Const<1_usize>, ArrayStorage<_, 0_usize, 1_usize>>`
[INFO] [stdout]     |
[INFO] [stdout]     = note: this error originates in the macro `point` (in Nightly builds, run with -Z macro-backtrace for more info)
[INFO] [stdout] 
[INFO] [stdout] 
[INFO] [stdout] error[E0599]: no function or associated item named `from_array_storage` found for struct `Matrix` in the current scope
[INFO] [stdout]    --> tests/tests.rs:114:25
[INFO] [stdout]     |
[INFO] [stdout] 114 |     assert_eq_and_type!(point![], Point::<i32, 0>::origin());
[INFO] [stdout]     |                         ^^^^^^^^ function or associated item not found in `Matrix<_, Const<0_usize>, Const<1_usize>, ArrayStorage<_, 0_usize, 1_usize>>`
[INFO] [stdout]     |
[INFO] [stdout]     = note: this error originates in the macro `point` (in Nightly builds, run with -Z macro-backtrace for more info)
[INFO] [stdout] 
[INFO] [stdout] 
[INFO] [stdout] error[E0599]: no function or associated item named `from_array_storage` found for struct `Matrix<_, Const<1_usize>, Const<1_usize>, ArrayStorage<_, 1_usize, 1_usize>>` in the current scope
[INFO] [stdout]    --> tests/tests.rs:115:25
[INFO] [stdout]     |
[INFO] [stdout] 115 |     assert_eq_and_type!(point![1], Point1::<i32>::new(1));
[INFO] [stdout]     |                         ^^^^^^^^^ function or associated item not found in `Matrix<_, Const<1_usize>, Const<1_usize>, ArrayStorage<_, 1_usize, 1_usize>>`
[INFO] [stdout]     |
[INFO] [stdout]     = note: this error originates in the macro `point` (in Nightly builds, run with -Z macro-backtrace for more info)
[INFO] [stdout] 
[INFO] [stdout] 
[INFO] [stdout] error[E0599]: no function or associated item named `from_array_storage` found for struct `Matrix<_, Const<1_usize>, Const<1_usize>, ArrayStorage<_, 1_usize, 1_usize>>` in the current scope
[INFO] [stdout]    --> tests/tests.rs:115:25
[INFO] [stdout]     |
[INFO] [stdout] 115 |     assert_eq_and_type!(point![1], Point1::<i32>::new(1));
[INFO] [stdout]     |                         ^^^^^^^^^ function or associated item not found in `Matrix<_, Const<1_usize>, Const<1_usize>, ArrayStorage<_, 1_usize, 1_usize>>`
[INFO] [stdout]     |
[INFO] [stdout]     = note: this error originates in the macro `point` (in Nightly builds, run with -Z macro-backtrace for more info)
[INFO] [stdout] 
[INFO] [stdout] 
[INFO] [stdout] error[E0599]: no function or associated item named `from_array_storage` found for struct `Matrix<_, Const<2_usize>, Const<1_usize>, ArrayStorage<_, 2_usize, 1_usize>>` in the current scope
[INFO] [stdout]    --> tests/tests.rs:116:25
[INFO] [stdout]     |
[INFO] [stdout] 116 |     assert_eq_and_type!(point![1, 2], Point2::new(1, 2));
[INFO] [stdout]     |                         ^^^^^^^^^^^^ function or associated item not found in `Matrix<_, Const<2_usize>, Const<1_usize>, ArrayStorage<_, 2_usize, 1_usize>>`
[INFO] [stdout]     |
[INFO] [stdout]     = note: this error originates in the macro `point` (in Nightly builds, run with -Z macro-backtrace for more info)
[INFO] [stdout] 
[INFO] [stdout] 
[INFO] [stdout] error[E0599]: no function or associated item named `from_array_storage` found for struct `Matrix<_, Const<2_usize>, Const<1_usize>, ArrayStorage<_, 2_usize, 1_usize>>` in the current scope
[INFO] [stdout]    --> tests/tests.rs:116:25
[INFO] [stdout]     |
[INFO] [stdout] 116 |     assert_eq_and_type!(point![1, 2], Point2::new(1, 2));
[INFO] [stdout]     |                         ^^^^^^^^^^^^ function or associated item not found in `Matrix<_, Const<2_usize>, Const<1_usize>, ArrayStorage<_, 2_usize, 1_usize>>`
[INFO] [stdout]     |
[INFO] [stdout]     = note: this error originates in the macro `point` (in Nightly builds, run with -Z macro-backtrace for more info)
[INFO] [stdout] 
[INFO] [stdout] 
[INFO] [stdout] error[E0599]: no function or associated item named `from_array_storage` found for struct `Matrix<_, Const<3_usize>, Const<1_usize>, ArrayStorage<_, 3_usize, 1_usize>>` in the current scope
[INFO] [stdout]    --> tests/tests.rs:117:25
[INFO] [stdout]     |
[INFO] [stdout] 117 |     assert_eq_and_type!(point![1, 2, 3], Point3::new(1, 2, 3));
[INFO] [stdout]     |                         ^^^^^^^^^^^^^^^ function or associated item not found in `Matrix<_, Const<3_usize>, Const<1_usize>, ArrayStorage<_, 3_usize, 1_usize>>`
[INFO] [stdout]     |
[INFO] [stdout]     = note: this error originates in the macro `point` (in Nightly builds, run with -Z macro-backtrace for more info)
[INFO] [stdout] 
[INFO] [stdout] 
[INFO] [stdout] error[E0599]: no function or associated item named `from_array_storage` found for struct `Matrix<_, Const<3_usize>, Const<1_usize>, ArrayStorage<_, 3_usize, 1_usize>>` in the current scope
[INFO] [stdout]    --> tests/tests.rs:117:25
[INFO] [stdout]     |
[INFO] [stdout] 117 |     assert_eq_and_type!(point![1, 2, 3], Point3::new(1, 2, 3));
[INFO] [stdout]     |                         ^^^^^^^^^^^^^^^ function or associated item not found in `Matrix<_, Const<3_usize>, Const<1_usize>, ArrayStorage<_, 3_usize, 1_usize>>`
[INFO] [stdout]     |
[INFO] [stdout]     = note: this error originates in the macro `point` (in Nightly builds, run with -Z macro-backtrace for more info)
[INFO] [stdout] 
[INFO] [stdout] 
[INFO] [stdout] error[E0599]: no function or associated item named `from_array_storage` found for struct `Matrix<_, Const<4_usize>, Const<1_usize>, ArrayStorage<_, 4_usize, 1_usize>>` in the current scope
[INFO] [stdout]    --> tests/tests.rs:118:25
[INFO] [stdout]     |
[INFO] [stdout] 118 |     assert_eq_and_type!(point![1, 2, 3, 4], Point4::new(1, 2, 3, 4));
[INFO] [stdout]     |                         ^^^^^^^^^^^^^^^^^^ function or associated item not found in `Matrix<_, Const<4_usize>, Const<1_usize>, ArrayStorage<_, 4_usize, 1_usize>>`
[INFO] [stdout]     |
[INFO] [stdout]     = note: this error originates in the macro `point` (in Nightly builds, run with -Z macro-backtrace for more info)
[INFO] [stdout] 
[INFO] [stdout] 
[INFO] [stdout] error[E0599]: no function or associated item named `from_array_storage` found for struct `Matrix<_, Const<4_usize>, Const<1_usize>, ArrayStorage<_, 4_usize, 1_usize>>` in the current scope
[INFO] [stdout]    --> tests/tests.rs:118:25
[INFO] [stdout]     |
[INFO] [stdout] 118 |     assert_eq_and_type!(point![1, 2, 3, 4], Point4::new(1, 2, 3, 4));
[INFO] [stdout]     |                         ^^^^^^^^^^^^^^^^^^ function or associated item not found in `Matrix<_, Const<4_usize>, Const<1_usize>, ArrayStorage<_, 4_usize, 1_usize>>`
[INFO] [stdout]     |
[INFO] [stdout]     = note: this error originates in the macro `point` (in Nightly builds, run with -Z macro-backtrace for more info)
[INFO] [stdout] 
[INFO] [stdout] 
[INFO] [stdout] error[E0599]: no function or associated item named `from_array_storage` found for struct `Matrix<_, Const<5_usize>, Const<1_usize>, ArrayStorage<_, 5_usize, 1_usize>>` in the current scope
[INFO] [stdout]    --> tests/tests.rs:119:25
[INFO] [stdout]     |
[INFO] [stdout] 119 |     assert_eq_and_type!(point![1, 2, 3, 4, 5], Point5::new(1, 2, 3, 4, 5));
[INFO] [stdout]     |                         ^^^^^^^^^^^^^^^^^^^^^ function or associated item not found in `Matrix<_, Const<5_usize>, Const<1_usize>, ArrayStorage<_, 5_usize, 1_usize>>`
[INFO] [stdout]     |
[INFO] [stdout]     = note: this error originates in the macro `point` (in Nightly builds, run with -Z macro-backtrace for more info)
[INFO] [stdout] 
[INFO] [stdout] 
[INFO] [stdout] error[E0599]: no function or associated item named `from_array_storage` found for struct `Matrix<_, Const<5_usize>, Const<1_usize>, ArrayStorage<_, 5_usize, 1_usize>>` in the current scope
[INFO] [stdout]    --> tests/tests.rs:119:25
[INFO] [stdout]     |
[INFO] [stdout] 119 |     assert_eq_and_type!(point![1, 2, 3, 4, 5], Point5::new(1, 2, 3, 4, 5));
[INFO] [stdout]     |                         ^^^^^^^^^^^^^^^^^^^^^ function or associated item not found in `Matrix<_, Const<5_usize>, Const<1_usize>, ArrayStorage<_, 5_usize, 1_usize>>`
[INFO] [stdout]     |
[INFO] [stdout]     = note: this error originates in the macro `point` (in Nightly builds, run with -Z macro-backtrace for more info)
[INFO] [stdout] 
[INFO] [stdout] 
[INFO] [stdout] error[E0599]: no function or associated item named `from_array_storage` found for struct `Matrix<_, Const<6_usize>, Const<1_usize>, ArrayStorage<_, 6_usize, 1_usize>>` in the current scope
[INFO] [stdout]    --> tests/tests.rs:120:25
[INFO] [stdout]     |
[INFO] [stdout] 120 |     assert_eq_and_type!(point![1, 2, 3, 4, 5, 6], Point6::new(1, 2, 3, 4, 5, 6));
[INFO] [stdout]     |                         ^^^^^^^^^^^^^^^^^^^^^^^^ function or associated item not found in `Matrix<_, Const<6_usize>, Const<1_usize>, ArrayStorage<_, 6_usize, 1_usize>>`
[INFO] [stdout]     |
[INFO] [stdout]     = note: this error originates in the macro `point` (in Nightly builds, run with -Z macro-backtrace for more info)
[INFO] [stdout] 
[INFO] [stdout] 
[INFO] [stdout] error[E0599]: no function or associated item named `from_array_storage` found for struct `Matrix<_, Const<6_usize>, Const<1_usize>, ArrayStorage<_, 6_usize, 1_usize>>` in the current scope
[INFO] [stdout]    --> tests/tests.rs:120:25
[INFO] [stdout]     |
[INFO] [stdout] 120 |     assert_eq_and_type!(point![1, 2, 3, 4, 5, 6], Point6::new(1, 2, 3, 4, 5, 6));
[INFO] [stdout]     |                         ^^^^^^^^^^^^^^^^^^^^^^^^ function or associated item not found in `Matrix<_, Const<6_usize>, Const<1_usize>, ArrayStorage<_, 6_usize, 1_usize>>`
[INFO] [stdout]     |
[INFO] [stdout]     = note: this error originates in the macro `point` (in Nightly builds, run with -Z macro-backtrace for more info)
[INFO] [stdout] 
[INFO] [stdout] 
[INFO] [stdout] error[E0599]: no function or associated item named `from_vec_storage` found for struct `Matrix` in the current scope
[INFO] [stdout]    --> tests/tests.rs:145:25
[INFO] [stdout]     |
[INFO] [stdout] 145 |     assert_eq_and_type!(dvector![], DVector::<i32>::zeros(0));
[INFO] [stdout]     |                         ^^^^^^^^^^ function or associated item not found in `Matrix<_, Dynamic, Const<1_usize>, VecStorage<_, Dynamic, Const<1_usize>>>`
[INFO] [stdout]     |
[INFO] [stdout]     = note: this error originates in the macro `dvector` (in Nightly builds, run with -Z macro-backtrace for more info)
[INFO] [stdout] 
[INFO] [stdout] 
[INFO] [stdout] error[E0599]: no function or associated item named `from_vec_storage` found for struct `Matrix` in the current scope
[INFO] [stdout]    --> tests/tests.rs:145:25
[INFO] [stdout]     |
[INFO] [stdout] 145 |     assert_eq_and_type!(dvector![], DVector::<i32>::zeros(0));
[INFO] [stdout]     |                         ^^^^^^^^^^ function or associated item not found in `Matrix<_, Dynamic, Const<1_usize>, VecStorage<_, Dynamic, Const<1_usize>>>`
[INFO] [stdout]     |
[INFO] [stdout]     = note: this error originates in the macro `dvector` (in Nightly builds, run with -Z macro-backtrace for more info)
[INFO] [stdout] 
[INFO] [stdout] 
[INFO] [stdout] error[E0599]: no function or associated item named `from_vec_storage` found for struct `Matrix` in the current scope
[INFO] [stdout]    --> tests/tests.rs:146:25
[INFO] [stdout]     |
[INFO] [stdout] 146 |     assert_eq_and_type!(dvector![1], DVector::from_column_slice(&[1]));
[INFO] [stdout]     |                         ^^^^^^^^^^^ function or associated item not found in `Matrix<_, Dynamic, Const<1_usize>, VecStorage<_, Dynamic, Const<1_usize>>>`
[INFO] [stdout]     |
[INFO] [stdout]     = note: this error originates in the macro `dvector` (in Nightly builds, run with -Z macro-backtrace for more info)
[INFO] [stdout] 
[INFO] [stdout] 
[INFO] [stdout] error[E0599]: no function or associated item named `from_vec_storage` found for struct `Matrix` in the current scope
[INFO] [stdout]    --> tests/tests.rs:146:25
[INFO] [stdout]     |
[INFO] [stdout] 146 |     assert_eq_and_type!(dvector![1], DVector::from_column_slice(&[1]));
[INFO] [stdout]     |                         ^^^^^^^^^^^ function or associated item not found in `Matrix<_, Dynamic, Const<1_usize>, VecStorage<_, Dynamic, Const<1_usize>>>`
[INFO] [stdout]     |
[INFO] [stdout]     = note: this error originates in the macro `dvector` (in Nightly builds, run with -Z macro-backtrace for more info)
[INFO] [stdout] 
[INFO] [stdout] 
[INFO] [stdout] error[E0599]: no function or associated item named `from_vec_storage` found for struct `Matrix` in the current scope
[INFO] [stdout]    --> tests/tests.rs:147:25
[INFO] [stdout]     |
[INFO] [stdout] 147 |     assert_eq_and_type!(dvector![1, 2], DVector::from_column_slice(&[1, 2]));
[INFO] [stdout]     |                         ^^^^^^^^^^^^^^ function or associated item not found in `Matrix<_, Dynamic, Const<1_usize>, VecStorage<_, Dynamic, Const<1_usize>>>`
[INFO] [stdout]     |
[INFO] [stdout]     = note: this error originates in the macro `dvector` (in Nightly builds, run with -Z macro-backtrace for more info)
[INFO] [stdout] 
[INFO] [stdout] 
[INFO] [stdout] error[E0599]: no function or associated item named `from_vec_storage` found for struct `Matrix` in the current scope
[INFO] [stdout]    --> tests/tests.rs:147:25
[INFO] [stdout]     |
[INFO] [stdout] 147 |     assert_eq_and_type!(dvector![1, 2], DVector::from_column_slice(&[1, 2]));
[INFO] [stdout]     |                         ^^^^^^^^^^^^^^ function or associated item not found in `Matrix<_, Dynamic, Const<1_usize>, VecStorage<_, Dynamic, Const<1_usize>>>`
[INFO] [stdout]     |
[INFO] [stdout]     = note: this error originates in the macro `dvector` (in Nightly builds, run with -Z macro-backtrace for more info)
[INFO] [stdout] 
[INFO] [stdout] 
[INFO] [stdout] error[E0599]: no function or associated item named `from_vec_storage` found for struct `Matrix` in the current scope
[INFO] [stdout]    --> tests/tests.rs:148:25
[INFO] [stdout]     |
[INFO] [stdout] 148 |     assert_eq_and_type!(dvector![1, 2, 3], DVector::from_column_slice(&[1, 2, 3]));
[INFO] [stdout]     |                         ^^^^^^^^^^^^^^^^^ function or associated item not found in `Matrix<_, Dynamic, Const<1_usize>, VecStorage<_, Dynamic, Const<1_usize>>>`
[INFO] [stdout]     |
[INFO] [stdout]     = note: this error originates in the macro `dvector` (in Nightly builds, run with -Z macro-backtrace for more info)
[INFO] [stdout] 
[INFO] [stdout] 
[INFO] [stdout] error[E0599]: no function or associated item named `from_vec_storage` found for struct `Matrix` in the current scope
[INFO] [stdout]    --> tests/tests.rs:148:25
[INFO] [stdout]     |
[INFO] [stdout] 148 |     assert_eq_and_type!(dvector![1, 2, 3], DVector::from_column_slice(&[1, 2, 3]));
[INFO] [stdout]     |                         ^^^^^^^^^^^^^^^^^ function or associated item not found in `Matrix<_, Dynamic, Const<1_usize>, VecStorage<_, Dynamic, Const<1_usize>>>`
[INFO] [stdout]     |
[INFO] [stdout]     = note: this error originates in the macro `dvector` (in Nightly builds, run with -Z macro-backtrace for more info)
[INFO] [stdout] 
[INFO] [stdout] 
[INFO] [stdout] error[E0599]: no function or associated item named `from_vec_storage` found for struct `Matrix` in the current scope
[INFO] [stdout]    --> tests/tests.rs:149:25
[INFO] [stdout]     |
[INFO] [stdout] 149 |     assert_eq_and_type!(dvector![1, 2, 3, 4], DVector::from_column_slice(&[1, 2, 3, 4]));
[INFO] [stdout]     |                         ^^^^^^^^^^^^^^^^^^^^ function or associated item not found in `Matrix<_, Dynamic, Const<1_usize>, VecStorage<_, Dynamic, Const<1_usize>>>`
[INFO] [stdout]     |
[INFO] [stdout]     = note: this error originates in the macro `dvector` (in Nightly builds, run with -Z macro-backtrace for more info)
[INFO] [stdout] 
[INFO] [stdout] 
[INFO] [stdout] error[E0599]: no function or associated item named `from_vec_storage` found for struct `Matrix` in the current scope
[INFO] [stdout]    --> tests/tests.rs:149:25
[INFO] [stdout]     |
[INFO] [stdout] 149 |     assert_eq_and_type!(dvector![1, 2, 3, 4], DVector::from_column_slice(&[1, 2, 3, 4]));
[INFO] [stdout]     |                         ^^^^^^^^^^^^^^^^^^^^ function or associated item not found in `Matrix<_, Dynamic, Const<1_usize>, VecStorage<_, Dynamic, Const<1_usize>>>`
[INFO] [stdout]     |
[INFO] [stdout]     = note: this error originates in the macro `dvector` (in Nightly builds, run with -Z macro-backtrace for more info)
[INFO] [stdout] 
[INFO] [stdout] 
[INFO] [stdout] error[E0599]: no function or associated item named `from_vec_storage` found for struct `Matrix` in the current scope
[INFO] [stdout]    --> tests/tests.rs:150:25
[INFO] [stdout]     |
[INFO] [stdout] 150 |     assert_eq_and_type!(dvector![1, 2, 3, 4, 5], DVector::from_column_slice(&[1, 2, 3, 4, 5]));
[INFO] [stdout]     |                         ^^^^^^^^^^^^^^^^^^^^^^^ function or associated item not found in `Matrix<_, Dynamic, Const<1_usize>, VecStorage<_, Dynamic, Const<1_usize>>>`
[INFO] [stdout]     |
[INFO] [stdout]     = note: this error originates in the macro `dvector` (in Nightly builds, run with -Z macro-backtrace for more info)
[INFO] [stdout] 
[INFO] [stdout] 
[INFO] [stdout] error[E0599]: no function or associated item named `from_vec_storage` found for struct `Matrix` in the current scope
[INFO] [stdout]    --> tests/tests.rs:150:25
[INFO] [stdout]     |
[INFO] [stdout] 150 |     assert_eq_and_type!(dvector![1, 2, 3, 4, 5], DVector::from_column_slice(&[1, 2, 3, 4, 5]));
[INFO] [stdout]     |                         ^^^^^^^^^^^^^^^^^^^^^^^ function or associated item not found in `Matrix<_, Dynamic, Const<1_usize>, VecStorage<_, Dynamic, Const<1_usize>>>`
[INFO] [stdout]     |
[INFO] [stdout]     = note: this error originates in the macro `dvector` (in Nightly builds, run with -Z macro-backtrace for more info)
[INFO] [stdout] 
[INFO] [stdout] 
[INFO] [stdout] error[E0599]: no function or associated item named `from_vec_storage` found for struct `Matrix` in the current scope
[INFO] [stdout]    --> tests/tests.rs:151:25
[INFO] [stdout]     |
[INFO] [stdout] 151 |     assert_eq_and_type!(dvector![1, 2, 3, 4, 5, 6], DVector::from_column_slice(&[1, 2, 3, 4, 5, 6]));
[INFO] [stdout]     |                         ^^^^^^^^^^^^^^^^^^^^^^^^^^ function or associated item not found in `Matrix<_, Dynamic, Const<1_usize>, VecStorage<_, Dynamic, Const<1_usize>>>`
[INFO] [stdout]     |
[INFO] [stdout]     = note: this error originates in the macro `dvector` (in Nightly builds, run with -Z macro-backtrace for more info)
[INFO] [stdout] 
[INFO] [stdout] 
[INFO] [stdout] error[E0599]: no function or associated item named `from_vec_storage` found for struct `Matrix` in the current scope
[INFO] [stdout]    --> tests/tests.rs:151:25
[INFO] [stdout]     |
[INFO] [stdout] 151 |     assert_eq_and_type!(dvector![1, 2, 3, 4, 5, 6], DVector::from_column_slice(&[1, 2, 3, 4, 5, 6]));
[INFO] [stdout]     |                         ^^^^^^^^^^^^^^^^^^^^^^^^^^ function or associated item not found in `Matrix<_, Dynamic, Const<1_usize>, VecStorage<_, Dynamic, Const<1_usize>>>`
[INFO] [stdout]     |
[INFO] [stdout]     = note: this error originates in the macro `dvector` (in Nightly builds, run with -Z macro-backtrace for more info)
[INFO] [stdout] 
[INFO] [stdout] 
[INFO] [stdout] error[E0599]: no function or associated item named `from_vec_storage` found for struct `Matrix` in the current scope
[INFO] [stdout]    --> tests/tests.rs:207:26
[INFO] [stdout]     |
[INFO] [stdout] 207 |     let _: DMatrix<i8> = dmatrix![0, 1; 2, 3];
[INFO] [stdout]     |                          ^^^^^^^^^^^^^^^^^^^^ function or associated item not found in `Matrix<_, Dynamic, Dynamic, VecStorage<_, Dynamic, Dynamic>>`
[INFO] [stdout]     |
[INFO] [stdout]     = note: this error originates in the macro `dmatrix` (in Nightly builds, run with -Z macro-backtrace for more info)
[INFO] [stdout] 
[INFO] [stdout] 
[INFO] [stdout] error[E0599]: no function or associated item named `from_vec_storage` found for struct `Matrix` in the current scope
[INFO] [stdout]    --> tests/tests.rs:208:27
[INFO] [stdout]     |
[INFO] [stdout] 208 |     let _: DMatrix<i16> = dmatrix![0, 1; 2, 3];
[INFO] [stdout]     |                           ^^^^^^^^^^^^^^^^^^^^ function or associated item not found in `Matrix<_, Dynamic, Dynamic, VecStorage<_, Dynamic, Dynamic>>`
[INFO] [stdout]     |
[INFO] [stdout]     = note: this error originates in the macro `dmatrix` (in Nightly builds, run with -Z macro-backtrace for more info)
[INFO] [stdout] 
[INFO] [stdout] 
[INFO] [stdout] error[E0599]: no function or associated item named `from_vec_storage` found for struct `Matrix` in the current scope
[INFO] [stdout]    --> tests/tests.rs:209:27
[INFO] [stdout]     |
[INFO] [stdout] 209 |     let _: DMatrix<i32> = dmatrix![0, 1; 2, 3];
[INFO] [stdout]     |                           ^^^^^^^^^^^^^^^^^^^^ function or associated item not found in `Matrix<_, Dynamic, Dynamic, VecStorage<_, Dynamic, Dynamic>>`
[INFO] [stdout]     |
[INFO] [stdout]     = note: this error originates in the macro `dmatrix` (in Nightly builds, run with -Z macro-backtrace for more info)
[INFO] [stdout] 
[INFO] [stdout] 
[INFO] [stdout] error[E0599]: no function or associated item named `from_vec_storage` found for struct `Matrix` in the current scope
[INFO] [stdout]    --> tests/tests.rs:210:27
[INFO] [stdout]     |
[INFO] [stdout] 210 |     let _: DMatrix<i64> = dmatrix![0, 1; 2, 3];
[INFO] [stdout]     |                           ^^^^^^^^^^^^^^^^^^^^ function or associated item not found in `Matrix<_, Dynamic, Dynamic, VecStorage<_, Dynamic, Dynamic>>`
[INFO] [stdout]     |
[INFO] [stdout]     = note: this error originates in the macro `dmatrix` (in Nightly builds, run with -Z macro-backtrace for more info)
[INFO] [stdout] 
[INFO] [stdout] 
[INFO] [stdout] error[E0599]: no function or associated item named `from_vec_storage` found for struct `Matrix` in the current scope
[INFO] [stdout]    --> tests/tests.rs:211:29
[INFO] [stdout]     |
[INFO] [stdout] 211 |     let _: DMatrix<isize> = dmatrix![0, 1; 2, 3];
[INFO] [stdout]     |                             ^^^^^^^^^^^^^^^^^^^^ function or associated item not found in `Matrix<_, Dynamic, Dynamic, VecStorage<_, Dynamic, Dynamic>>`
[INFO] [stdout]     |
[INFO] [stdout]     = note: this error originates in the macro `dmatrix` (in Nightly builds, run with -Z macro-backtrace for more info)
[INFO] [stdout] 
[INFO] [stdout] 
[INFO] [stdout] error[E0599]: no function or associated item named `from_vec_storage` found for struct `Matrix` in the current scope
[INFO] [stdout]    --> tests/tests.rs:212:26
[INFO] [stdout]     |
[INFO] [stdout] 212 |     let _: DMatrix<u8> = dmatrix![0, 1; 2, 3];
[INFO] [stdout]     |                          ^^^^^^^^^^^^^^^^^^^^ function or associated item not found in `Matrix<_, Dynamic, Dynamic, VecStorage<_, Dynamic, Dynamic>>`
[INFO] [stdout]     |
[INFO] [stdout]     = note: this error originates in the macro `dmatrix` (in Nightly builds, run with -Z macro-backtrace for more info)
[INFO] [stdout] 
[INFO] [stdout] 
[INFO] [stdout] error[E0599]: no function or associated item named `from_vec_storage` found for struct `Matrix` in the current scope
[INFO] [stdout]    --> tests/tests.rs:213:27
[INFO] [stdout]     |
[INFO] [stdout] 213 |     let _: DMatrix<u16> = dmatrix![0, 1; 2, 3];
[INFO] [stdout]     |                           ^^^^^^^^^^^^^^^^^^^^ function or associated item not found in `Matrix<_, Dynamic, Dynamic, VecStorage<_, Dynamic, Dynamic>>`
[INFO] [stdout]     |
[INFO] [stdout]     = note: this error originates in the macro `dmatrix` (in Nightly builds, run with -Z macro-backtrace for more info)
[INFO] [stdout] 
[INFO] [stdout] 
[INFO] [stdout] error[E0599]: no function or associated item named `from_vec_storage` found for struct `Matrix` in the current scope
[INFO] [stdout]    --> tests/tests.rs:214:27
[INFO] [stdout]     |
[INFO] [stdout] 214 |     let _: DMatrix<u32> = dmatrix![0, 1; 2, 3];
[INFO] [stdout]     |                           ^^^^^^^^^^^^^^^^^^^^ function or associated item not found in `Matrix<_, Dynamic, Dynamic, VecStorage<_, Dynamic, Dynamic>>`
[INFO] [stdout]     |
[INFO] [stdout]     = note: this error originates in the macro `dmatrix` (in Nightly builds, run with -Z macro-backtrace for more info)
[INFO] [stdout] 
[INFO] [stdout] 
[INFO] [stdout] error[E0599]: no function or associated item named `from_vec_storage` found for struct `Matrix` in the current scope
[INFO] [stdout]    --> tests/tests.rs:215:27
[INFO] [stdout]     |
[INFO] [stdout] 215 |     let _: DMatrix<u64> = dmatrix![0, 1; 2, 3];
[INFO] [stdout]     |                           ^^^^^^^^^^^^^^^^^^^^ function or associated item not found in `Matrix<_, Dynamic, Dynamic, VecStorage<_, Dynamic, Dynamic>>`
[INFO] [stdout]     |
[INFO] [stdout]     = note: this error originates in the macro `dmatrix` (in Nightly builds, run with -Z macro-backtrace for more info)
[INFO] [stdout] 
[INFO] [stdout] 
[INFO] [stdout] error[E0599]: no function or associated item named `from_vec_storage` found for struct `Matrix` in the current scope
[INFO] [stdout]    --> tests/tests.rs:216:29
[INFO] [stdout]     |
[INFO] [stdout] 216 |     let _: DMatrix<usize> = dmatrix![0, 1; 2, 3];
[INFO] [stdout]     |                             ^^^^^^^^^^^^^^^^^^^^ function or associated item not found in `Matrix<_, Dynamic, Dynamic, VecStorage<_, Dynamic, Dynamic>>`
[INFO] [stdout]     |
[INFO] [stdout]     = note: this error originates in the macro `dmatrix` (in Nightly builds, run with -Z macro-backtrace for more info)
[INFO] [stdout] 
[INFO] [stdout] 
[INFO] [stdout] error[E0599]: no function or associated item named `from_vec_storage` found for struct `Matrix` in the current scope
[INFO] [stdout]    --> tests/tests.rs:217:27
[INFO] [stdout]     |
[INFO] [stdout] 217 |     let _: DMatrix<f32> = dmatrix![0.0, 1.0; 2.0, 3.0];
[INFO] [stdout]     |                           ^^^^^^^^^^^^^^^^^^^^^^^^^^^^ function or associated item not found in `Matrix<_, Dynamic, Dynamic, VecStorage<_, Dynamic, Dynamic>>`
[INFO] [stdout]     |
[INFO] [stdout]     = note: this error originates in the macro `dmatrix` (in Nightly builds, run with -Z macro-backtrace for more info)
[INFO] [stdout] 
[INFO] [stdout] 
[INFO] [stdout] error[E0599]: no function or associated item named `from_vec_storage` found for struct `Matrix` in the current scope
[INFO] [stdout]    --> tests/tests.rs:218:27
[INFO] [stdout]     |
[INFO] [stdout] 218 |     let _: DMatrix<f64> = dmatrix![0.0, 1.0; 2.0, 3.0];
[INFO] [stdout]     |                           ^^^^^^^^^^^^^^^^^^^^^^^^^^^^ function or associated item not found in `Matrix<_, Dynamic, Dynamic, VecStorage<_, Dynamic, Dynamic>>`
[INFO] [stdout]     |
[INFO] [stdout]     = note: this error originates in the macro `dmatrix` (in Nightly builds, run with -Z macro-backtrace for more info)
[INFO] [stdout] 
[INFO] [stdout] 
[INFO] [stdout] error[E0599]: no function or associated item named `from_vec_storage` found for struct `Matrix` in the current scope
[INFO] [stdout]    --> tests/tests.rs:241:26
[INFO] [stdout]     |
[INFO] [stdout] 241 |     let _: DVector<i8> = dvector![0, 1, 2, 3];
[INFO] [stdout]     |                          ^^^^^^^^^^^^^^^^^^^^ function or associated item not found in `Matrix<_, Dynamic, Const<1_usize>, VecStorage<_, Dynamic, Const<1_usize>>>`
[INFO] [stdout]     |
[INFO] [stdout]     = note: this error originates in the macro `dvector` (in Nightly builds, run with -Z macro-backtrace for more info)
[INFO] [stdout] 
[INFO] [stdout] 
[INFO] [stdout] error[E0599]: no function or associated item named `from_vec_storage` found for struct `Matrix` in the current scope
[INFO] [stdout]    --> tests/tests.rs:242:27
[INFO] [stdout]     |
[INFO] [stdout] 242 |     let _: DVector<i16> = dvector![0, 1, 2, 3];
[INFO] [stdout]     |                           ^^^^^^^^^^^^^^^^^^^^ function or associated item not found in `Matrix<_, Dynamic, Const<1_usize>, VecStorage<_, Dynamic, Const<1_usize>>>`
[INFO] [stdout]     |
[INFO] [stdout]     = note: this error originates in the macro `dvector` (in Nightly builds, run with -Z macro-backtrace for more info)
[INFO] [stdout] 
[INFO] [stdout] 
[INFO] [stdout] error[E0599]: no function or associated item named `from_vec_storage` found for struct `Matrix` in the current scope
[INFO] [stdout]    --> tests/tests.rs:243:27
[INFO] [stdout]     |
[INFO] [stdout] 243 |     let _: DVector<i32> = dvector![0, 1, 2, 3];
[INFO] [stdout]     |                           ^^^^^^^^^^^^^^^^^^^^ function or associated item not found in `Matrix<_, Dynamic, Const<1_usize>, VecStorage<_, Dynamic, Const<1_usize>>>`
[INFO] [stdout]     |
[INFO] [stdout]     = note: this error originates in the macro `dvector` (in Nightly builds, run with -Z macro-backtrace for more info)
[INFO] [stdout] 
[INFO] [stdout] 
[INFO] [stdout] error[E0599]: no function or associated item named `from_vec_storage` found for struct `Matrix` in the current scope
[INFO] [stdout]    --> tests/tests.rs:244:27
[INFO] [stdout]     |
[INFO] [stdout] 244 |     let _: DVector<i64> = dvector![0, 1, 2, 3];
[INFO] [stdout]     |                           ^^^^^^^^^^^^^^^^^^^^ function or associated item not found in `Matrix<_, Dynamic, Const<1_usize>, VecStorage<_, Dynamic, Const<1_usize>>>`
[INFO] [stdout]     |
[INFO] [stdout]     = note: this error originates in the macro `dvector` (in Nightly builds, run with -Z macro-backtrace for more info)
[INFO] [stdout] 
[INFO] [stdout] 
[INFO] [stdout] error[E0599]: no function or associated item named `from_vec_storage` found for struct `Matrix` in the current scope
[INFO] [stdout]    --> tests/tests.rs:245:29
[INFO] [stdout]     |
[INFO] [stdout] 245 |     let _: DVector<isize> = dvector![0, 1, 2, 3];
[INFO] [stdout]     |                             ^^^^^^^^^^^^^^^^^^^^ function or associated item not found in `Matrix<_, Dynamic, Const<1_usize>, VecStorage<_, Dynamic, Const<1_usize>>>`
[INFO] [stdout]     |
[INFO] [stdout]     = note: this error originates in the macro `dvector` (in Nightly builds, run with -Z macro-backtrace for more info)
[INFO] [stdout] 
[INFO] [stdout] 
[INFO] [stdout] error[E0599]: no function or associated item named `from_vec_storage` found for struct `Matrix` in the current scope
[INFO] [stdout]    --> tests/tests.rs:246:26
[INFO] [stdout]     |
[INFO] [stdout] 246 |     let _: DVector<u8> = dvector![0, 1, 2, 3];
[INFO] [stdout]     |                          ^^^^^^^^^^^^^^^^^^^^ function or associated item not found in `Matrix<_, Dynamic, Const<1_usize>, VecStorage<_, Dynamic, Const<1_usize>>>`
[INFO] [stdout]     |
[INFO] [stdout]     = note: this error originates in the macro `dvector` (in Nightly builds, run with -Z macro-backtrace for more info)
[INFO] [stdout] 
[INFO] [stdout] 
[INFO] [stdout] error[E0599]: no function or associated item named `from_vec_storage` found for struct `Matrix` in the current scope
[INFO] [stdout]    --> tests/tests.rs:247:27
[INFO] [stdout]     |
[INFO] [stdout] 247 |     let _: DVector<u16> = dvector![0, 1, 2, 3];
[INFO] [stdout]     |                           ^^^^^^^^^^^^^^^^^^^^ function or associated item not found in `Matrix<_, Dynamic, Const<1_usize>, VecStorage<_, Dynamic, Const<1_usize>>>`
[INFO] [stdout]     |
[INFO] [stdout]     = note: this error originates in the macro `dvector` (in Nightly builds, run with -Z macro-backtrace for more info)
[INFO] [stdout] 
[INFO] [stdout] 
[INFO] [stdout] error[E0599]: no function or associated item named `from_vec_storage` found for struct `Matrix` in the current scope
[INFO] [stdout]    --> tests/tests.rs:248:27
[INFO] [stdout]     |
[INFO] [stdout] 248 |     let _: DVector<u32> = dvector![0, 1, 2, 3];
[INFO] [stdout]     |                           ^^^^^^^^^^^^^^^^^^^^ function or associated item not found in `Matrix<_, Dynamic, Const<1_usize>, VecStorage<_, Dynamic, Const<1_usize>>>`
[INFO] [stdout]     |
[INFO] [stdout]     = note: this error originates in the macro `dvector` (in Nightly builds, run with -Z macro-backtrace for more info)
[INFO] [stdout] 
[INFO] [stdout] 
[INFO] [stdout] error[E0599]: no function or associated item named `from_vec_storage` found for struct `Matrix` in the current scope
[INFO] [stdout]    --> tests/tests.rs:249:27
[INFO] [stdout]     |
[INFO] [stdout] 249 |     let _: DVector<u64> = dvector![0, 1, 2, 3];
[INFO] [stdout]     |                           ^^^^^^^^^^^^^^^^^^^^ function or associated item not found in `Matrix<_, Dynamic, Const<1_usize>, VecStorage<_, Dynamic, Const<1_usize>>>`
[INFO] [stdout]     |
[INFO] [stdout]     = note: this error originates in the macro `dvector` (in Nightly builds, run with -Z macro-backtrace for more info)
[INFO] [stdout] 
[INFO] [stdout] 
[INFO] [stdout] error[E0599]: no function or associated item named `from_vec_storage` found for struct `Matrix` in the current scope
[INFO] [stdout]    --> tests/tests.rs:250:29
[INFO] [stdout]     |
[INFO] [stdout] 250 |     let _: DVector<usize> = dvector![0, 1, 2, 3];
[INFO] [stdout]     |                             ^^^^^^^^^^^^^^^^^^^^ function or associated item not found in `Matrix<_, Dynamic, Const<1_usize>, VecStorage<_, Dynamic, Const<1_usize>>>`
[INFO] [stdout]     |
[INFO] [stdout]     = note: this error originates in the macro `dvector` (in Nightly builds, run with -Z macro-backtrace for more info)
[INFO] [stdout] 
[INFO] [stdout] 
[INFO] [stdout] error[E0599]: no function or associated item named `from_vec_storage` found for struct `Matrix` in the current scope
[INFO] [stdout]    --> tests/tests.rs:251:27
[INFO] [stdout]     |
[INFO] [stdout] 251 |     let _: DVector<f32> = dvector![0.0, 1.0, 2.0, 3.0];
[INFO] [stdout]     |                           ^^^^^^^^^^^^^^^^^^^^^^^^^^^^ function or associated item not found in `Matrix<_, Dynamic, Const<1_usize>, VecStorage<_, Dynamic, Const<1_usize>>>`
[INFO] [stdout]     |
[INFO] [stdout]     = note: this error originates in the macro `dvector` (in Nightly builds, run with -Z macro-backtrace for more info)
[INFO] [stdout] 
[INFO] [stdout] 
[INFO] [stdout] error[E0599]: no function or associated item named `from_vec_storage` found for struct `Matrix` in the current scope
[INFO] [stdout]    --> tests/tests.rs:252:27
[INFO] [stdout]     |
[INFO] [stdout] 252 |     let _: DVector<f64> = dvector![0.0, 1.0, 2.0, 3.0];
[INFO] [stdout]     |                           ^^^^^^^^^^^^^^^^^^^^^^^^^^^^ function or associated item not found in `Matrix<_, Dynamic, Const<1_usize>, VecStorage<_, Dynamic, Const<1_usize>>>`
[INFO] [stdout]     |
[INFO] [stdout]     = note: this error originates in the macro `dvector` (in Nightly builds, run with -Z macro-backtrace for more info)
[INFO] [stdout] 
[INFO] [stdout] 
[INFO] [stdout] error[E0599]: no function or associated item named `from_array_storage` found for struct `Matrix<_, Const<2_usize>, Const<2_usize>, ArrayStorage<_, 2_usize, 2_usize>>` in the current scope
[INFO] [stdout]    --> tests/tests.rs:264:13
[INFO] [stdout]     |
[INFO] [stdout] 264 |       let a = matrix![1 + 2       ,     2 * 3;
[INFO] [stdout]     |  _____________^
[INFO] [stdout] 265 | |                     4 * f(5 + 6), 7 - 8 * 9];
[INFO] [stdout]     | |____________________________________________^ function or associated item not found in `Matrix<_, Const<2_usize>, Const<2_usize>, ArrayStorage<_, 2_usize, 2_usize>>`
[INFO] [stdout]     |
[INFO] [stdout]     = note: this error originates in the macro `matrix` (in Nightly builds, run with -Z macro-backtrace for more info)
[INFO] [stdout] 
[INFO] [stdout] 
[INFO] [stdout] error[E0599]: no function or associated item named `from_vec_storage` found for struct `Matrix` in the current scope
[INFO] [stdout]    --> tests/tests.rs:275:13
[INFO] [stdout]     |
[INFO] [stdout] 275 |       let a = dmatrix![1 + 2       ,     2 * 3;
[INFO] [stdout]     |  _____________^
[INFO] [stdout] 276 | |                      4 * f(5 + 6), 7 - 8 * 9];
[INFO] [stdout]     | |_____________________________________________^ function or associated item not found in `Matrix<_, Dynamic, Dynamic, VecStorage<_, Dynamic, Dynamic>>`
[INFO] [stdout]     |
[INFO] [stdout]     = note: this error originates in the macro `dmatrix` (in Nightly builds, run with -Z macro-backtrace for more info)
[INFO] [stdout] 
[INFO] [stdout] 
[INFO] [stdout] error[E0599]: no function or associated item named `from_array_storage` found for struct `Matrix<_, Const<4_usize>, Const<1_usize>, ArrayStorage<_, 4_usize, 1_usize>>` in the current scope
[INFO] [stdout]    --> tests/tests.rs:286:13
[INFO] [stdout]     |
[INFO] [stdout] 286 |     let a = vector![1 + 2, 2 * 3, 4 * f(5 + 6), 7 - 8 * 9];
[INFO] [stdout]     |             ^^^^^^^^^^^^^^^^^^^^^^^^^^^^^^^^^^^^^^^^^^^^^^ function or associated item not found in `Matrix<_, Const<4_usize>, Const<1_usize>, ArrayStorage<_, 4_usize, 1_usize>>`
[INFO] [stdout]     |
[INFO] [stdout]     = note: this error originates in the macro `vector` (in Nightly builds, run with -Z macro-backtrace for more info)
[INFO] [stdout] 
[INFO] [stdout] 
[INFO] [stdout] error[E0599]: no function or associated item named `from_array_storage` found for struct `Matrix<_, Const<4_usize>, Const<1_usize>, ArrayStorage<_, 4_usize, 1_usize>>` in the current scope
[INFO] [stdout]    --> tests/tests.rs:295:13
[INFO] [stdout]     |
[INFO] [stdout] 295 |     let a = point![1 + 2, 2 * 3, 4 * f(5 + 6), 7 - 8 * 9];
[INFO] [stdout]     |             ^^^^^^^^^^^^^^^^^^^^^^^^^^^^^^^^^^^^^^^^^^^^^ function or associated item not found in `Matrix<_, Const<4_usize>, Const<1_usize>, ArrayStorage<_, 4_usize, 1_usize>>`
[INFO] [stdout]     |
[INFO] [stdout]     = note: this error originates in the macro `point` (in Nightly builds, run with -Z macro-backtrace for more info)
[INFO] [stdout] 
[INFO] [stdout] 
[INFO] [stdout] error[E0599]: no function or associated item named `from_vec_storage` found for struct `Matrix` in the current scope
[INFO] [stdout]    --> tests/tests.rs:304:13
[INFO] [stdout]     |
[INFO] [stdout] 304 |     let a = dvector![1 + 2, 2 * 3, 4 * f(5 + 6), 7 - 8 * 9];
[INFO] [stdout]     |             ^^^^^^^^^^^^^^^^^^^^^^^^^^^^^^^^^^^^^^^^^^^^^^^ function or associated item not found in `Matrix<_, Dynamic, Const<1_usize>, VecStorage<_, Dynamic, Const<1_usize>>>`
[INFO] [stdout]     |
[INFO] [stdout]     = note: this error originates in the macro `dvector` (in Nightly builds, run with -Z macro-backtrace for more info)
[INFO] [stdout] 
[INFO] [stdout] 
[INFO] [stdout] error: aborting due to 186 previous errors
[INFO] [stdout] 
[INFO] [stdout] 
[INFO] [stdout] For more information about this error, try `rustc --explain E0599`.
[INFO] [stdout] 
[INFO] [stderr] error: could not compile `nalgebra-macros`
[INFO] [stderr] 
[INFO] [stderr] To learn more, run the command again with --verbose.
[INFO] running `Command { std: "docker" "inspect" "3083036c1f2d61a99407a5c94c36028b9d8c00f9fcf9d1d8657a9a2183349e73", kill_on_drop: false }`
[INFO] running `Command { std: "docker" "rm" "-f" "3083036c1f2d61a99407a5c94c36028b9d8c00f9fcf9d1d8657a9a2183349e73", kill_on_drop: false }`
[INFO] [stdout] 3083036c1f2d61a99407a5c94c36028b9d8c00f9fcf9d1d8657a9a2183349e73
