[INFO] fetching crate nad2000-minigrep 0.1.1...
[INFO] testing nad2000-minigrep-0.1.1 against 1.54.0 for beta-1.55-1
[INFO] extracting crate nad2000-minigrep 0.1.1 into /workspace/builds/worker-2/source
[INFO] validating manifest of crates.io crate nad2000-minigrep 0.1.1 on toolchain 1.54.0
[INFO] running `Command { std: "/workspace/cargo-home/bin/cargo" "+1.54.0" "metadata" "--manifest-path" "Cargo.toml" "--no-deps", kill_on_drop: false }`
[INFO] started tweaking crates.io crate nad2000-minigrep 0.1.1
[INFO] finished tweaking crates.io crate nad2000-minigrep 0.1.1
[INFO] tweaked toml for crates.io crate nad2000-minigrep 0.1.1 written to /workspace/builds/worker-2/source/Cargo.toml
[INFO] crate crates.io crate nad2000-minigrep 0.1.1 already has a lockfile, it will not be regenerated
[INFO] running `Command { std: "/workspace/cargo-home/bin/cargo" "+1.54.0" "fetch" "--manifest-path" "Cargo.toml", kill_on_drop: false }`
[INFO] running `Command { std: "docker" "create" "-v" "/var/lib/crater-agent-workspace/builds/worker-2/target:/opt/rustwide/target:rw,Z" "-v" "/var/lib/crater-agent-workspace/builds/worker-2/source:/opt/rustwide/workdir:ro,Z" "-v" "/var/lib/crater-agent-workspace/cargo-home:/opt/rustwide/cargo-home:ro,Z" "-v" "/var/lib/crater-agent-workspace/rustup-home:/opt/rustwide/rustup-home:ro,Z" "-e" "SOURCE_DIR=/opt/rustwide/workdir" "-e" "CARGO_TARGET_DIR=/opt/rustwide/target" "-e" "CARGO_HOME=/opt/rustwide/cargo-home" "-e" "RUSTUP_HOME=/opt/rustwide/rustup-home" "-w" "/opt/rustwide/workdir" "-m" "1610612736" "--user" "0:0" "--network" "none" "ghcr.io/rust-lang/crates-build-env/linux@sha256:34b6a614d2c27851fe6cbf88fbd1137609cefab8b10d0615aaeb6fd47975d74e" "/opt/rustwide/cargo-home/bin/cargo" "+1.54.0" "metadata" "--no-deps" "--format-version=1", kill_on_drop: false }`
[INFO] [stdout] 9d95be1d6979e68e7cef64ae1b539ef5efa42bf4907d28fd0e64c281e563d551
[INFO] [stderr] WARNING: Your kernel does not support swap limit capabilities or the cgroup is not mounted. Memory limited without swap.
[INFO] running `Command { std: "docker" "start" "-a" "9d95be1d6979e68e7cef64ae1b539ef5efa42bf4907d28fd0e64c281e563d551", kill_on_drop: false }`
[INFO] running `Command { std: "docker" "inspect" "9d95be1d6979e68e7cef64ae1b539ef5efa42bf4907d28fd0e64c281e563d551", kill_on_drop: false }`
[INFO] running `Command { std: "docker" "rm" "-f" "9d95be1d6979e68e7cef64ae1b539ef5efa42bf4907d28fd0e64c281e563d551", kill_on_drop: false }`
[INFO] [stdout] 9d95be1d6979e68e7cef64ae1b539ef5efa42bf4907d28fd0e64c281e563d551
[INFO] running `Command { std: "docker" "create" "-v" "/var/lib/crater-agent-workspace/builds/worker-2/target:/opt/rustwide/target:rw,Z" "-v" "/var/lib/crater-agent-workspace/builds/worker-2/source:/opt/rustwide/workdir:ro,Z" "-v" "/var/lib/crater-agent-workspace/cargo-home:/opt/rustwide/cargo-home:ro,Z" "-v" "/var/lib/crater-agent-workspace/rustup-home:/opt/rustwide/rustup-home:ro,Z" "-e" "SOURCE_DIR=/opt/rustwide/workdir" "-e" "CARGO_TARGET_DIR=/opt/rustwide/target" "-e" "CARGO_INCREMENTAL=0" "-e" "RUST_BACKTRACE=full" "-e" "RUSTFLAGS=--cap-lints=warn" "-e" "CARGO_HOME=/opt/rustwide/cargo-home" "-e" "RUSTUP_HOME=/opt/rustwide/rustup-home" "-w" "/opt/rustwide/workdir" "-m" "1610612736" "--user" "0:0" "--network" "none" "ghcr.io/rust-lang/crates-build-env/linux@sha256:34b6a614d2c27851fe6cbf88fbd1137609cefab8b10d0615aaeb6fd47975d74e" "/opt/rustwide/cargo-home/bin/cargo" "+1.54.0" "build" "--frozen" "--message-format=json", kill_on_drop: false }`
[INFO] [stderr] WARNING: Your kernel does not support swap limit capabilities or the cgroup is not mounted. Memory limited without swap.
[INFO] [stdout] 1892254aca111d75f3b303873885ba2907c9712373561aff3e1399d8fa5c1caa
[INFO] running `Command { std: "docker" "start" "-a" "1892254aca111d75f3b303873885ba2907c9712373561aff3e1399d8fa5c1caa", kill_on_drop: false }`
[INFO] [stderr]    Compiling nad2000-minigrep v0.1.1 (/opt/rustwide/workdir)
[INFO] [stderr]     Finished dev [unoptimized + debuginfo] target(s) in 1.54s
[INFO] running `Command { std: "docker" "inspect" "1892254aca111d75f3b303873885ba2907c9712373561aff3e1399d8fa5c1caa", kill_on_drop: false }`
[INFO] running `Command { std: "docker" "rm" "-f" "1892254aca111d75f3b303873885ba2907c9712373561aff3e1399d8fa5c1caa", kill_on_drop: false }`
[INFO] [stdout] 1892254aca111d75f3b303873885ba2907c9712373561aff3e1399d8fa5c1caa
[INFO] running `Command { std: "docker" "create" "-v" "/var/lib/crater-agent-workspace/builds/worker-2/target:/opt/rustwide/target:rw,Z" "-v" "/var/lib/crater-agent-workspace/builds/worker-2/source:/opt/rustwide/workdir:ro,Z" "-v" "/var/lib/crater-agent-workspace/cargo-home:/opt/rustwide/cargo-home:ro,Z" "-v" "/var/lib/crater-agent-workspace/rustup-home:/opt/rustwide/rustup-home:ro,Z" "-e" "SOURCE_DIR=/opt/rustwide/workdir" "-e" "CARGO_TARGET_DIR=/opt/rustwide/target" "-e" "CARGO_INCREMENTAL=0" "-e" "RUST_BACKTRACE=full" "-e" "RUSTFLAGS=--cap-lints=warn" "-e" "CARGO_HOME=/opt/rustwide/cargo-home" "-e" "RUSTUP_HOME=/opt/rustwide/rustup-home" "-w" "/opt/rustwide/workdir" "-m" "1610612736" "--user" "0:0" "--network" "none" "ghcr.io/rust-lang/crates-build-env/linux@sha256:34b6a614d2c27851fe6cbf88fbd1137609cefab8b10d0615aaeb6fd47975d74e" "/opt/rustwide/cargo-home/bin/cargo" "+1.54.0" "test" "--frozen" "--no-run" "--message-format=json", kill_on_drop: false }`
[INFO] [stderr] WARNING: Your kernel does not support swap limit capabilities or the cgroup is not mounted. Memory limited without swap.
[INFO] [stdout] 38a3f3806a7ef52b02023c03a1c9e4a25731230f3cdf9a4ce2abdd5176c760b6
[INFO] running `Command { std: "docker" "start" "-a" "38a3f3806a7ef52b02023c03a1c9e4a25731230f3cdf9a4ce2abdd5176c760b6", kill_on_drop: false }`
[INFO] [stderr]    Compiling nad2000-minigrep v0.1.1 (/opt/rustwide/workdir)
[INFO] [stdout] error[E0432]: unresolved import `minigrep`
[INFO] [stdout]  --> tests/test.rs:1:5
[INFO] [stdout]   |
[INFO] [stdout] 1 | use minigrep::*;
[INFO] [stdout]   |     ^^^^^^^^ use of undeclared crate or module `minigrep`
[INFO] [stdout] 
[INFO] [stdout] 
[INFO] [stdout] error[E0425]: cannot find function `search` in this scope
[INFO] [stdout]   --> tests/test.rs:11:49
[INFO] [stdout]    |
[INFO] [stdout] 11 |     assert_eq!(vec!["safe, fast, productive."], search(query, contents));
[INFO] [stdout]    |                                                 ^^^^^^ not found in this scope
[INFO] [stdout]    |
[INFO] [stdout] help: consider importing this function
[INFO] [stdout]    |
[INFO] [stdout] 1  | use nad2000_minigrep::search;
[INFO] [stdout]    |
[INFO] [stdout] 
[INFO] [stdout] 
[INFO] [stdout] error[E0425]: cannot find function `search_case_insensitive` in this scope
[INFO] [stdout]   --> tests/test.rs:25:9
[INFO] [stdout]    |
[INFO] [stdout] 25 |         search_case_insensitive(query, contents)
[INFO] [stdout]    |         ^^^^^^^^^^^^^^^^^^^^^^^ not found in this scope
[INFO] [stdout]    |
[INFO] [stdout] help: consider importing this function
[INFO] [stdout]    |
[INFO] [stdout] 1  | use nad2000_minigrep::search_case_insensitive;
[INFO] [stdout]    |
[INFO] [stdout] 
[INFO] [stdout] 
[INFO] [stdout] error: aborting due to 3 previous errors
[INFO] [stdout] 
[INFO] [stdout] 
[INFO] [stdout] Some errors have detailed explanations: E0425, E0432.
[INFO] [stdout] 
[INFO] [stdout] For more information about an error, try `rustc --explain E0425`.
[INFO] [stdout] 
[INFO] [stderr] error: could not compile `nad2000-minigrep`
[INFO] [stderr] 
[INFO] [stderr] To learn more, run the command again with --verbose.
[INFO] [stderr] warning: build failed, waiting for other jobs to finish...
[INFO] [stderr] error: build failed
[INFO] running `Command { std: "docker" "inspect" "38a3f3806a7ef52b02023c03a1c9e4a25731230f3cdf9a4ce2abdd5176c760b6", kill_on_drop: false }`
[INFO] running `Command { std: "docker" "rm" "-f" "38a3f3806a7ef52b02023c03a1c9e4a25731230f3cdf9a4ce2abdd5176c760b6", kill_on_drop: false }`
[INFO] [stdout] 38a3f3806a7ef52b02023c03a1c9e4a25731230f3cdf9a4ce2abdd5176c760b6
