[INFO] fetching crate multidim 0.0.1...
[INFO] testing multidim-0.0.1 against 1.54.0 for beta-1.55-1
[INFO] extracting crate multidim 0.0.1 into /workspace/builds/worker-0/source
[INFO] validating manifest of crates.io crate multidim 0.0.1 on toolchain 1.54.0
[INFO] running `Command { std: "/workspace/cargo-home/bin/cargo" "+1.54.0" "metadata" "--manifest-path" "Cargo.toml" "--no-deps", kill_on_drop: false }`
[INFO] started tweaking crates.io crate multidim 0.0.1
[INFO] finished tweaking crates.io crate multidim 0.0.1
[INFO] tweaked toml for crates.io crate multidim 0.0.1 written to /workspace/builds/worker-0/source/Cargo.toml
[INFO] running `Command { std: "/workspace/cargo-home/bin/cargo" "+1.54.0" "generate-lockfile" "--manifest-path" "Cargo.toml" "-Zno-index-update", kill_on_drop: false }`
[INFO] running `Command { std: "/workspace/cargo-home/bin/cargo" "+1.54.0" "fetch" "--manifest-path" "Cargo.toml", kill_on_drop: false }`
[INFO] running `Command { std: "docker" "create" "-v" "/var/lib/crater-agent-workspace/builds/worker-0/target:/opt/rustwide/target:rw,Z" "-v" "/var/lib/crater-agent-workspace/builds/worker-0/source:/opt/rustwide/workdir:ro,Z" "-v" "/var/lib/crater-agent-workspace/cargo-home:/opt/rustwide/cargo-home:ro,Z" "-v" "/var/lib/crater-agent-workspace/rustup-home:/opt/rustwide/rustup-home:ro,Z" "-e" "SOURCE_DIR=/opt/rustwide/workdir" "-e" "CARGO_TARGET_DIR=/opt/rustwide/target" "-e" "CARGO_HOME=/opt/rustwide/cargo-home" "-e" "RUSTUP_HOME=/opt/rustwide/rustup-home" "-w" "/opt/rustwide/workdir" "-m" "1610612736" "--user" "0:0" "--network" "none" "ghcr.io/rust-lang/crates-build-env/linux@sha256:34b6a614d2c27851fe6cbf88fbd1137609cefab8b10d0615aaeb6fd47975d74e" "/opt/rustwide/cargo-home/bin/cargo" "+1.54.0" "metadata" "--no-deps" "--format-version=1", kill_on_drop: false }`
[INFO] [stdout] 0cd54d05edf9c6522e03d5f2cbcc8740e98b857c489e4fab0058f3afd819b5b1
[INFO] [stderr] WARNING: Your kernel does not support swap limit capabilities or the cgroup is not mounted. Memory limited without swap.
[INFO] running `Command { std: "docker" "start" "-a" "0cd54d05edf9c6522e03d5f2cbcc8740e98b857c489e4fab0058f3afd819b5b1", kill_on_drop: false }`
[INFO] running `Command { std: "docker" "inspect" "0cd54d05edf9c6522e03d5f2cbcc8740e98b857c489e4fab0058f3afd819b5b1", kill_on_drop: false }`
[INFO] running `Command { std: "docker" "rm" "-f" "0cd54d05edf9c6522e03d5f2cbcc8740e98b857c489e4fab0058f3afd819b5b1", kill_on_drop: false }`
[INFO] [stdout] 0cd54d05edf9c6522e03d5f2cbcc8740e98b857c489e4fab0058f3afd819b5b1
[INFO] running `Command { std: "docker" "create" "-v" "/var/lib/crater-agent-workspace/builds/worker-0/target:/opt/rustwide/target:rw,Z" "-v" "/var/lib/crater-agent-workspace/builds/worker-0/source:/opt/rustwide/workdir:ro,Z" "-v" "/var/lib/crater-agent-workspace/cargo-home:/opt/rustwide/cargo-home:ro,Z" "-v" "/var/lib/crater-agent-workspace/rustup-home:/opt/rustwide/rustup-home:ro,Z" "-e" "SOURCE_DIR=/opt/rustwide/workdir" "-e" "CARGO_TARGET_DIR=/opt/rustwide/target" "-e" "CARGO_INCREMENTAL=0" "-e" "RUST_BACKTRACE=full" "-e" "RUSTFLAGS=--cap-lints=warn" "-e" "CARGO_HOME=/opt/rustwide/cargo-home" "-e" "RUSTUP_HOME=/opt/rustwide/rustup-home" "-w" "/opt/rustwide/workdir" "-m" "1610612736" "--user" "0:0" "--network" "none" "ghcr.io/rust-lang/crates-build-env/linux@sha256:34b6a614d2c27851fe6cbf88fbd1137609cefab8b10d0615aaeb6fd47975d74e" "/opt/rustwide/cargo-home/bin/cargo" "+1.54.0" "build" "--frozen" "--message-format=json", kill_on_drop: false }`
[INFO] [stdout] 693cfe04dd998a15bbe857f66043a489c53ff91ede60c6202204efb3e3258e36
[INFO] [stderr] WARNING: Your kernel does not support swap limit capabilities or the cgroup is not mounted. Memory limited without swap.
[INFO] running `Command { std: "docker" "start" "-a" "693cfe04dd998a15bbe857f66043a489c53ff91ede60c6202204efb3e3258e36", kill_on_drop: false }`
[INFO] [stderr]    Compiling multidim v0.0.1 (/opt/rustwide/workdir)
[INFO] [stdout] error[E0412]: cannot find type `uint` in this scope
[INFO] [stdout]   --> src/lib.rs:14:8
[INFO] [stdout]    |
[INFO] [stdout] 14 |     rows: uint,
[INFO] [stdout]    |           ^^^^ not found in this scope
[INFO] [stdout] 
[INFO] [stdout] 
[INFO] [stdout] error[E0412]: cannot find type `uint` in this scope
[INFO] [stdout]   --> src/lib.rs:15:8
[INFO] [stdout]    |
[INFO] [stdout] 15 |     cols: uint,
[INFO] [stdout]    |           ^^^^ not found in this scope
[INFO] [stdout] 
[INFO] [stdout] 
[INFO] [stdout] error[E0412]: cannot find type `uint` in this scope
[INFO] [stdout]   --> src/lib.rs:19:25
[INFO] [stdout]    |
[INFO] [stdout] 19 |     pub fn from_elem(rows: uint, cols: uint, e: T) -> Matrix<T> {
[INFO] [stdout]    |                            ^^^^ not found in this scope
[INFO] [stdout] 
[INFO] [stdout] 
[INFO] [stdout] error[E0412]: cannot find type `uint` in this scope
[INFO] [stdout]   --> src/lib.rs:19:37
[INFO] [stdout]    |
[INFO] [stdout] 19 |     pub fn from_elem(rows: uint, cols: uint, e: T) -> Matrix<T> {
[INFO] [stdout]    |                                        ^^^^ not found in this scope
[INFO] [stdout] 
[INFO] [stdout] 
[INFO] [stdout] error[E0412]: cannot find type `uint` in this scope
[INFO] [stdout]   --> src/lib.rs:29:23
[INFO] [stdout]    |
[INFO] [stdout] 29 |     pub fn default(rows: uint, cols: uint) -> Matrix<T> {
[INFO] [stdout]    |                          ^^^^ not found in this scope
[INFO] [stdout] 
[INFO] [stdout] 
[INFO] [stdout] error[E0412]: cannot find type `uint` in this scope
[INFO] [stdout]   --> src/lib.rs:29:35
[INFO] [stdout]    |
[INFO] [stdout] 29 |     pub fn default(rows: uint, cols: uint) -> Matrix<T> {
[INFO] [stdout]    |                                      ^^^^ not found in this scope
[INFO] [stdout] 
[INFO] [stdout] 
[INFO] [stdout] error[E0412]: cannot find type `uint` in this scope
[INFO] [stdout]   --> src/lib.rs:35:24
[INFO] [stdout]    |
[INFO] [stdout] 35 |     pub fn rows(&self) -> uint { self.rows }
[INFO] [stdout]    |                           ^^^^ not found in this scope
[INFO] [stdout] 
[INFO] [stdout] 
[INFO] [stdout] error[E0412]: cannot find type `uint` in this scope
[INFO] [stdout]   --> src/lib.rs:36:24
[INFO] [stdout]    |
[INFO] [stdout] 36 |     pub fn cols(&self) -> uint { self.cols }
[INFO] [stdout]    |                           ^^^^ not found in this scope
[INFO] [stdout] 
[INFO] [stdout] 
[INFO] [stdout] error[E0405]: cannot find trait `Index` in this scope
[INFO] [stdout]   --> src/lib.rs:39:9
[INFO] [stdout]    |
[INFO] [stdout] 39 | impl<T> Index<(uint, uint), T> for Matrix<T> {
[INFO] [stdout]    |         ^^^^^ not found in this scope
[INFO] [stdout]    |
[INFO] [stdout] help: consider importing this trait
[INFO] [stdout]    |
[INFO] [stdout] 9  | use std::ops::Index;
[INFO] [stdout]    |
[INFO] [stdout] 
[INFO] [stdout] 
[INFO] [stdout] error[E0412]: cannot find type `uint` in this scope
[INFO] [stdout]   --> src/lib.rs:39:16
[INFO] [stdout]    |
[INFO] [stdout] 39 | impl<T> Index<(uint, uint), T> for Matrix<T> {
[INFO] [stdout]    |       -        ^^^^ not found in this scope
[INFO] [stdout]    |       |
[INFO] [stdout]    |       help: you might be missing a type parameter: `, uint`
[INFO] [stdout] 
[INFO] [stdout] 
[INFO] [stdout] error[E0412]: cannot find type `uint` in this scope
[INFO] [stdout]   --> src/lib.rs:39:22
[INFO] [stdout]    |
[INFO] [stdout] 39 | impl<T> Index<(uint, uint), T> for Matrix<T> {
[INFO] [stdout]    |       -              ^^^^ not found in this scope
[INFO] [stdout]    |       |
[INFO] [stdout]    |       help: you might be missing a type parameter: `, uint`
[INFO] [stdout] 
[INFO] [stdout] 
[INFO] [stdout] error[E0412]: cannot find type `uint` in this scope
[INFO] [stdout]   --> src/lib.rs:40:33
[INFO] [stdout]    |
[INFO] [stdout] 40 |     fn index(&self, &(row, col): &(uint, uint)) -> &T {
[INFO] [stdout]    |                                    ^^^^ not found in this scope
[INFO] [stdout] 
[INFO] [stdout] 
[INFO] [stdout] error[E0412]: cannot find type `uint` in this scope
[INFO] [stdout]   --> src/lib.rs:40:39
[INFO] [stdout]    |
[INFO] [stdout] 40 |     fn index(&self, &(row, col): &(uint, uint)) -> &T {
[INFO] [stdout]    |                                          ^^^^ not found in this scope
[INFO] [stdout] 
[INFO] [stdout] 
[INFO] [stdout] error[E0405]: cannot find trait `IndexMut` in this scope
[INFO] [stdout]   --> src/lib.rs:45:9
[INFO] [stdout]    |
[INFO] [stdout] 45 | impl<T> IndexMut<(uint, uint), T> for Matrix<T> {
[INFO] [stdout]    |         ^^^^^^^^ not found in this scope
[INFO] [stdout]    |
[INFO] [stdout] help: consider importing this trait
[INFO] [stdout]    |
[INFO] [stdout] 9  | use std::ops::IndexMut;
[INFO] [stdout]    |
[INFO] [stdout] 
[INFO] [stdout] 
[INFO] [stdout] error[E0412]: cannot find type `uint` in this scope
[INFO] [stdout]   --> src/lib.rs:45:19
[INFO] [stdout]    |
[INFO] [stdout] 45 | impl<T> IndexMut<(uint, uint), T> for Matrix<T> {
[INFO] [stdout]    |       -           ^^^^ not found in this scope
[INFO] [stdout]    |       |
[INFO] [stdout]    |       help: you might be missing a type parameter: `, uint`
[INFO] [stdout] 
[INFO] [stdout] 
[INFO] [stdout] error[E0412]: cannot find type `uint` in this scope
[INFO] [stdout]   --> src/lib.rs:45:25
[INFO] [stdout]    |
[INFO] [stdout] 45 | impl<T> IndexMut<(uint, uint), T> for Matrix<T> {
[INFO] [stdout]    |       -                 ^^^^ not found in this scope
[INFO] [stdout]    |       |
[INFO] [stdout]    |       help: you might be missing a type parameter: `, uint`
[INFO] [stdout] 
[INFO] [stdout] 
[INFO] [stdout] error[E0412]: cannot find type `uint` in this scope
[INFO] [stdout]   --> src/lib.rs:46:41
[INFO] [stdout]    |
[INFO] [stdout] 46 |     fn index_mut(&mut self, &(row, col): &(uint, uint)) -> &mut T {
[INFO] [stdout]    |                                            ^^^^ not found in this scope
[INFO] [stdout] 
[INFO] [stdout] 
[INFO] [stdout] error[E0412]: cannot find type `uint` in this scope
[INFO] [stdout]   --> src/lib.rs:46:47
[INFO] [stdout]    |
[INFO] [stdout] 46 |     fn index_mut(&mut self, &(row, col): &(uint, uint)) -> &mut T {
[INFO] [stdout]    |                                                  ^^^^ not found in this scope
[INFO] [stdout] 
[INFO] [stdout] 
[INFO] [stdout] error: aborting due to 18 previous errors
[INFO] [stdout] 
[INFO] [stdout] 
[INFO] [stdout] Some errors have detailed explanations: E0405, E0412.
[INFO] [stdout] 
[INFO] [stdout] For more information about an error, try `rustc --explain E0405`.
[INFO] [stdout] 
[INFO] [stderr] error: could not compile `multidim`
[INFO] [stderr] 
[INFO] [stderr] To learn more, run the command again with --verbose.
[INFO] running `Command { std: "docker" "inspect" "693cfe04dd998a15bbe857f66043a489c53ff91ede60c6202204efb3e3258e36", kill_on_drop: false }`
[INFO] running `Command { std: "docker" "rm" "-f" "693cfe04dd998a15bbe857f66043a489c53ff91ede60c6202204efb3e3258e36", kill_on_drop: false }`
[INFO] [stdout] 693cfe04dd998a15bbe857f66043a489c53ff91ede60c6202204efb3e3258e36
