[INFO] fetching crate multi-skill 0.1.2...
[INFO] testing multi-skill-0.1.2 against 1.54.0 for beta-1.55-1
[INFO] extracting crate multi-skill 0.1.2 into /workspace/builds/worker-5/source
[INFO] validating manifest of crates.io crate multi-skill 0.1.2 on toolchain 1.54.0
[INFO] running `Command { std: "/workspace/cargo-home/bin/cargo" "+1.54.0" "metadata" "--manifest-path" "Cargo.toml" "--no-deps", kill_on_drop: false }`
[INFO] started tweaking crates.io crate multi-skill 0.1.2
[INFO] finished tweaking crates.io crate multi-skill 0.1.2
[INFO] tweaked toml for crates.io crate multi-skill 0.1.2 written to /workspace/builds/worker-5/source/Cargo.toml
[INFO] crate crates.io crate multi-skill 0.1.2 already has a lockfile, it will not be regenerated
[INFO] running `Command { std: "/workspace/cargo-home/bin/cargo" "+1.54.0" "fetch" "--manifest-path" "Cargo.toml", kill_on_drop: false }`
[INFO] [stderr]     Blocking waiting for file lock on package cache
[INFO] running `Command { std: "docker" "create" "-v" "/var/lib/crater-agent-workspace/builds/worker-5/target:/opt/rustwide/target:rw,Z" "-v" "/var/lib/crater-agent-workspace/builds/worker-5/source:/opt/rustwide/workdir:ro,Z" "-v" "/var/lib/crater-agent-workspace/cargo-home:/opt/rustwide/cargo-home:ro,Z" "-v" "/var/lib/crater-agent-workspace/rustup-home:/opt/rustwide/rustup-home:ro,Z" "-e" "SOURCE_DIR=/opt/rustwide/workdir" "-e" "CARGO_TARGET_DIR=/opt/rustwide/target" "-e" "CARGO_HOME=/opt/rustwide/cargo-home" "-e" "RUSTUP_HOME=/opt/rustwide/rustup-home" "-w" "/opt/rustwide/workdir" "-m" "1610612736" "--user" "0:0" "--network" "none" "ghcr.io/rust-lang/crates-build-env/linux@sha256:34b6a614d2c27851fe6cbf88fbd1137609cefab8b10d0615aaeb6fd47975d74e" "/opt/rustwide/cargo-home/bin/cargo" "+1.54.0" "metadata" "--no-deps" "--format-version=1", kill_on_drop: false }`
[INFO] [stdout] c727e2f5c4cc1963aa87d6d32141e84be8d45d14dc6b5879718bbda99bd47fbf
[INFO] [stderr] WARNING: Your kernel does not support swap limit capabilities or the cgroup is not mounted. Memory limited without swap.
[INFO] running `Command { std: "docker" "start" "-a" "c727e2f5c4cc1963aa87d6d32141e84be8d45d14dc6b5879718bbda99bd47fbf", kill_on_drop: false }`
[INFO] running `Command { std: "docker" "inspect" "c727e2f5c4cc1963aa87d6d32141e84be8d45d14dc6b5879718bbda99bd47fbf", kill_on_drop: false }`
[INFO] running `Command { std: "docker" "rm" "-f" "c727e2f5c4cc1963aa87d6d32141e84be8d45d14dc6b5879718bbda99bd47fbf", kill_on_drop: false }`
[INFO] [stdout] c727e2f5c4cc1963aa87d6d32141e84be8d45d14dc6b5879718bbda99bd47fbf
[INFO] running `Command { std: "docker" "create" "-v" "/var/lib/crater-agent-workspace/builds/worker-5/target:/opt/rustwide/target:rw,Z" "-v" "/var/lib/crater-agent-workspace/builds/worker-5/source:/opt/rustwide/workdir:ro,Z" "-v" "/var/lib/crater-agent-workspace/cargo-home:/opt/rustwide/cargo-home:ro,Z" "-v" "/var/lib/crater-agent-workspace/rustup-home:/opt/rustwide/rustup-home:ro,Z" "-e" "SOURCE_DIR=/opt/rustwide/workdir" "-e" "CARGO_TARGET_DIR=/opt/rustwide/target" "-e" "CARGO_INCREMENTAL=0" "-e" "RUST_BACKTRACE=full" "-e" "RUSTFLAGS=--cap-lints=warn" "-e" "CARGO_HOME=/opt/rustwide/cargo-home" "-e" "RUSTUP_HOME=/opt/rustwide/rustup-home" "-w" "/opt/rustwide/workdir" "-m" "1610612736" "--user" "0:0" "--network" "none" "ghcr.io/rust-lang/crates-build-env/linux@sha256:34b6a614d2c27851fe6cbf88fbd1137609cefab8b10d0615aaeb6fd47975d74e" "/opt/rustwide/cargo-home/bin/cargo" "+1.54.0" "build" "--frozen" "--message-format=json", kill_on_drop: false }`
[INFO] [stdout] 390fcabc3c29725b26b0cfdba334b4af540dba9087af1e61c2822c3e57f41020
[INFO] [stderr] WARNING: Your kernel does not support swap limit capabilities or the cgroup is not mounted. Memory limited without swap.
[INFO] running `Command { std: "docker" "start" "-a" "390fcabc3c29725b26b0cfdba334b4af540dba9087af1e61c2822c3e57f41020", kill_on_drop: false }`
[INFO] [stderr]    Compiling libc v0.2.85
[INFO] [stderr]    Compiling syn v1.0.60
[INFO] [stderr]    Compiling overload v0.1.1
[INFO] [stderr]    Compiling tokio v1.1.1
[INFO] [stderr]    Compiling openssl-sys v0.9.60
[INFO] [stderr]    Compiling futures-task v0.3.12
[INFO] [stderr]    Compiling futures-channel v0.3.12
[INFO] [stderr]    Compiling regex-automata v0.1.9
[INFO] [stderr]    Compiling tendril v0.4.2
[INFO] [stderr]    Compiling tracing v0.1.22
[INFO] [stderr]    Compiling phf v0.8.0
[INFO] [stderr]    Compiling http-body v0.4.0
[INFO] [stderr]    Compiling unicode-normalization v0.1.16
[INFO] [stderr]    Compiling float-cmp v0.8.0
[INFO] [stderr]    Compiling futures-util v0.3.12
[INFO] [stderr]    Compiling idna v0.2.0
[INFO] [stderr]    Compiling openssl v0.10.32
[INFO] [stderr]    Compiling native-tls v0.2.7
[INFO] [stderr]    Compiling getrandom v0.1.16
[INFO] [stderr]    Compiling num_cpus v1.13.0
[INFO] [stderr]    Compiling mio v0.7.7
[INFO] [stderr]    Compiling socket2 v0.3.19
[INFO] [stderr]    Compiling time v0.1.43
[INFO] [stderr]    Compiling rayon-core v1.9.0
[INFO] [stderr]    Compiling rand_core v0.5.1
[INFO] [stderr]    Compiling url v2.2.0
[INFO] [stderr]    Compiling rand_pcg v0.2.1
[INFO] [stderr]    Compiling rand_chacha v0.2.2
[INFO] [stderr]    Compiling rand v0.7.3
[INFO] [stderr]    Compiling rayon v1.5.0
[INFO] [stderr]    Compiling phf_generator v0.8.0
[INFO] [stderr]    Compiling rand_distr v0.2.2
[INFO] [stderr]    Compiling string_cache_codegen v0.5.1
[INFO] [stderr]    Compiling phf_codegen v0.8.0
[INFO] [stderr]    Compiling nalgebra v0.19.0
[INFO] [stderr]    Compiling tokio-util v0.6.3
[INFO] [stderr]    Compiling tokio-native-tls v0.3.0
[INFO] [stderr]    Compiling serde_derive v1.0.123
[INFO] [stderr]    Compiling pin-project-internal v0.4.27
[INFO] [stderr]    Compiling html5ever v0.25.1
[INFO] [stderr]    Compiling pin-project-internal v1.0.4
[INFO] [stderr]    Compiling pin-project v1.0.4
[INFO] [stderr]    Compiling pin-project v0.4.27
[INFO] [stderr]    Compiling tracing-futures v0.2.4
[INFO] [stderr]    Compiling h2 v0.3.0
[INFO] [stderr]    Compiling serde v1.0.123
[INFO] [stderr]    Compiling hyper v0.14.2
[INFO] [stderr]    Compiling serde_json v1.0.61
[INFO] [stderr]    Compiling string_cache v0.8.1
[INFO] [stderr]    Compiling bstr v0.2.14
[INFO] [stderr]    Compiling serde_urlencoded v0.7.0
[INFO] [stderr]    Compiling statrs v0.13.0
[INFO] [stderr]    Compiling hyper-tls v0.5.0
[INFO] [stderr]    Compiling csv v1.1.5
[INFO] [stderr]    Compiling reqwest v0.11.0
[INFO] [stderr]    Compiling markup5ever v0.10.0
[INFO] [stderr]    Compiling xml5ever v0.16.1
[INFO] [stderr]    Compiling markup5ever_rcdom v0.1.0
[INFO] [stderr]    Compiling select v0.6.0-alpha.1
[INFO] [stderr]    Compiling multi-skill v0.1.2 (/opt/rustwide/workdir)
[INFO] [stdout] warning: derive helper attribute is used before it is introduced
[INFO] [stdout]   --> src/data_processing/cf_api.rs:19:3
[INFO] [stdout]    |
[INFO] [stdout] 19 | #[serde(rename_all = "camelCase")]
[INFO] [stdout]    |   ^^^^^
[INFO] [stdout] 20 | #[derive(Serialize, Deserialize)]
[INFO] [stdout]    |          --------- the attribute is introduced here
[INFO] [stdout]    |
[INFO] [stdout]    = note: `#[warn(legacy_derive_helpers)]` on by default
[INFO] [stdout]    = warning: this was previously accepted by the compiler but is being phased out; it will become a hard error in a future release!
[INFO] [stdout]    = note: for more information, see issue #79202 <https://github.com/rust-lang/rust/issues/79202>
[INFO] [stdout] 
[INFO] [stdout] 
[INFO] [stdout] warning: panic message is not a string literal
[INFO] [stdout]    --> src/data_processing/cf_api.rs:142:50
[INFO] [stdout]     |
[INFO] [stdout] 142 |         CFResponse::FAILED { comment } => panic!(comment),
[INFO] [stdout]     |                                                  ^^^^^^^
[INFO] [stdout]     |
[INFO] [stdout]     = note: `#[warn(non_fmt_panic)]` on by default
[INFO] [stdout]     = note: this is no longer accepted in Rust 2021
[INFO] [stdout] help: add a "{}" format string to Display the message
[INFO] [stdout]     |
[INFO] [stdout] 142 |         CFResponse::FAILED { comment } => panic!("{}", comment),
[INFO] [stdout]     |                                                  ^^^^^
[INFO] [stdout] help: or use std::panic::panic_any instead
[INFO] [stdout]     |
[INFO] [stdout] 142 |         CFResponse::FAILED { comment } => std::panic::panic_any(comment),
[INFO] [stdout]     |                                           ^^^^^^^^^^^^^^^^^^^^^
[INFO] [stdout] 
[INFO] [stdout] 
[INFO] [stdout] warning: 2 warnings emitted
[INFO] [stdout] 
[INFO] [stdout] 
[INFO] [stdout] warning: derive helper attribute is used before it is introduced
[INFO] [stdout]   --> src/bin/dance.rs:16:3
[INFO] [stdout]    |
[INFO] [stdout] 16 | #[serde(rename_all = "camelCase")]
[INFO] [stdout]    |   ^^^^^
[INFO] [stdout] 17 | #[derive(Serialize)]
[INFO] [stdout]    |          --------- the attribute is introduced here
[INFO] [stdout]    |
[INFO] [stdout]    = note: `#[warn(legacy_derive_helpers)]` on by default
[INFO] [stdout]    = warning: this was previously accepted by the compiler but is being phased out; it will become a hard error in a future release!
[INFO] [stdout]    = note: for more information, see issue #79202 <https://github.com/rust-lang/rust/issues/79202>
[INFO] [stdout] 
[INFO] [stdout] 
[INFO] [stdout] warning: unused variable: `client`
[INFO] [stdout]   --> src/bin/dance.rs:78:17
[INFO] [stdout]    |
[INFO] [stdout] 78 | fn process_heat(client: &Client, heat_page: Document) {
[INFO] [stdout]    |                 ^^^^^^ help: if this is intentional, prefix it with an underscore: `_client`
[INFO] [stdout]    |
[INFO] [stdout]    = note: `#[warn(unused_variables)]` on by default
[INFO] [stdout] 
[INFO] [stdout] 
[INFO] [stdout] warning: unused variable: `heat_url`
[INFO] [stdout]    --> src/bin/dance.rs:114:29
[INFO] [stdout]     |
[INFO] [stdout] 114 |                         for heat_url in get_urls(&comp_page).skip(1) {
[INFO] [stdout]     |                             ^^^^^^^^ help: if this is intentional, prefix it with an underscore: `_heat_url`
[INFO] [stdout] 
[INFO] [stdout] 
[INFO] [stdout] warning: function is never used: `process_heat`
[INFO] [stdout]   --> src/bin/dance.rs:78:4
[INFO] [stdout]    |
[INFO] [stdout] 78 | fn process_heat(client: &Client, heat_page: Document) {
[INFO] [stdout]    |    ^^^^^^^^^^^^
[INFO] [stdout]    |
[INFO] [stdout]    = note: `#[warn(dead_code)]` on by default
[INFO] [stdout] 
[INFO] [stdout] 
[INFO] [stdout] error: linking with `cc` failed: exit status: 1
[INFO] [stdout]   |
[INFO] [stdout]   = note: "cc" "-m64" "/opt/rustwide/target/debug/deps/rate-168374e65e51a4e0.rate.eoutet82-cgu.0.rcgu.o" "/opt/rustwide/target/debug/deps/rate-168374e65e51a4e0.rate.eoutet82-cgu.1.rcgu.o" "/opt/rustwide/target/debug/deps/rate-168374e65e51a4e0.rate.eoutet82-cgu.10.rcgu.o" "/opt/rustwide/target/debug/deps/rate-168374e65e51a4e0.rate.eoutet82-cgu.11.rcgu.o" "/opt/rustwide/target/debug/deps/rate-168374e65e51a4e0.rate.eoutet82-cgu.12.rcgu.o" "/opt/rustwide/target/debug/deps/rate-168374e65e51a4e0.rate.eoutet82-cgu.13.rcgu.o" "/opt/rustwide/target/debug/deps/rate-168374e65e51a4e0.rate.eoutet82-cgu.14.rcgu.o" "/opt/rustwide/target/debug/deps/rate-168374e65e51a4e0.rate.eoutet82-cgu.15.rcgu.o" "/opt/rustwide/target/debug/deps/rate-168374e65e51a4e0.rate.eoutet82-cgu.2.rcgu.o" "/opt/rustwide/target/debug/deps/rate-168374e65e51a4e0.rate.eoutet82-cgu.3.rcgu.o" "/opt/rustwide/target/debug/deps/rate-168374e65e51a4e0.rate.eoutet82-cgu.4.rcgu.o" "/opt/rustwide/target/debug/deps/rate-168374e65e51a4e0.rate.eoutet82-cgu.5.rcgu.o" "/opt/rustwide/target/debug/deps/rate-168374e65e51a4e0.rate.eoutet82-cgu.6.rcgu.o" "/opt/rustwide/target/debug/deps/rate-168374e65e51a4e0.rate.eoutet82-cgu.7.rcgu.o" "/opt/rustwide/target/debug/deps/rate-168374e65e51a4e0.rate.eoutet82-cgu.8.rcgu.o" "/opt/rustwide/target/debug/deps/rate-168374e65e51a4e0.rate.eoutet82-cgu.9.rcgu.o" "/opt/rustwide/target/debug/deps/rate-168374e65e51a4e0.bq3xxbh8tb5ke50.rcgu.o" "-Wl,--as-needed" "-L" "/opt/rustwide/target/debug/deps" "-L" "/opt/rustwide/rustup-home/toolchains/1.54.0-x86_64-unknown-linux-gnu/lib/rustlib/x86_64-unknown-linux-gnu/lib" "-Wl,-Bstatic" "/opt/rustwide/target/debug/deps/libmulti_skill-df2f137c16b325fd.rlib" "/opt/rustwide/target/debug/deps/libcsv-34c3bceb7c413afc.rlib" "/opt/rustwide/target/debug/deps/libcsv_core-d10d0c852c922500.rlib" "/opt/rustwide/target/debug/deps/libbstr-9ed5a4488ab3a8a7.rlib" "/opt/rustwide/target/debug/deps/libregex_automata-ee98021197bf6bd2.rlib" "/opt/rustwide/target/debug/deps/libbyteorder-f20222fed640c580.rlib" "/opt/rustwide/target/debug/deps/libstatrs-60472064e800d0c7.rlib" "/opt/rustwide/target/debug/deps/libnalgebra-223fdd85b0b51bd2.rlib" "/opt/rustwide/target/debug/deps/libalga-e233e2d40bdd8a35.rlib" "/opt/rustwide/target/debug/deps/librand_distr-05830cf2c5d04da8.rlib" "/opt/rustwide/target/debug/deps/libnum_rational-ddf9ca1ce8789aba.rlib" "/opt/rustwide/target/debug/deps/libnum_integer-43cf584e9d359484.rlib" "/opt/rustwide/target/debug/deps/libnum_complex-d04098db75a818c2.rlib" "/opt/rustwide/target/debug/deps/libmatrixmultiply-53b5099a593c0d17.rlib" "/opt/rustwide/target/debug/deps/librawpointer-007031bc2b481d22.rlib" "/opt/rustwide/target/debug/deps/libgeneric_array-cbcf18d4107c8371.rlib" "/opt/rustwide/target/debug/deps/libtypenum-65efd23b6c1d4655.rlib" "/opt/rustwide/target/debug/deps/libapprox-6181930bca4389ed.rlib" "/opt/rustwide/target/debug/deps/libnum_traits-3d739b4675cd2573.rlib" "/opt/rustwide/target/debug/deps/liblibm-e98a9e597f9ea657.rlib" "/opt/rustwide/target/debug/deps/librand-b10758b8508e2421.rlib" "/opt/rustwide/target/debug/deps/librand_pcg-5dc727af13066320.rlib" "/opt/rustwide/target/debug/deps/librand_chacha-e248a66121b88f15.rlib" "/opt/rustwide/target/debug/deps/libppv_lite86-545d86392ea1d8e4.rlib" "/opt/rustwide/target/debug/deps/librand_core-9cb033451099d11b.rlib" "/opt/rustwide/target/debug/deps/libgetrandom-e65ef1bf45616f43.rlib" "/opt/rustwide/target/debug/deps/libsuperslice-17e54d652ac49662.rlib" "/opt/rustwide/target/debug/deps/librayon-decaf330c4b74a48.rlib" "/opt/rustwide/target/debug/deps/librayon_core-2d9c370661ac6b9d.rlib" "/opt/rustwide/target/debug/deps/libcrossbeam_deque-1acac6bc20cd5a9e.rlib" "/opt/rustwide/target/debug/deps/libcrossbeam_epoch-2ac6cf2ea130a6e3.rlib" "/opt/rustwide/target/debug/deps/libmemoffset-143a1b8fc5a22334.rlib" "/opt/rustwide/target/debug/deps/libscopeguard-7a1710762e6687e9.rlib" "/opt/rustwide/target/debug/deps/libcrossbeam_channel-52be6dd468f330b9.rlib" "/opt/rustwide/target/debug/deps/libcrossbeam_utils-bd3ce1f3e006581d.rlib" "/opt/rustwide/target/debug/deps/libeither-f222f664e804cb85.rlib" "/opt/rustwide/target/debug/deps/libreqwest-0c1a459a861f764c.rlib" "/opt/rustwide/target/debug/deps/libhyper_tls-c9d25a8e73607a9e.rlib" "/opt/rustwide/target/debug/deps/libipnet-ea18a4d807066a23.rlib" "/opt/rustwide/target/debug/deps/libtokio_native_tls-b5d87594788308e1.rlib" "/opt/rustwide/target/debug/deps/libserde_urlencoded-fc40f4733d72bbbf.rlib" "/opt/rustwide/target/debug/deps/libmime-12522ef5c2462da9.rlib" "/opt/rustwide/target/debug/deps/libencoding_rs-91ec5e92d67b6d3b.rlib" "/opt/rustwide/target/debug/deps/libserde_json-a1dd190a505891d9.rlib" "/opt/rustwide/target/debug/deps/libryu-059aa1fbb24cd15e.rlib" "/opt/rustwide/target/debug/deps/libserde-810f838a8a6618e2.rlib" "/opt/rustwide/target/debug/deps/libbase64-5c7414cfb92860e8.rlib" "/opt/rustwide/target/debug/deps/libnative_tls-827f99fa1668251e.rlib" "/opt/rustwide/target/debug/deps/libopenssl_probe-448ee40efb9df675.rlib" "/opt/rustwide/target/debug/deps/libopenssl-50435506ea7196b6.rlib" "/opt/rustwide/target/debug/deps/libopenssl_sys-c192bba1cfff169e.rlib" "/opt/rustwide/target/debug/deps/libforeign_types-6dd7ccee81750d2f.rlib" "/opt/rustwide/target/debug/deps/libforeign_types_shared-1812f2e1ab1a4883.rlib" "/opt/rustwide/target/debug/deps/libbitflags-f89ae4b715176e2d.rlib" "/opt/rustwide/target/debug/deps/libhyper-dd656b8d84fcbe3b.rlib" "/opt/rustwide/target/debug/deps/libwant-8978c7a581707af0.rlib" "/opt/rustwide/target/debug/deps/libtry_lock-a39996d6fbbee158.rlib" "/opt/rustwide/target/debug/deps/libhttparse-1cca0dce99b95028.rlib" "/opt/rustwide/target/debug/deps/libsocket2-a0b866db1c47feff.rlib" "/opt/rustwide/target/debug/deps/libh2-0135be629f0d38b7.rlib" "/opt/rustwide/target/debug/deps/libtracing_futures-0d37c42ef3793be9.rlib" "/opt/rustwide/target/debug/deps/libpin_project-ffb0bf92b4948817.rlib" "/opt/rustwide/target/debug/deps/libindexmap-2a44ae6762b15c90.rlib" "/opt/rustwide/target/debug/deps/libhashbrown-a70fed2d776e2164.rlib" "/opt/rustwide/target/debug/deps/libtokio_util-d4c2c74babc28a9e.rlib" "/opt/rustwide/target/debug/deps/libfutures_sink-d33c0ea7df8a52ac.rlib" "/opt/rustwide/target/debug/deps/libpin_project-56d2ec9b5a44b72b.rlib" "/opt/rustwide/target/debug/deps/libtower_service-6686e1e00a5b1c4a.rlib" "/opt/rustwide/target/debug/deps/libfutures_channel-24d6cf86da100851.rlib" "/opt/rustwide/target/debug/deps/libtracing-0c9c6240aded432a.rlib" "/opt/rustwide/target/debug/deps/libtracing_core-0927c15890bc5e5e.rlib" "/opt/rustwide/target/debug/deps/libtokio-aae626d0529f5316.rlib" "/opt/rustwide/target/debug/deps/libnum_cpus-2536bafda646d48b.rlib" "/opt/rustwide/target/debug/deps/libmio-e8a771e2f6baa12c.rlib" "/opt/rustwide/target/debug/deps/liblibc-d8550739eff25749.rlib" "/opt/rustwide/target/debug/deps/libhttp_body-9e8b3478127f9881.rlib" "/opt/rustwide/target/debug/deps/liblog-975203197fcf8dc1.rlib" "/opt/rustwide/target/debug/deps/libcfg_if-38c8a3e888ecb06a.rlib" "/opt/rustwide/target/debug/deps/libfutures_util-8dc7e9a161947e58.rlib" "/opt/rustwide/target/debug/deps/libmemchr-9559fd627c3017a7.rlib" "/opt/rustwide/target/debug/deps/libfutures_io-8964924a7e6683a8.rlib" "/opt/rustwide/target/debug/deps/libslab-a95947d689540fa4.rlib" "/opt/rustwide/target/debug/deps/libpin_project_lite-abccb797364aa7f4.rlib" "/opt/rustwide/target/debug/deps/libfutures_task-f0bd228ce81f8ccb.rlib" "/opt/rustwide/target/debug/deps/libonce_cell-5567bc89bfa5a76a.rlib" "/opt/rustwide/target/debug/deps/libpin_utils-576e633f12357c97.rlib" "/opt/rustwide/target/debug/deps/libfutures_core-b9303aed0671cad9.rlib" "/opt/rustwide/target/debug/deps/liblazy_static-5c53d641eb010a81.rlib" "/opt/rustwide/target/debug/deps/liburl-62dd810151f36964.rlib" "/opt/rustwide/target/debug/deps/libidna-7513f305ed61da1b.rlib" "/opt/rustwide/target/debug/deps/libunicode_normalization-15386d95eb96b17d.rlib" "/opt/rustwide/target/debug/deps/libtinyvec-dd4c492ec8be24e7.rlib" "/opt/rustwide/target/debug/deps/libtinyvec_macros-f6b5563d3767ea26.rlib" "/opt/rustwide/target/debug/deps/libunicode_bidi-658b16b5d9bb5631.rlib" "/opt/rustwide/target/debug/deps/libform_urlencoded-c1c18490b4197c1f.rlib" "/opt/rustwide/target/debug/deps/libpercent_encoding-549c334c22432c49.rlib" "/opt/rustwide/target/debug/deps/libmatches-5bfcef5685786a07.rlib" "/opt/rustwide/target/debug/deps/libhttp-ba76b004da8101b9.rlib" "/opt/rustwide/target/debug/deps/libitoa-9ccdb0b3e3d11258.rlib" "/opt/rustwide/target/debug/deps/libbytes-df7cac8fc38da202.rlib" "/opt/rustwide/target/debug/deps/libfnv-56e05e18a5751d51.rlib" "/opt/rustwide/target/debug/deps/liboverload-7906bbfab17af81d.rlib" "-Wl,--start-group" "/opt/rustwide/rustup-home/toolchains/1.54.0-x86_64-unknown-linux-gnu/lib/rustlib/x86_64-unknown-linux-gnu/lib/libstd-2420485b9e5ef5e1.rlib" "/opt/rustwide/rustup-home/toolchains/1.54.0-x86_64-unknown-linux-gnu/lib/rustlib/x86_64-unknown-linux-gnu/lib/libpanic_unwind-785e3cb61c4b1960.rlib" "/opt/rustwide/rustup-home/toolchains/1.54.0-x86_64-unknown-linux-gnu/lib/rustlib/x86_64-unknown-linux-gnu/lib/libminiz_oxide-087191a88bdaa22d.rlib" "/opt/rustwide/rustup-home/toolchains/1.54.0-x86_64-unknown-linux-gnu/lib/rustlib/x86_64-unknown-linux-gnu/lib/libadler-9981842c02975178.rlib" "/opt/rustwide/rustup-home/toolchains/1.54.0-x86_64-unknown-linux-gnu/lib/rustlib/x86_64-unknown-linux-gnu/lib/libobject-6fb405869b015fde.rlib" "/opt/rustwide/rustup-home/toolchains/1.54.0-x86_64-unknown-linux-gnu/lib/rustlib/x86_64-unknown-linux-gnu/lib/libaddr2line-d05c5c3c56004b7b.rlib" "/opt/rustwide/rustup-home/toolchains/1.54.0-x86_64-unknown-linux-gnu/lib/rustlib/x86_64-unknown-linux-gnu/lib/libgimli-42d74d2097528b38.rlib" "/opt/rustwide/rustup-home/toolchains/1.54.0-x86_64-unknown-linux-gnu/lib/rustlib/x86_64-unknown-linux-gnu/lib/libstd_detect-fb36534c113d2209.rlib" "/opt/rustwide/rustup-home/toolchains/1.54.0-x86_64-unknown-linux-gnu/lib/rustlib/x86_64-unknown-linux-gnu/lib/librustc_demangle-b56b9042c12b6535.rlib" "/opt/rustwide/rustup-home/toolchains/1.54.0-x86_64-unknown-linux-gnu/lib/rustlib/x86_64-unknown-linux-gnu/lib/libhashbrown-491902d6cb3e76df.rlib" "/opt/rustwide/rustup-home/toolchains/1.54.0-x86_64-unknown-linux-gnu/lib/rustlib/x86_64-unknown-linux-gnu/lib/librustc_std_workspace_alloc-61834e0981b8c367.rlib" "/opt/rustwide/rustup-home/toolchains/1.54.0-x86_64-unknown-linux-gnu/lib/rustlib/x86_64-unknown-linux-gnu/lib/libunwind-f78aa99d613a55bc.rlib" "/opt/rustwide/rustup-home/toolchains/1.54.0-x86_64-unknown-linux-gnu/lib/rustlib/x86_64-unknown-linux-gnu/lib/libcfg_if-53ee54cd7fed2c57.rlib" "/opt/rustwide/rustup-home/toolchains/1.54.0-x86_64-unknown-linux-gnu/lib/rustlib/x86_64-unknown-linux-gnu/lib/liblibc-544ecdbd6cda3c58.rlib" "/opt/rustwide/rustup-home/toolchains/1.54.0-x86_64-unknown-linux-gnu/lib/rustlib/x86_64-unknown-linux-gnu/lib/liballoc-379cc252b6943a79.rlib" "/opt/rustwide/rustup-home/toolchains/1.54.0-x86_64-unknown-linux-gnu/lib/rustlib/x86_64-unknown-linux-gnu/lib/librustc_std_workspace_core-8063eea38dcc5e62.rlib" "/opt/rustwide/rustup-home/toolchains/1.54.0-x86_64-unknown-linux-gnu/lib/rustlib/x86_64-unknown-linux-gnu/lib/libcore-5b228734afae15ee.rlib" "-Wl,--end-group" "/opt/rustwide/rustup-home/toolchains/1.54.0-x86_64-unknown-linux-gnu/lib/rustlib/x86_64-unknown-linux-gnu/lib/libcompiler_builtins-d6c7a399d95d173f.rlib" "-Wl,-Bdynamic" "-lssl" "-lcrypto" "-lgcc_s" "-lutil" "-lrt" "-lpthread" "-lm" "-ldl" "-lc" "-Wl,--eh-frame-hdr" "-Wl,-znoexecstack" "-L" "/opt/rustwide/rustup-home/toolchains/1.54.0-x86_64-unknown-linux-gnu/lib/rustlib/x86_64-unknown-linux-gnu/lib" "-o" "/opt/rustwide/target/debug/deps/rate-168374e65e51a4e0" "-Wl,--gc-sections" "-pie" "-Wl,-zrelro" "-Wl,-znow" "-nodefaultlibs"
[INFO] [stdout]   = note: collect2: fatal error: ld terminated with signal 9 [Killed]
[INFO] [stdout]           compilation terminated.
[INFO] [stdout]           
[INFO] [stdout] 
[INFO] [stdout] 
[INFO] [stdout] error: aborting due to previous error
[INFO] [stdout] 
[INFO] [stdout] 
[INFO] [stderr] error: could not compile `multi-skill`
[INFO] [stderr] 
[INFO] [stderr] To learn more, run the command again with --verbose.
[INFO] [stderr] warning: build failed, waiting for other jobs to finish...
[INFO] [stdout] warning: 4 warnings emitted
[INFO] [stdout] 
[INFO] [stdout] 
[INFO] [stderr] error: build failed
[INFO] running `Command { std: "docker" "inspect" "390fcabc3c29725b26b0cfdba334b4af540dba9087af1e61c2822c3e57f41020", kill_on_drop: false }`
[INFO] running `Command { std: "docker" "rm" "-f" "390fcabc3c29725b26b0cfdba334b4af540dba9087af1e61c2822c3e57f41020", kill_on_drop: false }`
[INFO] [stdout] 390fcabc3c29725b26b0cfdba334b4af540dba9087af1e61c2822c3e57f41020
