[INFO] fetching crate msiz_rustc-ap-syntax 3.0.0...
[INFO] testing msiz_rustc-ap-syntax-3.0.0 against 1.54.0 for beta-1.55-1
[INFO] extracting crate msiz_rustc-ap-syntax 3.0.0 into /workspace/builds/worker-0/source
[INFO] validating manifest of crates.io crate msiz_rustc-ap-syntax 3.0.0 on toolchain 1.54.0
[INFO] running `Command { std: "/workspace/cargo-home/bin/cargo" "+1.54.0" "metadata" "--manifest-path" "Cargo.toml" "--no-deps", kill_on_drop: false }`
[INFO] started tweaking crates.io crate msiz_rustc-ap-syntax 3.0.0
[INFO] finished tweaking crates.io crate msiz_rustc-ap-syntax 3.0.0
[INFO] tweaked toml for crates.io crate msiz_rustc-ap-syntax 3.0.0 written to /workspace/builds/worker-0/source/Cargo.toml
[INFO] running `Command { std: "/workspace/cargo-home/bin/cargo" "+1.54.0" "generate-lockfile" "--manifest-path" "Cargo.toml" "-Zno-index-update", kill_on_drop: false }`
[INFO] [stderr]     Blocking waiting for file lock on package cache
[INFO] running `Command { std: "/workspace/cargo-home/bin/cargo" "+1.54.0" "fetch" "--manifest-path" "Cargo.toml", kill_on_drop: false }`
[INFO] [stderr]     Blocking waiting for file lock on package cache
[INFO] running `Command { std: "docker" "create" "-v" "/var/lib/crater-agent-workspace/builds/worker-0/target:/opt/rustwide/target:rw,Z" "-v" "/var/lib/crater-agent-workspace/builds/worker-0/source:/opt/rustwide/workdir:ro,Z" "-v" "/var/lib/crater-agent-workspace/cargo-home:/opt/rustwide/cargo-home:ro,Z" "-v" "/var/lib/crater-agent-workspace/rustup-home:/opt/rustwide/rustup-home:ro,Z" "-e" "SOURCE_DIR=/opt/rustwide/workdir" "-e" "CARGO_TARGET_DIR=/opt/rustwide/target" "-e" "CARGO_HOME=/opt/rustwide/cargo-home" "-e" "RUSTUP_HOME=/opt/rustwide/rustup-home" "-w" "/opt/rustwide/workdir" "-m" "1610612736" "--user" "0:0" "--network" "none" "ghcr.io/rust-lang/crates-build-env/linux@sha256:34b6a614d2c27851fe6cbf88fbd1137609cefab8b10d0615aaeb6fd47975d74e" "/opt/rustwide/cargo-home/bin/cargo" "+1.54.0" "metadata" "--no-deps" "--format-version=1", kill_on_drop: false }`
[INFO] [stdout] e2eac89dabaaa3c3f91a86cae10f93ae38e8f4446d7a352c33978ffb8433bb93
[INFO] [stderr] WARNING: Your kernel does not support swap limit capabilities or the cgroup is not mounted. Memory limited without swap.
[INFO] running `Command { std: "docker" "start" "-a" "e2eac89dabaaa3c3f91a86cae10f93ae38e8f4446d7a352c33978ffb8433bb93", kill_on_drop: false }`
[INFO] running `Command { std: "docker" "inspect" "e2eac89dabaaa3c3f91a86cae10f93ae38e8f4446d7a352c33978ffb8433bb93", kill_on_drop: false }`
[INFO] running `Command { std: "docker" "rm" "-f" "e2eac89dabaaa3c3f91a86cae10f93ae38e8f4446d7a352c33978ffb8433bb93", kill_on_drop: false }`
[INFO] [stdout] e2eac89dabaaa3c3f91a86cae10f93ae38e8f4446d7a352c33978ffb8433bb93
[INFO] running `Command { std: "docker" "create" "-v" "/var/lib/crater-agent-workspace/builds/worker-0/target:/opt/rustwide/target:rw,Z" "-v" "/var/lib/crater-agent-workspace/builds/worker-0/source:/opt/rustwide/workdir:ro,Z" "-v" "/var/lib/crater-agent-workspace/cargo-home:/opt/rustwide/cargo-home:ro,Z" "-v" "/var/lib/crater-agent-workspace/rustup-home:/opt/rustwide/rustup-home:ro,Z" "-e" "SOURCE_DIR=/opt/rustwide/workdir" "-e" "CARGO_TARGET_DIR=/opt/rustwide/target" "-e" "CARGO_INCREMENTAL=0" "-e" "RUST_BACKTRACE=full" "-e" "RUSTFLAGS=--cap-lints=warn" "-e" "CARGO_HOME=/opt/rustwide/cargo-home" "-e" "RUSTUP_HOME=/opt/rustwide/rustup-home" "-w" "/opt/rustwide/workdir" "-m" "1610612736" "--user" "0:0" "--network" "none" "ghcr.io/rust-lang/crates-build-env/linux@sha256:34b6a614d2c27851fe6cbf88fbd1137609cefab8b10d0615aaeb6fd47975d74e" "/opt/rustwide/cargo-home/bin/cargo" "+1.54.0" "build" "--frozen" "--message-format=json", kill_on_drop: false }`
[INFO] [stdout] 9b67058f3a77c9506201a88147ec685eb09af20fa9f45bc6e2f91080ce6c2ef8
[INFO] [stderr] WARNING: Your kernel does not support swap limit capabilities or the cgroup is not mounted. Memory limited without swap.
[INFO] running `Command { std: "docker" "start" "-a" "9b67058f3a77c9506201a88147ec685eb09af20fa9f45bc6e2f91080ce6c2ef8", kill_on_drop: false }`
[INFO] [stderr]    Compiling memoffset v0.2.1
[INFO] [stderr]    Compiling rustc-rayon-core v0.2.0
[INFO] [stderr]    Compiling rustc-rayon v0.2.0
[INFO] [stderr]    Compiling msiz_rustc-ap-graphviz v3.0.0
[INFO] [stderr]    Compiling msiz_rustc-ap-rustc_target v3.0.0
[INFO] [stderr]    Compiling msiz_rustc-ap-syntax v3.0.0 (/opt/rustwide/workdir)
[INFO] [stderr]    Compiling annotate-snippets v0.6.1
[INFO] [stderr]    Compiling crossbeam-utils v0.2.2
[INFO] [stderr]    Compiling crossbeam-utils v0.6.6
[INFO] [stderr]    Compiling msiz_rustc-ap-rustc_lexer v3.0.0
[INFO] [stderr]    Compiling lock_api v0.1.5
[INFO] [stderr]    Compiling smallvec v0.6.14
[INFO] [stderr]    Compiling term_size v0.3.2
[INFO] [stderr]    Compiling parking_lot_core v0.4.0
[INFO] [stderr]    Compiling ena v0.13.1
[INFO] [stderr]    Compiling synstructure v0.10.2
[INFO] [stdout] error[E0557]: feature has been removed
[INFO] [stdout]   --> /opt/rustwide/cargo-home/registry/src/github.com-1ecc6299db9ec823/lock_api-0.1.5/src/lib.rs:88:42
[INFO] [stdout]    |
[INFO] [stdout] 88 | #![cfg_attr(feature = "nightly", feature(const_fn))]
[INFO] [stdout]    |                                          ^^^^^^^^ feature has been removed
[INFO] [stdout]    |
[INFO] [stdout]    = note: split into finer-grained feature gates
[INFO] [stdout] 
[INFO] [stdout] 
[INFO] [stdout] error[E0554]: `#![feature]` may not be used on the stable release channel
[INFO] [stdout]   --> /opt/rustwide/cargo-home/registry/src/github.com-1ecc6299db9ec823/crossbeam-utils-0.6.6/src/lib.rs:32:34
[INFO] [stdout]    |
[INFO] [stdout] 32 | #![cfg_attr(feature = "nightly", feature(cfg_target_has_atomic))]
[INFO] [stdout]    |                                  ^^^^^^^^^^^^^^^^^^^^^^^^^^^^^^
[INFO] [stdout] 
[INFO] [stdout] 
[INFO] [stdout] error[E0554]: `#![feature]` may not be used on the stable release channel
[INFO] [stdout]   --> /opt/rustwide/cargo-home/registry/src/github.com-1ecc6299db9ec823/lock_api-0.1.5/src/lib.rs:88:34
[INFO] [stdout]    |
[INFO] [stdout] 88 | #![cfg_attr(feature = "nightly", feature(const_fn))]
[INFO] [stdout]    |                                  ^^^^^^^^^^^^^^^^^
[INFO] [stdout] 
[INFO] [stdout] 
[INFO] [stdout] error[E0554]: `#![feature]` may not be used on the stable release channel
[INFO] [stdout]    --> /opt/rustwide/cargo-home/registry/src/github.com-1ecc6299db9ec823/msiz_rustc-ap-graphviz-3.0.0/lib.rs:277:1
[INFO] [stdout]     |
[INFO] [stdout] 277 | #![feature(rustc_private, nll)]
[INFO] [stdout]     | ^^^^^^^^^^^^^^^^^^^^^^^^^^^^^^^
[INFO] [stdout] 
[INFO] [stdout] 
[INFO] [stdout] error[E0554]: `#![feature]` may not be used on the stable release channel
[INFO] [stdout]   --> /opt/rustwide/cargo-home/registry/src/github.com-1ecc6299db9ec823/smallvec-0.6.14/lib.rs:32:32
[INFO] [stdout]    |
[INFO] [stdout] 32 | #![cfg_attr(feature = "union", feature(untagged_unions))]
[INFO] [stdout]    |                                ^^^^^^^^^^^^^^^^^^^^^^^^
[INFO] [stdout] 
[INFO] [stdout] 
[INFO] [stdout] error[E0554]: `#![feature]` may not be used on the stable release channel
[INFO] [stdout]   --> /opt/rustwide/cargo-home/registry/src/github.com-1ecc6299db9ec823/smallvec-0.6.14/lib.rs:34:37
[INFO] [stdout]    |
[INFO] [stdout] 34 | #![cfg_attr(feature = "may_dangle", feature(dropck_eyepatch))]
[INFO] [stdout]    |                                     ^^^^^^^^^^^^^^^^^^^^^^^^
[INFO] [stdout] 
[INFO] [stdout] 
[INFO] [stdout] error: aborting due to previous error
[INFO] [stdout] 
[INFO] [stdout] 
[INFO] [stdout] For more information about this error, try `rustc --explain E0554`.
[INFO] [stdout] 
[INFO] [stderr] error: could not compile `crossbeam-utils`
[INFO] [stderr] 
[INFO] [stderr] To learn more, run the command again with --verbose.
[INFO] [stderr] warning: build failed, waiting for other jobs to finish...
[INFO] [stdout] error: aborting due to previous error
[INFO] [stdout] 
[INFO] [stdout] 
[INFO] [stdout] For more information about this error, try `rustc --explain E0554`.
[INFO] [stdout] 
[INFO] [stdout] error: aborting due to 2 previous errors
[INFO] [stdout] 
[INFO] [stdout] 
[INFO] [stdout] Some errors have detailed explanations: E0554, E0557.
[INFO] [stdout] 
[INFO] [stdout] For more information about an error, try `rustc --explain E0554`.
[INFO] [stdout] 
[INFO] [stdout] error: aborting due to 2 previous errors
[INFO] [stdout] 
[INFO] [stdout] 
[INFO] [stdout] For more information about this error, try `rustc --explain E0554`.
[INFO] [stdout] 
[INFO] [stderr] error: build failed
[INFO] running `Command { std: "docker" "inspect" "9b67058f3a77c9506201a88147ec685eb09af20fa9f45bc6e2f91080ce6c2ef8", kill_on_drop: false }`
[INFO] running `Command { std: "docker" "rm" "-f" "9b67058f3a77c9506201a88147ec685eb09af20fa9f45bc6e2f91080ce6c2ef8", kill_on_drop: false }`
[INFO] [stdout] 9b67058f3a77c9506201a88147ec685eb09af20fa9f45bc6e2f91080ce6c2ef8
