[INFO] fetching crate mh-z19c 0.2.0...
[INFO] testing mh-z19c-0.2.0 against beta-2021-08-01 for beta-1.55-1
[INFO] extracting crate mh-z19c 0.2.0 into /workspace/builds/worker-59/source
[INFO] validating manifest of crates.io crate mh-z19c 0.2.0 on toolchain beta-2021-08-01
[INFO] running `Command { std: "/workspace/cargo-home/bin/cargo" "+beta-2021-08-01" "metadata" "--manifest-path" "Cargo.toml" "--no-deps", kill_on_drop: false }`
[INFO] started tweaking crates.io crate mh-z19c 0.2.0
[INFO] finished tweaking crates.io crate mh-z19c 0.2.0
[INFO] tweaked toml for crates.io crate mh-z19c 0.2.0 written to /workspace/builds/worker-59/source/Cargo.toml
[INFO] running `Command { std: "/workspace/cargo-home/bin/cargo" "+beta-2021-08-01" "generate-lockfile" "--manifest-path" "Cargo.toml" "-Zno-index-update", kill_on_drop: false }`
[INFO] running `Command { std: "/workspace/cargo-home/bin/cargo" "+beta-2021-08-01" "fetch" "--manifest-path" "Cargo.toml", kill_on_drop: false }`
[INFO] [stderr]     Blocking waiting for file lock on package cache
[INFO] running `Command { std: "docker" "create" "-v" "/var/lib/crater-agent-workspace/builds/worker-59/target:/opt/rustwide/target:rw,Z" "-v" "/var/lib/crater-agent-workspace/builds/worker-59/source:/opt/rustwide/workdir:ro,Z" "-v" "/var/lib/crater-agent-workspace/cargo-home:/opt/rustwide/cargo-home:ro,Z" "-v" "/var/lib/crater-agent-workspace/rustup-home:/opt/rustwide/rustup-home:ro,Z" "-e" "SOURCE_DIR=/opt/rustwide/workdir" "-e" "CARGO_TARGET_DIR=/opt/rustwide/target" "-e" "CARGO_HOME=/opt/rustwide/cargo-home" "-e" "RUSTUP_HOME=/opt/rustwide/rustup-home" "-w" "/opt/rustwide/workdir" "-m" "1610612736" "--user" "0:0" "--network" "none" "ghcr.io/rust-lang/crates-build-env/linux@sha256:34b6a614d2c27851fe6cbf88fbd1137609cefab8b10d0615aaeb6fd47975d74e" "/opt/rustwide/cargo-home/bin/cargo" "+beta-2021-08-01" "metadata" "--no-deps" "--format-version=1", kill_on_drop: false }`
[INFO] [stdout] d4fcc765ed7859e2cf01e2d9eeb2114bb67987748270b158377cdda1b213d0b1
[INFO] running `Command { std: "docker" "start" "-a" "d4fcc765ed7859e2cf01e2d9eeb2114bb67987748270b158377cdda1b213d0b1", kill_on_drop: false }`
[INFO] running `Command { std: "docker" "inspect" "d4fcc765ed7859e2cf01e2d9eeb2114bb67987748270b158377cdda1b213d0b1", kill_on_drop: false }`
[INFO] running `Command { std: "docker" "rm" "-f" "d4fcc765ed7859e2cf01e2d9eeb2114bb67987748270b158377cdda1b213d0b1", kill_on_drop: false }`
[INFO] [stdout] d4fcc765ed7859e2cf01e2d9eeb2114bb67987748270b158377cdda1b213d0b1
[INFO] running `Command { std: "docker" "create" "-v" "/var/lib/crater-agent-workspace/builds/worker-59/target:/opt/rustwide/target:rw,Z" "-v" "/var/lib/crater-agent-workspace/builds/worker-59/source:/opt/rustwide/workdir:ro,Z" "-v" "/var/lib/crater-agent-workspace/cargo-home:/opt/rustwide/cargo-home:ro,Z" "-v" "/var/lib/crater-agent-workspace/rustup-home:/opt/rustwide/rustup-home:ro,Z" "-e" "SOURCE_DIR=/opt/rustwide/workdir" "-e" "CARGO_TARGET_DIR=/opt/rustwide/target" "-e" "CARGO_INCREMENTAL=0" "-e" "RUST_BACKTRACE=full" "-e" "RUSTFLAGS=--cap-lints=warn" "-e" "CARGO_HOME=/opt/rustwide/cargo-home" "-e" "RUSTUP_HOME=/opt/rustwide/rustup-home" "-w" "/opt/rustwide/workdir" "-m" "1610612736" "--user" "0:0" "--network" "none" "ghcr.io/rust-lang/crates-build-env/linux@sha256:34b6a614d2c27851fe6cbf88fbd1137609cefab8b10d0615aaeb6fd47975d74e" "/opt/rustwide/cargo-home/bin/cargo" "+beta-2021-08-01" "build" "--frozen" "--message-format=json", kill_on_drop: false }`
[INFO] [stdout] b32b1deff5ee1bccdfb3168defa7f68f2fb67c0b471d7ebb03ee6ccc17347f06
[INFO] running `Command { std: "docker" "start" "-a" "b32b1deff5ee1bccdfb3168defa7f68f2fb67c0b471d7ebb03ee6ccc17347f06", kill_on_drop: false }`
[INFO] [stderr]     Blocking waiting for file lock on package cache
[INFO] [stderr]    Compiling nb v1.0.0
[INFO] [stderr]    Compiling void v1.0.2
[INFO] [stderr]    Compiling nb v0.1.3
[INFO] [stderr]    Compiling embedded-hal v0.2.6
[INFO] [stderr]    Compiling mh-z19c v0.2.0 (/opt/rustwide/workdir)
[INFO] [stderr]     Finished dev [unoptimized + debuginfo] target(s) in 1.66s
[INFO] running `Command { std: "docker" "inspect" "b32b1deff5ee1bccdfb3168defa7f68f2fb67c0b471d7ebb03ee6ccc17347f06", kill_on_drop: false }`
[INFO] running `Command { std: "docker" "rm" "-f" "b32b1deff5ee1bccdfb3168defa7f68f2fb67c0b471d7ebb03ee6ccc17347f06", kill_on_drop: false }`
[INFO] [stdout] b32b1deff5ee1bccdfb3168defa7f68f2fb67c0b471d7ebb03ee6ccc17347f06
[INFO] running `Command { std: "docker" "create" "-v" "/var/lib/crater-agent-workspace/builds/worker-59/target:/opt/rustwide/target:rw,Z" "-v" "/var/lib/crater-agent-workspace/builds/worker-59/source:/opt/rustwide/workdir:ro,Z" "-v" "/var/lib/crater-agent-workspace/cargo-home:/opt/rustwide/cargo-home:ro,Z" "-v" "/var/lib/crater-agent-workspace/rustup-home:/opt/rustwide/rustup-home:ro,Z" "-e" "SOURCE_DIR=/opt/rustwide/workdir" "-e" "CARGO_TARGET_DIR=/opt/rustwide/target" "-e" "CARGO_INCREMENTAL=0" "-e" "RUST_BACKTRACE=full" "-e" "RUSTFLAGS=--cap-lints=warn" "-e" "CARGO_HOME=/opt/rustwide/cargo-home" "-e" "RUSTUP_HOME=/opt/rustwide/rustup-home" "-w" "/opt/rustwide/workdir" "-m" "1610612736" "--user" "0:0" "--network" "none" "ghcr.io/rust-lang/crates-build-env/linux@sha256:34b6a614d2c27851fe6cbf88fbd1137609cefab8b10d0615aaeb6fd47975d74e" "/opt/rustwide/cargo-home/bin/cargo" "+beta-2021-08-01" "test" "--frozen" "--no-run" "--message-format=json", kill_on_drop: false }`
[INFO] [stdout] 7c0beb0bb52cdb1689bdd8824eff22f79dd8b79212137bb0d5510710b0d18b19
[INFO] running `Command { std: "docker" "start" "-a" "7c0beb0bb52cdb1689bdd8824eff22f79dd8b79212137bb0d5510710b0d18b19", kill_on_drop: false }`
[INFO] [stderr]    Compiling mh-z19c v0.2.0 (/opt/rustwide/workdir)
[INFO] [stdout] error[E0433]: failed to resolve: use of undeclared crate or module `test_support`
[INFO] [stdout]    --> src/nb_comm.rs:318:9
[INFO] [stdout]     |
[INFO] [stdout] 318 |     use test_support::serial_mock::SerialMock;
[INFO] [stdout]     |         ^^^^^^^^^^^^ use of undeclared crate or module `test_support`
[INFO] [stdout] 
[INFO] [stdout] 
[INFO] [stdout] error[E0433]: failed to resolve: use of undeclared crate or module `test_support`
[INFO] [stdout]    --> src/lib.rs:246:9
[INFO] [stdout]     |
[INFO] [stdout] 246 |     use test_support::serial_mock::SerialMock;
[INFO] [stdout]     |         ^^^^^^^^^^^^ use of undeclared crate or module `test_support`
[INFO] [stdout] 
[INFO] [stdout] 
[INFO] [stdout] error[E0432]: unresolved import `test_support`
[INFO] [stdout]    --> src/lib.rs:247:9
[INFO] [stdout]     |
[INFO] [stdout] 247 |     use test_support::{
[INFO] [stdout]     |         ^^^^^^^^^^^^ use of undeclared crate or module `test_support`
[INFO] [stdout] 
[INFO] [stdout] 
[INFO] [stdout] error[E0433]: failed to resolve: use of undeclared type `SerialMock`
[INFO] [stdout]    --> src/nb_comm.rs:322:26
[INFO] [stdout]     |
[INFO] [stdout] 322 |         let write_mock = SerialMock::new(
[INFO] [stdout]     |                          ^^^^^^^^^^ use of undeclared type `SerialMock`
[INFO] [stdout] 
[INFO] [stdout] 
[INFO] [stdout] error[E0433]: failed to resolve: use of undeclared type `SerialMock`
[INFO] [stdout]    --> src/nb_comm.rs:344:13
[INFO] [stdout]     |
[INFO] [stdout] 344 |             SerialMock::new(vec![], vec![Err(nb::Error::Other("expected error".into()))]);
[INFO] [stdout]     |             ^^^^^^^^^^ use of undeclared type `SerialMock`
[INFO] [stdout] 
[INFO] [stdout] 
[INFO] [stdout] error[E0433]: failed to resolve: use of undeclared type `SerialMock`
[INFO] [stdout]    --> src/nb_comm.rs:356:25
[INFO] [stdout]     |
[INFO] [stdout] 356 |         let read_mock = SerialMock::new(
[INFO] [stdout]     |                         ^^^^^^^^^^ use of undeclared type `SerialMock`
[INFO] [stdout] 
[INFO] [stdout] 
[INFO] [stdout] error[E0433]: failed to resolve: use of undeclared type `SerialMock`
[INFO] [stdout]    --> src/nb_comm.rs:378:13
[INFO] [stdout]     |
[INFO] [stdout] 378 |             SerialMock::new(vec![Err(nb::Error::Other("expected error".into()))], vec![]);
[INFO] [stdout]     |             ^^^^^^^^^^ use of undeclared type `SerialMock`
[INFO] [stdout] 
[INFO] [stdout] 
[INFO] [stdout] error[E0433]: failed to resolve: use of undeclared type `SerialMock`
[INFO] [stdout]    --> src/nb_comm.rs:390:27
[INFO] [stdout]     |
[INFO] [stdout] 390 |         let serial_mock = SerialMock::new(
[INFO] [stdout]     |                           ^^^^^^^^^^ use of undeclared type `SerialMock`
[INFO] [stdout] 
[INFO] [stdout] 
[INFO] [stdout] error[E0433]: failed to resolve: use of undeclared type `SerialMock`
[INFO] [stdout]    --> src/nb_comm.rs:414:13
[INFO] [stdout]     |
[INFO] [stdout] 414 |             SerialMock::new(vec![], vec![Err(nb::Error::Other("expected error".into()))]);
[INFO] [stdout]     |             ^^^^^^^^^^ use of undeclared type `SerialMock`
[INFO] [stdout] 
[INFO] [stdout] 
[INFO] [stdout] error[E0433]: failed to resolve: use of undeclared type `SerialMock`
[INFO] [stdout]    --> src/lib.rs:263:20
[INFO] [stdout]     |
[INFO] [stdout] 263 |         let uart = SerialMock::new(
[INFO] [stdout]     |                    ^^^^^^^^^^ use of undeclared type `SerialMock`
[INFO] [stdout] 
[INFO] [stdout] 
[INFO] [stdout] error[E0433]: failed to resolve: use of undeclared type `SerialMock`
[INFO] [stdout]    --> src/lib.rs:314:20
[INFO] [stdout]     |
[INFO] [stdout] 314 |         let uart = SerialMock::new(vec![], vec![Err(nb::Error::Other("No more data.".into()))]);
[INFO] [stdout]     |                    ^^^^^^^^^^ use of undeclared type `SerialMock`
[INFO] [stdout] 
[INFO] [stdout] 
[INFO] [stdout] error[E0433]: failed to resolve: use of undeclared type `SerialMock`
[INFO] [stdout]    --> src/lib.rs:324:20
[INFO] [stdout]     |
[INFO] [stdout] 324 |         let uart = SerialMock::new(vec![], vec![Err(nb::Error::WouldBlock)]);
[INFO] [stdout]     |                    ^^^^^^^^^^ use of undeclared type `SerialMock`
[INFO] [stdout] 
[INFO] [stdout] 
[INFO] [stdout] error[E0433]: failed to resolve: use of undeclared type `SerialMock`
[INFO] [stdout]    --> src/lib.rs:335:20
[INFO] [stdout]     |
[INFO] [stdout] 335 |         let uart = SerialMock::new(read_data, vec![Ok(()); 2 * 9]);
[INFO] [stdout]     |                    ^^^^^^^^^^ use of undeclared type `SerialMock`
[INFO] [stdout] 
[INFO] [stdout] 
[INFO] [stdout] error[E0433]: failed to resolve: use of undeclared type `SerialMock`
[INFO] [stdout]    --> src/lib.rs:345:20
[INFO] [stdout]     |
[INFO] [stdout] 345 |         let uart = SerialMock::new(
[INFO] [stdout]     |                    ^^^^^^^^^^ use of undeclared type `SerialMock`
[INFO] [stdout] 
[INFO] [stdout] 
[INFO] [stdout] error: aborting due to 14 previous errors
[INFO] [stdout] 
[INFO] [stdout] 
[INFO] [stdout] Some errors have detailed explanations: E0432, E0433.
[INFO] [stdout] 
[INFO] [stdout] For more information about an error, try `rustc --explain E0432`.
[INFO] [stdout] 
[INFO] [stderr] error: could not compile `mh-z19c` due to 15 previous errors
[INFO] running `Command { std: "docker" "inspect" "7c0beb0bb52cdb1689bdd8824eff22f79dd8b79212137bb0d5510710b0d18b19", kill_on_drop: false }`
[INFO] running `Command { std: "docker" "rm" "-f" "7c0beb0bb52cdb1689bdd8824eff22f79dd8b79212137bb0d5510710b0d18b19", kill_on_drop: false }`
[INFO] [stdout] 7c0beb0bb52cdb1689bdd8824eff22f79dd8b79212137bb0d5510710b0d18b19
