[INFO] fetching crate merfolk_middleware_router 0.1.0...
[INFO] testing merfolk_middleware_router-0.1.0 against beta-2021-08-01 for beta-1.55-1
[INFO] extracting crate merfolk_middleware_router 0.1.0 into /workspace/builds/worker-5/source
[INFO] validating manifest of crates.io crate merfolk_middleware_router 0.1.0 on toolchain beta-2021-08-01
[INFO] running `Command { std: "/workspace/cargo-home/bin/cargo" "+beta-2021-08-01" "metadata" "--manifest-path" "Cargo.toml" "--no-deps", kill_on_drop: false }`
[INFO] started tweaking crates.io crate merfolk_middleware_router 0.1.0
[INFO] removed 0 missing tests
[INFO] finished tweaking crates.io crate merfolk_middleware_router 0.1.0
[INFO] tweaked toml for crates.io crate merfolk_middleware_router 0.1.0 written to /workspace/builds/worker-5/source/Cargo.toml
[INFO] running `Command { std: "/workspace/cargo-home/bin/cargo" "+beta-2021-08-01" "generate-lockfile" "--manifest-path" "Cargo.toml" "-Zno-index-update", kill_on_drop: false }`
[INFO] [stderr]     Blocking waiting for file lock on package cache
[INFO] running `Command { std: "/workspace/cargo-home/bin/cargo" "+beta-2021-08-01" "fetch" "--manifest-path" "Cargo.toml", kill_on_drop: false }`
[INFO] [stderr]     Blocking waiting for file lock on package cache
[INFO] [stderr]     Blocking waiting for file lock on package cache
[INFO] [stderr]  Downloading crates ...
[INFO] [stderr]   Downloaded spin v0.7.1
[INFO] [stderr]   Downloaded merfolk v0.1.4
[INFO] running `Command { std: "docker" "create" "-v" "/var/lib/crater-agent-workspace/builds/worker-5/target:/opt/rustwide/target:rw,Z" "-v" "/var/lib/crater-agent-workspace/builds/worker-5/source:/opt/rustwide/workdir:ro,Z" "-v" "/var/lib/crater-agent-workspace/cargo-home:/opt/rustwide/cargo-home:ro,Z" "-v" "/var/lib/crater-agent-workspace/rustup-home:/opt/rustwide/rustup-home:ro,Z" "-e" "SOURCE_DIR=/opt/rustwide/workdir" "-e" "CARGO_TARGET_DIR=/opt/rustwide/target" "-e" "CARGO_HOME=/opt/rustwide/cargo-home" "-e" "RUSTUP_HOME=/opt/rustwide/rustup-home" "-w" "/opt/rustwide/workdir" "-m" "1610612736" "--user" "0:0" "--network" "none" "ghcr.io/rust-lang/crates-build-env/linux@sha256:34b6a614d2c27851fe6cbf88fbd1137609cefab8b10d0615aaeb6fd47975d74e" "/opt/rustwide/cargo-home/bin/cargo" "+beta-2021-08-01" "metadata" "--no-deps" "--format-version=1", kill_on_drop: false }`
[INFO] [stdout] 752e45bdf62e28291eed9104e3a0bb4d1fb50d63cca9e2efcc8503fe01cabafe
[INFO] running `Command { std: "docker" "start" "-a" "752e45bdf62e28291eed9104e3a0bb4d1fb50d63cca9e2efcc8503fe01cabafe", kill_on_drop: false }`
[INFO] running `Command { std: "docker" "inspect" "752e45bdf62e28291eed9104e3a0bb4d1fb50d63cca9e2efcc8503fe01cabafe", kill_on_drop: false }`
[INFO] running `Command { std: "docker" "rm" "-f" "752e45bdf62e28291eed9104e3a0bb4d1fb50d63cca9e2efcc8503fe01cabafe", kill_on_drop: false }`
[INFO] [stdout] 752e45bdf62e28291eed9104e3a0bb4d1fb50d63cca9e2efcc8503fe01cabafe
[INFO] running `Command { std: "docker" "create" "-v" "/var/lib/crater-agent-workspace/builds/worker-5/target:/opt/rustwide/target:rw,Z" "-v" "/var/lib/crater-agent-workspace/builds/worker-5/source:/opt/rustwide/workdir:ro,Z" "-v" "/var/lib/crater-agent-workspace/cargo-home:/opt/rustwide/cargo-home:ro,Z" "-v" "/var/lib/crater-agent-workspace/rustup-home:/opt/rustwide/rustup-home:ro,Z" "-e" "SOURCE_DIR=/opt/rustwide/workdir" "-e" "CARGO_TARGET_DIR=/opt/rustwide/target" "-e" "CARGO_INCREMENTAL=0" "-e" "RUST_BACKTRACE=full" "-e" "RUSTFLAGS=--cap-lints=warn" "-e" "CARGO_HOME=/opt/rustwide/cargo-home" "-e" "RUSTUP_HOME=/opt/rustwide/rustup-home" "-w" "/opt/rustwide/workdir" "-m" "1610612736" "--user" "0:0" "--network" "none" "ghcr.io/rust-lang/crates-build-env/linux@sha256:34b6a614d2c27851fe6cbf88fbd1137609cefab8b10d0615aaeb6fd47975d74e" "/opt/rustwide/cargo-home/bin/cargo" "+beta-2021-08-01" "build" "--frozen" "--message-format=json", kill_on_drop: false }`
[INFO] [stdout] 57e78dc796dbfe0627f263a590f7e6b857ced94c7a088c326f8f0399066b2e01
[INFO] running `Command { std: "docker" "start" "-a" "57e78dc796dbfe0627f263a590f7e6b857ced94c7a088c326f8f0399066b2e01", kill_on_drop: false }`
[INFO] [stderr]    Compiling proc-macro2 v1.0.28
[INFO] [stderr]    Compiling unicode-xid v0.2.2
[INFO] [stderr]    Compiling syn v1.0.74
[INFO] [stderr]    Compiling ident_case v1.0.1
[INFO] [stderr]    Compiling strsim v0.10.0
[INFO] [stderr]    Compiling memchr v2.4.0
[INFO] [stderr]    Compiling serde v1.0.127
[INFO] [stderr]    Compiling log v0.4.14
[INFO] [stderr]    Compiling anyhow v1.0.42
[INFO] [stderr]    Compiling cfg-if v1.0.0
[INFO] [stderr]    Compiling spin v0.7.1
[INFO] [stderr]    Compiling regex-syntax v0.6.25
[INFO] [stderr]    Compiling aho-corasick v0.7.18
[INFO] [stderr]    Compiling quote v1.0.9
[INFO] [stderr]    Compiling regex v1.5.4
[INFO] [stderr]    Compiling darling_core v0.12.4
[INFO] [stderr]    Compiling thiserror-impl v1.0.26
[INFO] [stderr]    Compiling darling_macro v0.12.4
[INFO] [stderr]    Compiling darling v0.12.4
[INFO] [stderr]    Compiling thiserror v1.0.26
[INFO] [stderr]    Compiling derive_builder_core v0.10.2
[INFO] [stderr]    Compiling derive_builder_macro v0.10.2
[INFO] [stderr]    Compiling derive_builder v0.10.2
[INFO] [stderr]    Compiling merfolk v0.1.4
[INFO] [stderr]    Compiling merfolk_middleware_router v0.1.0 (/opt/rustwide/workdir)
[INFO] [stderr]     Finished dev [unoptimized + debuginfo] target(s) in 18.19s
[INFO] running `Command { std: "docker" "inspect" "57e78dc796dbfe0627f263a590f7e6b857ced94c7a088c326f8f0399066b2e01", kill_on_drop: false }`
[INFO] running `Command { std: "docker" "rm" "-f" "57e78dc796dbfe0627f263a590f7e6b857ced94c7a088c326f8f0399066b2e01", kill_on_drop: false }`
[INFO] [stdout] 57e78dc796dbfe0627f263a590f7e6b857ced94c7a088c326f8f0399066b2e01
[INFO] running `Command { std: "docker" "create" "-v" "/var/lib/crater-agent-workspace/builds/worker-5/target:/opt/rustwide/target:rw,Z" "-v" "/var/lib/crater-agent-workspace/builds/worker-5/source:/opt/rustwide/workdir:ro,Z" "-v" "/var/lib/crater-agent-workspace/cargo-home:/opt/rustwide/cargo-home:ro,Z" "-v" "/var/lib/crater-agent-workspace/rustup-home:/opt/rustwide/rustup-home:ro,Z" "-e" "SOURCE_DIR=/opt/rustwide/workdir" "-e" "CARGO_TARGET_DIR=/opt/rustwide/target" "-e" "CARGO_INCREMENTAL=0" "-e" "RUST_BACKTRACE=full" "-e" "RUSTFLAGS=--cap-lints=warn" "-e" "CARGO_HOME=/opt/rustwide/cargo-home" "-e" "RUSTUP_HOME=/opt/rustwide/rustup-home" "-w" "/opt/rustwide/workdir" "-m" "1610612736" "--user" "0:0" "--network" "none" "ghcr.io/rust-lang/crates-build-env/linux@sha256:34b6a614d2c27851fe6cbf88fbd1137609cefab8b10d0615aaeb6fd47975d74e" "/opt/rustwide/cargo-home/bin/cargo" "+beta-2021-08-01" "test" "--frozen" "--no-run" "--message-format=json", kill_on_drop: false }`
[INFO] [stdout] e72213d432a5dfeb5676abe32ccd26c15294e245f3d05686e77c79be14b76440
[INFO] running `Command { std: "docker" "start" "-a" "e72213d432a5dfeb5676abe32ccd26c15294e245f3d05686e77c79be14b76440", kill_on_drop: false }`
[INFO] [stderr]    Compiling libc v0.2.98
[INFO] [stderr]    Compiling autocfg v1.0.1
[INFO] [stderr]    Compiling ppv-lite86 v0.2.10
[INFO] [stderr]    Compiling pin-project-lite v0.2.7
[INFO] [stderr]    Compiling tokio v1.9.0
[INFO] [stderr]    Compiling getrandom v0.2.3
[INFO] [stderr]    Compiling rand_core v0.6.3
[INFO] [stderr]    Compiling rand_chacha v0.3.1
[INFO] [stderr]    Compiling rand v0.8.4
[INFO] [stderr]    Compiling merfolk_middleware_router v0.1.0 (/opt/rustwide/workdir)
[INFO] [stdout] error[E0432]: unresolved imports `tokio::sync::mpsc`, `tokio::sync::mpsc`
[INFO] [stdout]   --> test/tests.rs:10:5
[INFO] [stdout]    |
[INFO] [stdout] 10 |     mpsc,
[INFO] [stdout]    |     ^^^^ no `mpsc` in `sync`
[INFO] [stdout] 11 |     mpsc::{Receiver, Sender},
[INFO] [stdout]    |     ^^^^ could not find `mpsc` in `sync`
[INFO] [stdout] 
[INFO] [stdout] 
[INFO] [stdout] error[E0433]: failed to resolve: use of undeclared crate or module `merfolk_frontend_register`
[INFO] [stdout]   --> test/tests.rs:14:25
[INFO] [stdout]    |
[INFO] [stdout] 14 |   let register_caller = merfolk_frontend_register::Register::builder().build().unwrap();
[INFO] [stdout]    |                         ^^^^^^^^^^^^^^^^^^^^^^^^^ use of undeclared crate or module `merfolk_frontend_register`
[INFO] [stdout] 
[INFO] [stdout] 
[INFO] [stdout] error[E0433]: failed to resolve: use of undeclared crate or module `merfolk_frontend_register`
[INFO] [stdout]   --> test/tests.rs:15:27
[INFO] [stdout]    |
[INFO] [stdout] 15 |   let register_receiver = merfolk_frontend_register::Register::builder().build().unwrap();
[INFO] [stdout]    |                           ^^^^^^^^^^^^^^^^^^^^^^^^^ use of undeclared crate or module `merfolk_frontend_register`
[INFO] [stdout] 
[INFO] [stdout] 
[INFO] [stdout] error[E0433]: failed to resolve: use of undeclared crate or module `merfolk_backend_in_process`
[INFO] [stdout]   --> test/tests.rs:20:27
[INFO] [stdout]    |
[INFO] [stdout] 20 |   let (to, from): (Sender<merfolk_backend_in_process::InProcessChannel>, Receiver<merfolk_backend_in_process::InProcessChannel>) = mpsc::...
[INFO] [stdout]    |                           ^^^^^^^^^^^^^^^^^^^^^^^^^^ use of undeclared crate or module `merfolk_backend_in_process`
[INFO] [stdout] 
[INFO] [stdout] 
[INFO] [stdout] error[E0433]: failed to resolve: use of undeclared crate or module `merfolk_backend_in_process`
[INFO] [stdout]   --> test/tests.rs:20:83
[INFO] [stdout]    |
[INFO] [stdout] 20 | ...essChannel>, Receiver<merfolk_backend_in_process::InProcessChannel>) = mpsc::channel(1);
[INFO] [stdout]    |                          ^^^^^^^^^^^^^^^^^^^^^^^^^^ use of undeclared crate or module `merfolk_backend_in_process`
[INFO] [stdout] 
[INFO] [stdout] 
[INFO] [stdout] error[E0433]: failed to resolve: use of undeclared crate or module `merfolk_backend_in_process`
[INFO] [stdout]   --> test/tests.rs:26:14
[INFO] [stdout]    |
[INFO] [stdout] 26 |     .backend(merfolk_backend_in_process::InProcess::builder().to(to).build().unwrap())
[INFO] [stdout]    |              ^^^^^^^^^^^^^^^^^^^^^^^^^^ use of undeclared crate or module `merfolk_backend_in_process`
[INFO] [stdout] 
[INFO] [stdout] 
[INFO] [stdout] error[E0433]: failed to resolve: use of undeclared crate or module `merfolk_middleware_authentication`
[INFO] [stdout]   --> test/tests.rs:28:23
[INFO] [stdout]    |
[INFO] [stdout] 28 |     .middlewares(vec![merfolk_middleware_authentication::Authentication::builder().auth((auth.0, auth.1)).build_boxed().unwrap()])
[INFO] [stdout]    |                       ^^^^^^^^^^^^^^^^^^^^^^^^^^^^^^^^^ use of undeclared crate or module `merfolk_middleware_authentication`
[INFO] [stdout] 
[INFO] [stdout] 
[INFO] [stdout] error[E0433]: failed to resolve: use of undeclared crate or module `merfolk_backend_in_process`
[INFO] [stdout]   --> test/tests.rs:33:14
[INFO] [stdout]    |
[INFO] [stdout] 33 |     .backend(merfolk_backend_in_process::InProcess::builder().from(from).build().unwrap())
[INFO] [stdout]    |              ^^^^^^^^^^^^^^^^^^^^^^^^^^ use of undeclared crate or module `merfolk_backend_in_process`
[INFO] [stdout] 
[INFO] [stdout] 
[INFO] [stdout] error[E0433]: failed to resolve: use of undeclared crate or module `merfolk_middleware_authentication`
[INFO] [stdout]   --> test/tests.rs:40:7
[INFO] [stdout]    |
[INFO] [stdout] 40 |       merfolk_middleware_authentication::Authentication::builder()
[INFO] [stdout]    |       ^^^^^^^^^^^^^^^^^^^^^^^^^^^^^^^^^ use of undeclared crate or module `merfolk_middleware_authentication`
[INFO] [stdout] 
[INFO] [stdout] 
[INFO] [stdout] error[E0603]: module `sync` is private
[INFO] [stdout]    --> test/tests.rs:9:14
[INFO] [stdout]     |
[INFO] [stdout] 9   |   use tokio::sync::{
[INFO] [stdout]     |              ^^^^ private module
[INFO] [stdout]     |
[INFO] [stdout] note: the module `sync` is defined here
[INFO] [stdout]    --> /opt/rustwide/cargo-home/registry/src/github.com-1ecc6299db9ec823/tokio-1.9.0/src/lib.rs:393:5
[INFO] [stdout]     |
[INFO] [stdout] 393 |     mod sync;
[INFO] [stdout]     |     ^^^^^^^^^
[INFO] [stdout] 
[INFO] [stdout] 
[INFO] [stdout] error: aborting due to 10 previous errors
[INFO] [stdout] 
[INFO] [stdout] 
[INFO] [stdout] Some errors have detailed explanations: E0432, E0433, E0603.
[INFO] [stdout] 
[INFO] [stdout] For more information about an error, try `rustc --explain E0432`.
[INFO] [stdout] 
[INFO] [stderr] error: could not compile `merfolk_middleware_router` due to 11 previous errors
[INFO] [stderr] warning: build failed, waiting for other jobs to finish...
[INFO] [stderr] error: build failed
[INFO] running `Command { std: "docker" "inspect" "e72213d432a5dfeb5676abe32ccd26c15294e245f3d05686e77c79be14b76440", kill_on_drop: false }`
[INFO] running `Command { std: "docker" "rm" "-f" "e72213d432a5dfeb5676abe32ccd26c15294e245f3d05686e77c79be14b76440", kill_on_drop: false }`
[INFO] [stdout] e72213d432a5dfeb5676abe32ccd26c15294e245f3d05686e77c79be14b76440
