[INFO] fetching crate merfolk_frontend_register 0.1.0...
[INFO] testing merfolk_frontend_register-0.1.0 against beta-2021-08-01 for beta-1.55-1
[INFO] extracting crate merfolk_frontend_register 0.1.0 into /workspace/builds/worker-75/source
[INFO] validating manifest of crates.io crate merfolk_frontend_register 0.1.0 on toolchain beta-2021-08-01
[INFO] running `Command { std: "/workspace/cargo-home/bin/cargo" "+beta-2021-08-01" "metadata" "--manifest-path" "Cargo.toml" "--no-deps", kill_on_drop: false }`
[INFO] started tweaking crates.io crate merfolk_frontend_register 0.1.0
[INFO] removed 0 missing tests
[INFO] finished tweaking crates.io crate merfolk_frontend_register 0.1.0
[INFO] tweaked toml for crates.io crate merfolk_frontend_register 0.1.0 written to /workspace/builds/worker-75/source/Cargo.toml
[INFO] running `Command { std: "/workspace/cargo-home/bin/cargo" "+beta-2021-08-01" "generate-lockfile" "--manifest-path" "Cargo.toml" "-Zno-index-update", kill_on_drop: false }`
[INFO] running `Command { std: "/workspace/cargo-home/bin/cargo" "+beta-2021-08-01" "fetch" "--manifest-path" "Cargo.toml", kill_on_drop: false }`
[INFO] running `Command { std: "docker" "create" "-v" "/var/lib/crater-agent-workspace/builds/worker-75/target:/opt/rustwide/target:rw,Z" "-v" "/var/lib/crater-agent-workspace/builds/worker-75/source:/opt/rustwide/workdir:ro,Z" "-v" "/var/lib/crater-agent-workspace/cargo-home:/opt/rustwide/cargo-home:ro,Z" "-v" "/var/lib/crater-agent-workspace/rustup-home:/opt/rustwide/rustup-home:ro,Z" "-e" "SOURCE_DIR=/opt/rustwide/workdir" "-e" "CARGO_TARGET_DIR=/opt/rustwide/target" "-e" "CARGO_HOME=/opt/rustwide/cargo-home" "-e" "RUSTUP_HOME=/opt/rustwide/rustup-home" "-w" "/opt/rustwide/workdir" "-m" "1610612736" "--user" "0:0" "--network" "none" "ghcr.io/rust-lang/crates-build-env/linux@sha256:34b6a614d2c27851fe6cbf88fbd1137609cefab8b10d0615aaeb6fd47975d74e" "/opt/rustwide/cargo-home/bin/cargo" "+beta-2021-08-01" "metadata" "--no-deps" "--format-version=1", kill_on_drop: false }`
[INFO] [stdout] 94bdb6914b1d81d47c93f4a63db08fe1d25b1755c26d944e584378309eebc460
[INFO] running `Command { std: "docker" "start" "-a" "94bdb6914b1d81d47c93f4a63db08fe1d25b1755c26d944e584378309eebc460", kill_on_drop: false }`
[INFO] running `Command { std: "docker" "inspect" "94bdb6914b1d81d47c93f4a63db08fe1d25b1755c26d944e584378309eebc460", kill_on_drop: false }`
[INFO] running `Command { std: "docker" "rm" "-f" "94bdb6914b1d81d47c93f4a63db08fe1d25b1755c26d944e584378309eebc460", kill_on_drop: false }`
[INFO] [stdout] 94bdb6914b1d81d47c93f4a63db08fe1d25b1755c26d944e584378309eebc460
[INFO] running `Command { std: "docker" "create" "-v" "/var/lib/crater-agent-workspace/builds/worker-75/target:/opt/rustwide/target:rw,Z" "-v" "/var/lib/crater-agent-workspace/builds/worker-75/source:/opt/rustwide/workdir:ro,Z" "-v" "/var/lib/crater-agent-workspace/cargo-home:/opt/rustwide/cargo-home:ro,Z" "-v" "/var/lib/crater-agent-workspace/rustup-home:/opt/rustwide/rustup-home:ro,Z" "-e" "SOURCE_DIR=/opt/rustwide/workdir" "-e" "CARGO_TARGET_DIR=/opt/rustwide/target" "-e" "CARGO_INCREMENTAL=0" "-e" "RUST_BACKTRACE=full" "-e" "RUSTFLAGS=--cap-lints=warn" "-e" "CARGO_HOME=/opt/rustwide/cargo-home" "-e" "RUSTUP_HOME=/opt/rustwide/rustup-home" "-w" "/opt/rustwide/workdir" "-m" "1610612736" "--user" "0:0" "--network" "none" "ghcr.io/rust-lang/crates-build-env/linux@sha256:34b6a614d2c27851fe6cbf88fbd1137609cefab8b10d0615aaeb6fd47975d74e" "/opt/rustwide/cargo-home/bin/cargo" "+beta-2021-08-01" "build" "--frozen" "--message-format=json", kill_on_drop: false }`
[INFO] [stdout] 0f504a074286dae9e07650a7cb877f106288f38117bda2e7676588485120535f
[INFO] running `Command { std: "docker" "start" "-a" "0f504a074286dae9e07650a7cb877f106288f38117bda2e7676588485120535f", kill_on_drop: false }`
[INFO] [stderr]    Compiling syn v1.0.74
[INFO] [stderr]    Compiling ident_case v1.0.1
[INFO] [stderr]    Compiling fnv v1.0.7
[INFO] [stderr]    Compiling strsim v0.10.0
[INFO] [stderr]    Compiling log v0.4.14
[INFO] [stderr]    Compiling anyhow v1.0.42
[INFO] [stderr]    Compiling serde v1.0.127
[INFO] [stderr]    Compiling spin v0.7.1
[INFO] [stderr]    Compiling darling_core v0.12.4
[INFO] [stderr]    Compiling thiserror-impl v1.0.26
[INFO] [stderr]    Compiling darling_macro v0.12.4
[INFO] [stderr]    Compiling darling v0.12.4
[INFO] [stderr]    Compiling derive_builder_core v0.10.2
[INFO] [stderr]    Compiling thiserror v1.0.26
[INFO] [stderr]    Compiling derive_builder_macro v0.10.2
[INFO] [stderr]    Compiling derive_builder v0.10.2
[INFO] [stderr]    Compiling merfolk v0.1.4
[INFO] [stderr]    Compiling merfolk_frontend_register v0.1.0 (/opt/rustwide/workdir)
[INFO] [stderr]     Finished dev [unoptimized + debuginfo] target(s) in 27.92s
[INFO] running `Command { std: "docker" "inspect" "0f504a074286dae9e07650a7cb877f106288f38117bda2e7676588485120535f", kill_on_drop: false }`
[INFO] running `Command { std: "docker" "rm" "-f" "0f504a074286dae9e07650a7cb877f106288f38117bda2e7676588485120535f", kill_on_drop: false }`
[INFO] [stdout] 0f504a074286dae9e07650a7cb877f106288f38117bda2e7676588485120535f
[INFO] running `Command { std: "docker" "create" "-v" "/var/lib/crater-agent-workspace/builds/worker-75/target:/opt/rustwide/target:rw,Z" "-v" "/var/lib/crater-agent-workspace/builds/worker-75/source:/opt/rustwide/workdir:ro,Z" "-v" "/var/lib/crater-agent-workspace/cargo-home:/opt/rustwide/cargo-home:ro,Z" "-v" "/var/lib/crater-agent-workspace/rustup-home:/opt/rustwide/rustup-home:ro,Z" "-e" "SOURCE_DIR=/opt/rustwide/workdir" "-e" "CARGO_TARGET_DIR=/opt/rustwide/target" "-e" "CARGO_INCREMENTAL=0" "-e" "RUST_BACKTRACE=full" "-e" "RUSTFLAGS=--cap-lints=warn" "-e" "CARGO_HOME=/opt/rustwide/cargo-home" "-e" "RUSTUP_HOME=/opt/rustwide/rustup-home" "-w" "/opt/rustwide/workdir" "-m" "1610612736" "--user" "0:0" "--network" "none" "ghcr.io/rust-lang/crates-build-env/linux@sha256:34b6a614d2c27851fe6cbf88fbd1137609cefab8b10d0615aaeb6fd47975d74e" "/opt/rustwide/cargo-home/bin/cargo" "+beta-2021-08-01" "test" "--frozen" "--no-run" "--message-format=json", kill_on_drop: false }`
[INFO] [stdout] 30f5e5a4c757b597f5347b3861d12b9f7f5a59927fb7a28ce8684a82ad7da099
[INFO] running `Command { std: "docker" "start" "-a" "30f5e5a4c757b597f5347b3861d12b9f7f5a59927fb7a28ce8684a82ad7da099", kill_on_drop: false }`
[INFO] [stderr]    Compiling libc v0.2.98
[INFO] [stderr]    Compiling futures-core v0.3.16
[INFO] [stderr]    Compiling pin-project-lite v0.2.7
[INFO] [stderr]    Compiling futures-task v0.3.16
[INFO] [stderr]    Compiling bytes v1.0.1
[INFO] [stderr]    Compiling futures-channel v0.3.16
[INFO] [stderr]    Compiling httparse v1.4.1
[INFO] [stderr]    Compiling pin-utils v0.1.0
[INFO] [stderr]    Compiling try-lock v0.2.3
[INFO] [stderr]    Compiling ppv-lite86 v0.2.10
[INFO] [stderr]    Compiling httpdate v1.0.1
[INFO] [stderr]    Compiling tower-service v0.3.1
[INFO] [stderr]    Compiling tokio v1.9.0
[INFO] [stderr]    Compiling futures-util v0.3.16
[INFO] [stderr]    Compiling tracing-core v0.1.18
[INFO] [stderr]    Compiling want v0.3.0
[INFO] [stderr]    Compiling tracing v0.1.26
[INFO] [stderr]    Compiling http v0.2.4
[INFO] [stderr]    Compiling getrandom v0.2.3
[INFO] [stderr]    Compiling rand_core v0.6.3
[INFO] [stderr]    Compiling http-body v0.4.2
[INFO] [stderr]    Compiling rand_chacha v0.3.1
[INFO] [stderr]    Compiling hyper v0.14.11
[INFO] [stderr]    Compiling rand v0.8.4
[INFO] [stderr]    Compiling merfolk_frontend_register v0.1.0 (/opt/rustwide/workdir)
[INFO] [stdout] error[E0432]: unresolved import `merfolk_backend_in_process`
[INFO] [stdout]  --> test/tests.rs:2:5
[INFO] [stdout]   |
[INFO] [stdout] 2 | use merfolk_backend_in_process::InProcess;
[INFO] [stdout]   |     ^^^^^^^^^^^^^^^^^^^^^^^^^^ use of undeclared crate or module `merfolk_backend_in_process`
[INFO] [stdout] 
[INFO] [stdout] 
[INFO] [stdout] error[E0433]: failed to resolve: use of undeclared crate or module `merfolk_backend_in_process`
[INFO] [stdout]   --> test/tests.rs:24:27
[INFO] [stdout]    |
[INFO] [stdout] 24 |   let (to, from): (Sender<merfolk_backend_in_process::InProcessChannel>, Receiver<merfolk_backend_in_process::InProcessChannel>) = mpsc::...
[INFO] [stdout]    |                           ^^^^^^^^^^^^^^^^^^^^^^^^^^ use of undeclared crate or module `merfolk_backend_in_process`
[INFO] [stdout] 
[INFO] [stdout] 
[INFO] [stdout] error[E0433]: failed to resolve: use of undeclared crate or module `merfolk_backend_in_process`
[INFO] [stdout]   --> test/tests.rs:24:83
[INFO] [stdout]    |
[INFO] [stdout] 24 | ...essChannel>, Receiver<merfolk_backend_in_process::InProcessChannel>) = mpsc::channel(1);
[INFO] [stdout]    |                          ^^^^^^^^^^^^^^^^^^^^^^^^^^ use of undeclared crate or module `merfolk_backend_in_process`
[INFO] [stdout] 
[INFO] [stdout] 
[INFO] [stdout] error[E0433]: failed to resolve: use of undeclared crate or module `merfolk_backend_in_process`
[INFO] [stdout]   --> test/tests.rs:27:14
[INFO] [stdout]    |
[INFO] [stdout] 27 |     .backend(merfolk_backend_in_process::InProcess::builder().to(to).build().unwrap())
[INFO] [stdout]    |              ^^^^^^^^^^^^^^^^^^^^^^^^^^ use of undeclared crate or module `merfolk_backend_in_process`
[INFO] [stdout] 
[INFO] [stdout] 
[INFO] [stdout] error[E0433]: failed to resolve: use of undeclared crate or module `merfolk_backend_in_process`
[INFO] [stdout]   --> test/tests.rs:33:14
[INFO] [stdout]    |
[INFO] [stdout] 33 |     .backend(merfolk_backend_in_process::InProcess::builder().from(from).build().unwrap())
[INFO] [stdout]    |              ^^^^^^^^^^^^^^^^^^^^^^^^^^ use of undeclared crate or module `merfolk_backend_in_process`
[INFO] [stdout] 
[INFO] [stdout] 
[INFO] [stdout] error[E0433]: failed to resolve: use of undeclared crate or module `merfolk_backend_http`
[INFO] [stdout]   --> test/tests.rs:51:14
[INFO] [stdout]    |
[INFO] [stdout] 51 |     .backend(merfolk_backend_http::Http::builder().speak("http://localhost:8082".parse::<hyper::Uri>().unwrap()).build().unwrap())
[INFO] [stdout]    |              ^^^^^^^^^^^^^^^^^^^^ use of undeclared crate or module `merfolk_backend_http`
[INFO] [stdout] 
[INFO] [stdout] 
[INFO] [stdout] error[E0433]: failed to resolve: use of undeclared crate or module `merfolk_backend_http`
[INFO] [stdout]   --> test/tests.rs:58:7
[INFO] [stdout]    |
[INFO] [stdout] 58 |       merfolk_backend_http::Http::builder()
[INFO] [stdout]    |       ^^^^^^^^^^^^^^^^^^^^ use of undeclared crate or module `merfolk_backend_http`
[INFO] [stdout] 
[INFO] [stdout] 
[INFO] [stdout] error: aborting due to 7 previous errors
[INFO] [stdout] 
[INFO] [stdout] 
[INFO] [stdout] Some errors have detailed explanations: E0432, E0433.
[INFO] [stdout] 
[INFO] [stdout] For more information about an error, try `rustc --explain E0432`.
[INFO] [stdout] 
[INFO] [stderr] error: could not compile `merfolk_frontend_register` due to 8 previous errors
[INFO] [stderr] warning: build failed, waiting for other jobs to finish...
[INFO] [stderr] error: build failed
[INFO] running `Command { std: "docker" "inspect" "30f5e5a4c757b597f5347b3861d12b9f7f5a59927fb7a28ce8684a82ad7da099", kill_on_drop: false }`
[INFO] running `Command { std: "docker" "rm" "-f" "30f5e5a4c757b597f5347b3861d12b9f7f5a59927fb7a28ce8684a82ad7da099", kill_on_drop: false }`
[INFO] [stdout] 30f5e5a4c757b597f5347b3861d12b9f7f5a59927fb7a28ce8684a82ad7da099
