[INFO] fetching crate merfolk_backend_http 0.1.0...
[INFO] testing merfolk_backend_http-0.1.0 against 1.54.0 for beta-1.55-1
[INFO] extracting crate merfolk_backend_http 0.1.0 into /workspace/builds/worker-101/source
[INFO] validating manifest of crates.io crate merfolk_backend_http 0.1.0 on toolchain 1.54.0
[INFO] running `Command { std: "/workspace/cargo-home/bin/cargo" "+1.54.0" "metadata" "--manifest-path" "Cargo.toml" "--no-deps", kill_on_drop: false }`
[INFO] started tweaking crates.io crate merfolk_backend_http 0.1.0
[INFO] removed 0 missing tests
[INFO] finished tweaking crates.io crate merfolk_backend_http 0.1.0
[INFO] tweaked toml for crates.io crate merfolk_backend_http 0.1.0 written to /workspace/builds/worker-101/source/Cargo.toml
[INFO] running `Command { std: "/workspace/cargo-home/bin/cargo" "+1.54.0" "generate-lockfile" "--manifest-path" "Cargo.toml" "-Zno-index-update", kill_on_drop: false }`
[INFO] running `Command { std: "/workspace/cargo-home/bin/cargo" "+1.54.0" "fetch" "--manifest-path" "Cargo.toml", kill_on_drop: false }`
[INFO] [stderr]     Blocking waiting for file lock on package cache
[INFO] running `Command { std: "docker" "create" "-v" "/var/lib/crater-agent-workspace/builds/worker-101/target:/opt/rustwide/target:rw,Z" "-v" "/var/lib/crater-agent-workspace/builds/worker-101/source:/opt/rustwide/workdir:ro,Z" "-v" "/var/lib/crater-agent-workspace/cargo-home:/opt/rustwide/cargo-home:ro,Z" "-v" "/var/lib/crater-agent-workspace/rustup-home:/opt/rustwide/rustup-home:ro,Z" "-e" "SOURCE_DIR=/opt/rustwide/workdir" "-e" "CARGO_TARGET_DIR=/opt/rustwide/target" "-e" "CARGO_HOME=/opt/rustwide/cargo-home" "-e" "RUSTUP_HOME=/opt/rustwide/rustup-home" "-w" "/opt/rustwide/workdir" "-m" "1610612736" "--user" "0:0" "--network" "none" "ghcr.io/rust-lang/crates-build-env/linux@sha256:34b6a614d2c27851fe6cbf88fbd1137609cefab8b10d0615aaeb6fd47975d74e" "/opt/rustwide/cargo-home/bin/cargo" "+1.54.0" "metadata" "--no-deps" "--format-version=1", kill_on_drop: false }`
[INFO] [stdout] bf4d4fb942897ca17014f24d32ba76a3bfc2b4922fc4eba3d0a9c9bb3e01abb6
[INFO] running `Command { std: "docker" "start" "-a" "bf4d4fb942897ca17014f24d32ba76a3bfc2b4922fc4eba3d0a9c9bb3e01abb6", kill_on_drop: false }`
[INFO] running `Command { std: "docker" "inspect" "bf4d4fb942897ca17014f24d32ba76a3bfc2b4922fc4eba3d0a9c9bb3e01abb6", kill_on_drop: false }`
[INFO] running `Command { std: "docker" "rm" "-f" "bf4d4fb942897ca17014f24d32ba76a3bfc2b4922fc4eba3d0a9c9bb3e01abb6", kill_on_drop: false }`
[INFO] [stdout] bf4d4fb942897ca17014f24d32ba76a3bfc2b4922fc4eba3d0a9c9bb3e01abb6
[INFO] running `Command { std: "docker" "create" "-v" "/var/lib/crater-agent-workspace/builds/worker-101/target:/opt/rustwide/target:rw,Z" "-v" "/var/lib/crater-agent-workspace/builds/worker-101/source:/opt/rustwide/workdir:ro,Z" "-v" "/var/lib/crater-agent-workspace/cargo-home:/opt/rustwide/cargo-home:ro,Z" "-v" "/var/lib/crater-agent-workspace/rustup-home:/opt/rustwide/rustup-home:ro,Z" "-e" "SOURCE_DIR=/opt/rustwide/workdir" "-e" "CARGO_TARGET_DIR=/opt/rustwide/target" "-e" "CARGO_INCREMENTAL=0" "-e" "RUST_BACKTRACE=full" "-e" "RUSTFLAGS=--cap-lints=warn" "-e" "CARGO_HOME=/opt/rustwide/cargo-home" "-e" "RUSTUP_HOME=/opt/rustwide/rustup-home" "-w" "/opt/rustwide/workdir" "-m" "1610612736" "--user" "0:0" "--network" "none" "ghcr.io/rust-lang/crates-build-env/linux@sha256:34b6a614d2c27851fe6cbf88fbd1137609cefab8b10d0615aaeb6fd47975d74e" "/opt/rustwide/cargo-home/bin/cargo" "+1.54.0" "build" "--frozen" "--message-format=json", kill_on_drop: false }`
[INFO] [stdout] 183b8b2792a54a6c59e0fac7aca6f9876b22c46f7861c8b177b738c476e31ba9
[INFO] running `Command { std: "docker" "start" "-a" "183b8b2792a54a6c59e0fac7aca6f9876b22c46f7861c8b177b738c476e31ba9", kill_on_drop: false }`
[INFO] [stderr]    Compiling syn v1.0.74
[INFO] [stderr]    Compiling strsim v0.10.0
[INFO] [stderr]    Compiling bytes v1.0.1
[INFO] [stderr]    Compiling futures-task v0.3.16
[INFO] [stderr]    Compiling serde v1.0.127
[INFO] [stderr]    Compiling futures-sink v0.3.16
[INFO] [stderr]    Compiling futures-channel v0.3.16
[INFO] [stderr]    Compiling hashbrown v0.11.2
[INFO] [stderr]    Compiling try-lock v0.2.3
[INFO] [stderr]    Compiling tower-service v0.3.1
[INFO] [stderr]    Compiling spin v0.7.1
[INFO] [stderr]    Compiling httpdate v1.0.1
[INFO] [stderr]    Compiling tokio v1.9.0
[INFO] [stderr]    Compiling indexmap v1.7.0
[INFO] [stderr]    Compiling futures-util v0.3.16
[INFO] [stderr]    Compiling tracing-core v0.1.18
[INFO] [stderr]    Compiling mio v0.7.13
[INFO] [stderr]    Compiling socket2 v0.4.1
[INFO] [stderr]    Compiling want v0.3.0
[INFO] [stderr]    Compiling tracing v0.1.26
[INFO] [stderr]    Compiling http v0.2.4
[INFO] [stderr]    Compiling http-body v0.4.2
[INFO] [stderr]    Compiling tokio-util v0.6.7
[INFO] [stderr]    Compiling darling_core v0.12.4
[INFO] [stderr]    Compiling serde_json v1.0.66
[INFO] [stderr]    Compiling h2 v0.3.3
[INFO] [stderr]    Compiling thiserror-impl v1.0.26
[INFO] [stderr]    Compiling darling_macro v0.12.4
[INFO] [stderr]    Compiling hyper v0.14.11
[INFO] [stderr]    Compiling thiserror v1.0.26
[INFO] [stderr]    Compiling darling v0.12.4
[INFO] [stderr]    Compiling derive_builder_core v0.10.2
[INFO] [stderr]    Compiling derive_builder_macro v0.10.2
[INFO] [stderr]    Compiling derive_builder v0.10.2
[INFO] [stderr]    Compiling merfolk v0.1.4
[INFO] [stderr]    Compiling merfolk_backend_http v0.1.0 (/opt/rustwide/workdir)
[INFO] [stderr]     Finished dev [unoptimized + debuginfo] target(s) in 29.61s
[INFO] running `Command { std: "docker" "inspect" "183b8b2792a54a6c59e0fac7aca6f9876b22c46f7861c8b177b738c476e31ba9", kill_on_drop: false }`
[INFO] running `Command { std: "docker" "rm" "-f" "183b8b2792a54a6c59e0fac7aca6f9876b22c46f7861c8b177b738c476e31ba9", kill_on_drop: false }`
[INFO] [stdout] 183b8b2792a54a6c59e0fac7aca6f9876b22c46f7861c8b177b738c476e31ba9
[INFO] running `Command { std: "docker" "create" "-v" "/var/lib/crater-agent-workspace/builds/worker-101/target:/opt/rustwide/target:rw,Z" "-v" "/var/lib/crater-agent-workspace/builds/worker-101/source:/opt/rustwide/workdir:ro,Z" "-v" "/var/lib/crater-agent-workspace/cargo-home:/opt/rustwide/cargo-home:ro,Z" "-v" "/var/lib/crater-agent-workspace/rustup-home:/opt/rustwide/rustup-home:ro,Z" "-e" "SOURCE_DIR=/opt/rustwide/workdir" "-e" "CARGO_TARGET_DIR=/opt/rustwide/target" "-e" "CARGO_INCREMENTAL=0" "-e" "RUST_BACKTRACE=full" "-e" "RUSTFLAGS=--cap-lints=warn" "-e" "CARGO_HOME=/opt/rustwide/cargo-home" "-e" "RUSTUP_HOME=/opt/rustwide/rustup-home" "-w" "/opt/rustwide/workdir" "-m" "1610612736" "--user" "0:0" "--network" "none" "ghcr.io/rust-lang/crates-build-env/linux@sha256:34b6a614d2c27851fe6cbf88fbd1137609cefab8b10d0615aaeb6fd47975d74e" "/opt/rustwide/cargo-home/bin/cargo" "+1.54.0" "test" "--frozen" "--no-run" "--message-format=json", kill_on_drop: false }`
[INFO] [stdout] 2f83479823e303a361d95641cea01a9e89183741f162980f1fadfc0286e5ab02
[INFO] running `Command { std: "docker" "start" "-a" "2f83479823e303a361d95641cea01a9e89183741f162980f1fadfc0286e5ab02", kill_on_drop: false }`
[INFO] [stderr]    Compiling merfolk_backend_http v0.1.0 (/opt/rustwide/workdir)
[INFO] [stdout] error[E0433]: failed to resolve: use of undeclared crate or module `merfolk_frontend_register`
[INFO] [stdout]   --> test/tests.rs:10:25
[INFO] [stdout]    |
[INFO] [stdout] 10 |   let register_caller = merfolk_frontend_register::Register::builder().build().unwrap();
[INFO] [stdout]    |                         ^^^^^^^^^^^^^^^^^^^^^^^^^ use of undeclared crate or module `merfolk_frontend_register`
[INFO] [stdout] 
[INFO] [stdout] 
[INFO] [stdout] error[E0433]: failed to resolve: use of undeclared crate or module `merfolk_frontend_register`
[INFO] [stdout]   --> test/tests.rs:11:27
[INFO] [stdout]    |
[INFO] [stdout] 11 |   let register_receiver = merfolk_frontend_register::Register::builder().build().unwrap();
[INFO] [stdout]    |                           ^^^^^^^^^^^^^^^^^^^^^^^^^ use of undeclared crate or module `merfolk_frontend_register`
[INFO] [stdout] 
[INFO] [stdout] 
[INFO] [stdout] error[E0433]: failed to resolve: use of undeclared crate or module `merfolk_frontend_register`
[INFO] [stdout]   --> test/tests.rs:39:24
[INFO] [stdout]    |
[INFO] [stdout] 39 |   let register_first = merfolk_frontend_register::Register::builder().build().unwrap();
[INFO] [stdout]    |                        ^^^^^^^^^^^^^^^^^^^^^^^^^ use of undeclared crate or module `merfolk_frontend_register`
[INFO] [stdout] 
[INFO] [stdout] 
[INFO] [stdout] error[E0433]: failed to resolve: use of undeclared crate or module `merfolk_frontend_register`
[INFO] [stdout]   --> test/tests.rs:40:25
[INFO] [stdout]    |
[INFO] [stdout] 40 |   let register_second = merfolk_frontend_register::Register::builder().build().unwrap();
[INFO] [stdout]    |                         ^^^^^^^^^^^^^^^^^^^^^^^^^ use of undeclared crate or module `merfolk_frontend_register`
[INFO] [stdout] 
[INFO] [stdout] 
[INFO] [stdout] error: aborting due to 4 previous errors
[INFO] [stdout] 
[INFO] [stdout] 
[INFO] [stderr] error: could not compile `merfolk_backend_http`
[INFO] [stdout] For more information about this error, try `rustc --explain E0433`.
[INFO] [stdout] 
[INFO] [stderr] 
[INFO] [stderr] To learn more, run the command again with --verbose.
[INFO] [stderr] warning: build failed, waiting for other jobs to finish...
[INFO] [stderr] error: build failed
[INFO] running `Command { std: "docker" "inspect" "2f83479823e303a361d95641cea01a9e89183741f162980f1fadfc0286e5ab02", kill_on_drop: false }`
[INFO] running `Command { std: "docker" "rm" "-f" "2f83479823e303a361d95641cea01a9e89183741f162980f1fadfc0286e5ab02", kill_on_drop: false }`
[INFO] [stdout] 2f83479823e303a361d95641cea01a9e89183741f162980f1fadfc0286e5ab02
