[INFO] fetching crate memexec 0.2.0...
[INFO] testing memexec-0.2.0 against 1.54.0 for beta-1.55-1
[INFO] extracting crate memexec 0.2.0 into /workspace/builds/worker-13/source
[INFO] validating manifest of crates.io crate memexec 0.2.0 on toolchain 1.54.0
[INFO] running `Command { std: "/workspace/cargo-home/bin/cargo" "+1.54.0" "metadata" "--manifest-path" "Cargo.toml" "--no-deps", kill_on_drop: false }`
[INFO] started tweaking crates.io crate memexec 0.2.0
[INFO] finished tweaking crates.io crate memexec 0.2.0
[INFO] tweaked toml for crates.io crate memexec 0.2.0 written to /workspace/builds/worker-13/source/Cargo.toml
[INFO] running `Command { std: "/workspace/cargo-home/bin/cargo" "+1.54.0" "generate-lockfile" "--manifest-path" "Cargo.toml" "-Zno-index-update", kill_on_drop: false }`
[INFO] [stderr]     Blocking waiting for file lock on package cache
[INFO] running `Command { std: "/workspace/cargo-home/bin/cargo" "+1.54.0" "fetch" "--manifest-path" "Cargo.toml", kill_on_drop: false }`
[INFO] [stderr]     Blocking waiting for file lock on package cache
[INFO] running `Command { std: "docker" "create" "-v" "/var/lib/crater-agent-workspace/builds/worker-13/target:/opt/rustwide/target:rw,Z" "-v" "/var/lib/crater-agent-workspace/builds/worker-13/source:/opt/rustwide/workdir:ro,Z" "-v" "/var/lib/crater-agent-workspace/cargo-home:/opt/rustwide/cargo-home:ro,Z" "-v" "/var/lib/crater-agent-workspace/rustup-home:/opt/rustwide/rustup-home:ro,Z" "-e" "SOURCE_DIR=/opt/rustwide/workdir" "-e" "CARGO_TARGET_DIR=/opt/rustwide/target" "-e" "CARGO_HOME=/opt/rustwide/cargo-home" "-e" "RUSTUP_HOME=/opt/rustwide/rustup-home" "-w" "/opt/rustwide/workdir" "-m" "1610612736" "--user" "0:0" "--network" "none" "ghcr.io/rust-lang/crates-build-env/linux@sha256:34b6a614d2c27851fe6cbf88fbd1137609cefab8b10d0615aaeb6fd47975d74e" "/opt/rustwide/cargo-home/bin/cargo" "+1.54.0" "metadata" "--no-deps" "--format-version=1", kill_on_drop: false }`
[INFO] [stdout] 93741ab903cb40ec09da3da10ab5586e82261fa5d1cde8c19e16d4eca831f13a
[INFO] running `Command { std: "docker" "start" "-a" "93741ab903cb40ec09da3da10ab5586e82261fa5d1cde8c19e16d4eca831f13a", kill_on_drop: false }`
[INFO] running `Command { std: "docker" "inspect" "93741ab903cb40ec09da3da10ab5586e82261fa5d1cde8c19e16d4eca831f13a", kill_on_drop: false }`
[INFO] running `Command { std: "docker" "rm" "-f" "93741ab903cb40ec09da3da10ab5586e82261fa5d1cde8c19e16d4eca831f13a", kill_on_drop: false }`
[INFO] [stdout] 93741ab903cb40ec09da3da10ab5586e82261fa5d1cde8c19e16d4eca831f13a
[INFO] running `Command { std: "docker" "create" "-v" "/var/lib/crater-agent-workspace/builds/worker-13/target:/opt/rustwide/target:rw,Z" "-v" "/var/lib/crater-agent-workspace/builds/worker-13/source:/opt/rustwide/workdir:ro,Z" "-v" "/var/lib/crater-agent-workspace/cargo-home:/opt/rustwide/cargo-home:ro,Z" "-v" "/var/lib/crater-agent-workspace/rustup-home:/opt/rustwide/rustup-home:ro,Z" "-e" "SOURCE_DIR=/opt/rustwide/workdir" "-e" "CARGO_TARGET_DIR=/opt/rustwide/target" "-e" "CARGO_INCREMENTAL=0" "-e" "RUST_BACKTRACE=full" "-e" "RUSTFLAGS=--cap-lints=warn" "-e" "CARGO_HOME=/opt/rustwide/cargo-home" "-e" "RUSTUP_HOME=/opt/rustwide/rustup-home" "-w" "/opt/rustwide/workdir" "-m" "1610612736" "--user" "0:0" "--network" "none" "ghcr.io/rust-lang/crates-build-env/linux@sha256:34b6a614d2c27851fe6cbf88fbd1137609cefab8b10d0615aaeb6fd47975d74e" "/opt/rustwide/cargo-home/bin/cargo" "+1.54.0" "build" "--frozen" "--message-format=json", kill_on_drop: false }`
[INFO] [stdout] 8c11fa26bf0ab9a16114b60a06d6a49138f297031070ade17b00762cf4399415
[INFO] running `Command { std: "docker" "start" "-a" "8c11fa26bf0ab9a16114b60a06d6a49138f297031070ade17b00762cf4399415", kill_on_drop: false }`
[INFO] [stderr]    Compiling memexec v0.2.0 (/opt/rustwide/workdir)
[INFO] [stdout] error[E0425]: cannot find value `IMAGE_REL_BASED` in this scope
[INFO] [stdout]   --> src/peloader/mod.rs:38:36
[INFO] [stdout]    |
[INFO] [stdout] 38 |                 if (item >> 12) == IMAGE_REL_BASED {
[INFO] [stdout]    |                                    ^^^^^^^^^^^^^^^ not found in this scope
[INFO] [stdout] 
[INFO] [stdout] 
[INFO] [stdout] error[E0412]: cannot find type `IMAGE_THUNK_DATA` in this scope
[INFO] [stdout]   --> src/peloader/mod.rs:80:79
[INFO] [stdout]    |
[INFO] [stdout] 80 |                     base_addr.offset(import_desc.FirstThunk as isize) as *mut IMAGE_THUNK_DATA,
[INFO] [stdout]    |                                                                               ^^^^^^^^^^^^^^^^ not found in this scope
[INFO] [stdout] 
[INFO] [stdout] 
[INFO] [stdout] error[E0412]: cannot find type `IMAGE_THUNK_DATA` in this scope
[INFO] [stdout]   --> src/peloader/mod.rs:82:35
[INFO] [stdout]    |
[INFO] [stdout] 82 |                         as *const IMAGE_THUNK_DATA,
[INFO] [stdout]    |                                   ^^^^^^^^^^^^^^^^ not found in this scope
[INFO] [stdout] 
[INFO] [stdout] 
[INFO] [stdout] error[E0412]: cannot find type `IMAGE_THUNK_DATA` in this scope
[INFO] [stdout]   --> src/peloader/mod.rs:86:79
[INFO] [stdout]    |
[INFO] [stdout] 86 |                     base_addr.offset(import_desc.FirstThunk as isize) as *mut IMAGE_THUNK_DATA,
[INFO] [stdout]    |                                                                               ^^^^^^^^^^^^^^^^ not found in this scope
[INFO] [stdout] 
[INFO] [stdout] 
[INFO] [stdout] error[E0412]: cannot find type `IMAGE_THUNK_DATA` in this scope
[INFO] [stdout]   --> src/peloader/mod.rs:87:81
[INFO] [stdout]    |
[INFO] [stdout] 87 |                     base_addr.offset(import_desc.FirstThunk as isize) as *const IMAGE_THUNK_DATA,
[INFO] [stdout]    |                                                                                 ^^^^^^^^^^^^^^^^ not found in this scope
[INFO] [stdout] 
[INFO] [stdout] 
[INFO] [stdout] error[E0425]: cannot find value `IMAGE_ORDINAL_FLAG` in this scope
[INFO] [stdout]   --> src/peloader/mod.rs:97:33
[INFO] [stdout]    |
[INFO] [stdout] 97 |                 if thunk_data & IMAGE_ORDINAL_FLAG != 0 {
[INFO] [stdout]    |                                 ^^^^^^^^^^^^^^^^^^ not found in this scope
[INFO] [stdout] 
[INFO] [stdout] 
[INFO] [stdout] error[E0412]: cannot find type `IMAGE_THUNK_DATA` in this scope
[INFO] [stdout]    --> src/peloader/mod.rs:119:45
[INFO] [stdout]     |
[INFO] [stdout] 119 |                     *iat_ptr = proc_addr as IMAGE_THUNK_DATA;
[INFO] [stdout]     |                                             ^^^^^^^^^^^^^^^^ not found in this scope
[INFO] [stdout] 
[INFO] [stdout] 
[INFO] [stdout] error[E0412]: cannot find type `IMAGE_THUNK_DATA` in this scope
[INFO] [stdout]    --> src/peloader/mod.rs:153:45
[INFO] [stdout]     |
[INFO] [stdout] 153 |                     *iat_ptr = proc_addr as IMAGE_THUNK_DATA;
[INFO] [stdout]     |                                             ^^^^^^^^^^^^^^^^ not found in this scope
[INFO] [stdout] 
[INFO] [stdout] 
[INFO] [stdout] error[E0412]: cannot find type `IMAGE_TLS_DIRECTORY` in this scope
[INFO] [stdout]    --> src/peloader/mod.rs:169:60
[INFO] [stdout]     |
[INFO] [stdout] 169 |         let tls = &*mem::transmute::<*const c_void, *const IMAGE_TLS_DIRECTORY>(
[INFO] [stdout]     |                                                            ^^^^^^^^^^^^^^^^^^^
[INFO] [stdout]     | 
[INFO] [stdout]    ::: src/peparser/def.rs:84:9
[INFO] [stdout]     |
[INFO] [stdout] 84  |         pub struct $name {
[INFO] [stdout]     |         ---------------- similarly named struct `IMAGE_TLS_DIRECTORY32` defined here
[INFO] [stdout]     |
[INFO] [stdout] help: a struct with a similar name exists
[INFO] [stdout]     |
[INFO] [stdout] 169 |         let tls = &*mem::transmute::<*const c_void, *const IMAGE_TLS_DIRECTORY32>(
[INFO] [stdout]     |                                                            ^^^^^^^^^^^^^^^^^^^^^
[INFO] [stdout] help: you might be missing a type parameter
[INFO] [stdout]     |
[INFO] [stdout] 166 | unsafe fn call_tls_callback<IMAGE_TLS_DIRECTORY>(pe: &PE, base_addr: *const c_void) -> Result<()> {
[INFO] [stdout]     |                            ^^^^^^^^^^^^^^^^^^^^^
[INFO] [stdout] 
[INFO] [stdout] 
[INFO] [stdout] error: aborting due to 9 previous errors
[INFO] [stdout] 
[INFO] [stdout] 
[INFO] [stdout] Some errors have detailed explanations: E0412, E0425.
[INFO] [stdout] 
[INFO] [stdout] For more information about an error, try `rustc --explain E0412`.
[INFO] [stdout] 
[INFO] [stderr] error: could not compile `memexec`
[INFO] [stderr] 
[INFO] [stderr] To learn more, run the command again with --verbose.
[INFO] running `Command { std: "docker" "inspect" "8c11fa26bf0ab9a16114b60a06d6a49138f297031070ade17b00762cf4399415", kill_on_drop: false }`
[INFO] running `Command { std: "docker" "rm" "-f" "8c11fa26bf0ab9a16114b60a06d6a49138f297031070ade17b00762cf4399415", kill_on_drop: false }`
[INFO] [stdout] 8c11fa26bf0ab9a16114b60a06d6a49138f297031070ade17b00762cf4399415
