[INFO] fetching crate manhattan-tree 0.1.1...
[INFO] testing manhattan-tree-0.1.1 against beta-2021-08-01 for beta-1.55-1
[INFO] extracting crate manhattan-tree 0.1.1 into /workspace/builds/worker-4/source
[INFO] validating manifest of crates.io crate manhattan-tree 0.1.1 on toolchain beta-2021-08-01
[INFO] running `Command { std: "/workspace/cargo-home/bin/cargo" "+beta-2021-08-01" "metadata" "--manifest-path" "Cargo.toml" "--no-deps", kill_on_drop: false }`
[INFO] started tweaking crates.io crate manhattan-tree 0.1.1
[INFO] finished tweaking crates.io crate manhattan-tree 0.1.1
[INFO] tweaked toml for crates.io crate manhattan-tree 0.1.1 written to /workspace/builds/worker-4/source/Cargo.toml
[INFO] running `Command { std: "/workspace/cargo-home/bin/cargo" "+beta-2021-08-01" "generate-lockfile" "--manifest-path" "Cargo.toml" "-Zno-index-update", kill_on_drop: false }`
[INFO] running `Command { std: "/workspace/cargo-home/bin/cargo" "+beta-2021-08-01" "fetch" "--manifest-path" "Cargo.toml", kill_on_drop: false }`
[INFO] [stderr]     Blocking waiting for file lock on package cache
[INFO] [stderr]  Downloading crates ...
[INFO] [stderr]   Downloaded smallqueue v0.1.0
[INFO] [stderr]   Downloaded through v0.1.0
[INFO] [stderr]   Downloaded bonzai v0.2.1
[INFO] running `Command { std: "docker" "create" "-v" "/var/lib/crater-agent-workspace/builds/worker-4/target:/opt/rustwide/target:rw,Z" "-v" "/var/lib/crater-agent-workspace/builds/worker-4/source:/opt/rustwide/workdir:ro,Z" "-v" "/var/lib/crater-agent-workspace/cargo-home:/opt/rustwide/cargo-home:ro,Z" "-v" "/var/lib/crater-agent-workspace/rustup-home:/opt/rustwide/rustup-home:ro,Z" "-e" "SOURCE_DIR=/opt/rustwide/workdir" "-e" "CARGO_TARGET_DIR=/opt/rustwide/target" "-e" "CARGO_HOME=/opt/rustwide/cargo-home" "-e" "RUSTUP_HOME=/opt/rustwide/rustup-home" "-w" "/opt/rustwide/workdir" "-m" "1610612736" "--user" "0:0" "--network" "none" "ghcr.io/rust-lang/crates-build-env/linux@sha256:34b6a614d2c27851fe6cbf88fbd1137609cefab8b10d0615aaeb6fd47975d74e" "/opt/rustwide/cargo-home/bin/cargo" "+beta-2021-08-01" "metadata" "--no-deps" "--format-version=1", kill_on_drop: false }`
[INFO] [stdout] 34c5830216a82b01b10eab55a50d686db7cabe65d095aede6b452de2d69a3c94
[INFO] [stderr] WARNING: Your kernel does not support swap limit capabilities or the cgroup is not mounted. Memory limited without swap.
[INFO] running `Command { std: "docker" "start" "-a" "34c5830216a82b01b10eab55a50d686db7cabe65d095aede6b452de2d69a3c94", kill_on_drop: false }`
[INFO] running `Command { std: "docker" "inspect" "34c5830216a82b01b10eab55a50d686db7cabe65d095aede6b452de2d69a3c94", kill_on_drop: false }`
[INFO] running `Command { std: "docker" "rm" "-f" "34c5830216a82b01b10eab55a50d686db7cabe65d095aede6b452de2d69a3c94", kill_on_drop: false }`
[INFO] [stdout] 34c5830216a82b01b10eab55a50d686db7cabe65d095aede6b452de2d69a3c94
[INFO] running `Command { std: "docker" "create" "-v" "/var/lib/crater-agent-workspace/builds/worker-4/target:/opt/rustwide/target:rw,Z" "-v" "/var/lib/crater-agent-workspace/builds/worker-4/source:/opt/rustwide/workdir:ro,Z" "-v" "/var/lib/crater-agent-workspace/cargo-home:/opt/rustwide/cargo-home:ro,Z" "-v" "/var/lib/crater-agent-workspace/rustup-home:/opt/rustwide/rustup-home:ro,Z" "-e" "SOURCE_DIR=/opt/rustwide/workdir" "-e" "CARGO_TARGET_DIR=/opt/rustwide/target" "-e" "CARGO_INCREMENTAL=0" "-e" "RUST_BACKTRACE=full" "-e" "RUSTFLAGS=--cap-lints=warn" "-e" "CARGO_HOME=/opt/rustwide/cargo-home" "-e" "RUSTUP_HOME=/opt/rustwide/rustup-home" "-w" "/opt/rustwide/workdir" "-m" "1610612736" "--user" "0:0" "--network" "none" "ghcr.io/rust-lang/crates-build-env/linux@sha256:34b6a614d2c27851fe6cbf88fbd1137609cefab8b10d0615aaeb6fd47975d74e" "/opt/rustwide/cargo-home/bin/cargo" "+beta-2021-08-01" "build" "--frozen" "--message-format=json", kill_on_drop: false }`
[INFO] [stdout] 0f18d5c0c3ddc6730a7b4dd39be4cbce0a014105df89f09423e2c27c060af8f9
[INFO] [stderr] WARNING: Your kernel does not support swap limit capabilities or the cgroup is not mounted. Memory limited without swap.
[INFO] running `Command { std: "docker" "start" "-a" "0f18d5c0c3ddc6730a7b4dd39be4cbce0a014105df89f09423e2c27c060af8f9", kill_on_drop: false }`
[INFO] [stderr]    Compiling through v0.1.0
[INFO] [stderr]    Compiling bonzai v0.2.1
[INFO] [stderr]    Compiling num-traits v0.2.14
[INFO] [stderr]    Compiling num-integer v0.1.44
[INFO] [stderr]    Compiling num-bigint v0.2.6
[INFO] [stderr]    Compiling num-rational v0.2.4
[INFO] [stderr]    Compiling num-complex v0.2.4
[INFO] [stderr]    Compiling num-iter v0.1.42
[INFO] [stderr]    Compiling smallqueue v0.1.0
[INFO] [stdout] error[E0557]: feature has been removed
[INFO] [stdout]  --> /opt/rustwide/cargo-home/registry/src/github.com-1ecc6299db9ec823/bonzai-0.2.1/src/lib.rs:2:12
[INFO] [stdout]   |
[INFO] [stdout] 2 | #![feature(optin_builtin_traits)]
[INFO] [stdout]   |            ^^^^^^^^^^^^^^^^^^^^ feature has been removed
[INFO] [stdout]   |
[INFO] [stdout]   = note: renamed to `auto_traits`
[INFO] [stdout] 
[INFO] [stdout] 
[INFO] [stdout] error[E0432]: unresolved import `core::array::FixedSizeArray`
[INFO] [stdout]   --> /opt/rustwide/cargo-home/registry/src/github.com-1ecc6299db9ec823/bonzai-0.2.1/src/lib.rs:12:5
[INFO] [stdout]    |
[INFO] [stdout] 12 | use core::array::FixedSizeArray;
[INFO] [stdout]    |     ^^^^^^^^^^^^^^^^^^^^^^^^^^^ no `FixedSizeArray` in `array`
[INFO] [stdout] 
[INFO] [stdout] 
[INFO] [stdout] error[E0554]: `#![feature]` may not be used on the beta release channel
[INFO] [stdout]  --> /opt/rustwide/cargo-home/registry/src/github.com-1ecc6299db9ec823/bonzai-0.2.1/src/lib.rs:1:1
[INFO] [stdout]   |
[INFO] [stdout] 1 | #![feature(fixed_size_array)]
[INFO] [stdout]   | ^^^^^^^^^^^^^^^^^^^^^^^^^^^^^
[INFO] [stdout] 
[INFO] [stdout] 
[INFO] [stdout] error[E0554]: `#![feature]` may not be used on the beta release channel
[INFO] [stdout]  --> /opt/rustwide/cargo-home/registry/src/github.com-1ecc6299db9ec823/bonzai-0.2.1/src/lib.rs:2:1
[INFO] [stdout]   |
[INFO] [stdout] 2 | #![feature(optin_builtin_traits)]
[INFO] [stdout]   | ^^^^^^^^^^^^^^^^^^^^^^^^^^^^^^^^^
[INFO] [stdout] 
[INFO] [stdout] 
[INFO] [stdout] error[E0658]: negative trait bounds are not yet fully implemented; use marker types for now
[INFO] [stdout]    --> /opt/rustwide/cargo-home/registry/src/github.com-1ecc6299db9ec823/bonzai-0.2.1/src/lib.rs:611:44
[INFO] [stdout]     |
[INFO] [stdout] 611 | impl<'tree, T, C: FixedSizeArray<ChildId>> !Send for TreeOperation<'tree, T, C> {}
[INFO] [stdout]     |                                            ^^^^^
[INFO] [stdout]     |
[INFO] [stdout]     = note: see issue #68318 <https://github.com/rust-lang/rust/issues/68318> for more information
[INFO] [stdout] 
[INFO] [stdout] 
[INFO] [stdout] error[E0658]: negative trait bounds are not yet fully implemented; use marker types for now
[INFO] [stdout]    --> /opt/rustwide/cargo-home/registry/src/github.com-1ecc6299db9ec823/bonzai-0.2.1/src/lib.rs:612:44
[INFO] [stdout]     |
[INFO] [stdout] 612 | impl<'tree, T, C: FixedSizeArray<ChildId>> !Sync for TreeOperation<'tree, T, C> {}
[INFO] [stdout]     |                                            ^^^^^
[INFO] [stdout]     |
[INFO] [stdout]     = note: see issue #68318 <https://github.com/rust-lang/rust/issues/68318> for more information
[INFO] [stdout] 
[INFO] [stdout] 
[INFO] [stdout] error[E0658]: negative trait bounds are not yet fully implemented; use marker types for now
[INFO] [stdout]    --> /opt/rustwide/cargo-home/registry/src/github.com-1ecc6299db9ec823/bonzai-0.2.1/src/lib.rs:737:58
[INFO] [stdout]     |
[INFO] [stdout] 737 | impl<'op, 'node, 't: 'op, T, C: FixedSizeArray<ChildId>> !Send for NodeWriteGuard<'op, 'node, 't, T, C> {}
[INFO] [stdout]     |                                                          ^^^^^
[INFO] [stdout]     |
[INFO] [stdout]     = note: see issue #68318 <https://github.com/rust-lang/rust/issues/68318> for more information
[INFO] [stdout] 
[INFO] [stdout] 
[INFO] [stdout] error[E0658]: negative trait bounds are not yet fully implemented; use marker types for now
[INFO] [stdout]    --> /opt/rustwide/cargo-home/registry/src/github.com-1ecc6299db9ec823/bonzai-0.2.1/src/lib.rs:738:58
[INFO] [stdout]     |
[INFO] [stdout] 738 | impl<'op, 'node, 't: 'op, T, C: FixedSizeArray<ChildId>> !Sync for NodeWriteGuard<'op, 'node, 't, T, C> {}
[INFO] [stdout]     |                                                          ^^^^^
[INFO] [stdout]     |
[INFO] [stdout]     = note: see issue #68318 <https://github.com/rust-lang/rust/issues/68318> for more information
[INFO] [stdout] 
[INFO] [stdout] 
[INFO] [stdout] error[E0658]: negative trait bounds are not yet fully implemented; use marker types for now
[INFO] [stdout]     --> /opt/rustwide/cargo-home/registry/src/github.com-1ecc6299db9ec823/bonzai-0.2.1/src/lib.rs:1135:58
[INFO] [stdout]      |
[INFO] [stdout] 1135 | impl<'op, 'node, 't: 'op, T, C: FixedSizeArray<ChildId>> !Send for ChildWriteGuard<'op, 'node, 't, T, C> {}
[INFO] [stdout]      |                                                          ^^^^^
[INFO] [stdout]      |
[INFO] [stdout]      = note: see issue #68318 <https://github.com/rust-lang/rust/issues/68318> for more information
[INFO] [stdout] 
[INFO] [stdout] 
[INFO] [stdout] error[E0658]: negative trait bounds are not yet fully implemented; use marker types for now
[INFO] [stdout]     --> /opt/rustwide/cargo-home/registry/src/github.com-1ecc6299db9ec823/bonzai-0.2.1/src/lib.rs:1136:58
[INFO] [stdout]      |
[INFO] [stdout] 1136 | impl<'op, 'node, 't: 'op, T, C: FixedSizeArray<ChildId>> !Sync for ChildWriteGuard<'op, 'node, 't, T, C> {}
[INFO] [stdout]      |                                                          ^^^^^
[INFO] [stdout]      |
[INFO] [stdout]      = note: see issue #68318 <https://github.com/rust-lang/rust/issues/68318> for more information
[INFO] [stdout] 
[INFO] [stdout] 
[INFO] [stdout] error: aborting due to 10 previous errors
[INFO] [stdout] 
[INFO] [stdout] 
[INFO] [stdout] Some errors have detailed explanations: E0432, E0554, E0557, E0658.
[INFO] [stdout] 
[INFO] [stdout] For more information about an error, try `rustc --explain E0432`.
[INFO] [stdout] 
[INFO] [stderr] error: could not compile `bonzai` due to 11 previous errors
[INFO] [stderr] warning: build failed, waiting for other jobs to finish...
[INFO] [stderr] error: build failed
[INFO] running `Command { std: "docker" "inspect" "0f18d5c0c3ddc6730a7b4dd39be4cbce0a014105df89f09423e2c27c060af8f9", kill_on_drop: false }`
[INFO] running `Command { std: "docker" "rm" "-f" "0f18d5c0c3ddc6730a7b4dd39be4cbce0a014105df89f09423e2c27c060af8f9", kill_on_drop: false }`
[INFO] [stdout] 0f18d5c0c3ddc6730a7b4dd39be4cbce0a014105df89f09423e2c27c060af8f9
