[INFO] fetching crate macroquad-profiler 0.1.0...
[INFO] testing macroquad-profiler-0.1.0 against beta-2021-08-01 for beta-1.55-1
[INFO] extracting crate macroquad-profiler 0.1.0 into /workspace/builds/worker-12/source
[INFO] validating manifest of crates.io crate macroquad-profiler 0.1.0 on toolchain beta-2021-08-01
[INFO] running `Command { std: "/workspace/cargo-home/bin/cargo" "+beta-2021-08-01" "metadata" "--manifest-path" "Cargo.toml" "--no-deps", kill_on_drop: false }`
[INFO] started tweaking crates.io crate macroquad-profiler 0.1.0
[INFO] finished tweaking crates.io crate macroquad-profiler 0.1.0
[INFO] tweaked toml for crates.io crate macroquad-profiler 0.1.0 written to /workspace/builds/worker-12/source/Cargo.toml
[INFO] running `Command { std: "/workspace/cargo-home/bin/cargo" "+beta-2021-08-01" "generate-lockfile" "--manifest-path" "Cargo.toml" "-Zno-index-update", kill_on_drop: false }`
[INFO] running `Command { std: "/workspace/cargo-home/bin/cargo" "+beta-2021-08-01" "fetch" "--manifest-path" "Cargo.toml", kill_on_drop: false }`
[INFO] running `Command { std: "docker" "create" "-v" "/var/lib/crater-agent-workspace/builds/worker-12/target:/opt/rustwide/target:rw,Z" "-v" "/var/lib/crater-agent-workspace/builds/worker-12/source:/opt/rustwide/workdir:ro,Z" "-v" "/var/lib/crater-agent-workspace/cargo-home:/opt/rustwide/cargo-home:ro,Z" "-v" "/var/lib/crater-agent-workspace/rustup-home:/opt/rustwide/rustup-home:ro,Z" "-e" "SOURCE_DIR=/opt/rustwide/workdir" "-e" "CARGO_TARGET_DIR=/opt/rustwide/target" "-e" "CARGO_HOME=/opt/rustwide/cargo-home" "-e" "RUSTUP_HOME=/opt/rustwide/rustup-home" "-w" "/opt/rustwide/workdir" "-m" "1610612736" "--user" "0:0" "--network" "none" "ghcr.io/rust-lang/crates-build-env/linux@sha256:34b6a614d2c27851fe6cbf88fbd1137609cefab8b10d0615aaeb6fd47975d74e" "/opt/rustwide/cargo-home/bin/cargo" "+beta-2021-08-01" "metadata" "--no-deps" "--format-version=1", kill_on_drop: false }`
[INFO] [stdout] 7c31bc9d3bdbbcc7424de69a5f73e161358b8c2d3799c0173adf0c5d1c99a639
[INFO] [stderr] WARNING: Your kernel does not support swap limit capabilities or the cgroup is not mounted. Memory limited without swap.
[INFO] running `Command { std: "docker" "start" "-a" "7c31bc9d3bdbbcc7424de69a5f73e161358b8c2d3799c0173adf0c5d1c99a639", kill_on_drop: false }`
[INFO] running `Command { std: "docker" "inspect" "7c31bc9d3bdbbcc7424de69a5f73e161358b8c2d3799c0173adf0c5d1c99a639", kill_on_drop: false }`
[INFO] running `Command { std: "docker" "rm" "-f" "7c31bc9d3bdbbcc7424de69a5f73e161358b8c2d3799c0173adf0c5d1c99a639", kill_on_drop: false }`
[INFO] [stdout] 7c31bc9d3bdbbcc7424de69a5f73e161358b8c2d3799c0173adf0c5d1c99a639
[INFO] running `Command { std: "docker" "create" "-v" "/var/lib/crater-agent-workspace/builds/worker-12/target:/opt/rustwide/target:rw,Z" "-v" "/var/lib/crater-agent-workspace/builds/worker-12/source:/opt/rustwide/workdir:ro,Z" "-v" "/var/lib/crater-agent-workspace/cargo-home:/opt/rustwide/cargo-home:ro,Z" "-v" "/var/lib/crater-agent-workspace/rustup-home:/opt/rustwide/rustup-home:ro,Z" "-e" "SOURCE_DIR=/opt/rustwide/workdir" "-e" "CARGO_TARGET_DIR=/opt/rustwide/target" "-e" "CARGO_INCREMENTAL=0" "-e" "RUST_BACKTRACE=full" "-e" "RUSTFLAGS=--cap-lints=warn" "-e" "CARGO_HOME=/opt/rustwide/cargo-home" "-e" "RUSTUP_HOME=/opt/rustwide/rustup-home" "-w" "/opt/rustwide/workdir" "-m" "1610612736" "--user" "0:0" "--network" "none" "ghcr.io/rust-lang/crates-build-env/linux@sha256:34b6a614d2c27851fe6cbf88fbd1137609cefab8b10d0615aaeb6fd47975d74e" "/opt/rustwide/cargo-home/bin/cargo" "+beta-2021-08-01" "build" "--frozen" "--message-format=json", kill_on_drop: false }`
[INFO] [stdout] a15c2414e689555cde8a9a05eb71a3b467b7c56f0d0445cefe7ef900253dd5fb
[INFO] [stderr] WARNING: Your kernel does not support swap limit capabilities or the cgroup is not mounted. Memory limited without swap.
[INFO] running `Command { std: "docker" "start" "-a" "a15c2414e689555cde8a9a05eb71a3b467b7c56f0d0445cefe7ef900253dd5fb", kill_on_drop: false }`
[INFO] [stderr]    Compiling quad-alsa-sys v0.3.2
[INFO] [stderr]    Compiling sapp-linux v0.1.13
[INFO] [stderr]    Compiling dasp_sample v0.11.0
[INFO] [stderr]    Compiling hound v3.4.0
[INFO] [stderr]    Compiling ahash v0.4.7
[INFO] [stderr]    Compiling quad-snd v0.2.0
[INFO] [stderr]    Compiling bytemuck v1.7.2
[INFO] [stderr]    Compiling ttf-parser v0.12.3
[INFO] [stderr]    Compiling color_quant v1.1.0
[INFO] [stderr]    Compiling glam v0.14.0
[INFO] [stderr]    Compiling bumpalo v3.7.0
[INFO] [stderr]    Compiling macroquad_macro v0.1.5
[INFO] [stderr]    Compiling quad-rand v0.2.1
[INFO] [stderr]    Compiling num-traits v0.2.14
[INFO] [stderr]    Compiling num-integer v0.1.44
[INFO] [stderr]    Compiling num-iter v0.1.42
[INFO] [stderr]    Compiling num-rational v0.3.2
[INFO] [stderr]    Compiling ogg v0.7.1
[INFO] [stderr]    Compiling miniz_oxide v0.3.7
[INFO] [stderr]    Compiling deflate v0.8.6
[INFO] [stderr]    Compiling hashbrown v0.9.1
[INFO] [stderr]    Compiling crc32fast v1.2.1
[INFO] [stderr]    Compiling dasp_frame v0.11.0
[INFO] [stderr]    Compiling lewton v0.9.4
[INFO] [stderr]    Compiling png v0.16.8
[INFO] [stderr]    Compiling fontdue v0.5.2
[INFO] [stderr]    Compiling miniquad v0.3.0-alpha.37
[INFO] [stderr]    Compiling audrey v0.3.0
[INFO] [stderr]    Compiling image v0.23.14
[INFO] [stderr]    Compiling macroquad v0.3.8
[INFO] [stderr]    Compiling macroquad-profiler v0.1.0 (/opt/rustwide/workdir)
[INFO] [stdout] error[E0425]: cannot find function `named_strings` in module `telemetry`
[INFO] [stdout]    --> src/lib.rs:283:52
[INFO] [stdout]     |
[INFO] [stdout] 283 |                     for (name, data) in telemetry::named_strings() {
[INFO] [stdout]     |                                                    ^^^^^^^^^^^^^ not found in `telemetry`
[INFO] [stdout] 
[INFO] [stdout] 
[INFO] [stdout] error[E0277]: the size for values of type `str` cannot be known at compilation time
[INFO] [stdout]    --> src/lib.rs:283:26
[INFO] [stdout]     |
[INFO] [stdout] 283 |                     for (name, data) in telemetry::named_strings() {
[INFO] [stdout]     |                          ^^^^ doesn't have a size known at compile-time
[INFO] [stdout]     |
[INFO] [stdout]     = help: the trait `Sized` is not implemented for `str`
[INFO] [stdout]     = note: all local variables must have a statically known size
[INFO] [stdout]     = help: unsized locals are gated as an unstable feature
[INFO] [stdout] 
[INFO] [stdout] 
[INFO] [stdout] error[E0277]: the size for values of type `str` cannot be known at compilation time
[INFO] [stdout]    --> src/lib.rs:283:41
[INFO] [stdout]     |
[INFO] [stdout] 283 |                     for (name, data) in telemetry::named_strings() {
[INFO] [stdout]     |                                         ^^^^^^^^^^^^^^^^^^^^^^^^^^ doesn't have a size known at compile-time
[INFO] [stdout]     |
[INFO] [stdout]     = help: the trait `Sized` is not implemented for `str`
[INFO] [stdout]     = note: only the last element of a tuple may have a dynamically sized type
[INFO] [stdout] 
[INFO] [stdout] 
[INFO] [stdout] error[E0277]: the size for values of type `str` cannot be known at compilation time
[INFO] [stdout]    --> src/lib.rs:283:32
[INFO] [stdout]     |
[INFO] [stdout] 283 |                     for (name, data) in telemetry::named_strings() {
[INFO] [stdout]     |                                ^^^^ doesn't have a size known at compile-time
[INFO] [stdout]     |
[INFO] [stdout]     = help: the trait `Sized` is not implemented for `str`
[INFO] [stdout]     = note: all local variables must have a statically known size
[INFO] [stdout]     = help: unsized locals are gated as an unstable feature
[INFO] [stdout] 
[INFO] [stdout] 
[INFO] [stdout] error[E0277]: the size for values of type `str` cannot be known at compilation time
[INFO] [stdout]    --> src/lib.rs:283:25
[INFO] [stdout]     |
[INFO] [stdout] 283 |                     for (name, data) in telemetry::named_strings() {
[INFO] [stdout]     |                         ^^^^^^^^^^^^ doesn't have a size known at compile-time
[INFO] [stdout]     |
[INFO] [stdout]     = help: within `(str, str)`, the trait `Sized` is not implemented for `str`
[INFO] [stdout]     = note: required because it appears within the type `(str, str)`
[INFO] [stdout]     = note: all local variables must have a statically known size
[INFO] [stdout]     = help: unsized locals are gated as an unstable feature
[INFO] [stdout] 
[INFO] [stdout] 
[INFO] [stdout] error: aborting due to 5 previous errors
[INFO] [stdout] 
[INFO] [stdout] 
[INFO] [stdout] Some errors have detailed explanations: E0277, E0425.
[INFO] [stdout] 
[INFO] [stdout] For more information about an error, try `rustc --explain E0277`.
[INFO] [stdout] 
[INFO] [stderr] error: could not compile `macroquad-profiler` due to 6 previous errors
[INFO] [stderr] warning: build failed, waiting for other jobs to finish...
[INFO] [stderr] error: build failed
[INFO] running `Command { std: "docker" "inspect" "a15c2414e689555cde8a9a05eb71a3b467b7c56f0d0445cefe7ef900253dd5fb", kill_on_drop: false }`
[INFO] running `Command { std: "docker" "rm" "-f" "a15c2414e689555cde8a9a05eb71a3b467b7c56f0d0445cefe7ef900253dd5fb", kill_on_drop: false }`
[INFO] [stdout] a15c2414e689555cde8a9a05eb71a3b467b7c56f0d0445cefe7ef900253dd5fb
