[INFO] fetching crate lyon-geo-types 0.1.0...
[INFO] testing lyon-geo-types-0.1.0 against 1.54.0 for beta-1.55-1
[INFO] extracting crate lyon-geo-types 0.1.0 into /workspace/builds/worker-10/source
[INFO] validating manifest of crates.io crate lyon-geo-types 0.1.0 on toolchain 1.54.0
[INFO] running `Command { std: "/workspace/cargo-home/bin/cargo" "+1.54.0" "metadata" "--manifest-path" "Cargo.toml" "--no-deps", kill_on_drop: false }`
[INFO] started tweaking crates.io crate lyon-geo-types 0.1.0
[INFO] finished tweaking crates.io crate lyon-geo-types 0.1.0
[INFO] tweaked toml for crates.io crate lyon-geo-types 0.1.0 written to /workspace/builds/worker-10/source/Cargo.toml
[INFO] crate crates.io crate lyon-geo-types 0.1.0 already has a lockfile, it will not be regenerated
[INFO] running `Command { std: "/workspace/cargo-home/bin/cargo" "+1.54.0" "fetch" "--manifest-path" "Cargo.toml", kill_on_drop: false }`
[INFO] [stderr]     Blocking waiting for file lock on package cache
[INFO] [stderr]  Downloading crates ...
[INFO] [stderr]   Downloaded geo-types v0.7.2
[INFO] [stderr]   Downloaded clipper-sys v0.5.0
[INFO] [stderr]   Downloaded geo-clipper v0.7.0
[INFO] running `Command { std: "docker" "create" "-v" "/var/lib/crater-agent-workspace/builds/worker-10/target:/opt/rustwide/target:rw,Z" "-v" "/var/lib/crater-agent-workspace/builds/worker-10/source:/opt/rustwide/workdir:ro,Z" "-v" "/var/lib/crater-agent-workspace/cargo-home:/opt/rustwide/cargo-home:ro,Z" "-v" "/var/lib/crater-agent-workspace/rustup-home:/opt/rustwide/rustup-home:ro,Z" "-e" "SOURCE_DIR=/opt/rustwide/workdir" "-e" "CARGO_TARGET_DIR=/opt/rustwide/target" "-e" "CARGO_HOME=/opt/rustwide/cargo-home" "-e" "RUSTUP_HOME=/opt/rustwide/rustup-home" "-w" "/opt/rustwide/workdir" "-m" "1610612736" "--user" "0:0" "--network" "none" "ghcr.io/rust-lang/crates-build-env/linux@sha256:34b6a614d2c27851fe6cbf88fbd1137609cefab8b10d0615aaeb6fd47975d74e" "/opt/rustwide/cargo-home/bin/cargo" "+1.54.0" "metadata" "--no-deps" "--format-version=1", kill_on_drop: false }`
[INFO] [stdout] 023b49e4f9814508041b9214a5228bc499e3d302afa545b0a024e963c460dede
[INFO] [stderr] WARNING: Your kernel does not support swap limit capabilities or the cgroup is not mounted. Memory limited without swap.
[INFO] running `Command { std: "docker" "start" "-a" "023b49e4f9814508041b9214a5228bc499e3d302afa545b0a024e963c460dede", kill_on_drop: false }`
[INFO] running `Command { std: "docker" "inspect" "023b49e4f9814508041b9214a5228bc499e3d302afa545b0a024e963c460dede", kill_on_drop: false }`
[INFO] running `Command { std: "docker" "rm" "-f" "023b49e4f9814508041b9214a5228bc499e3d302afa545b0a024e963c460dede", kill_on_drop: false }`
[INFO] [stdout] 023b49e4f9814508041b9214a5228bc499e3d302afa545b0a024e963c460dede
[INFO] running `Command { std: "docker" "create" "-v" "/var/lib/crater-agent-workspace/builds/worker-10/target:/opt/rustwide/target:rw,Z" "-v" "/var/lib/crater-agent-workspace/builds/worker-10/source:/opt/rustwide/workdir:ro,Z" "-v" "/var/lib/crater-agent-workspace/cargo-home:/opt/rustwide/cargo-home:ro,Z" "-v" "/var/lib/crater-agent-workspace/rustup-home:/opt/rustwide/rustup-home:ro,Z" "-e" "SOURCE_DIR=/opt/rustwide/workdir" "-e" "CARGO_TARGET_DIR=/opt/rustwide/target" "-e" "CARGO_INCREMENTAL=0" "-e" "RUST_BACKTRACE=full" "-e" "RUSTFLAGS=--cap-lints=warn" "-e" "CARGO_HOME=/opt/rustwide/cargo-home" "-e" "RUSTUP_HOME=/opt/rustwide/rustup-home" "-w" "/opt/rustwide/workdir" "-m" "1610612736" "--user" "0:0" "--network" "none" "ghcr.io/rust-lang/crates-build-env/linux@sha256:34b6a614d2c27851fe6cbf88fbd1137609cefab8b10d0615aaeb6fd47975d74e" "/opt/rustwide/cargo-home/bin/cargo" "+1.54.0" "build" "--frozen" "--message-format=json", kill_on_drop: false }`
[INFO] [stdout] a05a0ed0bd280f999fba0cea35c40bf604c761c7a1bdd2cb5b466f40cb05cbed
[INFO] [stderr] WARNING: Your kernel does not support swap limit capabilities or the cgroup is not mounted. Memory limited without swap.
[INFO] running `Command { std: "docker" "start" "-a" "a05a0ed0bd280f999fba0cea35c40bf604c761c7a1bdd2cb5b466f40cb05cbed", kill_on_drop: false }`
[INFO] [stderr]    Compiling arrayvec v0.5.2
[INFO] [stderr]    Compiling euclid v0.22.6
[INFO] [stderr]    Compiling geo-types v0.7.2
[INFO] [stderr]    Compiling lyon_geom v0.17.4
[INFO] [stderr]    Compiling lyon_path v0.17.4
[INFO] [stderr]    Compiling lyon-geo-types v0.1.0 (/opt/rustwide/workdir)
[INFO] [stderr]     Finished dev [unoptimized + debuginfo] target(s) in 4.66s
[INFO] running `Command { std: "docker" "inspect" "a05a0ed0bd280f999fba0cea35c40bf604c761c7a1bdd2cb5b466f40cb05cbed", kill_on_drop: false }`
[INFO] running `Command { std: "docker" "rm" "-f" "a05a0ed0bd280f999fba0cea35c40bf604c761c7a1bdd2cb5b466f40cb05cbed", kill_on_drop: false }`
[INFO] [stdout] a05a0ed0bd280f999fba0cea35c40bf604c761c7a1bdd2cb5b466f40cb05cbed
[INFO] running `Command { std: "docker" "create" "-v" "/var/lib/crater-agent-workspace/builds/worker-10/target:/opt/rustwide/target:rw,Z" "-v" "/var/lib/crater-agent-workspace/builds/worker-10/source:/opt/rustwide/workdir:ro,Z" "-v" "/var/lib/crater-agent-workspace/cargo-home:/opt/rustwide/cargo-home:ro,Z" "-v" "/var/lib/crater-agent-workspace/rustup-home:/opt/rustwide/rustup-home:ro,Z" "-e" "SOURCE_DIR=/opt/rustwide/workdir" "-e" "CARGO_TARGET_DIR=/opt/rustwide/target" "-e" "CARGO_INCREMENTAL=0" "-e" "RUST_BACKTRACE=full" "-e" "RUSTFLAGS=--cap-lints=warn" "-e" "CARGO_HOME=/opt/rustwide/cargo-home" "-e" "RUSTUP_HOME=/opt/rustwide/rustup-home" "-w" "/opt/rustwide/workdir" "-m" "1610612736" "--user" "0:0" "--network" "none" "ghcr.io/rust-lang/crates-build-env/linux@sha256:34b6a614d2c27851fe6cbf88fbd1137609cefab8b10d0615aaeb6fd47975d74e" "/opt/rustwide/cargo-home/bin/cargo" "+1.54.0" "test" "--frozen" "--no-run" "--message-format=json", kill_on_drop: false }`
[INFO] [stderr] WARNING: Your kernel does not support swap limit capabilities or the cgroup is not mounted. Memory limited without swap.
[INFO] [stdout] 4951937df1ec46f2effd19d1d4473a84872c5668ef539b93f267d56f345d56dd
[INFO] running `Command { std: "docker" "start" "-a" "4951937df1ec46f2effd19d1d4473a84872c5668ef539b93f267d56f345d56dd", kill_on_drop: false }`
[INFO] [stderr]    Compiling clipper-sys v0.5.0
[INFO] [stderr]    Compiling sid v0.6.1
[INFO] [stderr]    Compiling float_next_after v0.1.5
[INFO] [stderr]    Compiling lyon_algorithms v0.17.4
[INFO] [stderr]    Compiling lyon_tessellation v0.17.8
[INFO] [stderr]    Compiling lyon v0.17.5
[INFO] [stderr]    Compiling geo-clipper v0.7.0
[INFO] [stderr]    Compiling lyon-geo-types v0.1.0 (/opt/rustwide/workdir)
[INFO] [stdout] error[E0432]: unresolved import `xml_utils`
[INFO] [stdout]  --> examples/inter.rs:6:5
[INFO] [stdout]   |
[INFO] [stdout] 6 | use xml_utils::{Color, FillOptions, Svg, SvgPath, ViewBox};
[INFO] [stdout]   |     ^^^^^^^^^ use of undeclared crate or module `xml_utils`
[INFO] [stdout] 
[INFO] [stdout] 
[INFO] [stderr] error: could not compile `lyon-geo-types`
[INFO] [stdout] error: aborting due to previous error
[INFO] [stdout] 
[INFO] [stdout] 
[INFO] [stderr] 
[INFO] [stdout] For more information about this error, try `rustc --explain E0432`.
[INFO] [stdout] 
[INFO] [stderr] To learn more, run the command again with --verbose.
[INFO] [stderr] warning: build failed, waiting for other jobs to finish...
[INFO] [stdout] error[E0432]: unresolved import `xml_utils`
[INFO] [stdout]  --> examples/diff-left.rs:6:5
[INFO] [stdout]   |
[INFO] [stdout] 6 | use xml_utils::{Color, FillOptions, Svg, SvgPath, ViewBox};
[INFO] [stdout]   |     ^^^^^^^^^ use of undeclared crate or module `xml_utils`
[INFO] [stdout] 
[INFO] [stdout] 
[INFO] [stdout] error[E0432]: unresolved import `xml_utils`
[INFO] [stdout]  --> examples/union.rs:6:5
[INFO] [stdout]   |
[INFO] [stdout] 6 | use xml_utils::{Color, FillOptions, Svg, SvgPath, ViewBox};
[INFO] [stdout]   |     ^^^^^^^^^ use of undeclared crate or module `xml_utils`
[INFO] [stdout] 
[INFO] [stdout] 
[INFO] [stdout] error: aborting due to previous error
[INFO] [stdout] 
[INFO] [stdout] 
[INFO] [stdout] For more information about this error, try `rustc --explain E0432`.
[INFO] [stdout] 
[INFO] [stdout] error: aborting due to previous error
[INFO] [stdout] 
[INFO] [stdout] 
[INFO] [stdout] For more information about this error, try `rustc --explain E0432`.
[INFO] [stdout] 
[INFO] [stdout] error[E0432]: unresolved import `xml_utils`
[INFO] [stdout]  --> examples/diff-right.rs:6:5
[INFO] [stdout]   |
[INFO] [stdout] 6 | use xml_utils::{Color, FillOptions, Svg, SvgPath, ViewBox};
[INFO] [stdout]   |     ^^^^^^^^^ use of undeclared crate or module `xml_utils`
[INFO] [stdout] 
[INFO] [stdout] 
[INFO] [stdout] error: aborting due to previous error
[INFO] [stdout] 
[INFO] [stdout] 
[INFO] [stdout] For more information about this error, try `rustc --explain E0432`.
[INFO] [stdout] 
[INFO] [stdout] error[E0432]: unresolved import `xml_utils`
[INFO] [stdout]  --> examples/xor.rs:6:5
[INFO] [stdout]   |
[INFO] [stdout] 6 | use xml_utils::{Color, FillOptions, Svg, SvgPath, ViewBox};
[INFO] [stdout]   |     ^^^^^^^^^ use of undeclared crate or module `xml_utils`
[INFO] [stdout] 
[INFO] [stdout] 
[INFO] [stdout] error: aborting due to previous error
[INFO] [stdout] 
[INFO] [stdout] 
[INFO] [stdout] For more information about this error, try `rustc --explain E0432`.
[INFO] [stdout] 
[INFO] [stderr] error: build failed
[INFO] running `Command { std: "docker" "inspect" "4951937df1ec46f2effd19d1d4473a84872c5668ef539b93f267d56f345d56dd", kill_on_drop: false }`
[INFO] running `Command { std: "docker" "rm" "-f" "4951937df1ec46f2effd19d1d4473a84872c5668ef539b93f267d56f345d56dd", kill_on_drop: false }`
[INFO] [stdout] 4951937df1ec46f2effd19d1d4473a84872c5668ef539b93f267d56f345d56dd
