[INFO] fetching crate lsl 0.1.1...
[INFO] testing lsl-0.1.1 against 1.54.0 for beta-1.55-1
[INFO] extracting crate lsl 0.1.1 into /workspace/builds/worker-5/source
[INFO] validating manifest of crates.io crate lsl 0.1.1 on toolchain 1.54.0
[INFO] running `Command { std: "/workspace/cargo-home/bin/cargo" "+1.54.0" "metadata" "--manifest-path" "Cargo.toml" "--no-deps", kill_on_drop: false }`
[INFO] started tweaking crates.io crate lsl 0.1.1
[INFO] finished tweaking crates.io crate lsl 0.1.1
[INFO] tweaked toml for crates.io crate lsl 0.1.1 written to /workspace/builds/worker-5/source/Cargo.toml
[INFO] crate crates.io crate lsl 0.1.1 already has a lockfile, it will not be regenerated
[INFO] running `Command { std: "/workspace/cargo-home/bin/cargo" "+1.54.0" "fetch" "--manifest-path" "Cargo.toml", kill_on_drop: false }`
[INFO] [stderr]     Blocking waiting for file lock on package cache
[INFO] running `Command { std: "docker" "create" "-v" "/var/lib/crater-agent-workspace/builds/worker-5/target:/opt/rustwide/target:rw,Z" "-v" "/var/lib/crater-agent-workspace/builds/worker-5/source:/opt/rustwide/workdir:ro,Z" "-v" "/var/lib/crater-agent-workspace/cargo-home:/opt/rustwide/cargo-home:ro,Z" "-v" "/var/lib/crater-agent-workspace/rustup-home:/opt/rustwide/rustup-home:ro,Z" "-e" "SOURCE_DIR=/opt/rustwide/workdir" "-e" "CARGO_TARGET_DIR=/opt/rustwide/target" "-e" "CARGO_HOME=/opt/rustwide/cargo-home" "-e" "RUSTUP_HOME=/opt/rustwide/rustup-home" "-w" "/opt/rustwide/workdir" "-m" "1610612736" "--user" "0:0" "--network" "none" "ghcr.io/rust-lang/crates-build-env/linux@sha256:34b6a614d2c27851fe6cbf88fbd1137609cefab8b10d0615aaeb6fd47975d74e" "/opt/rustwide/cargo-home/bin/cargo" "+1.54.0" "metadata" "--no-deps" "--format-version=1", kill_on_drop: false }`
[INFO] [stdout] eeaf74ff6a1941f7c15dc6ef40c8a9a21d09868c3075d6b02080928b019cab70
[INFO] running `Command { std: "docker" "start" "-a" "eeaf74ff6a1941f7c15dc6ef40c8a9a21d09868c3075d6b02080928b019cab70", kill_on_drop: false }`
[INFO] running `Command { std: "docker" "inspect" "eeaf74ff6a1941f7c15dc6ef40c8a9a21d09868c3075d6b02080928b019cab70", kill_on_drop: false }`
[INFO] running `Command { std: "docker" "rm" "-f" "eeaf74ff6a1941f7c15dc6ef40c8a9a21d09868c3075d6b02080928b019cab70", kill_on_drop: false }`
[INFO] [stdout] eeaf74ff6a1941f7c15dc6ef40c8a9a21d09868c3075d6b02080928b019cab70
[INFO] running `Command { std: "docker" "create" "-v" "/var/lib/crater-agent-workspace/builds/worker-5/target:/opt/rustwide/target:rw,Z" "-v" "/var/lib/crater-agent-workspace/builds/worker-5/source:/opt/rustwide/workdir:ro,Z" "-v" "/var/lib/crater-agent-workspace/cargo-home:/opt/rustwide/cargo-home:ro,Z" "-v" "/var/lib/crater-agent-workspace/rustup-home:/opt/rustwide/rustup-home:ro,Z" "-e" "SOURCE_DIR=/opt/rustwide/workdir" "-e" "CARGO_TARGET_DIR=/opt/rustwide/target" "-e" "CARGO_INCREMENTAL=0" "-e" "RUST_BACKTRACE=full" "-e" "RUSTFLAGS=--cap-lints=warn" "-e" "CARGO_HOME=/opt/rustwide/cargo-home" "-e" "RUSTUP_HOME=/opt/rustwide/rustup-home" "-w" "/opt/rustwide/workdir" "-m" "1610612736" "--user" "0:0" "--network" "none" "ghcr.io/rust-lang/crates-build-env/linux@sha256:34b6a614d2c27851fe6cbf88fbd1137609cefab8b10d0615aaeb6fd47975d74e" "/opt/rustwide/cargo-home/bin/cargo" "+1.54.0" "build" "--frozen" "--message-format=json", kill_on_drop: false }`
[INFO] [stdout] 7217551b6f1d4b7f84dc764844ddf7f543132b5b6ffde3bdf91a1ab63522f31c
[INFO] running `Command { std: "docker" "start" "-a" "7217551b6f1d4b7f84dc764844ddf7f543132b5b6ffde3bdf91a1ab63522f31c", kill_on_drop: false }`
[INFO] [stderr]    Compiling cc v1.0.61
[INFO] [stderr]    Compiling cmake v0.1.44
[INFO] [stderr]    Compiling lsl-sys v0.1.1
[INFO] [stderr] error: failed to run custom build command for `lsl-sys v0.1.1`
[INFO] [stderr] 
[INFO] [stderr] Caused by:
[INFO] [stderr]   process didn't exit successfully: `/opt/rustwide/target/debug/build/lsl-sys-9919c3bda9c78f00/build-script-build` (exit status: 101)
[INFO] [stderr]   --- stdout
[INFO] [stderr]   running: "cmake" "/opt/rustwide/cargo-home/registry/src/github.com-1ecc6299db9ec823/lsl-sys-0.1.1/liblsl" "-DLSL_NO_FANCY_LIBNAME=ON" "-DLSL_BUILD_STATIC=ON" "-DCMAKE_INSTALL_PREFIX=/opt/rustwide/target/debug/build/lsl-sys-286ada227c7659f4/out" "-DCMAKE_C_FLAGS= -ffunction-sections -fdata-sections -fPIC -m64" "-DCMAKE_C_COMPILER=/usr/bin/cc" "-DCMAKE_CXX_FLAGS= -ffunction-sections -fdata-sections -fPIC -m64" "-DCMAKE_CXX_COMPILER=/usr/bin/c++" "-DCMAKE_ASM_FLAGS= -ffunction-sections -fdata-sections -fPIC -m64" "-DCMAKE_ASM_COMPILER=/usr/bin/cc" "-DCMAKE_BUILD_TYPE=Debug"
[INFO] [stderr]   -- The C compiler identification is GNU 9.3.0
[INFO] [stderr]   -- The CXX compiler identification is GNU 9.3.0
[INFO] [stderr]   -- Check for working C compiler: /usr/bin/cc
[INFO] [stderr]   -- Check for working C compiler: /usr/bin/cc -- works
[INFO] [stderr]   -- Detecting C compiler ABI info
[INFO] [stderr]   -- Detecting C compiler ABI info - done
[INFO] [stderr]   -- Detecting C compile features
[INFO] [stderr]   -- Detecting C compile features - done
[INFO] [stderr]   -- Check for working CXX compiler: /usr/bin/c++
[INFO] [stderr]   -- Check for working CXX compiler: /usr/bin/c++ -- works
[INFO] [stderr]   -- Detecting CXX compiler ABI info
[INFO] [stderr]   -- Detecting CXX compiler ABI info - done
[INFO] [stderr]   -- Detecting CXX compile features
[INFO] [stderr]   -- Detecting CXX compile features - done
[INFO] [stderr]   -- Found Git: /usr/bin/git (found version "2.25.1") 
[INFO] [stderr]   -- Git version information: /
[INFO] [stderr]   -- Looking for pthread.h
[INFO] [stderr]   -- Looking for pthread.h - found
[INFO] [stderr]   -- Performing Test CMAKE_HAVE_LIBC_PTHREAD
[INFO] [stderr]   -- Performing Test CMAKE_HAVE_LIBC_PTHREAD - Failed
[INFO] [stderr]   -- Looking for pthread_create in pthreads
[INFO] [stderr]   -- Looking for pthread_create in pthreads - not found
[INFO] [stderr]   -- Looking for pthread_create in pthread
[INFO] [stderr]   -- Looking for pthread_create in pthread - found
[INFO] [stderr]   -- Found Threads: TRUE  
[INFO] [stderr]   -- Included LSL CMake helpers, rev. 12, /opt/rustwide/cargo-home/registry/src/github.com-1ecc6299db9ec823/lsl-sys-0.1.1/liblsl/cmake
[INFO] [stderr]   -- Installing Components: liblsl
[INFO] [stderr]   -- Configuring done
[INFO] [stderr]   -- Generating done
[INFO] [stderr]   -- Build files have been written to: /opt/rustwide/target/debug/build/lsl-sys-286ada227c7659f4/out/build
[INFO] [stderr]   running: "cmake" "--build" "." "--target" "install" "--config" "Debug" "--"
[INFO] [stderr]   Scanning dependencies of target lslboost
[INFO] [stderr]   [  2%] Building CXX object CMakeFiles/lslboost.dir/lslboost/asio_objects.cpp.o
[INFO] [stderr]   [  4%] Building CXX object CMakeFiles/lslboost.dir/lslboost/libs/chrono/src/chrono.cpp.o
[INFO] [stderr]   [  6%] Building CXX object CMakeFiles/lslboost.dir/lslboost/libs/atomic/src/lockpool.cpp.o
[INFO] [stderr]   [  8%] Building CXX object CMakeFiles/lslboost.dir/lslboost/libs/serialization/src/basic_iarchive.cpp.o
[INFO] [stderr]   [ 10%] Building CXX object CMakeFiles/lslboost.dir/lslboost/libs/serialization/src/basic_archive.cpp.o
[INFO] [stderr]   [ 12%] Building CXX object CMakeFiles/lslboost.dir/lslboost/libs/serialization/src/archive_exception.cpp.o
[INFO] [stderr]   [ 14%] Building CXX object CMakeFiles/lslboost.dir/lslboost/libs/serialization/src/basic_iserializer.cpp.o
[INFO] [stderr]   [ 17%] Building CXX object CMakeFiles/lslboost.dir/lslboost/libs/serialization/src/basic_oarchive.cpp.o
[INFO] [stderr]   [ 19%] Building CXX object CMakeFiles/lslboost.dir/lslboost/libs/serialization/src/basic_oserializer.cpp.o
[INFO] [stderr]   [ 21%] Building CXX object CMakeFiles/lslboost.dir/lslboost/libs/serialization/src/basic_serializer_map.cpp.o
[INFO] [stderr]   [ 23%] Building CXX object CMakeFiles/lslboost.dir/lslboost/libs/thread/src/pthread/once.cpp.o
[INFO] [stderr]   [ 25%] Building CXX object CMakeFiles/lslboost.dir/lslboost/libs/serialization/src/void_cast.cpp.o
[INFO] [stderr]   [ 27%] Building CXX object CMakeFiles/lslboost.dir/lslboost/libs/serialization/src/extended_type_info_typeid.cpp.o
[INFO] [stderr]   [ 29%] Building CXX object CMakeFiles/lslboost.dir/lslboost/libs/serialization/src/extended_type_info.cpp.o
[INFO] [stderr]   [ 31%] Building CXX object CMakeFiles/lslboost.dir/lslboost/libs/thread/src/pthread/thread.cpp.o
[INFO] [stderr]   [ 31%] Built target lslboost
[INFO] [stderr]   Scanning dependencies of target lslobj
[INFO] [stderr]   [ 34%] Building CXX object CMakeFiles/lslobj.dir/src/api_config.cpp.o
[INFO] [stderr]   [ 36%] Building CXX object CMakeFiles/lslobj.dir/src/common.cpp.o
[INFO] [stderr]   [ 38%] Building CXX object CMakeFiles/lslobj.dir/src/cancellation.cpp.o
[INFO] [stderr]   [ 40%] Building CXX object CMakeFiles/lslobj.dir/src/cast.cpp.o
[INFO] [stderr]   [ 42%] Building CXX object CMakeFiles/lslobj.dir/src/consumer_queue.cpp.o
[INFO] [stderr]   [ 44%] Building CXX object CMakeFiles/lslobj.dir/src/data_receiver.cpp.o
[INFO] [stderr]   [ 46%] Building CXX object CMakeFiles/lslobj.dir/src/info_receiver.cpp.o
[INFO] [stderr]   [ 48%] Building CXX object CMakeFiles/lslobj.dir/src/inlet_connection.cpp.o
[INFO] [stderr]   [ 51%] Building CXX object CMakeFiles/lslobj.dir/src/lsl_freefuncs_c.cpp.o
[INFO] [stderr]   [ 53%] Building CXX object CMakeFiles/lslobj.dir/src/lsl_continuous_resolver_c.cpp.o
[INFO] [stderr]   [ 55%] Building CXX object CMakeFiles/lslobj.dir/src/lsl_inlet_c.cpp.o
[INFO] [stderr]   [ 57%] Building CXX object CMakeFiles/lslobj.dir/src/lsl_streaminfo_c.cpp.o
[INFO] [stderr]   [ 59%] Building CXX object CMakeFiles/lslobj.dir/src/lsl_xml_element_c.cpp.o
[INFO] [stderr]   [ 61%] Building CXX object CMakeFiles/lslobj.dir/src/pugixml/pugixml.cpp.o
[INFO] [stderr]   [ 63%] Building CXX object CMakeFiles/lslobj.dir/src/lsl_outlet_c.cpp.o
[INFO] [stderr]   [ 65%] Building CXX object CMakeFiles/lslobj.dir/src/resolve_attempt_udp.cpp.o
[INFO] [stderr]   [ 68%] Building CXX object CMakeFiles/lslobj.dir/src/resolver_impl.cpp.o
[INFO] [stderr]   [ 70%] Building CXX object CMakeFiles/lslobj.dir/src/sample.cpp.o
[INFO] [stderr]   [ 72%] Building CXX object CMakeFiles/lslobj.dir/src/socket_utils.cpp.o
[INFO] [stderr]   [ 74%] Building CXX object CMakeFiles/lslobj.dir/src/stream_info_impl.cpp.o
[INFO] [stderr]   [ 78%] Building CXX object CMakeFiles/lslobj.dir/src/tcp_server.cpp.o
[INFO] [stderr]   [ 80%] Building CXX object CMakeFiles/lslobj.dir/src/send_buffer.cpp.o
[INFO] [stderr]   [ 80%] Building CXX object CMakeFiles/lslobj.dir/src/stream_outlet_impl.cpp.o
[INFO] [stderr]   [ 82%] Building CXX object CMakeFiles/lslobj.dir/src/time_receiver.cpp.o
[INFO] [stderr]   [ 85%] Building CXX object CMakeFiles/lslobj.dir/src/time_postprocessor.cpp.o
[INFO] [stderr]   [ 87%] Building CXX object CMakeFiles/lslobj.dir/src/udp_server.cpp.o
[INFO] [stderr] 
[INFO] [stderr]   --- stderr
[INFO] [stderr]   fatal: not a git repository (or any parent up to mount point /opt/rustwide)
[INFO] [stderr]   Stopping at filesystem boundary (GIT_DISCOVERY_ACROSS_FILESYSTEM not set).
[INFO] [stderr]   fatal: not a git repository (or any parent up to mount point /opt/rustwide)
[INFO] [stderr]   Stopping at filesystem boundary (GIT_DISCOVERY_ACROSS_FILESYSTEM not set).
[INFO] [stderr]   CMake Warning:
[INFO] [stderr]     Manually-specified variables were not used by the project:
[INFO] [stderr] 
[INFO] [stderr]       CMAKE_ASM_COMPILER
[INFO] [stderr]       CMAKE_ASM_FLAGS
[INFO] [stderr] 
[INFO] [stderr] 
[INFO] [stderr]   c++: fatal error: Killed signal terminated program cc1plus
[INFO] [stderr]   compilation terminated.
[INFO] [stderr]   make[2]: *** [CMakeFiles/lslobj.dir/build.make:258: CMakeFiles/lslobj.dir/src/resolver_impl.cpp.o] Error 1
[INFO] [stderr]   make[2]: *** Waiting for unfinished jobs....
[INFO] [stderr]   c++: fatal error: Killed signal terminated program cc1plus
[INFO] [stderr]   compilation terminated.
[INFO] [stderr]   make[2]: *** [CMakeFiles/lslobj.dir/build.make:336: CMakeFiles/lslobj.dir/src/stream_outlet_impl.cpp.o] Error 1
[INFO] [stderr]   c++: fatal error: Killed signal terminated program cc1plus
[INFO] [stderr]   compilation terminated.
[INFO] [stderr]   make[2]: *** [CMakeFiles/lslobj.dir/build.make:115: CMakeFiles/lslobj.dir/src/consumer_queue.cpp.o] Error 1
[INFO] [stderr]   c++: fatal error: Killed signal terminated program cc1plus
[INFO] [stderr]   compilation terminated.
[INFO] [stderr]   make[2]: *** [CMakeFiles/lslobj.dir/build.make:180: CMakeFiles/lslobj.dir/src/lsl_freefuncs_c.cpp.o] Error 1
[INFO] [stderr]   c++: fatal error: Killed signal terminated program cc1plus
[INFO] [stderr]   compilation terminated.
[INFO] [stderr]   make[2]: *** [CMakeFiles/lslobj.dir/build.make:63: CMakeFiles/lslobj.dir/src/api_config.cpp.o] Error 1
[INFO] [stderr]   c++: fatal error: Killed signal terminated program cc1plus
[INFO] [stderr]   compilation terminated.
[INFO] [stderr]   make[2]: *** [CMakeFiles/lslobj.dir/build.make:362: CMakeFiles/lslobj.dir/src/time_postprocessor.cpp.o] Error 1
[INFO] [stderr]   c++: fatal error: Killed signal terminated program cc1plus
[INFO] [stderr]   compilation terminated.
[INFO] [stderr]   make[2]: *** [CMakeFiles/lslobj.dir/build.make:310: CMakeFiles/lslobj.dir/src/socket_utils.cpp.o] Error 1
[INFO] [stderr]   c++: fatal error: Killed signal terminated program cc1plus
[INFO] [stderr]   compilation terminated.
[INFO] [stderr]   make[2]: *** [CMakeFiles/lslobj.dir/build.make:349: CMakeFiles/lslobj.dir/src/tcp_server.cpp.o] Error 1
[INFO] [stderr]   c++: fatal error: Killed signal terminated program cc1plus
[INFO] [stderr]   compilation terminated.
[INFO] [stderr]   make[2]: *** [CMakeFiles/lslobj.dir/build.make:284: CMakeFiles/lslobj.dir/src/sample.cpp.o] Error 1
[INFO] [stderr]   c++: fatal error: Killed signal terminated program cc1plus
[INFO] [stderr]   compilation terminated.
[INFO] [stderr]   make[2]: *** [CMakeFiles/lslobj.dir/build.make:167: CMakeFiles/lslobj.dir/src/lsl_continuous_resolver_c.cpp.o] Error 1
[INFO] [stderr]   c++: fatal error: Killed signal terminated program cc1plus
[INFO] [stderr]   compilation terminated.
[INFO] [stderr]   make[2]: *** [CMakeFiles/lslobj.dir/build.make:271: CMakeFiles/lslobj.dir/src/resolve_attempt_udp.cpp.o] Error 1
[INFO] [stderr]   c++: fatal error: Killed signal terminated program cc1plus
[INFO] [stderr]   compilation terminated.
[INFO] [stderr]   make[2]: *** [CMakeFiles/lslobj.dir/build.make:128: CMakeFiles/lslobj.dir/src/data_receiver.cpp.o] Error 1
[INFO] [stderr]   c++: fatal error: Killed signal terminated program cc1plus
[INFO] [stderr]   compilation terminated.
[INFO] [stderr]   make[2]: *** [CMakeFiles/lslobj.dir/build.make:206: CMakeFiles/lslobj.dir/src/lsl_outlet_c.cpp.o] Error 1
[INFO] [stderr]   c++: fatal error: Killed signal terminated program cc1plus
[INFO] [stderr]   compilation terminated.
[INFO] [stderr]   make[2]: *** [CMakeFiles/lslobj.dir/build.make:154: CMakeFiles/lslobj.dir/src/inlet_connection.cpp.o] Error 1
[INFO] [stderr]   c++: fatal error: Killed signal terminated program cc1plus
[INFO] [stderr]   compilation terminated.
[INFO] [stderr]   make[2]: *** [CMakeFiles/lslobj.dir/build.make:141: CMakeFiles/lslobj.dir/src/info_receiver.cpp.o] Error 1
[INFO] [stderr]   c++: fatal error: Killed signal terminated program cc1plus
[INFO] [stderr]   compilation terminated.
[INFO] [stderr]   make[2]: *** [CMakeFiles/lslobj.dir/build.make:375: CMakeFiles/lslobj.dir/src/time_receiver.cpp.o] Error 1
[INFO] [stderr]   make[1]: *** [CMakeFiles/Makefile2:86: CMakeFiles/lslobj.dir/all] Error 2
[INFO] [stderr]   make: *** [Makefile:152: all] Error 2
[INFO] [stderr]   thread 'main' panicked at '
[INFO] [stderr]   command did not execute successfully, got: exit status: 2
[INFO] [stderr] 
[INFO] [stderr]   build script failed, must exit now', /opt/rustwide/cargo-home/registry/src/github.com-1ecc6299db9ec823/cmake-0.1.44/src/lib.rs:885:5
[INFO] [stderr]   stack backtrace:
[INFO] [stderr]      0:     0x5623704b77f0 - std::backtrace_rs::backtrace::libunwind::trace::h34055254b57d8e79
[INFO] [stderr]                                  at /rustc/a178d0322ce20e33eac124758e837cbd80a6f633/library/std/src/../../backtrace/src/backtrace/libunwind.rs:90:5
[INFO] [stderr]      1:     0x5623704b77f0 - std::backtrace_rs::backtrace::trace_unsynchronized::h8f1e3fbd9afff6ec
[INFO] [stderr]                                  at /rustc/a178d0322ce20e33eac124758e837cbd80a6f633/library/std/src/../../backtrace/src/backtrace/mod.rs:66:5
[INFO] [stderr]      2:     0x5623704b77f0 - std::sys_common::backtrace::_print_fmt::h3a99a796b770c360
[INFO] [stderr]                                  at /rustc/a178d0322ce20e33eac124758e837cbd80a6f633/library/std/src/sys_common/backtrace.rs:67:5
[INFO] [stderr]      3:     0x5623704b77f0 - <std::sys_common::backtrace::_print::DisplayBacktrace as core::fmt::Display>::fmt::h32d1f94a80615d18
[INFO] [stderr]                                  at /rustc/a178d0322ce20e33eac124758e837cbd80a6f633/library/std/src/sys_common/backtrace.rs:46:22
[INFO] [stderr]      4:     0x5623704d6fdc - core::fmt::write::h306731c068f7162c
[INFO] [stderr]                                  at /rustc/a178d0322ce20e33eac124758e837cbd80a6f633/library/core/src/fmt/mod.rs:1110:17
[INFO] [stderr]      5:     0x5623704b4875 - std::io::Write::write_fmt::hd2fa90334eee2a21
[INFO] [stderr]                                  at /rustc/a178d0322ce20e33eac124758e837cbd80a6f633/library/std/src/io/mod.rs:1588:15
[INFO] [stderr]      6:     0x5623704b9d5b - std::sys_common::backtrace::_print::h5abaa2601a852287
[INFO] [stderr]                                  at /rustc/a178d0322ce20e33eac124758e837cbd80a6f633/library/std/src/sys_common/backtrace.rs:49:5
[INFO] [stderr]      7:     0x5623704b9d5b - std::sys_common::backtrace::print::h8d81445442bb638f
[INFO] [stderr]                                  at /rustc/a178d0322ce20e33eac124758e837cbd80a6f633/library/std/src/sys_common/backtrace.rs:36:9
[INFO] [stderr]      8:     0x5623704b9d5b - std::panicking::default_hook::{{closure}}::hcfe804496a9fa747
[INFO] [stderr]                                  at /rustc/a178d0322ce20e33eac124758e837cbd80a6f633/library/std/src/panicking.rs:208:50
[INFO] [stderr]      9:     0x5623704b9831 - std::panicking::default_hook::hbea8e3ccf2ba8901
[INFO] [stderr]                                  at /rustc/a178d0322ce20e33eac124758e837cbd80a6f633/library/std/src/panicking.rs:225:9
[INFO] [stderr]     10:     0x5623704ba424 - std::panicking::rust_panic_with_hook::h7ee9e1a2d0f8975a
[INFO] [stderr]                                  at /rustc/a178d0322ce20e33eac124758e837cbd80a6f633/library/std/src/panicking.rs:622:17
[INFO] [stderr]     11:     0x5623704b9f07 - std::panicking::begin_panic_handler::{{closure}}::h8ab3b4491718b2c7
[INFO] [stderr]                                  at /rustc/a178d0322ce20e33eac124758e837cbd80a6f633/library/std/src/panicking.rs:519:13
[INFO] [stderr]     12:     0x5623704b7cec - std::sys_common::backtrace::__rust_end_short_backtrace::hd489062ffa586a9f
[INFO] [stderr]                                  at /rustc/a178d0322ce20e33eac124758e837cbd80a6f633/library/std/src/sys_common/backtrace.rs:141:18
[INFO] [stderr]     13:     0x5623704b9e69 - rust_begin_unwind
[INFO] [stderr]                                  at /rustc/a178d0322ce20e33eac124758e837cbd80a6f633/library/std/src/panicking.rs:515:5
[INFO] [stderr]     14:     0x562370443beb - std::panicking::begin_panic_fmt::h5479575e112541f8
[INFO] [stderr]                                  at /rustc/a178d0322ce20e33eac124758e837cbd80a6f633/library/std/src/panicking.rs:457:5
[INFO] [stderr]     15:     0x56237044dae3 - cmake::fail::h2fbcd61a6b3083da
[INFO] [stderr]                                  at /opt/rustwide/cargo-home/registry/src/github.com-1ecc6299db9ec823/cmake-0.1.44/src/lib.rs:885:5
[INFO] [stderr]     16:     0x56237044d4f1 - cmake::run::h67db368cbc3324e6
[INFO] [stderr]                                  at /opt/rustwide/cargo-home/registry/src/github.com-1ecc6299db9ec823/cmake-0.1.44/src/lib.rs:863:9
[INFO] [stderr]     17:     0x56237044a6a5 - cmake::Config::build::heeb00ec6499af3aa
[INFO] [stderr]                                  at /opt/rustwide/cargo-home/registry/src/github.com-1ecc6299db9ec823/cmake-0.1.44/src/lib.rs:769:9
[INFO] [stderr]     18:     0x562370444dfc - build_script_build::build_liblsl::h75e433239e2dfbca
[INFO] [stderr]                                  at /opt/rustwide/cargo-home/registry/src/github.com-1ecc6299db9ec823/lsl-sys-0.1.1/build.rs:35:23
[INFO] [stderr]     19:     0x562370444ac6 - build_script_build::main::h9b62b5b93ff6f92b
[INFO] [stderr]                                  at /opt/rustwide/cargo-home/registry/src/github.com-1ecc6299db9ec823/lsl-sys-0.1.1/build.rs:6:5
[INFO] [stderr]     20:     0x562370445d6b - core::ops::function::FnOnce::call_once::h29391cbb3c0ce51f
[INFO] [stderr]                                  at /rustc/a178d0322ce20e33eac124758e837cbd80a6f633/library/core/src/ops/function.rs:227:5
[INFO] [stderr]     21:     0x562370445bae - std::sys_common::backtrace::__rust_begin_short_backtrace::hef6bc48d9a24ced2
[INFO] [stderr]                                  at /rustc/a178d0322ce20e33eac124758e837cbd80a6f633/library/std/src/sys_common/backtrace.rs:125:18
[INFO] [stderr]     22:     0x562370445d21 - std::rt::lang_start::{{closure}}::h8c3cd4c14b1dba1c
[INFO] [stderr]                                  at /rustc/a178d0322ce20e33eac124758e837cbd80a6f633/library/std/src/rt.rs:49:18
[INFO] [stderr]     23:     0x5623704ba929 - core::ops::function::impls::<impl core::ops::function::FnOnce<A> for &F>::call_once::h2aabc384aab89b7b
[INFO] [stderr]                                  at /rustc/a178d0322ce20e33eac124758e837cbd80a6f633/library/core/src/ops/function.rs:259:13
[INFO] [stderr]     24:     0x5623704ba929 - std::panicking::try::do_call::hc5fcacb7a85fc7b1
[INFO] [stderr]                                  at /rustc/a178d0322ce20e33eac124758e837cbd80a6f633/library/std/src/panicking.rs:401:40
[INFO] [stderr]     25:     0x5623704ba929 - std::panicking::try::hb5d9603af3abbe3a
[INFO] [stderr]                                  at /rustc/a178d0322ce20e33eac124758e837cbd80a6f633/library/std/src/panicking.rs:365:19
[INFO] [stderr]     26:     0x5623704ba929 - std::panic::catch_unwind::h98fe6ac3925e64b4
[INFO] [stderr]                                  at /rustc/a178d0322ce20e33eac124758e837cbd80a6f633/library/std/src/panic.rs:434:14
[INFO] [stderr]     27:     0x5623704ba929 - std::rt::lang_start_internal::h22ac7383c516f93e
[INFO] [stderr]                                  at /rustc/a178d0322ce20e33eac124758e837cbd80a6f633/library/std/src/rt.rs:34:21
[INFO] [stderr]     28:     0x562370445d00 - std::rt::lang_start::h3a3a5b62c7d08fdd
[INFO] [stderr]                                  at /rustc/a178d0322ce20e33eac124758e837cbd80a6f633/library/std/src/rt.rs:48:5
[INFO] [stderr]     29:     0x56237044525c - main
[INFO] [stderr]     30:     0x7f2b96e2f0b3 - __libc_start_main
[INFO] [stderr]     31:     0x5623704449fe - _start
[INFO] [stderr]     32:                0x0 - <unknown>
[INFO] running `Command { std: "docker" "inspect" "7217551b6f1d4b7f84dc764844ddf7f543132b5b6ffde3bdf91a1ab63522f31c", kill_on_drop: false }`
[INFO] running `Command { std: "docker" "rm" "-f" "7217551b6f1d4b7f84dc764844ddf7f543132b5b6ffde3bdf91a1ab63522f31c", kill_on_drop: false }`
[INFO] [stdout] 7217551b6f1d4b7f84dc764844ddf7f543132b5b6ffde3bdf91a1ab63522f31c
