[INFO] fetching crate lsl-sys 0.1.1...
[INFO] testing lsl-sys-0.1.1 against 1.54.0 for beta-1.55-1
[INFO] extracting crate lsl-sys 0.1.1 into /workspace/builds/worker-2/source
[INFO] validating manifest of crates.io crate lsl-sys 0.1.1 on toolchain 1.54.0
[INFO] running `Command { std: "/workspace/cargo-home/bin/cargo" "+1.54.0" "metadata" "--manifest-path" "Cargo.toml" "--no-deps", kill_on_drop: false }`
[INFO] started tweaking crates.io crate lsl-sys 0.1.1
[INFO] finished tweaking crates.io crate lsl-sys 0.1.1
[INFO] tweaked toml for crates.io crate lsl-sys 0.1.1 written to /workspace/builds/worker-2/source/Cargo.toml
[INFO] running `Command { std: "/workspace/cargo-home/bin/cargo" "+1.54.0" "generate-lockfile" "--manifest-path" "Cargo.toml" "-Zno-index-update", kill_on_drop: false }`
[INFO] running `Command { std: "/workspace/cargo-home/bin/cargo" "+1.54.0" "fetch" "--manifest-path" "Cargo.toml", kill_on_drop: false }`
[INFO] running `Command { std: "docker" "create" "-v" "/var/lib/crater-agent-workspace/builds/worker-2/target:/opt/rustwide/target:rw,Z" "-v" "/var/lib/crater-agent-workspace/builds/worker-2/source:/opt/rustwide/workdir:ro,Z" "-v" "/var/lib/crater-agent-workspace/cargo-home:/opt/rustwide/cargo-home:ro,Z" "-v" "/var/lib/crater-agent-workspace/rustup-home:/opt/rustwide/rustup-home:ro,Z" "-e" "SOURCE_DIR=/opt/rustwide/workdir" "-e" "CARGO_TARGET_DIR=/opt/rustwide/target" "-e" "CARGO_HOME=/opt/rustwide/cargo-home" "-e" "RUSTUP_HOME=/opt/rustwide/rustup-home" "-w" "/opt/rustwide/workdir" "-m" "1610612736" "--user" "0:0" "--network" "none" "ghcr.io/rust-lang/crates-build-env/linux@sha256:34b6a614d2c27851fe6cbf88fbd1137609cefab8b10d0615aaeb6fd47975d74e" "/opt/rustwide/cargo-home/bin/cargo" "+1.54.0" "metadata" "--no-deps" "--format-version=1", kill_on_drop: false }`
[INFO] [stdout] bc10006d5229cd09508f484077b690a2b1cc9eb57c4a155d186d422d69235d5b
[INFO] running `Command { std: "docker" "start" "-a" "bc10006d5229cd09508f484077b690a2b1cc9eb57c4a155d186d422d69235d5b", kill_on_drop: false }`
[INFO] running `Command { std: "docker" "inspect" "bc10006d5229cd09508f484077b690a2b1cc9eb57c4a155d186d422d69235d5b", kill_on_drop: false }`
[INFO] running `Command { std: "docker" "rm" "-f" "bc10006d5229cd09508f484077b690a2b1cc9eb57c4a155d186d422d69235d5b", kill_on_drop: false }`
[INFO] [stdout] bc10006d5229cd09508f484077b690a2b1cc9eb57c4a155d186d422d69235d5b
[INFO] running `Command { std: "docker" "create" "-v" "/var/lib/crater-agent-workspace/builds/worker-2/target:/opt/rustwide/target:rw,Z" "-v" "/var/lib/crater-agent-workspace/builds/worker-2/source:/opt/rustwide/workdir:ro,Z" "-v" "/var/lib/crater-agent-workspace/cargo-home:/opt/rustwide/cargo-home:ro,Z" "-v" "/var/lib/crater-agent-workspace/rustup-home:/opt/rustwide/rustup-home:ro,Z" "-e" "SOURCE_DIR=/opt/rustwide/workdir" "-e" "CARGO_TARGET_DIR=/opt/rustwide/target" "-e" "CARGO_INCREMENTAL=0" "-e" "RUST_BACKTRACE=full" "-e" "RUSTFLAGS=--cap-lints=warn" "-e" "CARGO_HOME=/opt/rustwide/cargo-home" "-e" "RUSTUP_HOME=/opt/rustwide/rustup-home" "-w" "/opt/rustwide/workdir" "-m" "1610612736" "--user" "0:0" "--network" "none" "ghcr.io/rust-lang/crates-build-env/linux@sha256:34b6a614d2c27851fe6cbf88fbd1137609cefab8b10d0615aaeb6fd47975d74e" "/opt/rustwide/cargo-home/bin/cargo" "+1.54.0" "build" "--frozen" "--message-format=json", kill_on_drop: false }`
[INFO] [stdout] 9e125561cfd32aaf4394469fe0db10d6078b8d605f451daf524565d3bbbcd396
[INFO] running `Command { std: "docker" "start" "-a" "9e125561cfd32aaf4394469fe0db10d6078b8d605f451daf524565d3bbbcd396", kill_on_drop: false }`
[INFO] [stderr]     Blocking waiting for file lock on package cache
[INFO] [stderr]    Compiling cc v1.0.69
[INFO] [stderr]    Compiling cmake v0.1.45
[INFO] [stderr]    Compiling lsl-sys v0.1.1 (/opt/rustwide/workdir)
[INFO] [stderr] error: failed to run custom build command for `lsl-sys v0.1.1 (/opt/rustwide/workdir)`
[INFO] [stderr] 
[INFO] [stderr] Caused by:
[INFO] [stderr]   process didn't exit successfully: `/opt/rustwide/target/debug/build/lsl-sys-80681b80e9bf5377/build-script-build` (exit status: 101)
[INFO] [stderr]   --- stdout
[INFO] [stderr]   running: "cmake" "/opt/rustwide/workdir/liblsl" "-DLSL_NO_FANCY_LIBNAME=ON" "-DLSL_BUILD_STATIC=ON" "-DCMAKE_INSTALL_PREFIX=/opt/rustwide/target/debug/build/lsl-sys-1f13141c425e9b18/out" "-DCMAKE_C_FLAGS= -ffunction-sections -fdata-sections -fPIC -m64" "-DCMAKE_C_COMPILER=/usr/bin/cc" "-DCMAKE_CXX_FLAGS= -ffunction-sections -fdata-sections -fPIC -m64" "-DCMAKE_CXX_COMPILER=/usr/bin/c++" "-DCMAKE_ASM_FLAGS= -ffunction-sections -fdata-sections -fPIC -m64" "-DCMAKE_ASM_COMPILER=/usr/bin/cc" "-DCMAKE_BUILD_TYPE=Debug"
[INFO] [stderr]   -- The C compiler identification is GNU 9.3.0
[INFO] [stderr]   -- The CXX compiler identification is GNU 9.3.0
[INFO] [stderr]   -- Check for working C compiler: /usr/bin/cc
[INFO] [stderr]   -- Check for working C compiler: /usr/bin/cc -- works
[INFO] [stderr]   -- Detecting C compiler ABI info
[INFO] [stderr]   -- Detecting C compiler ABI info - done
[INFO] [stderr]   -- Detecting C compile features
[INFO] [stderr]   -- Detecting C compile features - done
[INFO] [stderr]   -- Check for working CXX compiler: /usr/bin/c++
[INFO] [stderr]   -- Check for working CXX compiler: /usr/bin/c++ -- works
[INFO] [stderr]   -- Detecting CXX compiler ABI info
[INFO] [stderr]   -- Detecting CXX compiler ABI info - done
[INFO] [stderr]   -- Detecting CXX compile features
[INFO] [stderr]   -- Detecting CXX compile features - done
[INFO] [stderr]   -- Found Git: /usr/bin/git (found version "2.25.1") 
[INFO] [stderr]   -- Git version information: /
[INFO] [stderr]   -- Looking for pthread.h
[INFO] [stderr]   -- Looking for pthread.h - found
[INFO] [stderr]   -- Performing Test CMAKE_HAVE_LIBC_PTHREAD
[INFO] [stderr]   -- Performing Test CMAKE_HAVE_LIBC_PTHREAD - Failed
[INFO] [stderr]   -- Looking for pthread_create in pthreads
[INFO] [stderr]   -- Looking for pthread_create in pthreads - not found
[INFO] [stderr]   -- Looking for pthread_create in pthread
[INFO] [stderr]   -- Looking for pthread_create in pthread - found
[INFO] [stderr]   -- Found Threads: TRUE  
[INFO] [stderr]   -- Included LSL CMake helpers, rev. 12, /opt/rustwide/workdir/liblsl/cmake
[INFO] [stderr]   -- Installing Components: liblsl
[INFO] [stderr]   -- Configuring done
[INFO] [stderr]   -- Generating done
[INFO] [stderr]   -- Build files have been written to: /opt/rustwide/target/debug/build/lsl-sys-1f13141c425e9b18/out/build
[INFO] [stderr]   running: "cmake" "--build" "." "--target" "install" "--config" "Debug" "--"
[INFO] [stderr]   Scanning dependencies of target lslboost
[INFO] [stderr]   [  2%] Building CXX object CMakeFiles/lslboost.dir/lslboost/libs/atomic/src/lockpool.cpp.o
[INFO] [stderr]   [  4%] Building CXX object CMakeFiles/lslboost.dir/lslboost/libs/serialization/src/archive_exception.cpp.o
[INFO] [stderr]   [  6%] Building CXX object CMakeFiles/lslboost.dir/lslboost/libs/serialization/src/basic_archive.cpp.o
[INFO] [stderr]   [  8%] Building CXX object CMakeFiles/lslboost.dir/lslboost/libs/chrono/src/chrono.cpp.o
[INFO] [stderr]   [ 10%] Building CXX object CMakeFiles/lslboost.dir/lslboost/libs/serialization/src/basic_iarchive.cpp.o
[INFO] [stderr]   [ 12%] Building CXX object CMakeFiles/lslboost.dir/lslboost/asio_objects.cpp.o
[INFO] [stderr]   [ 14%] Building CXX object CMakeFiles/lslboost.dir/lslboost/libs/serialization/src/basic_oarchive.cpp.o
[INFO] [stderr]   [ 17%] Building CXX object CMakeFiles/lslboost.dir/lslboost/libs/serialization/src/basic_serializer_map.cpp.o
[INFO] [stderr]   [ 19%] Building CXX object CMakeFiles/lslboost.dir/lslboost/libs/serialization/src/basic_iserializer.cpp.o
[INFO] [stderr]   [ 21%] Building CXX object CMakeFiles/lslboost.dir/lslboost/libs/serialization/src/basic_oserializer.cpp.o
[INFO] [stderr]   [ 23%] Building CXX object CMakeFiles/lslboost.dir/lslboost/libs/serialization/src/extended_type_info.cpp.o
[INFO] [stderr]   [ 25%] Building CXX object CMakeFiles/lslboost.dir/lslboost/libs/serialization/src/extended_type_info_typeid.cpp.o
[INFO] [stderr]   [ 27%] Building CXX object CMakeFiles/lslboost.dir/lslboost/libs/thread/src/pthread/thread.cpp.o
[INFO] [stderr]   [ 29%] Building CXX object CMakeFiles/lslboost.dir/lslboost/libs/serialization/src/void_cast.cpp.o
[INFO] [stderr]   [ 31%] Building CXX object CMakeFiles/lslboost.dir/lslboost/libs/thread/src/pthread/once.cpp.o
[INFO] [stderr]   [ 31%] Built target lslboost
[INFO] [stderr]   Scanning dependencies of target lslobj
[INFO] [stderr]   [ 34%] Building CXX object CMakeFiles/lslobj.dir/src/api_config.cpp.o
[INFO] [stderr]   [ 36%] Building CXX object CMakeFiles/lslobj.dir/src/cast.cpp.o
[INFO] [stderr]   [ 38%] Building CXX object CMakeFiles/lslobj.dir/src/cancellation.cpp.o
[INFO] [stderr]   [ 40%] Building CXX object CMakeFiles/lslobj.dir/src/common.cpp.o
[INFO] [stderr]   [ 42%] Building CXX object CMakeFiles/lslobj.dir/src/consumer_queue.cpp.o
[INFO] [stderr]   [ 44%] Building CXX object CMakeFiles/lslobj.dir/src/data_receiver.cpp.o
[INFO] [stderr]   [ 46%] Building CXX object CMakeFiles/lslobj.dir/src/lsl_continuous_resolver_c.cpp.o
[INFO] [stderr]   [ 48%] Building CXX object CMakeFiles/lslobj.dir/src/info_receiver.cpp.o
[INFO] [stderr]   [ 51%] Building CXX object CMakeFiles/lslobj.dir/src/inlet_connection.cpp.o
[INFO] [stderr]   [ 53%] Building CXX object CMakeFiles/lslobj.dir/src/lsl_freefuncs_c.cpp.o
[INFO] [stderr]   [ 55%] Building CXX object CMakeFiles/lslobj.dir/src/lsl_streaminfo_c.cpp.o
[INFO] [stderr]   [ 57%] Building CXX object CMakeFiles/lslobj.dir/src/lsl_inlet_c.cpp.o
[INFO] [stderr]   [ 59%] Building CXX object CMakeFiles/lslobj.dir/src/lsl_outlet_c.cpp.o
[INFO] [stderr]   [ 61%] Building CXX object CMakeFiles/lslobj.dir/src/pugixml/pugixml.cpp.o
[INFO] [stderr]   [ 63%] Building CXX object CMakeFiles/lslobj.dir/src/lsl_xml_element_c.cpp.o
[INFO] [stderr]   [ 65%] Building CXX object CMakeFiles/lslobj.dir/src/resolver_impl.cpp.o
[INFO] [stderr]   [ 68%] Building CXX object CMakeFiles/lslobj.dir/src/resolve_attempt_udp.cpp.o
[INFO] [stderr]   [ 70%] Building CXX object CMakeFiles/lslobj.dir/src/sample.cpp.o
[INFO] [stderr]   [ 72%] Building CXX object CMakeFiles/lslobj.dir/src/send_buffer.cpp.o
[INFO] [stderr]   [ 74%] Building CXX object CMakeFiles/lslobj.dir/src/socket_utils.cpp.o
[INFO] [stderr]   [ 76%] Building CXX object CMakeFiles/lslobj.dir/src/stream_info_impl.cpp.o
[INFO] [stderr]   [ 78%] Building CXX object CMakeFiles/lslobj.dir/src/tcp_server.cpp.o
[INFO] [stderr]   [ 80%] Building CXX object CMakeFiles/lslobj.dir/src/stream_outlet_impl.cpp.o
[INFO] [stderr]   [ 82%] Building CXX object CMakeFiles/lslobj.dir/src/time_receiver.cpp.o
[INFO] [stderr]   [ 85%] Building CXX object CMakeFiles/lslobj.dir/src/udp_server.cpp.o
[INFO] [stderr]   [ 87%] Building CXX object CMakeFiles/lslobj.dir/src/time_postprocessor.cpp.o
[INFO] [stderr] 
[INFO] [stderr]   --- stderr
[INFO] [stderr]   fatal: not a git repository (or any parent up to mount point /opt/rustwide)
[INFO] [stderr]   Stopping at filesystem boundary (GIT_DISCOVERY_ACROSS_FILESYSTEM not set).
[INFO] [stderr]   fatal: not a git repository (or any parent up to mount point /opt/rustwide)
[INFO] [stderr]   Stopping at filesystem boundary (GIT_DISCOVERY_ACROSS_FILESYSTEM not set).
[INFO] [stderr]   CMake Warning:
[INFO] [stderr]     Manually-specified variables were not used by the project:
[INFO] [stderr] 
[INFO] [stderr]       CMAKE_ASM_COMPILER
[INFO] [stderr]       CMAKE_ASM_FLAGS
[INFO] [stderr] 
[INFO] [stderr] 
[INFO] [stderr]   c++: fatal error: Killed signal terminated program cc1plus
[INFO] [stderr]   compilation terminated.
[INFO] [stderr]   make[2]: *** [CMakeFiles/lslobj.dir/build.make:141: CMakeFiles/lslobj.dir/src/info_receiver.cpp.o] Error 1
[INFO] [stderr]   make[2]: *** Waiting for unfinished jobs....
[INFO] [stderr]   c++: fatal error: Killed signal terminated program cc1plus
[INFO] [stderr]   compilation terminated.
[INFO] [stderr]   make[2]: *** [CMakeFiles/lslobj.dir/build.make:128: CMakeFiles/lslobj.dir/src/data_receiver.cpp.o] Error 1
[INFO] [stderr]   c++: fatal error: Killed signal terminated program cc1plus
[INFO] [stderr]   compilation terminated.
[INFO] [stderr]   make[2]: *** [CMakeFiles/lslobj.dir/build.make:167: CMakeFiles/lslobj.dir/src/lsl_continuous_resolver_c.cpp.o] Error 1
[INFO] [stderr]   c++: fatal error: Killed signal terminated program cc1plus
[INFO] [stderr]   compilation terminated.
[INFO] [stderr]   make[2]: *** [CMakeFiles/lslobj.dir/build.make:154: CMakeFiles/lslobj.dir/src/inlet_connection.cpp.o] Error 1
[INFO] [stderr]   c++: fatal error: Killed signal terminated program cc1plus
[INFO] [stderr]   compilation terminated.
[INFO] [stderr]   make[2]: *** [CMakeFiles/lslobj.dir/build.make:310: CMakeFiles/lslobj.dir/src/socket_utils.cpp.o] Error 1
[INFO] [stderr]   c++: fatal error: Killed signal terminated program cc1plus
[INFO] [stderr]   compilation terminated.
[INFO] [stderr]   make[2]: *** [CMakeFiles/lslobj.dir/build.make:375: CMakeFiles/lslobj.dir/src/time_receiver.cpp.o] Error 1
[INFO] [stderr]   c++: fatal error: Killed signal terminated program cc1plus
[INFO] [stderr]   compilation terminated.
[INFO] [stderr]   make[2]: *** [CMakeFiles/lslobj.dir/build.make:336: CMakeFiles/lslobj.dir/src/stream_outlet_impl.cpp.o] Error 1
[INFO] [stderr]   c++: fatal error: Killed signal terminated program cc1plus
[INFO] [stderr]   compilation terminated.
[INFO] [stderr]   c++: fatal error: Killed signal terminated program cc1plus
[INFO] [stderr]   compilation terminated.
[INFO] [stderr]   c++: fatal error: Killed signal terminated program cc1plus
[INFO] [stderr]   compilation terminated.
[INFO] [stderr]   make[2]: *** [CMakeFiles/lslobj.dir/build.make:63: CMakeFiles/lslobj.dir/src/api_config.cpp.o] Error 1
[INFO] [stderr]   make[2]: *** [CMakeFiles/lslobj.dir/build.make:180: CMakeFiles/lslobj.dir/src/lsl_freefuncs_c.cpp.o] Error 1
[INFO] [stderr]   make[2]: *** [CMakeFiles/lslobj.dir/build.make:284: CMakeFiles/lslobj.dir/src/sample.cpp.o] Error 1
[INFO] [stderr]   c++: fatal error: Killed signal terminated program cc1plus
[INFO] [stderr]   compilation terminated.
[INFO] [stderr]   make[2]: *** [CMakeFiles/lslobj.dir/build.make:323: CMakeFiles/lslobj.dir/src/stream_info_impl.cpp.o] Error 1
[INFO] [stderr]   c++: fatal error: Killed signal terminated program cc1plus
[INFO] [stderr]   compilation terminated.
[INFO] [stderr]   make[2]: *** [CMakeFiles/lslobj.dir/build.make:193: CMakeFiles/lslobj.dir/src/lsl_inlet_c.cpp.o] Error 1
[INFO] [stderr]   c++: fatal error: Killed signal terminated program cc1plus
[INFO] [stderr]   compilation terminated.
[INFO] [stderr]   make[2]: *** [CMakeFiles/lslobj.dir/build.make:388: CMakeFiles/lslobj.dir/src/udp_server.cpp.o] Error 1
[INFO] [stderr]   c++: fatal error: Killed signal terminated program cc1plus
[INFO] [stderr]   compilation terminated.
[INFO] [stderr]   make[2]: *** [CMakeFiles/lslobj.dir/build.make:115: CMakeFiles/lslobj.dir/src/consumer_queue.cpp.o] Error 1
[INFO] [stderr]   c++: fatal error: Killed signal terminated program cc1plus
[INFO] [stderr]   compilation terminated.
[INFO] [stderr]   make[2]: *** [CMakeFiles/lslobj.dir/build.make:258: CMakeFiles/lslobj.dir/src/resolver_impl.cpp.o] Error 1
[INFO] [stderr]   make[1]: *** [CMakeFiles/Makefile2:86: CMakeFiles/lslobj.dir/all] Error 2
[INFO] [stderr]   make: *** [Makefile:152: all] Error 2
[INFO] [stderr]   thread 'main' panicked at '
[INFO] [stderr]   command did not execute successfully, got: exit status: 2
[INFO] [stderr] 
[INFO] [stderr]   build script failed, must exit now', /opt/rustwide/cargo-home/registry/src/github.com-1ecc6299db9ec823/cmake-0.1.45/src/lib.rs:894:5
[INFO] [stderr]   stack backtrace:
[INFO] [stderr]      0:     0x55b5c0662080 - std::backtrace_rs::backtrace::libunwind::trace::h34055254b57d8e79
[INFO] [stderr]                                  at /rustc/a178d0322ce20e33eac124758e837cbd80a6f633/library/std/src/../../backtrace/src/backtrace/libunwind.rs:90:5
[INFO] [stderr]      1:     0x55b5c0662080 - std::backtrace_rs::backtrace::trace_unsynchronized::h8f1e3fbd9afff6ec
[INFO] [stderr]                                  at /rustc/a178d0322ce20e33eac124758e837cbd80a6f633/library/std/src/../../backtrace/src/backtrace/mod.rs:66:5
[INFO] [stderr]      2:     0x55b5c0662080 - std::sys_common::backtrace::_print_fmt::h3a99a796b770c360
[INFO] [stderr]                                  at /rustc/a178d0322ce20e33eac124758e837cbd80a6f633/library/std/src/sys_common/backtrace.rs:67:5
[INFO] [stderr]      3:     0x55b5c0662080 - <std::sys_common::backtrace::_print::DisplayBacktrace as core::fmt::Display>::fmt::h32d1f94a80615d18
[INFO] [stderr]                                  at /rustc/a178d0322ce20e33eac124758e837cbd80a6f633/library/std/src/sys_common/backtrace.rs:46:22
[INFO] [stderr]      4:     0x55b5c0681f8c - core::fmt::write::h306731c068f7162c
[INFO] [stderr]                                  at /rustc/a178d0322ce20e33eac124758e837cbd80a6f633/library/core/src/fmt/mod.rs:1110:17
[INFO] [stderr]      5:     0x55b5c065ee75 - std::io::Write::write_fmt::hd2fa90334eee2a21
[INFO] [stderr]                                  at /rustc/a178d0322ce20e33eac124758e837cbd80a6f633/library/std/src/io/mod.rs:1588:15
[INFO] [stderr]      6:     0x55b5c06646cb - std::sys_common::backtrace::_print::h5abaa2601a852287
[INFO] [stderr]                                  at /rustc/a178d0322ce20e33eac124758e837cbd80a6f633/library/std/src/sys_common/backtrace.rs:49:5
[INFO] [stderr]      7:     0x55b5c06646cb - std::sys_common::backtrace::print::h8d81445442bb638f
[INFO] [stderr]                                  at /rustc/a178d0322ce20e33eac124758e837cbd80a6f633/library/std/src/sys_common/backtrace.rs:36:9
[INFO] [stderr]      8:     0x55b5c06646cb - std::panicking::default_hook::{{closure}}::hcfe804496a9fa747
[INFO] [stderr]                                  at /rustc/a178d0322ce20e33eac124758e837cbd80a6f633/library/std/src/panicking.rs:208:50
[INFO] [stderr]      9:     0x55b5c06641a1 - std::panicking::default_hook::hbea8e3ccf2ba8901
[INFO] [stderr]                                  at /rustc/a178d0322ce20e33eac124758e837cbd80a6f633/library/std/src/panicking.rs:225:9
[INFO] [stderr]     10:     0x55b5c0664d94 - std::panicking::rust_panic_with_hook::h7ee9e1a2d0f8975a
[INFO] [stderr]                                  at /rustc/a178d0322ce20e33eac124758e837cbd80a6f633/library/std/src/panicking.rs:622:17
[INFO] [stderr]     11:     0x55b5c0664877 - std::panicking::begin_panic_handler::{{closure}}::h8ab3b4491718b2c7
[INFO] [stderr]                                  at /rustc/a178d0322ce20e33eac124758e837cbd80a6f633/library/std/src/panicking.rs:519:13
[INFO] [stderr]     12:     0x55b5c066257c - std::sys_common::backtrace::__rust_end_short_backtrace::hd489062ffa586a9f
[INFO] [stderr]                                  at /rustc/a178d0322ce20e33eac124758e837cbd80a6f633/library/std/src/sys_common/backtrace.rs:141:18
[INFO] [stderr]     13:     0x55b5c06647d9 - rust_begin_unwind
[INFO] [stderr]                                  at /rustc/a178d0322ce20e33eac124758e837cbd80a6f633/library/std/src/panicking.rs:515:5
[INFO] [stderr]     14:     0x55b5c05e2beb - std::panicking::begin_panic_fmt::h5479575e112541f8
[INFO] [stderr]                                  at /rustc/a178d0322ce20e33eac124758e837cbd80a6f633/library/std/src/panicking.rs:457:5
[INFO] [stderr]     15:     0x55b5c05ecb63 - cmake::fail::ha1cc8d11909fbc7e
[INFO] [stderr]                                  at /opt/rustwide/cargo-home/registry/src/github.com-1ecc6299db9ec823/cmake-0.1.45/src/lib.rs:894:5
[INFO] [stderr]     16:     0x55b5c05ec571 - cmake::run::hdc59bf284b822c8e
[INFO] [stderr]                                  at /opt/rustwide/cargo-home/registry/src/github.com-1ecc6299db9ec823/cmake-0.1.45/src/lib.rs:872:9
[INFO] [stderr]     17:     0x55b5c05e9fa1 - cmake::Config::build::hf6738867fda55e0d
[INFO] [stderr]                                  at /opt/rustwide/cargo-home/registry/src/github.com-1ecc6299db9ec823/cmake-0.1.45/src/lib.rs:778:9
[INFO] [stderr]     18:     0x55b5c05e4b9c - build_script_build::build_liblsl::h45991fce06291d6a
[INFO] [stderr]                                  at /opt/rustwide/workdir/build.rs:35:23
[INFO] [stderr]     19:     0x55b5c05e4866 - build_script_build::main::hba00c71d2c8caf0b
[INFO] [stderr]                                  at /opt/rustwide/workdir/build.rs:6:5
[INFO] [stderr]     20:     0x55b5c05e3c0b - core::ops::function::FnOnce::call_once::hf96f29ac3bdfca3a
[INFO] [stderr]                                  at /rustc/a178d0322ce20e33eac124758e837cbd80a6f633/library/core/src/ops/function.rs:227:5
[INFO] [stderr]     21:     0x55b5c05e3b5e - std::sys_common::backtrace::__rust_begin_short_backtrace::hbeb6b50688630b51
[INFO] [stderr]                                  at /rustc/a178d0322ce20e33eac124758e837cbd80a6f633/library/std/src/sys_common/backtrace.rs:125:18
[INFO] [stderr]     22:     0x55b5c05e4841 - std::rt::lang_start::{{closure}}::h554f70f6ad2cef13
[INFO] [stderr]                                  at /rustc/a178d0322ce20e33eac124758e837cbd80a6f633/library/std/src/rt.rs:49:18
[INFO] [stderr]     23:     0x55b5c0665299 - core::ops::function::impls::<impl core::ops::function::FnOnce<A> for &F>::call_once::h2aabc384aab89b7b
[INFO] [stderr]                                  at /rustc/a178d0322ce20e33eac124758e837cbd80a6f633/library/core/src/ops/function.rs:259:13
[INFO] [stderr]     24:     0x55b5c0665299 - std::panicking::try::do_call::hc5fcacb7a85fc7b1
[INFO] [stderr]                                  at /rustc/a178d0322ce20e33eac124758e837cbd80a6f633/library/std/src/panicking.rs:401:40
[INFO] [stderr]     25:     0x55b5c0665299 - std::panicking::try::hb5d9603af3abbe3a
[INFO] [stderr]                                  at /rustc/a178d0322ce20e33eac124758e837cbd80a6f633/library/std/src/panicking.rs:365:19
[INFO] [stderr]     26:     0x55b5c0665299 - std::panic::catch_unwind::h98fe6ac3925e64b4
[INFO] [stderr]                                  at /rustc/a178d0322ce20e33eac124758e837cbd80a6f633/library/std/src/panic.rs:434:14
[INFO] [stderr]     27:     0x55b5c0665299 - std::rt::lang_start_internal::h22ac7383c516f93e
[INFO] [stderr]                                  at /rustc/a178d0322ce20e33eac124758e837cbd80a6f633/library/std/src/rt.rs:34:21
[INFO] [stderr]     28:     0x55b5c05e4820 - std::rt::lang_start::h1af73f7b1f750670
[INFO] [stderr]                                  at /rustc/a178d0322ce20e33eac124758e837cbd80a6f633/library/std/src/rt.rs:48:5
[INFO] [stderr]     29:     0x55b5c05e4ffc - main
[INFO] [stderr]     30:     0x7f3e983df0b3 - __libc_start_main
[INFO] [stderr]     31:     0x55b5c05e3a8e - _start
[INFO] [stderr]     32:                0x0 - <unknown>
[INFO] running `Command { std: "docker" "inspect" "9e125561cfd32aaf4394469fe0db10d6078b8d605f451daf524565d3bbbcd396", kill_on_drop: false }`
[INFO] running `Command { std: "docker" "rm" "-f" "9e125561cfd32aaf4394469fe0db10d6078b8d605f451daf524565d3bbbcd396", kill_on_drop: false }`
[INFO] [stdout] 9e125561cfd32aaf4394469fe0db10d6078b8d605f451daf524565d3bbbcd396
