[INFO] fetching crate locklessness 0.2.1...
[INFO] testing locklessness-0.2.1 against beta-2021-08-01 for beta-1.55-1
[INFO] extracting crate locklessness 0.2.1 into /workspace/builds/worker-4/source
[INFO] validating manifest of crates.io crate locklessness 0.2.1 on toolchain beta-2021-08-01
[INFO] running `Command { std: "/workspace/cargo-home/bin/cargo" "+beta-2021-08-01" "metadata" "--manifest-path" "Cargo.toml" "--no-deps", kill_on_drop: false }`
[INFO] started tweaking crates.io crate locklessness 0.2.1
[INFO] finished tweaking crates.io crate locklessness 0.2.1
[INFO] tweaked toml for crates.io crate locklessness 0.2.1 written to /workspace/builds/worker-4/source/Cargo.toml
[INFO] running `Command { std: "/workspace/cargo-home/bin/cargo" "+beta-2021-08-01" "generate-lockfile" "--manifest-path" "Cargo.toml" "-Zno-index-update", kill_on_drop: false }`
[INFO] running `Command { std: "/workspace/cargo-home/bin/cargo" "+beta-2021-08-01" "fetch" "--manifest-path" "Cargo.toml", kill_on_drop: false }`
[INFO] [stderr]     Blocking waiting for file lock on package cache
[INFO] running `Command { std: "docker" "create" "-v" "/var/lib/crater-agent-workspace/builds/worker-4/target:/opt/rustwide/target:rw,Z" "-v" "/var/lib/crater-agent-workspace/builds/worker-4/source:/opt/rustwide/workdir:ro,Z" "-v" "/var/lib/crater-agent-workspace/cargo-home:/opt/rustwide/cargo-home:ro,Z" "-v" "/var/lib/crater-agent-workspace/rustup-home:/opt/rustwide/rustup-home:ro,Z" "-e" "SOURCE_DIR=/opt/rustwide/workdir" "-e" "CARGO_TARGET_DIR=/opt/rustwide/target" "-e" "CARGO_HOME=/opt/rustwide/cargo-home" "-e" "RUSTUP_HOME=/opt/rustwide/rustup-home" "-w" "/opt/rustwide/workdir" "-m" "1610612736" "--user" "0:0" "--network" "none" "ghcr.io/rust-lang/crates-build-env/linux@sha256:34b6a614d2c27851fe6cbf88fbd1137609cefab8b10d0615aaeb6fd47975d74e" "/opt/rustwide/cargo-home/bin/cargo" "+beta-2021-08-01" "metadata" "--no-deps" "--format-version=1", kill_on_drop: false }`
[INFO] [stdout] 548ef327b3c5e18baee3a85a5468f86e14b82b89a7a14e286432949e97a62cce
[INFO] running `Command { std: "docker" "start" "-a" "548ef327b3c5e18baee3a85a5468f86e14b82b89a7a14e286432949e97a62cce", kill_on_drop: false }`
[INFO] running `Command { std: "docker" "inspect" "548ef327b3c5e18baee3a85a5468f86e14b82b89a7a14e286432949e97a62cce", kill_on_drop: false }`
[INFO] running `Command { std: "docker" "rm" "-f" "548ef327b3c5e18baee3a85a5468f86e14b82b89a7a14e286432949e97a62cce", kill_on_drop: false }`
[INFO] [stdout] 548ef327b3c5e18baee3a85a5468f86e14b82b89a7a14e286432949e97a62cce
[INFO] running `Command { std: "docker" "create" "-v" "/var/lib/crater-agent-workspace/builds/worker-4/target:/opt/rustwide/target:rw,Z" "-v" "/var/lib/crater-agent-workspace/builds/worker-4/source:/opt/rustwide/workdir:ro,Z" "-v" "/var/lib/crater-agent-workspace/cargo-home:/opt/rustwide/cargo-home:ro,Z" "-v" "/var/lib/crater-agent-workspace/rustup-home:/opt/rustwide/rustup-home:ro,Z" "-e" "SOURCE_DIR=/opt/rustwide/workdir" "-e" "CARGO_TARGET_DIR=/opt/rustwide/target" "-e" "CARGO_INCREMENTAL=0" "-e" "RUST_BACKTRACE=full" "-e" "RUSTFLAGS=--cap-lints=warn" "-e" "CARGO_HOME=/opt/rustwide/cargo-home" "-e" "RUSTUP_HOME=/opt/rustwide/rustup-home" "-w" "/opt/rustwide/workdir" "-m" "1610612736" "--user" "0:0" "--network" "none" "ghcr.io/rust-lang/crates-build-env/linux@sha256:34b6a614d2c27851fe6cbf88fbd1137609cefab8b10d0615aaeb6fd47975d74e" "/opt/rustwide/cargo-home/bin/cargo" "+beta-2021-08-01" "build" "--frozen" "--message-format=json", kill_on_drop: false }`
[INFO] [stdout] 33d63f20ba0fcfb90be29aa0f6402fc3517fe8ff98c285f562dfbdc520ac4130
[INFO] running `Command { std: "docker" "start" "-a" "33d63f20ba0fcfb90be29aa0f6402fc3517fe8ff98c285f562dfbdc520ac4130", kill_on_drop: false }`
[INFO] [stderr]    Compiling futures v0.1.31
[INFO] [stderr]    Compiling lock_api v0.3.4
[INFO] [stderr]    Compiling parking_lot_core v0.7.2
[INFO] [stderr]    Compiling parking_lot v0.10.2
[INFO] [stderr]    Compiling locklessness v0.2.1 (/opt/rustwide/workdir)
[INFO] [stdout] warning: unnecessary trailing semicolon
[INFO] [stdout]   --> src/containers/atomic_cell.rs:35:73
[INFO] [stdout]    |
[INFO] [stdout] 35 |         let scratch = Scratch::new(storage.none_storing_iter(id_limit));;
[INFO] [stdout]    |                                                                         ^ help: remove this semicolon
[INFO] [stdout]    |
[INFO] [stdout]    = note: `#[warn(redundant_semicolons)]` on by default
[INFO] [stdout] 
[INFO] [stdout] 
[INFO] [stdout] warning: use of deprecated function `futures::task::park`: renamed to `current`
[INFO] [stdout]    --> src/sync/mpsc_queue.rs:178:53
[INFO] [stdout]     |
[INFO] [stdout] 178 |         self.task_storage.replace(place, Some(task::park()));
[INFO] [stdout]     |                                                     ^^^^
[INFO] [stdout]     |
[INFO] [stdout]     = note: `#[warn(deprecated)]` on by default
[INFO] [stdout] 
[INFO] [stdout] 
[INFO] [stdout] warning: use of deprecated function `futures::task::park`: renamed to `current`
[INFO] [stdout]    --> src/sync/mpmc_queue.rs:201:53
[INFO] [stdout]     |
[INFO] [stdout] 201 |         self.task_storage.replace(place, Some(task::park()));
[INFO] [stdout]     |                                                     ^^^^
[INFO] [stdout] 
[INFO] [stdout] 
[INFO] [stdout] warning: use of deprecated associated function `futures::task::Task::unpark`: renamed to `notify`
[INFO] [stdout]    --> src/sync/mpsc_queue.rs:170:18
[INFO] [stdout]     |
[INFO] [stdout] 170 |             task.unpark();
[INFO] [stdout]     |                  ^^^^^^
[INFO] [stdout] 
[INFO] [stdout] 
[INFO] [stdout] warning: use of deprecated associated function `futures::task::Task::unpark`: renamed to `notify`
[INFO] [stdout]    --> src/sync/mpmc_queue.rs:193:18
[INFO] [stdout]     |
[INFO] [stdout] 193 |             task.unpark();
[INFO] [stdout]     |                  ^^^^^^
[INFO] [stdout] 
[INFO] [stdout] 
[INFO] [stdout] warning: 5 warnings emitted
[INFO] [stdout] 
[INFO] [stdout] 
[INFO] [stderr]     Finished dev [unoptimized + debuginfo] target(s) in 3.71s
[INFO] running `Command { std: "docker" "inspect" "33d63f20ba0fcfb90be29aa0f6402fc3517fe8ff98c285f562dfbdc520ac4130", kill_on_drop: false }`
[INFO] running `Command { std: "docker" "rm" "-f" "33d63f20ba0fcfb90be29aa0f6402fc3517fe8ff98c285f562dfbdc520ac4130", kill_on_drop: false }`
[INFO] [stdout] 33d63f20ba0fcfb90be29aa0f6402fc3517fe8ff98c285f562dfbdc520ac4130
[INFO] running `Command { std: "docker" "create" "-v" "/var/lib/crater-agent-workspace/builds/worker-4/target:/opt/rustwide/target:rw,Z" "-v" "/var/lib/crater-agent-workspace/builds/worker-4/source:/opt/rustwide/workdir:ro,Z" "-v" "/var/lib/crater-agent-workspace/cargo-home:/opt/rustwide/cargo-home:ro,Z" "-v" "/var/lib/crater-agent-workspace/rustup-home:/opt/rustwide/rustup-home:ro,Z" "-e" "SOURCE_DIR=/opt/rustwide/workdir" "-e" "CARGO_TARGET_DIR=/opt/rustwide/target" "-e" "CARGO_INCREMENTAL=0" "-e" "RUST_BACKTRACE=full" "-e" "RUSTFLAGS=--cap-lints=warn" "-e" "CARGO_HOME=/opt/rustwide/cargo-home" "-e" "RUSTUP_HOME=/opt/rustwide/rustup-home" "-w" "/opt/rustwide/workdir" "-m" "1610612736" "--user" "0:0" "--network" "none" "ghcr.io/rust-lang/crates-build-env/linux@sha256:34b6a614d2c27851fe6cbf88fbd1137609cefab8b10d0615aaeb6fd47975d74e" "/opt/rustwide/cargo-home/bin/cargo" "+beta-2021-08-01" "test" "--frozen" "--no-run" "--message-format=json", kill_on_drop: false }`
[INFO] [stdout] 10173dd2d224deef0397170f43c88336e8ddc1fbc5588d3855e752ccfcdb013c
[INFO] running `Command { std: "docker" "start" "-a" "10173dd2d224deef0397170f43c88336e8ddc1fbc5588d3855e752ccfcdb013c", kill_on_drop: false }`
[INFO] [stderr]    Compiling locklessness v0.2.1 (/opt/rustwide/workdir)
[INFO] [stdout] warning: unnecessary trailing semicolon
[INFO] [stdout]   --> src/containers/atomic_cell.rs:35:73
[INFO] [stdout]    |
[INFO] [stdout] 35 |         let scratch = Scratch::new(storage.none_storing_iter(id_limit));;
[INFO] [stdout]    |                                                                         ^ help: remove this semicolon
[INFO] [stdout]    |
[INFO] [stdout]    = note: `#[warn(redundant_semicolons)]` on by default
[INFO] [stdout] 
[INFO] [stdout] 
[INFO] [stdout] warning: use of deprecated function `futures::task::park`: renamed to `current`
[INFO] [stdout]    --> src/sync/mpsc_queue.rs:178:53
[INFO] [stdout]     |
[INFO] [stdout] 178 |         self.task_storage.replace(place, Some(task::park()));
[INFO] [stdout]     |                                                     ^^^^
[INFO] [stdout]     |
[INFO] [stdout]     = note: `#[warn(deprecated)]` on by default
[INFO] [stdout] 
[INFO] [stdout] 
[INFO] [stdout] warning: use of deprecated function `futures::task::park`: renamed to `current`
[INFO] [stdout]    --> src/sync/mpmc_queue.rs:201:53
[INFO] [stdout]     |
[INFO] [stdout] 201 |         self.task_storage.replace(place, Some(task::park()));
[INFO] [stdout]     |                                                     ^^^^
[INFO] [stdout] 
[INFO] [stdout] 
[INFO] [stdout] warning: use of deprecated associated function `futures::task::Task::unpark`: renamed to `notify`
[INFO] [stdout]    --> src/sync/mpsc_queue.rs:170:18
[INFO] [stdout]     |
[INFO] [stdout] 170 |             task.unpark();
[INFO] [stdout]     |                  ^^^^^^
[INFO] [stdout] 
[INFO] [stdout] 
[INFO] [stdout] warning: use of deprecated associated function `futures::task::Task::unpark`: renamed to `notify`
[INFO] [stdout]    --> src/sync/mpmc_queue.rs:193:18
[INFO] [stdout]     |
[INFO] [stdout] 193 |             task.unpark();
[INFO] [stdout]     |                  ^^^^^^
[INFO] [stdout] 
[INFO] [stdout] 
[INFO] [stdout] warning: 5 warnings emitted
[INFO] [stdout] 
[INFO] [stdout] 
[INFO] [stdout] error[E0463]: can't find crate for `lockless`
[INFO] [stdout]  --> tests/mpsc.rs:4:1
[INFO] [stdout]   |
[INFO] [stdout] 4 | extern crate lockless;
[INFO] [stdout]   | ^^^^^^^^^^^^^^^^^^^^^^ can't find crate
[INFO] [stdout] 
[INFO] [stdout] 
[INFO] [stdout] error: aborting due to previous error
[INFO] [stdout] 
[INFO] [stdout] 
[INFO] [stdout] For more information about this error, try `rustc --explain E0463`.
[INFO] [stdout] 
[INFO] [stderr] error: could not compile `locklessness` due to 2 previous errors
[INFO] [stderr] warning: build failed, waiting for other jobs to finish...
[INFO] [stdout] error[E0554]: `#![feature]` may not be used on the beta release channel
[INFO] [stdout]  --> src/lib.rs:1:19
[INFO] [stdout]   |
[INFO] [stdout] 1 | #![cfg_attr(test, feature(test))]
[INFO] [stdout]   |                   ^^^^^^^^^^^^^
[INFO] [stdout] 
[INFO] [stdout] 
[INFO] [stdout] warning: unnecessary trailing semicolon
[INFO] [stdout]   --> src/containers/atomic_cell.rs:35:73
[INFO] [stdout]    |
[INFO] [stdout] 35 |         let scratch = Scratch::new(storage.none_storing_iter(id_limit));;
[INFO] [stdout]    |                                                                         ^ help: remove this semicolon
[INFO] [stdout]    |
[INFO] [stdout]    = note: `#[warn(redundant_semicolons)]` on by default
[INFO] [stdout] 
[INFO] [stdout] 
[INFO] [stdout] error[E0463]: can't find crate for `lockless`
[INFO] [stdout]  --> tests/mpmc.rs:4:1
[INFO] [stdout]   |
[INFO] [stdout] 4 | extern crate lockless;
[INFO] [stdout]   | ^^^^^^^^^^^^^^^^^^^^^^ can't find crate
[INFO] [stdout] 
[INFO] [stdout] 
[INFO] [stdout] error: aborting due to previous error
[INFO] [stdout] 
[INFO] [stdout] 
[INFO] [stdout] For more information about this error, try `rustc --explain E0463`.
[INFO] [stdout] 
[INFO] [stdout] warning: use of deprecated function `futures::task::park`: renamed to `current`
[INFO] [stdout]    --> src/sync/mpsc_queue.rs:178:53
[INFO] [stdout]     |
[INFO] [stdout] 178 |         self.task_storage.replace(place, Some(task::park()));
[INFO] [stdout]     |                                                     ^^^^
[INFO] [stdout]     |
[INFO] [stdout]     = note: `#[warn(deprecated)]` on by default
[INFO] [stdout] 
[INFO] [stdout] 
[INFO] [stdout] warning: use of deprecated function `futures::task::park`: renamed to `current`
[INFO] [stdout]    --> src/sync/mpmc_queue.rs:201:53
[INFO] [stdout]     |
[INFO] [stdout] 201 |         self.task_storage.replace(place, Some(task::park()));
[INFO] [stdout]     |                                                     ^^^^
[INFO] [stdout] 
[INFO] [stdout] 
[INFO] [stdout] warning: use of deprecated associated function `futures::task::Task::unpark`: renamed to `notify`
[INFO] [stdout]    --> src/sync/mpsc_queue.rs:170:18
[INFO] [stdout]     |
[INFO] [stdout] 170 |             task.unpark();
[INFO] [stdout]     |                  ^^^^^^
[INFO] [stdout] 
[INFO] [stdout] 
[INFO] [stdout] warning: use of deprecated associated function `futures::task::Task::unpark`: renamed to `notify`
[INFO] [stdout]    --> src/sync/mpmc_queue.rs:193:18
[INFO] [stdout]     |
[INFO] [stdout] 193 |             task.unpark();
[INFO] [stdout]     |                  ^^^^^^
[INFO] [stdout] 
[INFO] [stdout] 
[INFO] [stdout] error: aborting due to previous error; 5 warnings emitted
[INFO] [stdout] 
[INFO] [stdout] 
[INFO] [stdout] For more information about this error, try `rustc --explain E0554`.
[INFO] [stdout] 
[INFO] [stderr] error: build failed
[INFO] running `Command { std: "docker" "inspect" "10173dd2d224deef0397170f43c88336e8ddc1fbc5588d3855e752ccfcdb013c", kill_on_drop: false }`
[INFO] running `Command { std: "docker" "rm" "-f" "10173dd2d224deef0397170f43c88336e8ddc1fbc5588d3855e752ccfcdb013c", kill_on_drop: false }`
[INFO] [stdout] 10173dd2d224deef0397170f43c88336e8ddc1fbc5588d3855e752ccfcdb013c
