[INFO] fetching crate lockjaw_processor 0.1.0...
[INFO] testing lockjaw_processor-0.1.0 against beta-2021-08-01 for beta-1.55-1
[INFO] extracting crate lockjaw_processor 0.1.0 into /workspace/builds/worker-4/source
[INFO] validating manifest of crates.io crate lockjaw_processor 0.1.0 on toolchain beta-2021-08-01
[INFO] running `Command { std: "/workspace/cargo-home/bin/cargo" "+beta-2021-08-01" "metadata" "--manifest-path" "Cargo.toml" "--no-deps", kill_on_drop: false }`
[INFO] started tweaking crates.io crate lockjaw_processor 0.1.0
[INFO] finished tweaking crates.io crate lockjaw_processor 0.1.0
[INFO] tweaked toml for crates.io crate lockjaw_processor 0.1.0 written to /workspace/builds/worker-4/source/Cargo.toml
[INFO] running `Command { std: "/workspace/cargo-home/bin/cargo" "+beta-2021-08-01" "generate-lockfile" "--manifest-path" "Cargo.toml" "-Zno-index-update", kill_on_drop: false }`
[INFO] running `Command { std: "/workspace/cargo-home/bin/cargo" "+beta-2021-08-01" "fetch" "--manifest-path" "Cargo.toml", kill_on_drop: false }`
[INFO] [stderr]  Downloading crates ...
[INFO] [stderr]   Downloaded protoc-rust v2.24.1
[INFO] [stderr]   Downloaded protoc v2.24.1
[INFO] [stderr]   Downloaded protobuf-codegen v2.24.1
[INFO] [stderr]   Downloaded protoc-bin-vendored v2.24.1
[INFO] running `Command { std: "docker" "create" "-v" "/var/lib/crater-agent-workspace/builds/worker-4/target:/opt/rustwide/target:rw,Z" "-v" "/var/lib/crater-agent-workspace/builds/worker-4/source:/opt/rustwide/workdir:ro,Z" "-v" "/var/lib/crater-agent-workspace/cargo-home:/opt/rustwide/cargo-home:ro,Z" "-v" "/var/lib/crater-agent-workspace/rustup-home:/opt/rustwide/rustup-home:ro,Z" "-e" "SOURCE_DIR=/opt/rustwide/workdir" "-e" "CARGO_TARGET_DIR=/opt/rustwide/target" "-e" "CARGO_HOME=/opt/rustwide/cargo-home" "-e" "RUSTUP_HOME=/opt/rustwide/rustup-home" "-w" "/opt/rustwide/workdir" "-m" "1610612736" "--user" "0:0" "--network" "none" "ghcr.io/rust-lang/crates-build-env/linux@sha256:34b6a614d2c27851fe6cbf88fbd1137609cefab8b10d0615aaeb6fd47975d74e" "/opt/rustwide/cargo-home/bin/cargo" "+beta-2021-08-01" "metadata" "--no-deps" "--format-version=1", kill_on_drop: false }`
[INFO] [stdout] 44b88cdb432cf6e346c34dbfffb89136ac4e37fd840a71606da9bc9c3a76ee7e
[INFO] running `Command { std: "docker" "start" "-a" "44b88cdb432cf6e346c34dbfffb89136ac4e37fd840a71606da9bc9c3a76ee7e", kill_on_drop: false }`
[INFO] running `Command { std: "docker" "inspect" "44b88cdb432cf6e346c34dbfffb89136ac4e37fd840a71606da9bc9c3a76ee7e", kill_on_drop: false }`
[INFO] running `Command { std: "docker" "rm" "-f" "44b88cdb432cf6e346c34dbfffb89136ac4e37fd840a71606da9bc9c3a76ee7e", kill_on_drop: false }`
[INFO] [stdout] 44b88cdb432cf6e346c34dbfffb89136ac4e37fd840a71606da9bc9c3a76ee7e
[INFO] running `Command { std: "docker" "create" "-v" "/var/lib/crater-agent-workspace/builds/worker-4/target:/opt/rustwide/target:rw,Z" "-v" "/var/lib/crater-agent-workspace/builds/worker-4/source:/opt/rustwide/workdir:ro,Z" "-v" "/var/lib/crater-agent-workspace/cargo-home:/opt/rustwide/cargo-home:ro,Z" "-v" "/var/lib/crater-agent-workspace/rustup-home:/opt/rustwide/rustup-home:ro,Z" "-e" "SOURCE_DIR=/opt/rustwide/workdir" "-e" "CARGO_TARGET_DIR=/opt/rustwide/target" "-e" "CARGO_INCREMENTAL=0" "-e" "RUST_BACKTRACE=full" "-e" "RUSTFLAGS=--cap-lints=warn" "-e" "CARGO_HOME=/opt/rustwide/cargo-home" "-e" "RUSTUP_HOME=/opt/rustwide/rustup-home" "-w" "/opt/rustwide/workdir" "-m" "1610612736" "--user" "0:0" "--network" "none" "ghcr.io/rust-lang/crates-build-env/linux@sha256:34b6a614d2c27851fe6cbf88fbd1137609cefab8b10d0615aaeb6fd47975d74e" "/opt/rustwide/cargo-home/bin/cargo" "+beta-2021-08-01" "build" "--frozen" "--message-format=json", kill_on_drop: false }`
[INFO] [stdout] 6207c760261c237a992d9d6942cec10db1da0cd3368972c98b5979947dc481c1
[INFO] running `Command { std: "docker" "start" "-a" "6207c760261c237a992d9d6942cec10db1da0cd3368972c98b5979947dc481c1", kill_on_drop: false }`
[INFO] [stderr]    Compiling ucd-trie v0.1.3
[INFO] [stderr]    Compiling cc v1.0.69
[INFO] [stderr]    Compiling libc v0.2.98
[INFO] [stderr]    Compiling adler v1.0.2
[INFO] [stderr]    Compiling syn v1.0.74
[INFO] [stderr]    Compiling gimli v0.25.0
[INFO] [stderr]    Compiling protobuf v2.24.1
[INFO] [stderr]    Compiling rustc-demangle v0.1.20
[INFO] [stderr]    Compiling regex-syntax v0.6.25
[INFO] [stderr]    Compiling miniz_oxide v0.4.4
[INFO] [stderr]    Compiling aho-corasick v0.7.18
[INFO] [stderr]    Compiling object v0.26.0
[INFO] [stderr]    Compiling pest v2.1.3
[INFO] [stderr]    Compiling backtrace v0.3.61
[INFO] [stderr]    Compiling semver-parser v0.10.2
[INFO] [stderr]    Compiling semver v0.11.0
[INFO] [stderr]    Compiling rustc_version v0.3.3
[INFO] [stderr]    Compiling addr2line v0.16.0
[INFO] [stderr]    Compiling regex v1.5.4
[INFO] [stderr]    Compiling lockjaw_processor v0.1.0 (/opt/rustwide/workdir)
[INFO] [stdout] error[E0432]: unresolved import `syn::export`
[INFO] [stdout]   --> src/graph.rs:28:10
[INFO] [stdout]    |
[INFO] [stdout] 28 | use syn::export::Formatter;
[INFO] [stdout]    |          ^^^^^^ could not find `export` in `syn`
[INFO] [stdout] 
[INFO] [stdout] 
[INFO] [stdout] error[E0432]: unresolved import `syn::export`
[INFO] [stdout]   --> src/modules.rs:28:10
[INFO] [stdout]    |
[INFO] [stdout] 28 | use syn::export::ToTokens;
[INFO] [stdout]    |          ^^^^^^ could not find `export` in `syn`
[INFO] [stdout] 
[INFO] [stdout] 
[INFO] [stdout] warning: custom inner attributes are unstable
[INFO] [stdout]  --> src/protos/manifest.rs:9:4
[INFO] [stdout]   |
[INFO] [stdout] 9 | #![rustfmt::skip]
[INFO] [stdout]   |    ^^^^^^^^^^^^^
[INFO] [stdout]   |
[INFO] [stdout]   = note: `#[warn(soft_unstable)]` on by default
[INFO] [stdout]   = warning: this was previously accepted by the compiler but is being phased out; it will become a hard error in a future release!
[INFO] [stdout]   = note: for more information, see issue #64266 <https://github.com/rust-lang/rust/issues/64266>
[INFO] [stdout] 
[INFO] [stdout] 
[INFO] [stdout] warning: use of deprecated function `protobuf::parse_from_bytes`: Use Message::parse_from_bytes instead
[INFO] [stdout]     --> src/protos/manifest.rs:2802:17
[INFO] [stdout]      |
[INFO] [stdout] 2802 |     ::protobuf::parse_from_bytes(file_descriptor_proto_data).unwrap()
[INFO] [stdout]      |                 ^^^^^^^^^^^^^^^^
[INFO] [stdout]      |
[INFO] [stdout]      = note: `#[warn(deprecated)]` on by default
[INFO] [stdout] 
[INFO] [stdout] 
[INFO] [stdout] error[E0599]: no method named `to_token_stream` found for struct `syn::Path` in the current scope
[INFO] [stdout]    --> src/modules.rs:109:32
[INFO] [stdout]     |
[INFO] [stdout] 109 |                     &path.path.to_token_stream().to_string().replace(" ", ""),
[INFO] [stdout]     |                                ^^^^^^^^^^^^^^^ method not found in `syn::Path`
[INFO] [stdout]     | 
[INFO] [stdout]    ::: /opt/rustwide/cargo-home/registry/src/github.com-1ecc6299db9ec823/quote-1.0.9/src/to_tokens.rs:61:8
[INFO] [stdout]     |
[INFO] [stdout] 61  |     fn to_token_stream(&self) -> TokenStream {
[INFO] [stdout]     |        --------------- the method is available for `syn::Path` here
[INFO] [stdout]     |
[INFO] [stdout]     = help: items from traits can only be used if the trait is in scope
[INFO] [stdout]     = note: the following trait is implemented but not in scope; perhaps add a `use` for it:
[INFO] [stdout]             `use quote::ToTokens;`
[INFO] [stdout] 
[INFO] [stdout] 
[INFO] [stdout] error: aborting due to 3 previous errors; 2 warnings emitted
[INFO] [stdout] 
[INFO] [stdout] 
[INFO] [stdout] Some errors have detailed explanations: E0432, E0599.
[INFO] [stdout] 
[INFO] [stdout] For more information about an error, try `rustc --explain E0432`.
[INFO] [stdout] 
[INFO] [stderr] error: could not compile `lockjaw_processor` due to 4 previous errors; 2 warnings emitted
[INFO] running `Command { std: "docker" "inspect" "6207c760261c237a992d9d6942cec10db1da0cd3368972c98b5979947dc481c1", kill_on_drop: false }`
[INFO] running `Command { std: "docker" "rm" "-f" "6207c760261c237a992d9d6942cec10db1da0cd3368972c98b5979947dc481c1", kill_on_drop: false }`
[INFO] [stdout] 6207c760261c237a992d9d6942cec10db1da0cd3368972c98b5979947dc481c1
