[INFO] fetching crate llvm-rs 0.2.1...
[INFO] testing llvm-rs-0.2.1 against 1.54.0 for beta-1.55-1
[INFO] extracting crate llvm-rs 0.2.1 into /workspace/builds/worker-9/source
[INFO] validating manifest of crates.io crate llvm-rs 0.2.1 on toolchain 1.54.0
[INFO] running `Command { std: "/workspace/cargo-home/bin/cargo" "+1.54.0" "metadata" "--manifest-path" "Cargo.toml" "--no-deps", kill_on_drop: false }`
[INFO] started tweaking crates.io crate llvm-rs 0.2.1
[INFO] finished tweaking crates.io crate llvm-rs 0.2.1
[INFO] tweaked toml for crates.io crate llvm-rs 0.2.1 written to /workspace/builds/worker-9/source/Cargo.toml
[INFO] running `Command { std: "/workspace/cargo-home/bin/cargo" "+1.54.0" "generate-lockfile" "--manifest-path" "Cargo.toml" "-Zno-index-update", kill_on_drop: false }`
[INFO] running `Command { std: "/workspace/cargo-home/bin/cargo" "+1.54.0" "fetch" "--manifest-path" "Cargo.toml", kill_on_drop: false }`
[INFO] running `Command { std: "docker" "create" "-v" "/var/lib/crater-agent-workspace/builds/worker-9/target:/opt/rustwide/target:rw,Z" "-v" "/var/lib/crater-agent-workspace/builds/worker-9/source:/opt/rustwide/workdir:ro,Z" "-v" "/var/lib/crater-agent-workspace/cargo-home:/opt/rustwide/cargo-home:ro,Z" "-v" "/var/lib/crater-agent-workspace/rustup-home:/opt/rustwide/rustup-home:ro,Z" "-e" "SOURCE_DIR=/opt/rustwide/workdir" "-e" "CARGO_TARGET_DIR=/opt/rustwide/target" "-e" "CARGO_HOME=/opt/rustwide/cargo-home" "-e" "RUSTUP_HOME=/opt/rustwide/rustup-home" "-w" "/opt/rustwide/workdir" "-m" "1610612736" "--user" "0:0" "--network" "none" "ghcr.io/rust-lang/crates-build-env/linux@sha256:34b6a614d2c27851fe6cbf88fbd1137609cefab8b10d0615aaeb6fd47975d74e" "/opt/rustwide/cargo-home/bin/cargo" "+1.54.0" "metadata" "--no-deps" "--format-version=1", kill_on_drop: false }`
[INFO] [stdout] 77b44a9a92f7d726334c4026c5320d9757322e618bbff7bb43aa555a0fa31396
[INFO] running `Command { std: "docker" "start" "-a" "77b44a9a92f7d726334c4026c5320d9757322e618bbff7bb43aa555a0fa31396", kill_on_drop: false }`
[INFO] running `Command { std: "docker" "inspect" "77b44a9a92f7d726334c4026c5320d9757322e618bbff7bb43aa555a0fa31396", kill_on_drop: false }`
[INFO] running `Command { std: "docker" "rm" "-f" "77b44a9a92f7d726334c4026c5320d9757322e618bbff7bb43aa555a0fa31396", kill_on_drop: false }`
[INFO] [stdout] 77b44a9a92f7d726334c4026c5320d9757322e618bbff7bb43aa555a0fa31396
[INFO] running `Command { std: "docker" "create" "-v" "/var/lib/crater-agent-workspace/builds/worker-9/target:/opt/rustwide/target:rw,Z" "-v" "/var/lib/crater-agent-workspace/builds/worker-9/source:/opt/rustwide/workdir:ro,Z" "-v" "/var/lib/crater-agent-workspace/cargo-home:/opt/rustwide/cargo-home:ro,Z" "-v" "/var/lib/crater-agent-workspace/rustup-home:/opt/rustwide/rustup-home:ro,Z" "-e" "SOURCE_DIR=/opt/rustwide/workdir" "-e" "CARGO_TARGET_DIR=/opt/rustwide/target" "-e" "CARGO_INCREMENTAL=0" "-e" "RUST_BACKTRACE=full" "-e" "RUSTFLAGS=--cap-lints=warn" "-e" "CARGO_HOME=/opt/rustwide/cargo-home" "-e" "RUSTUP_HOME=/opt/rustwide/rustup-home" "-w" "/opt/rustwide/workdir" "-m" "1610612736" "--user" "0:0" "--network" "none" "ghcr.io/rust-lang/crates-build-env/linux@sha256:34b6a614d2c27851fe6cbf88fbd1137609cefab8b10d0615aaeb6fd47975d74e" "/opt/rustwide/cargo-home/bin/cargo" "+1.54.0" "build" "--frozen" "--message-format=json", kill_on_drop: false }`
[INFO] [stdout] a1198bbaae0f626d2db061b0779a9db00a5d3bb3b93d00fe8afc46cc2755f00a
[INFO] running `Command { std: "docker" "start" "-a" "a1198bbaae0f626d2db061b0779a9db00a5d3bb3b93d00fe8afc46cc2755f00a", kill_on_drop: false }`
[INFO] [stderr]    Compiling cbox v0.3.0
[INFO] [stderr]    Compiling llvm-sys v70.4.0
[INFO] [stderr]    Compiling llvm-rs v0.2.1 (/opt/rustwide/workdir)
[INFO] [stdout] warning: use of deprecated macro `try`: use the `?` operator instead
[INFO] [stdout]    --> src/module.rs:121:23
[INFO] [stdout]     |
[INFO] [stdout] 121 |             let buf = try!(MemoryBuffer::new_from_str(s, None));
[INFO] [stdout]     |                       ^^^
[INFO] [stdout]     |
[INFO] [stdout]     = note: `#[warn(deprecated)]` on by default
[INFO] [stdout] 
[INFO] [stdout] 
[INFO] [stdout] warning: use of deprecated macro `try`: use the `?` operator instead
[INFO] [stdout]    --> src/module.rs:222:9
[INFO] [stdout]     |
[INFO] [stdout] 222 |         try!(self.write_bitcode(mod_path));
[INFO] [stdout]     |         ^^^
[INFO] [stdout] 
[INFO] [stdout] 
[INFO] [stdout] warning: use of deprecated macro `try`: use the `?` operator instead
[INFO] [stdout]   --> src/object.rs:19:19
[INFO] [stdout]    |
[INFO] [stdout] 19 |         let buf = try!(MemoryBuffer::new_from_file(path));
[INFO] [stdout]    |                   ^^^
[INFO] [stdout] 
[INFO] [stdout] 
[INFO] [stdout] warning: use of deprecated function `std::mem::uninitialized`: use `mem::MaybeUninit` instead
[INFO] [stdout]   --> src/buffer.rs:17:30
[INFO] [stdout]    |
[INFO] [stdout] 17 |             let mut output = mem::uninitialized();
[INFO] [stdout]    |                              ^^^^^^^^^^^^^^^^^^
[INFO] [stdout] 
[INFO] [stdout] 
[INFO] [stdout] warning: use of deprecated function `std::mem::uninitialized`: use `mem::MaybeUninit` instead
[INFO] [stdout]   --> src/buffer.rs:18:29
[INFO] [stdout]    |
[INFO] [stdout] 18 |             let mut error = mem::uninitialized();
[INFO] [stdout]    |                             ^^^^^^^^^^^^^^^^^^
[INFO] [stdout] 
[INFO] [stdout] 
[INFO] [stdout] warning: use of deprecated function `std::mem::uninitialized`: use `mem::MaybeUninit` instead
[INFO] [stdout]   --> src/engine.rs:36:27
[INFO] [stdout]    |
[INFO] [stdout] 36 |             let mut out = mem::uninitialized();
[INFO] [stdout]    |                           ^^^^^^^^^^^^^^^^^^
[INFO] [stdout] 
[INFO] [stdout] 
[INFO] [stdout] warning: use of deprecated function `std::mem::uninitialized`: use `mem::MaybeUninit` instead
[INFO] [stdout]    --> src/engine.rs:160:26
[INFO] [stdout]     |
[INFO] [stdout] 160 |             let mut ee = mem::uninitialized();
[INFO] [stdout]     |                          ^^^^^^^^^^^^^^^^^^
[INFO] [stdout] 
[INFO] [stdout] 
[INFO] [stdout] warning: use of deprecated function `std::mem::uninitialized`: use `mem::MaybeUninit` instead
[INFO] [stdout]    --> src/engine.rs:208:26
[INFO] [stdout]     |
[INFO] [stdout] 208 |             let mut ee = mem::uninitialized();
[INFO] [stdout]     |                          ^^^^^^^^^^^^^^^^^^
[INFO] [stdout] 
[INFO] [stdout] 
[INFO] [stdout] warning: use of deprecated function `std::mem::uninitialized`: use `mem::MaybeUninit` instead
[INFO] [stdout]   --> src/module.rs:91:27
[INFO] [stdout]    |
[INFO] [stdout] 91 |             let mut out = mem::uninitialized();
[INFO] [stdout]    |                           ^^^^^^^^^^^^^^^^^^
[INFO] [stdout] 
[INFO] [stdout] 
[INFO] [stdout] warning: use of deprecated function `std::mem::uninitialized`: use `mem::MaybeUninit` instead
[INFO] [stdout]    --> src/module.rs:119:27
[INFO] [stdout]     |
[INFO] [stdout] 119 |             let mut out = mem::uninitialized();
[INFO] [stdout]     |                           ^^^^^^^^^^^^^^^^^^
[INFO] [stdout] 
[INFO] [stdout] 
[INFO] [stdout] warning: use of deprecated function `std::mem::uninitialized`: use `mem::MaybeUninit` instead
[INFO] [stdout]    --> src/module.rs:120:27
[INFO] [stdout]     |
[INFO] [stdout] 120 |             let mut err = mem::uninitialized();
[INFO] [stdout]     |                           ^^^^^^^^^^^^^^^^^^
[INFO] [stdout] 
[INFO] [stdout] 
[INFO] [stdout] warning: use of deprecated function `std::mem::uninitialized`: use `mem::MaybeUninit` instead
[INFO] [stdout]    --> src/module.rs:203:29
[INFO] [stdout]     |
[INFO] [stdout] 203 |             let mut error = mem::uninitialized();
[INFO] [stdout]     |                             ^^^^^^^^^^^^^^^^^^
[INFO] [stdout] 
[INFO] [stdout] 
[INFO] [stdout] warning: use of deprecated function `std::mem::uninitialized`: use `mem::MaybeUninit` instead
[INFO] [stdout]    --> src/types.rs:158:53
[INFO] [stdout]     |
[INFO] [stdout] 158 |             let mut els: Vec<_> = (0..size).map(|_| mem::uninitialized()).collect();
[INFO] [stdout]     |                                                     ^^^^^^^^^^^^^^^^^^
[INFO] [stdout] 
[INFO] [stdout] 
[INFO] [stdout] warning: use of deprecated function `std::mem::uninitialized`: use `mem::MaybeUninit` instead
[INFO] [stdout]    --> src/types.rs:202:56
[INFO] [stdout]     |
[INFO] [stdout] 202 |             let mut types: Vec<_> = (0..count).map(|_| mem::uninitialized()).collect();
[INFO] [stdout]     |                                                        ^^^^^^^^^^^^^^^^^^
[INFO] [stdout] 
[INFO] [stdout] 
[INFO] [stdout] warning: use of deprecated function `ffi::core::LLVMGetValueName`: Use LLVMGetValueName2 instead
[INFO] [stdout]   --> src/value.rs:81:26
[INFO] [stdout]    |
[INFO] [stdout] 81 |             let c_name = core::LLVMGetValueName(self.into());
[INFO] [stdout]    |                          ^^^^^^^^^^^^^^^^^^^^^^
[INFO] [stdout] 
[INFO] [stdout] 
[INFO] [stdout] warning: the type `&types::Type` does not permit being left uninitialized
[INFO] [stdout]    --> src/types.rs:158:53
[INFO] [stdout]     |
[INFO] [stdout] 158 |             let mut els: Vec<_> = (0..size).map(|_| mem::uninitialized()).collect();
[INFO] [stdout]     |                                                     ^^^^^^^^^^^^^^^^^^^^
[INFO] [stdout]     |                                                     |
[INFO] [stdout]     |                                                     this code causes undefined behavior when executed
[INFO] [stdout]     |                                                     help: use `MaybeUninit<T>` instead, and only call `assume_init` after initialization is done
[INFO] [stdout]     |
[INFO] [stdout]     = note: `#[warn(invalid_value)]` on by default
[INFO] [stdout]     = note: references must be non-null
[INFO] [stdout] 
[INFO] [stdout] 
[INFO] [stdout] warning: the type `&types::Type` does not permit being left uninitialized
[INFO] [stdout]    --> src/types.rs:202:56
[INFO] [stdout]     |
[INFO] [stdout] 202 |             let mut types: Vec<_> = (0..count).map(|_| mem::uninitialized()).collect();
[INFO] [stdout]     |                                                        ^^^^^^^^^^^^^^^^^^^^
[INFO] [stdout]     |                                                        |
[INFO] [stdout]     |                                                        this code causes undefined behavior when executed
[INFO] [stdout]     |                                                        help: use `MaybeUninit<T>` instead, and only call `assume_init` after initialization is done
[INFO] [stdout]     |
[INFO] [stdout]     = note: references must be non-null
[INFO] [stdout] 
[INFO] [stdout] 
[INFO] [stdout] warning: 17 warnings emitted
[INFO] [stdout] 
[INFO] [stdout] 
[INFO] [stderr]     Finished dev [unoptimized + debuginfo] target(s) in 3.86s
[INFO] running `Command { std: "docker" "inspect" "a1198bbaae0f626d2db061b0779a9db00a5d3bb3b93d00fe8afc46cc2755f00a", kill_on_drop: false }`
[INFO] running `Command { std: "docker" "rm" "-f" "a1198bbaae0f626d2db061b0779a9db00a5d3bb3b93d00fe8afc46cc2755f00a", kill_on_drop: false }`
[INFO] [stdout] a1198bbaae0f626d2db061b0779a9db00a5d3bb3b93d00fe8afc46cc2755f00a
[INFO] running `Command { std: "docker" "create" "-v" "/var/lib/crater-agent-workspace/builds/worker-9/target:/opt/rustwide/target:rw,Z" "-v" "/var/lib/crater-agent-workspace/builds/worker-9/source:/opt/rustwide/workdir:ro,Z" "-v" "/var/lib/crater-agent-workspace/cargo-home:/opt/rustwide/cargo-home:ro,Z" "-v" "/var/lib/crater-agent-workspace/rustup-home:/opt/rustwide/rustup-home:ro,Z" "-e" "SOURCE_DIR=/opt/rustwide/workdir" "-e" "CARGO_TARGET_DIR=/opt/rustwide/target" "-e" "CARGO_INCREMENTAL=0" "-e" "RUST_BACKTRACE=full" "-e" "RUSTFLAGS=--cap-lints=warn" "-e" "CARGO_HOME=/opt/rustwide/cargo-home" "-e" "RUSTUP_HOME=/opt/rustwide/rustup-home" "-w" "/opt/rustwide/workdir" "-m" "1610612736" "--user" "0:0" "--network" "none" "ghcr.io/rust-lang/crates-build-env/linux@sha256:34b6a614d2c27851fe6cbf88fbd1137609cefab8b10d0615aaeb6fd47975d74e" "/opt/rustwide/cargo-home/bin/cargo" "+1.54.0" "test" "--frozen" "--no-run" "--message-format=json", kill_on_drop: false }`
[INFO] [stdout] 5923b9a55c25563d9810ab811fafab81aa2f751533d9aaf052571460bc159245
[INFO] running `Command { std: "docker" "start" "-a" "5923b9a55c25563d9810ab811fafab81aa2f751533d9aaf052571460bc159245", kill_on_drop: false }`
[INFO] [stderr]    Compiling llvm-rs v0.2.1 (/opt/rustwide/workdir)
[INFO] [stdout] warning: use of deprecated macro `try`: use the `?` operator instead
[INFO] [stdout]    --> src/module.rs:121:23
[INFO] [stdout]     |
[INFO] [stdout] 121 |             let buf = try!(MemoryBuffer::new_from_str(s, None));
[INFO] [stdout]     |                       ^^^
[INFO] [stdout]     |
[INFO] [stdout]     = note: `#[warn(deprecated)]` on by default
[INFO] [stdout] 
[INFO] [stdout] 
[INFO] [stdout] warning: use of deprecated macro `try`: use the `?` operator instead
[INFO] [stdout]    --> src/module.rs:222:9
[INFO] [stdout]     |
[INFO] [stdout] 222 |         try!(self.write_bitcode(mod_path));
[INFO] [stdout]     |         ^^^
[INFO] [stdout] 
[INFO] [stdout] 
[INFO] [stdout] warning: use of deprecated macro `try`: use the `?` operator instead
[INFO] [stdout]   --> src/object.rs:19:19
[INFO] [stdout]    |
[INFO] [stdout] 19 |         let buf = try!(MemoryBuffer::new_from_file(path));
[INFO] [stdout]    |                   ^^^
[INFO] [stdout] 
[INFO] [stdout] 
[INFO] [stdout] warning: use of deprecated function `std::mem::uninitialized`: use `mem::MaybeUninit` instead
[INFO] [stdout]   --> src/buffer.rs:17:30
[INFO] [stdout]    |
[INFO] [stdout] 17 |             let mut output = mem::uninitialized();
[INFO] [stdout]    |                              ^^^^^^^^^^^^^^^^^^
[INFO] [stdout] 
[INFO] [stdout] 
[INFO] [stdout] warning: use of deprecated function `std::mem::uninitialized`: use `mem::MaybeUninit` instead
[INFO] [stdout]   --> src/buffer.rs:18:29
[INFO] [stdout]    |
[INFO] [stdout] 18 |             let mut error = mem::uninitialized();
[INFO] [stdout]    |                             ^^^^^^^^^^^^^^^^^^
[INFO] [stdout] 
[INFO] [stdout] 
[INFO] [stdout] warning: use of deprecated function `std::mem::uninitialized`: use `mem::MaybeUninit` instead
[INFO] [stdout]   --> src/engine.rs:36:27
[INFO] [stdout]    |
[INFO] [stdout] 36 |             let mut out = mem::uninitialized();
[INFO] [stdout]    |                           ^^^^^^^^^^^^^^^^^^
[INFO] [stdout] 
[INFO] [stdout] 
[INFO] [stdout] warning: use of deprecated function `std::mem::uninitialized`: use `mem::MaybeUninit` instead
[INFO] [stdout]    --> src/engine.rs:160:26
[INFO] [stdout]     |
[INFO] [stdout] 160 |             let mut ee = mem::uninitialized();
[INFO] [stdout]     |                          ^^^^^^^^^^^^^^^^^^
[INFO] [stdout] 
[INFO] [stdout] 
[INFO] [stdout] warning: use of deprecated function `std::mem::uninitialized`: use `mem::MaybeUninit` instead
[INFO] [stdout]    --> src/engine.rs:208:26
[INFO] [stdout]     |
[INFO] [stdout] 208 |             let mut ee = mem::uninitialized();
[INFO] [stdout]     |                          ^^^^^^^^^^^^^^^^^^
[INFO] [stdout] 
[INFO] [stdout] 
[INFO] [stdout] warning: use of deprecated function `std::mem::uninitialized`: use `mem::MaybeUninit` instead
[INFO] [stdout]   --> src/module.rs:91:27
[INFO] [stdout]    |
[INFO] [stdout] 91 |             let mut out = mem::uninitialized();
[INFO] [stdout]    |                           ^^^^^^^^^^^^^^^^^^
[INFO] [stdout] 
[INFO] [stdout] 
[INFO] [stdout] warning: use of deprecated function `std::mem::uninitialized`: use `mem::MaybeUninit` instead
[INFO] [stdout]    --> src/module.rs:119:27
[INFO] [stdout]     |
[INFO] [stdout] 119 |             let mut out = mem::uninitialized();
[INFO] [stdout]     |                           ^^^^^^^^^^^^^^^^^^
[INFO] [stdout] 
[INFO] [stdout] 
[INFO] [stdout] warning: use of deprecated function `std::mem::uninitialized`: use `mem::MaybeUninit` instead
[INFO] [stdout]    --> src/module.rs:120:27
[INFO] [stdout]     |
[INFO] [stdout] 120 |             let mut err = mem::uninitialized();
[INFO] [stdout]     |                           ^^^^^^^^^^^^^^^^^^
[INFO] [stdout] 
[INFO] [stdout] 
[INFO] [stdout] warning: use of deprecated function `std::mem::uninitialized`: use `mem::MaybeUninit` instead
[INFO] [stdout]    --> src/module.rs:203:29
[INFO] [stdout]     |
[INFO] [stdout] 203 |             let mut error = mem::uninitialized();
[INFO] [stdout]     |                             ^^^^^^^^^^^^^^^^^^
[INFO] [stdout] 
[INFO] [stdout] 
[INFO] [stdout] warning: use of deprecated function `std::mem::uninitialized`: use `mem::MaybeUninit` instead
[INFO] [stdout]    --> src/types.rs:158:53
[INFO] [stdout]     |
[INFO] [stdout] 158 |             let mut els: Vec<_> = (0..size).map(|_| mem::uninitialized()).collect();
[INFO] [stdout]     |                                                     ^^^^^^^^^^^^^^^^^^
[INFO] [stdout] 
[INFO] [stdout] 
[INFO] [stdout] warning: use of deprecated function `std::mem::uninitialized`: use `mem::MaybeUninit` instead
[INFO] [stdout]    --> src/types.rs:202:56
[INFO] [stdout]     |
[INFO] [stdout] 202 |             let mut types: Vec<_> = (0..count).map(|_| mem::uninitialized()).collect();
[INFO] [stdout]     |                                                        ^^^^^^^^^^^^^^^^^^
[INFO] [stdout] 
[INFO] [stdout] 
[INFO] [stdout] warning: use of deprecated function `ffi::core::LLVMGetValueName`: Use LLVMGetValueName2 instead
[INFO] [stdout]   --> src/value.rs:81:26
[INFO] [stdout]    |
[INFO] [stdout] 81 |             let c_name = core::LLVMGetValueName(self.into());
[INFO] [stdout]    |                          ^^^^^^^^^^^^^^^^^^^^^^
[INFO] [stdout] 
[INFO] [stdout] 
[INFO] [stdout] warning: the type `&types::Type` does not permit being left uninitialized
[INFO] [stdout]    --> src/types.rs:158:53
[INFO] [stdout]     |
[INFO] [stdout] 158 |             let mut els: Vec<_> = (0..size).map(|_| mem::uninitialized()).collect();
[INFO] [stdout]     |                                                     ^^^^^^^^^^^^^^^^^^^^
[INFO] [stdout]     |                                                     |
[INFO] [stdout]     |                                                     this code causes undefined behavior when executed
[INFO] [stdout]     |                                                     help: use `MaybeUninit<T>` instead, and only call `assume_init` after initialization is done
[INFO] [stdout]     |
[INFO] [stdout]     = note: `#[warn(invalid_value)]` on by default
[INFO] [stdout]     = note: references must be non-null
[INFO] [stdout] 
[INFO] [stdout] 
[INFO] [stdout] warning: the type `&types::Type` does not permit being left uninitialized
[INFO] [stdout]    --> src/types.rs:202:56
[INFO] [stdout]     |
[INFO] [stdout] 202 |             let mut types: Vec<_> = (0..count).map(|_| mem::uninitialized()).collect();
[INFO] [stdout]     |                                                        ^^^^^^^^^^^^^^^^^^^^
[INFO] [stdout]     |                                                        |
[INFO] [stdout]     |                                                        this code causes undefined behavior when executed
[INFO] [stdout]     |                                                        help: use `MaybeUninit<T>` instead, and only call `assume_init` after initialization is done
[INFO] [stdout]     |
[INFO] [stdout]     = note: references must be non-null
[INFO] [stdout] 
[INFO] [stdout] 
[INFO] [stdout] warning: 17 warnings emitted
[INFO] [stdout] 
[INFO] [stdout] 
[INFO] [stdout] warning: unused variable: `builder`
[INFO] [stdout]  --> examples/pass_manager.rs:8:9
[INFO] [stdout]   |
[INFO] [stdout] 8 |     let builder = Builder::new(&ctx);
[INFO] [stdout]   |         ^^^^^^^ help: if this is intentional, prefix it with an underscore: `_builder`
[INFO] [stdout]   |
[INFO] [stdout]   = note: `#[warn(unused_variables)]` on by default
[INFO] [stdout] 
[INFO] [stdout] 
[INFO] [stdout] warning: use of deprecated macro `try`: use the `?` operator instead
[INFO] [stdout]    --> src/module.rs:121:23
[INFO] [stdout]     |
[INFO] [stdout] 121 |             let buf = try!(MemoryBuffer::new_from_str(s, None));
[INFO] [stdout]     |                       ^^^
[INFO] [stdout]     |
[INFO] [stdout]     = note: `#[warn(deprecated)]` on by default
[INFO] [stdout] 
[INFO] [stdout] 
[INFO] [stdout] warning: use of deprecated macro `try`: use the `?` operator instead
[INFO] [stdout]    --> src/module.rs:222:9
[INFO] [stdout]     |
[INFO] [stdout] 222 |         try!(self.write_bitcode(mod_path));
[INFO] [stdout]     |         ^^^
[INFO] [stdout] 
[INFO] [stdout] 
[INFO] [stdout] warning: use of deprecated macro `try`: use the `?` operator instead
[INFO] [stdout]   --> src/object.rs:19:19
[INFO] [stdout]    |
[INFO] [stdout] 19 |         let buf = try!(MemoryBuffer::new_from_file(path));
[INFO] [stdout]    |                   ^^^
[INFO] [stdout] 
[INFO] [stdout] 
[INFO] [stdout] warning: use of deprecated function `std::mem::uninitialized`: use `mem::MaybeUninit` instead
[INFO] [stdout]   --> src/buffer.rs:17:30
[INFO] [stdout]    |
[INFO] [stdout] 17 |             let mut output = mem::uninitialized();
[INFO] [stdout]    |                              ^^^^^^^^^^^^^^^^^^
[INFO] [stdout] 
[INFO] [stdout] 
[INFO] [stdout] warning: use of deprecated function `std::mem::uninitialized`: use `mem::MaybeUninit` instead
[INFO] [stdout]   --> src/buffer.rs:18:29
[INFO] [stdout]    |
[INFO] [stdout] 18 |             let mut error = mem::uninitialized();
[INFO] [stdout]    |                             ^^^^^^^^^^^^^^^^^^
[INFO] [stdout] 
[INFO] [stdout] 
[INFO] [stdout] warning: use of deprecated function `std::mem::uninitialized`: use `mem::MaybeUninit` instead
[INFO] [stdout]   --> src/engine.rs:36:27
[INFO] [stdout]    |
[INFO] [stdout] 36 |             let mut out = mem::uninitialized();
[INFO] [stdout]    |                           ^^^^^^^^^^^^^^^^^^
[INFO] [stdout] 
[INFO] [stdout] 
[INFO] [stdout] warning: use of deprecated function `std::mem::uninitialized`: use `mem::MaybeUninit` instead
[INFO] [stdout]    --> src/engine.rs:160:26
[INFO] [stdout]     |
[INFO] [stdout] 160 |             let mut ee = mem::uninitialized();
[INFO] [stdout]     |                          ^^^^^^^^^^^^^^^^^^
[INFO] [stdout] 
[INFO] [stdout] 
[INFO] [stdout] warning: use of deprecated function `std::mem::uninitialized`: use `mem::MaybeUninit` instead
[INFO] [stdout]    --> src/engine.rs:208:26
[INFO] [stdout]     |
[INFO] [stdout] 208 |             let mut ee = mem::uninitialized();
[INFO] [stdout]     |                          ^^^^^^^^^^^^^^^^^^
[INFO] [stdout] 
[INFO] [stdout] 
[INFO] [stdout] warning: use of deprecated function `std::mem::uninitialized`: use `mem::MaybeUninit` instead
[INFO] [stdout]   --> src/module.rs:91:27
[INFO] [stdout]    |
[INFO] [stdout] 91 |             let mut out = mem::uninitialized();
[INFO] [stdout]    |                           ^^^^^^^^^^^^^^^^^^
[INFO] [stdout] 
[INFO] [stdout] 
[INFO] [stdout] warning: use of deprecated function `std::mem::uninitialized`: use `mem::MaybeUninit` instead
[INFO] [stdout]    --> src/module.rs:119:27
[INFO] [stdout]     |
[INFO] [stdout] 119 |             let mut out = mem::uninitialized();
[INFO] [stdout]     |                           ^^^^^^^^^^^^^^^^^^
[INFO] [stdout] 
[INFO] [stdout] 
[INFO] [stdout] warning: use of deprecated function `std::mem::uninitialized`: use `mem::MaybeUninit` instead
[INFO] [stdout]    --> src/module.rs:120:27
[INFO] [stdout]     |
[INFO] [stdout] 120 |             let mut err = mem::uninitialized();
[INFO] [stdout]     |                           ^^^^^^^^^^^^^^^^^^
[INFO] [stdout] 
[INFO] [stdout] 
[INFO] [stdout] warning: use of deprecated function `std::mem::uninitialized`: use `mem::MaybeUninit` instead
[INFO] [stdout]    --> src/module.rs:203:29
[INFO] [stdout]     |
[INFO] [stdout] 203 |             let mut error = mem::uninitialized();
[INFO] [stdout]     |                             ^^^^^^^^^^^^^^^^^^
[INFO] [stdout] 
[INFO] [stdout] 
[INFO] [stdout] warning: use of deprecated function `std::mem::uninitialized`: use `mem::MaybeUninit` instead
[INFO] [stdout]    --> src/types.rs:158:53
[INFO] [stdout]     |
[INFO] [stdout] 158 |             let mut els: Vec<_> = (0..size).map(|_| mem::uninitialized()).collect();
[INFO] [stdout]     |                                                     ^^^^^^^^^^^^^^^^^^
[INFO] [stdout] 
[INFO] [stdout] 
[INFO] [stdout] warning: use of deprecated function `std::mem::uninitialized`: use `mem::MaybeUninit` instead
[INFO] [stdout]    --> src/types.rs:202:56
[INFO] [stdout]     |
[INFO] [stdout] 202 |             let mut types: Vec<_> = (0..count).map(|_| mem::uninitialized()).collect();
[INFO] [stdout]     |                                                        ^^^^^^^^^^^^^^^^^^
[INFO] [stdout] 
[INFO] [stdout] 
[INFO] [stdout] warning: use of deprecated function `ffi::core::LLVMGetValueName`: Use LLVMGetValueName2 instead
[INFO] [stdout]   --> src/value.rs:81:26
[INFO] [stdout]    |
[INFO] [stdout] 81 |             let c_name = core::LLVMGetValueName(self.into());
[INFO] [stdout]    |                          ^^^^^^^^^^^^^^^^^^^^^^
[INFO] [stdout] 
[INFO] [stdout] 
[INFO] [stdout] warning: the type `&types::Type` does not permit being left uninitialized
[INFO] [stdout]    --> src/types.rs:158:53
[INFO] [stdout]     |
[INFO] [stdout] 158 |             let mut els: Vec<_> = (0..size).map(|_| mem::uninitialized()).collect();
[INFO] [stdout]     |                                                     ^^^^^^^^^^^^^^^^^^^^
[INFO] [stdout]     |                                                     |
[INFO] [stdout]     |                                                     this code causes undefined behavior when executed
[INFO] [stdout]     |                                                     help: use `MaybeUninit<T>` instead, and only call `assume_init` after initialization is done
[INFO] [stdout]     |
[INFO] [stdout]     = note: `#[warn(invalid_value)]` on by default
[INFO] [stdout]     = note: references must be non-null
[INFO] [stdout] 
[INFO] [stdout] 
[INFO] [stdout] warning: the type `&types::Type` does not permit being left uninitialized
[INFO] [stdout]    --> src/types.rs:202:56
[INFO] [stdout]     |
[INFO] [stdout] 202 |             let mut types: Vec<_> = (0..count).map(|_| mem::uninitialized()).collect();
[INFO] [stdout]     |                                                        ^^^^^^^^^^^^^^^^^^^^
[INFO] [stdout]     |                                                        |
[INFO] [stdout]     |                                                        this code causes undefined behavior when executed
[INFO] [stdout]     |                                                        help: use `MaybeUninit<T>` instead, and only call `assume_init` after initialization is done
[INFO] [stdout]     |
[INFO] [stdout]     = note: references must be non-null
[INFO] [stdout] 
[INFO] [stdout] 
[INFO] [stdout] error: linking with `cc` failed: exit status: 1
[INFO] [stdout]   |
[INFO] [stdout]   = note: "cc" "-m64" "/opt/rustwide/target/debug/deps/reader-a5fff5e4a976d0b7.reader.8h1qbzsu-cgu.0.rcgu.o" "/opt/rustwide/target/debug/deps/reader-a5fff5e4a976d0b7.reader.8h1qbzsu-cgu.1.rcgu.o" "/opt/rustwide/target/debug/deps/reader-a5fff5e4a976d0b7.reader.8h1qbzsu-cgu.10.rcgu.o" "/opt/rustwide/target/debug/deps/reader-a5fff5e4a976d0b7.reader.8h1qbzsu-cgu.11.rcgu.o" "/opt/rustwide/target/debug/deps/reader-a5fff5e4a976d0b7.reader.8h1qbzsu-cgu.12.rcgu.o" "/opt/rustwide/target/debug/deps/reader-a5fff5e4a976d0b7.reader.8h1qbzsu-cgu.13.rcgu.o" "/opt/rustwide/target/debug/deps/reader-a5fff5e4a976d0b7.reader.8h1qbzsu-cgu.2.rcgu.o" "/opt/rustwide/target/debug/deps/reader-a5fff5e4a976d0b7.reader.8h1qbzsu-cgu.3.rcgu.o" "/opt/rustwide/target/debug/deps/reader-a5fff5e4a976d0b7.reader.8h1qbzsu-cgu.4.rcgu.o" "/opt/rustwide/target/debug/deps/reader-a5fff5e4a976d0b7.reader.8h1qbzsu-cgu.5.rcgu.o" "/opt/rustwide/target/debug/deps/reader-a5fff5e4a976d0b7.reader.8h1qbzsu-cgu.6.rcgu.o" "/opt/rustwide/target/debug/deps/reader-a5fff5e4a976d0b7.reader.8h1qbzsu-cgu.7.rcgu.o" "/opt/rustwide/target/debug/deps/reader-a5fff5e4a976d0b7.reader.8h1qbzsu-cgu.8.rcgu.o" "/opt/rustwide/target/debug/deps/reader-a5fff5e4a976d0b7.reader.8h1qbzsu-cgu.9.rcgu.o" "/opt/rustwide/target/debug/deps/reader-a5fff5e4a976d0b7.3qfnqlt5nukdfern.rcgu.o" "-Wl,--as-needed" "-L" "/opt/rustwide/target/debug/deps" "-L" "/opt/rustwide/target/debug/build/llvm-sys-8e0beb82dc7b6295/out" "-L" "/usr/lib/llvm-10/lib" "-L" "/opt/rustwide/rustup-home/toolchains/1.54.0-x86_64-unknown-linux-gnu/lib/rustlib/x86_64-unknown-linux-gnu/lib" "-Wl,-Bstatic" "/opt/rustwide/rustup-home/toolchains/1.54.0-x86_64-unknown-linux-gnu/lib/rustlib/x86_64-unknown-linux-gnu/lib/libtest-3599c5491d44663f.rlib" "/opt/rustwide/rustup-home/toolchains/1.54.0-x86_64-unknown-linux-gnu/lib/rustlib/x86_64-unknown-linux-gnu/lib/libterm-1d56ea45a67842c8.rlib" "/opt/rustwide/rustup-home/toolchains/1.54.0-x86_64-unknown-linux-gnu/lib/rustlib/x86_64-unknown-linux-gnu/lib/libgetopts-9749f7c936ebf9a7.rlib" "/opt/rustwide/rustup-home/toolchains/1.54.0-x86_64-unknown-linux-gnu/lib/rustlib/x86_64-unknown-linux-gnu/lib/libunicode_width-627a220173eefff1.rlib" "/opt/rustwide/rustup-home/toolchains/1.54.0-x86_64-unknown-linux-gnu/lib/rustlib/x86_64-unknown-linux-gnu/lib/librustc_std_workspace_std-16ed15e5bfe21b9b.rlib" "/opt/rustwide/target/debug/deps/libllvm_rs-b7deb03b03c8d647.rlib" "/opt/rustwide/target/debug/deps/libllvm_sys-4a0514992d80c226.rlib" "/opt/rustwide/target/debug/deps/libcbox-5cb174ba03576e5c.rlib" "/opt/rustwide/target/debug/deps/liblibc-ef703b7b559de845.rlib" "-Wl,--start-group" "/opt/rustwide/rustup-home/toolchains/1.54.0-x86_64-unknown-linux-gnu/lib/rustlib/x86_64-unknown-linux-gnu/lib/libstd-2420485b9e5ef5e1.rlib" "/opt/rustwide/rustup-home/toolchains/1.54.0-x86_64-unknown-linux-gnu/lib/rustlib/x86_64-unknown-linux-gnu/lib/libpanic_unwind-785e3cb61c4b1960.rlib" "/opt/rustwide/rustup-home/toolchains/1.54.0-x86_64-unknown-linux-gnu/lib/rustlib/x86_64-unknown-linux-gnu/lib/libminiz_oxide-087191a88bdaa22d.rlib" "/opt/rustwide/rustup-home/toolchains/1.54.0-x86_64-unknown-linux-gnu/lib/rustlib/x86_64-unknown-linux-gnu/lib/libadler-9981842c02975178.rlib" "/opt/rustwide/rustup-home/toolchains/1.54.0-x86_64-unknown-linux-gnu/lib/rustlib/x86_64-unknown-linux-gnu/lib/libobject-6fb405869b015fde.rlib" "/opt/rustwide/rustup-home/toolchains/1.54.0-x86_64-unknown-linux-gnu/lib/rustlib/x86_64-unknown-linux-gnu/lib/libaddr2line-d05c5c3c56004b7b.rlib" "/opt/rustwide/rustup-home/toolchains/1.54.0-x86_64-unknown-linux-gnu/lib/rustlib/x86_64-unknown-linux-gnu/lib/libgimli-42d74d2097528b38.rlib" "/opt/rustwide/rustup-home/toolchains/1.54.0-x86_64-unknown-linux-gnu/lib/rustlib/x86_64-unknown-linux-gnu/lib/libstd_detect-fb36534c113d2209.rlib" "/opt/rustwide/rustup-home/toolchains/1.54.0-x86_64-unknown-linux-gnu/lib/rustlib/x86_64-unknown-linux-gnu/lib/librustc_demangle-b56b9042c12b6535.rlib" "/opt/rustwide/rustup-home/toolchains/1.54.0-x86_64-unknown-linux-gnu/lib/rustlib/x86_64-unknown-linux-gnu/lib/libhashbrown-491902d6cb3e76df.rlib" "/opt/rustwide/rustup-home/toolchains/1.54.0-x86_64-unknown-linux-gnu/lib/rustlib/x86_64-unknown-linux-gnu/lib/librustc_std_workspace_alloc-61834e0981b8c367.rlib" "/opt/rustwide/rustup-home/toolchains/1.54.0-x86_64-unknown-linux-gnu/lib/rustlib/x86_64-unknown-linux-gnu/lib/libunwind-f78aa99d613a55bc.rlib" "/opt/rustwide/rustup-home/toolchains/1.54.0-x86_64-unknown-linux-gnu/lib/rustlib/x86_64-unknown-linux-gnu/lib/libcfg_if-53ee54cd7fed2c57.rlib" "/opt/rustwide/rustup-home/toolchains/1.54.0-x86_64-unknown-linux-gnu/lib/rustlib/x86_64-unknown-linux-gnu/lib/liblibc-544ecdbd6cda3c58.rlib" "/opt/rustwide/rustup-home/toolchains/1.54.0-x86_64-unknown-linux-gnu/lib/rustlib/x86_64-unknown-linux-gnu/lib/liballoc-379cc252b6943a79.rlib" "/opt/rustwide/rustup-home/toolchains/1.54.0-x86_64-unknown-linux-gnu/lib/rustlib/x86_64-unknown-linux-gnu/lib/librustc_std_workspace_core-8063eea38dcc5e62.rlib" "/opt/rustwide/rustup-home/toolchains/1.54.0-x86_64-unknown-linux-gnu/lib/rustlib/x86_64-unknown-linux-gnu/lib/libcore-5b228734afae15ee.rlib" "-Wl,--end-group" "/opt/rustwide/rustup-home/toolchains/1.54.0-x86_64-unknown-linux-gnu/lib/rustlib/x86_64-unknown-linux-gnu/lib/libcompiler_builtins-d6c7a399d95d173f.rlib" "-Wl,-Bdynamic" "-lz" "-lrt" "-ldl" "-ltinfo" "-lpthread" "-lm" "-lstdc++" "-lgcc_s" "-lutil" "-lrt" "-lpthread" "-lm" "-ldl" "-lc" "-Wl,--eh-frame-hdr" "-Wl,-znoexecstack" "-L" "/opt/rustwide/rustup-home/toolchains/1.54.0-x86_64-unknown-linux-gnu/lib/rustlib/x86_64-unknown-linux-gnu/lib" "-o" "/opt/rustwide/target/debug/deps/reader-a5fff5e4a976d0b7" "-Wl,--gc-sections" "-pie" "-Wl,-zrelro" "-Wl,-znow" "-nodefaultlibs"
[INFO] [stdout]   = note: collect2: fatal error: ld terminated with signal 9 [Killed]
[INFO] [stdout]           compilation terminated.
[INFO] [stdout]           
[INFO] [stdout] 
[INFO] [stdout] 
[INFO] [stdout] error: aborting due to previous error
[INFO] [stdout] 
[INFO] [stdout] 
[INFO] [stderr] error: could not compile `llvm-rs`
[INFO] [stderr] 
[INFO] [stderr] To learn more, run the command again with --verbose.
[INFO] [stderr] warning: build failed, waiting for other jobs to finish...
[INFO] [stdout] error: linking with `cc` failed: exit status: 1
[INFO] [stdout]   |
[INFO] [stdout]   = note: "cc" "-m64" "/opt/rustwide/target/debug/examples/tan-9f74da54b21ca82a.tan.30v20568-cgu.0.rcgu.o" "/opt/rustwide/target/debug/examples/tan-9f74da54b21ca82a.tan.30v20568-cgu.1.rcgu.o" "/opt/rustwide/target/debug/examples/tan-9f74da54b21ca82a.tan.30v20568-cgu.10.rcgu.o" "/opt/rustwide/target/debug/examples/tan-9f74da54b21ca82a.tan.30v20568-cgu.11.rcgu.o" "/opt/rustwide/target/debug/examples/tan-9f74da54b21ca82a.tan.30v20568-cgu.12.rcgu.o" "/opt/rustwide/target/debug/examples/tan-9f74da54b21ca82a.tan.30v20568-cgu.13.rcgu.o" "/opt/rustwide/target/debug/examples/tan-9f74da54b21ca82a.tan.30v20568-cgu.14.rcgu.o" "/opt/rustwide/target/debug/examples/tan-9f74da54b21ca82a.tan.30v20568-cgu.15.rcgu.o" "/opt/rustwide/target/debug/examples/tan-9f74da54b21ca82a.tan.30v20568-cgu.2.rcgu.o" "/opt/rustwide/target/debug/examples/tan-9f74da54b21ca82a.tan.30v20568-cgu.3.rcgu.o" "/opt/rustwide/target/debug/examples/tan-9f74da54b21ca82a.tan.30v20568-cgu.4.rcgu.o" "/opt/rustwide/target/debug/examples/tan-9f74da54b21ca82a.tan.30v20568-cgu.5.rcgu.o" "/opt/rustwide/target/debug/examples/tan-9f74da54b21ca82a.tan.30v20568-cgu.6.rcgu.o" "/opt/rustwide/target/debug/examples/tan-9f74da54b21ca82a.tan.30v20568-cgu.7.rcgu.o" "/opt/rustwide/target/debug/examples/tan-9f74da54b21ca82a.tan.30v20568-cgu.8.rcgu.o" "/opt/rustwide/target/debug/examples/tan-9f74da54b21ca82a.tan.30v20568-cgu.9.rcgu.o" "/opt/rustwide/target/debug/examples/tan-9f74da54b21ca82a.296xre57c6ugtfw5.rcgu.o" "-Wl,--as-needed" "-L" "/opt/rustwide/target/debug/deps" "-L" "/opt/rustwide/target/debug/build/llvm-sys-8e0beb82dc7b6295/out" "-L" "/usr/lib/llvm-10/lib" "-L" "/opt/rustwide/rustup-home/toolchains/1.54.0-x86_64-unknown-linux-gnu/lib/rustlib/x86_64-unknown-linux-gnu/lib" "-lffi" "-Wl,-Bstatic" "/opt/rustwide/target/debug/deps/libllvm_rs-b7deb03b03c8d647.rlib" "/opt/rustwide/target/debug/deps/libllvm_sys-4a0514992d80c226.rlib" "/opt/rustwide/target/debug/deps/libcbox-5cb174ba03576e5c.rlib" "/opt/rustwide/target/debug/deps/liblibc-ef703b7b559de845.rlib" "-Wl,--start-group" "/opt/rustwide/rustup-home/toolchains/1.54.0-x86_64-unknown-linux-gnu/lib/rustlib/x86_64-unknown-linux-gnu/lib/libstd-2420485b9e5ef5e1.rlib" "/opt/rustwide/rustup-home/toolchains/1.54.0-x86_64-unknown-linux-gnu/lib/rustlib/x86_64-unknown-linux-gnu/lib/libpanic_unwind-785e3cb61c4b1960.rlib" "/opt/rustwide/rustup-home/toolchains/1.54.0-x86_64-unknown-linux-gnu/lib/rustlib/x86_64-unknown-linux-gnu/lib/libminiz_oxide-087191a88bdaa22d.rlib" "/opt/rustwide/rustup-home/toolchains/1.54.0-x86_64-unknown-linux-gnu/lib/rustlib/x86_64-unknown-linux-gnu/lib/libadler-9981842c02975178.rlib" "/opt/rustwide/rustup-home/toolchains/1.54.0-x86_64-unknown-linux-gnu/lib/rustlib/x86_64-unknown-linux-gnu/lib/libobject-6fb405869b015fde.rlib" "/opt/rustwide/rustup-home/toolchains/1.54.0-x86_64-unknown-linux-gnu/lib/rustlib/x86_64-unknown-linux-gnu/lib/libaddr2line-d05c5c3c56004b7b.rlib" "/opt/rustwide/rustup-home/toolchains/1.54.0-x86_64-unknown-linux-gnu/lib/rustlib/x86_64-unknown-linux-gnu/lib/libgimli-42d74d2097528b38.rlib" "/opt/rustwide/rustup-home/toolchains/1.54.0-x86_64-unknown-linux-gnu/lib/rustlib/x86_64-unknown-linux-gnu/lib/libstd_detect-fb36534c113d2209.rlib" "/opt/rustwide/rustup-home/toolchains/1.54.0-x86_64-unknown-linux-gnu/lib/rustlib/x86_64-unknown-linux-gnu/lib/librustc_demangle-b56b9042c12b6535.rlib" "/opt/rustwide/rustup-home/toolchains/1.54.0-x86_64-unknown-linux-gnu/lib/rustlib/x86_64-unknown-linux-gnu/lib/libhashbrown-491902d6cb3e76df.rlib" "/opt/rustwide/rustup-home/toolchains/1.54.0-x86_64-unknown-linux-gnu/lib/rustlib/x86_64-unknown-linux-gnu/lib/librustc_std_workspace_alloc-61834e0981b8c367.rlib" "/opt/rustwide/rustup-home/toolchains/1.54.0-x86_64-unknown-linux-gnu/lib/rustlib/x86_64-unknown-linux-gnu/lib/libunwind-f78aa99d613a55bc.rlib" "/opt/rustwide/rustup-home/toolchains/1.54.0-x86_64-unknown-linux-gnu/lib/rustlib/x86_64-unknown-linux-gnu/lib/libcfg_if-53ee54cd7fed2c57.rlib" "/opt/rustwide/rustup-home/toolchains/1.54.0-x86_64-unknown-linux-gnu/lib/rustlib/x86_64-unknown-linux-gnu/lib/liblibc-544ecdbd6cda3c58.rlib" "/opt/rustwide/rustup-home/toolchains/1.54.0-x86_64-unknown-linux-gnu/lib/rustlib/x86_64-unknown-linux-gnu/lib/liballoc-379cc252b6943a79.rlib" "/opt/rustwide/rustup-home/toolchains/1.54.0-x86_64-unknown-linux-gnu/lib/rustlib/x86_64-unknown-linux-gnu/lib/librustc_std_workspace_core-8063eea38dcc5e62.rlib" "/opt/rustwide/rustup-home/toolchains/1.54.0-x86_64-unknown-linux-gnu/lib/rustlib/x86_64-unknown-linux-gnu/lib/libcore-5b228734afae15ee.rlib" "-Wl,--end-group" "/opt/rustwide/rustup-home/toolchains/1.54.0-x86_64-unknown-linux-gnu/lib/rustlib/x86_64-unknown-linux-gnu/lib/libcompiler_builtins-d6c7a399d95d173f.rlib" "-Wl,-Bdynamic" "-lz" "-lrt" "-ldl" "-ltinfo" "-lpthread" "-lm" "-lstdc++" "-lgcc_s" "-lutil" "-lrt" "-lpthread" "-lm" "-ldl" "-lc" "-Wl,--eh-frame-hdr" "-Wl,-znoexecstack" "-L" "/opt/rustwide/rustup-home/toolchains/1.54.0-x86_64-unknown-linux-gnu/lib/rustlib/x86_64-unknown-linux-gnu/lib" "-o" "/opt/rustwide/target/debug/examples/tan-9f74da54b21ca82a" "-Wl,--gc-sections" "-pie" "-Wl,-zrelro" "-Wl,-znow" "-nodefaultlibs"
[INFO] [stdout]   = note: collect2: fatal error: ld terminated with signal 9 [Killed]
[INFO] [stdout]           compilation terminated.
[INFO] [stdout]           
[INFO] [stdout] 
[INFO] [stdout] 
[INFO] [stdout] error: aborting due to previous error
[INFO] [stdout] 
[INFO] [stdout] 
[INFO] [stdout] warning: 17 warnings emitted
[INFO] [stdout] 
[INFO] [stdout] 
[INFO] [stdout] error: linking with `cc` failed: exit status: 1
[INFO] [stdout]   |
[INFO] [stdout]   = note: "cc" "-m64" "/opt/rustwide/target/debug/examples/add3-f8ec5711a361c48b.add3.5dc0y1ot-cgu.0.rcgu.o" "/opt/rustwide/target/debug/examples/add3-f8ec5711a361c48b.add3.5dc0y1ot-cgu.1.rcgu.o" "/opt/rustwide/target/debug/examples/add3-f8ec5711a361c48b.add3.5dc0y1ot-cgu.10.rcgu.o" "/opt/rustwide/target/debug/examples/add3-f8ec5711a361c48b.add3.5dc0y1ot-cgu.11.rcgu.o" "/opt/rustwide/target/debug/examples/add3-f8ec5711a361c48b.add3.5dc0y1ot-cgu.12.rcgu.o" "/opt/rustwide/target/debug/examples/add3-f8ec5711a361c48b.add3.5dc0y1ot-cgu.13.rcgu.o" "/opt/rustwide/target/debug/examples/add3-f8ec5711a361c48b.add3.5dc0y1ot-cgu.14.rcgu.o" "/opt/rustwide/target/debug/examples/add3-f8ec5711a361c48b.add3.5dc0y1ot-cgu.15.rcgu.o" "/opt/rustwide/target/debug/examples/add3-f8ec5711a361c48b.add3.5dc0y1ot-cgu.2.rcgu.o" "/opt/rustwide/target/debug/examples/add3-f8ec5711a361c48b.add3.5dc0y1ot-cgu.3.rcgu.o" "/opt/rustwide/target/debug/examples/add3-f8ec5711a361c48b.add3.5dc0y1ot-cgu.4.rcgu.o" "/opt/rustwide/target/debug/examples/add3-f8ec5711a361c48b.add3.5dc0y1ot-cgu.5.rcgu.o" "/opt/rustwide/target/debug/examples/add3-f8ec5711a361c48b.add3.5dc0y1ot-cgu.6.rcgu.o" "/opt/rustwide/target/debug/examples/add3-f8ec5711a361c48b.add3.5dc0y1ot-cgu.7.rcgu.o" "/opt/rustwide/target/debug/examples/add3-f8ec5711a361c48b.add3.5dc0y1ot-cgu.8.rcgu.o" "/opt/rustwide/target/debug/examples/add3-f8ec5711a361c48b.add3.5dc0y1ot-cgu.9.rcgu.o" "/opt/rustwide/target/debug/examples/add3-f8ec5711a361c48b.461ffamzh7pynz9n.rcgu.o" "-Wl,--as-needed" "-L" "/opt/rustwide/target/debug/deps" "-L" "/opt/rustwide/target/debug/build/llvm-sys-8e0beb82dc7b6295/out" "-L" "/usr/lib/llvm-10/lib" "-L" "/opt/rustwide/rustup-home/toolchains/1.54.0-x86_64-unknown-linux-gnu/lib/rustlib/x86_64-unknown-linux-gnu/lib" "-lffi" "-Wl,-Bstatic" "/opt/rustwide/target/debug/deps/libllvm_rs-b7deb03b03c8d647.rlib" "/opt/rustwide/target/debug/deps/libllvm_sys-4a0514992d80c226.rlib" "/opt/rustwide/target/debug/deps/libcbox-5cb174ba03576e5c.rlib" "/opt/rustwide/target/debug/deps/liblibc-ef703b7b559de845.rlib" "-Wl,--start-group" "/opt/rustwide/rustup-home/toolchains/1.54.0-x86_64-unknown-linux-gnu/lib/rustlib/x86_64-unknown-linux-gnu/lib/libstd-2420485b9e5ef5e1.rlib" "/opt/rustwide/rustup-home/toolchains/1.54.0-x86_64-unknown-linux-gnu/lib/rustlib/x86_64-unknown-linux-gnu/lib/libpanic_unwind-785e3cb61c4b1960.rlib" "/opt/rustwide/rustup-home/toolchains/1.54.0-x86_64-unknown-linux-gnu/lib/rustlib/x86_64-unknown-linux-gnu/lib/libminiz_oxide-087191a88bdaa22d.rlib" "/opt/rustwide/rustup-home/toolchains/1.54.0-x86_64-unknown-linux-gnu/lib/rustlib/x86_64-unknown-linux-gnu/lib/libadler-9981842c02975178.rlib" "/opt/rustwide/rustup-home/toolchains/1.54.0-x86_64-unknown-linux-gnu/lib/rustlib/x86_64-unknown-linux-gnu/lib/libobject-6fb405869b015fde.rlib" "/opt/rustwide/rustup-home/toolchains/1.54.0-x86_64-unknown-linux-gnu/lib/rustlib/x86_64-unknown-linux-gnu/lib/libaddr2line-d05c5c3c56004b7b.rlib" "/opt/rustwide/rustup-home/toolchains/1.54.0-x86_64-unknown-linux-gnu/lib/rustlib/x86_64-unknown-linux-gnu/lib/libgimli-42d74d2097528b38.rlib" "/opt/rustwide/rustup-home/toolchains/1.54.0-x86_64-unknown-linux-gnu/lib/rustlib/x86_64-unknown-linux-gnu/lib/libstd_detect-fb36534c113d2209.rlib" "/opt/rustwide/rustup-home/toolchains/1.54.0-x86_64-unknown-linux-gnu/lib/rustlib/x86_64-unknown-linux-gnu/lib/librustc_demangle-b56b9042c12b6535.rlib" "/opt/rustwide/rustup-home/toolchains/1.54.0-x86_64-unknown-linux-gnu/lib/rustlib/x86_64-unknown-linux-gnu/lib/libhashbrown-491902d6cb3e76df.rlib" "/opt/rustwide/rustup-home/toolchains/1.54.0-x86_64-unknown-linux-gnu/lib/rustlib/x86_64-unknown-linux-gnu/lib/librustc_std_workspace_alloc-61834e0981b8c367.rlib" "/opt/rustwide/rustup-home/toolchains/1.54.0-x86_64-unknown-linux-gnu/lib/rustlib/x86_64-unknown-linux-gnu/lib/libunwind-f78aa99d613a55bc.rlib" "/opt/rustwide/rustup-home/toolchains/1.54.0-x86_64-unknown-linux-gnu/lib/rustlib/x86_64-unknown-linux-gnu/lib/libcfg_if-53ee54cd7fed2c57.rlib" "/opt/rustwide/rustup-home/toolchains/1.54.0-x86_64-unknown-linux-gnu/lib/rustlib/x86_64-unknown-linux-gnu/lib/liblibc-544ecdbd6cda3c58.rlib" "/opt/rustwide/rustup-home/toolchains/1.54.0-x86_64-unknown-linux-gnu/lib/rustlib/x86_64-unknown-linux-gnu/lib/liballoc-379cc252b6943a79.rlib" "/opt/rustwide/rustup-home/toolchains/1.54.0-x86_64-unknown-linux-gnu/lib/rustlib/x86_64-unknown-linux-gnu/lib/librustc_std_workspace_core-8063eea38dcc5e62.rlib" "/opt/rustwide/rustup-home/toolchains/1.54.0-x86_64-unknown-linux-gnu/lib/rustlib/x86_64-unknown-linux-gnu/lib/libcore-5b228734afae15ee.rlib" "-Wl,--end-group" "/opt/rustwide/rustup-home/toolchains/1.54.0-x86_64-unknown-linux-gnu/lib/rustlib/x86_64-unknown-linux-gnu/lib/libcompiler_builtins-d6c7a399d95d173f.rlib" "-Wl,-Bdynamic" "-lz" "-lrt" "-ldl" "-ltinfo" "-lpthread" "-lm" "-lstdc++" "-lgcc_s" "-lutil" "-lrt" "-lpthread" "-lm" "-ldl" "-lc" "-Wl,--eh-frame-hdr" "-Wl,-znoexecstack" "-L" "/opt/rustwide/rustup-home/toolchains/1.54.0-x86_64-unknown-linux-gnu/lib/rustlib/x86_64-unknown-linux-gnu/lib" "-o" "/opt/rustwide/target/debug/examples/add3-f8ec5711a361c48b" "-Wl,--gc-sections" "-pie" "-Wl,-zrelro" "-Wl,-znow" "-nodefaultlibs"
[INFO] [stdout]   = note: collect2: fatal error: ld terminated with signal 9 [Killed]
[INFO] [stdout]           compilation terminated.
[INFO] [stdout]           
[INFO] [stdout] 
[INFO] [stdout] 
[INFO] [stdout] error: aborting due to previous error
[INFO] [stdout] 
[INFO] [stdout] 
[INFO] [stdout] error: linking with `cc` failed: exit status: 1
[INFO] [stdout]   |
[INFO] [stdout]   = note: "cc" "-m64" "/opt/rustwide/target/debug/examples/add-1c8e3f7ae6512a5f.add.2j331va9-cgu.0.rcgu.o" "/opt/rustwide/target/debug/examples/add-1c8e3f7ae6512a5f.add.2j331va9-cgu.1.rcgu.o" "/opt/rustwide/target/debug/examples/add-1c8e3f7ae6512a5f.add.2j331va9-cgu.10.rcgu.o" "/opt/rustwide/target/debug/examples/add-1c8e3f7ae6512a5f.add.2j331va9-cgu.11.rcgu.o" "/opt/rustwide/target/debug/examples/add-1c8e3f7ae6512a5f.add.2j331va9-cgu.12.rcgu.o" "/opt/rustwide/target/debug/examples/add-1c8e3f7ae6512a5f.add.2j331va9-cgu.13.rcgu.o" "/opt/rustwide/target/debug/examples/add-1c8e3f7ae6512a5f.add.2j331va9-cgu.14.rcgu.o" "/opt/rustwide/target/debug/examples/add-1c8e3f7ae6512a5f.add.2j331va9-cgu.15.rcgu.o" "/opt/rustwide/target/debug/examples/add-1c8e3f7ae6512a5f.add.2j331va9-cgu.2.rcgu.o" "/opt/rustwide/target/debug/examples/add-1c8e3f7ae6512a5f.add.2j331va9-cgu.3.rcgu.o" "/opt/rustwide/target/debug/examples/add-1c8e3f7ae6512a5f.add.2j331va9-cgu.4.rcgu.o" "/opt/rustwide/target/debug/examples/add-1c8e3f7ae6512a5f.add.2j331va9-cgu.5.rcgu.o" "/opt/rustwide/target/debug/examples/add-1c8e3f7ae6512a5f.add.2j331va9-cgu.6.rcgu.o" "/opt/rustwide/target/debug/examples/add-1c8e3f7ae6512a5f.add.2j331va9-cgu.7.rcgu.o" "/opt/rustwide/target/debug/examples/add-1c8e3f7ae6512a5f.add.2j331va9-cgu.8.rcgu.o" "/opt/rustwide/target/debug/examples/add-1c8e3f7ae6512a5f.add.2j331va9-cgu.9.rcgu.o" "/opt/rustwide/target/debug/examples/add-1c8e3f7ae6512a5f.2yjyocnl4idfqo0p.rcgu.o" "-Wl,--as-needed" "-L" "/opt/rustwide/target/debug/deps" "-L" "/opt/rustwide/target/debug/build/llvm-sys-8e0beb82dc7b6295/out" "-L" "/usr/lib/llvm-10/lib" "-L" "/opt/rustwide/rustup-home/toolchains/1.54.0-x86_64-unknown-linux-gnu/lib/rustlib/x86_64-unknown-linux-gnu/lib" "-lffi" "-Wl,-Bstatic" "/opt/rustwide/target/debug/deps/libllvm_rs-b7deb03b03c8d647.rlib" "/opt/rustwide/target/debug/deps/libllvm_sys-4a0514992d80c226.rlib" "/opt/rustwide/target/debug/deps/libcbox-5cb174ba03576e5c.rlib" "/opt/rustwide/target/debug/deps/liblibc-ef703b7b559de845.rlib" "-Wl,--start-group" "/opt/rustwide/rustup-home/toolchains/1.54.0-x86_64-unknown-linux-gnu/lib/rustlib/x86_64-unknown-linux-gnu/lib/libstd-2420485b9e5ef5e1.rlib" "/opt/rustwide/rustup-home/toolchains/1.54.0-x86_64-unknown-linux-gnu/lib/rustlib/x86_64-unknown-linux-gnu/lib/libpanic_unwind-785e3cb61c4b1960.rlib" "/opt/rustwide/rustup-home/toolchains/1.54.0-x86_64-unknown-linux-gnu/lib/rustlib/x86_64-unknown-linux-gnu/lib/libminiz_oxide-087191a88bdaa22d.rlib" "/opt/rustwide/rustup-home/toolchains/1.54.0-x86_64-unknown-linux-gnu/lib/rustlib/x86_64-unknown-linux-gnu/lib/libadler-9981842c02975178.rlib" "/opt/rustwide/rustup-home/toolchains/1.54.0-x86_64-unknown-linux-gnu/lib/rustlib/x86_64-unknown-linux-gnu/lib/libobject-6fb405869b015fde.rlib" "/opt/rustwide/rustup-home/toolchains/1.54.0-x86_64-unknown-linux-gnu/lib/rustlib/x86_64-unknown-linux-gnu/lib/libaddr2line-d05c5c3c56004b7b.rlib" "/opt/rustwide/rustup-home/toolchains/1.54.0-x86_64-unknown-linux-gnu/lib/rustlib/x86_64-unknown-linux-gnu/lib/libgimli-42d74d2097528b38.rlib" "/opt/rustwide/rustup-home/toolchains/1.54.0-x86_64-unknown-linux-gnu/lib/rustlib/x86_64-unknown-linux-gnu/lib/libstd_detect-fb36534c113d2209.rlib" "/opt/rustwide/rustup-home/toolchains/1.54.0-x86_64-unknown-linux-gnu/lib/rustlib/x86_64-unknown-linux-gnu/lib/librustc_demangle-b56b9042c12b6535.rlib" "/opt/rustwide/rustup-home/toolchains/1.54.0-x86_64-unknown-linux-gnu/lib/rustlib/x86_64-unknown-linux-gnu/lib/libhashbrown-491902d6cb3e76df.rlib" "/opt/rustwide/rustup-home/toolchains/1.54.0-x86_64-unknown-linux-gnu/lib/rustlib/x86_64-unknown-linux-gnu/lib/librustc_std_workspace_alloc-61834e0981b8c367.rlib" "/opt/rustwide/rustup-home/toolchains/1.54.0-x86_64-unknown-linux-gnu/lib/rustlib/x86_64-unknown-linux-gnu/lib/libunwind-f78aa99d613a55bc.rlib" "/opt/rustwide/rustup-home/toolchains/1.54.0-x86_64-unknown-linux-gnu/lib/rustlib/x86_64-unknown-linux-gnu/lib/libcfg_if-53ee54cd7fed2c57.rlib" "/opt/rustwide/rustup-home/toolchains/1.54.0-x86_64-unknown-linux-gnu/lib/rustlib/x86_64-unknown-linux-gnu/lib/liblibc-544ecdbd6cda3c58.rlib" "/opt/rustwide/rustup-home/toolchains/1.54.0-x86_64-unknown-linux-gnu/lib/rustlib/x86_64-unknown-linux-gnu/lib/liballoc-379cc252b6943a79.rlib" "/opt/rustwide/rustup-home/toolchains/1.54.0-x86_64-unknown-linux-gnu/lib/rustlib/x86_64-unknown-linux-gnu/lib/librustc_std_workspace_core-8063eea38dcc5e62.rlib" "/opt/rustwide/rustup-home/toolchains/1.54.0-x86_64-unknown-linux-gnu/lib/rustlib/x86_64-unknown-linux-gnu/lib/libcore-5b228734afae15ee.rlib" "-Wl,--end-group" "/opt/rustwide/rustup-home/toolchains/1.54.0-x86_64-unknown-linux-gnu/lib/rustlib/x86_64-unknown-linux-gnu/lib/libcompiler_builtins-d6c7a399d95d173f.rlib" "-Wl,-Bdynamic" "-lz" "-lrt" "-ldl" "-ltinfo" "-lpthread" "-lm" "-lstdc++" "-lgcc_s" "-lutil" "-lrt" "-lpthread" "-lm" "-ldl" "-lc" "-Wl,--eh-frame-hdr" "-Wl,-znoexecstack" "-L" "/opt/rustwide/rustup-home/toolchains/1.54.0-x86_64-unknown-linux-gnu/lib/rustlib/x86_64-unknown-linux-gnu/lib" "-o" "/opt/rustwide/target/debug/examples/add-1c8e3f7ae6512a5f" "-Wl,--gc-sections" "-pie" "-Wl,-zrelro" "-Wl,-znow" "-nodefaultlibs"
[INFO] [stdout]   = note: collect2: fatal error: ld terminated with signal 9 [Killed]
[INFO] [stdout]           compilation terminated.
[INFO] [stdout]           
[INFO] [stdout] 
[INFO] [stdout] 
[INFO] [stdout] error: aborting due to previous error
[INFO] [stdout] 
[INFO] [stdout] 
[INFO] [stdout] error: linking with `cc` failed: exit status: 1
[INFO] [stdout]   |
[INFO] [stdout]   = note: "cc" "-m64" "/opt/rustwide/target/debug/examples/pass_manager-5c0942eec3672d8f.pass_manager.5sqzwcn4-cgu.0.rcgu.o" "/opt/rustwide/target/debug/examples/pass_manager-5c0942eec3672d8f.pass_manager.5sqzwcn4-cgu.1.rcgu.o" "/opt/rustwide/target/debug/examples/pass_manager-5c0942eec3672d8f.pass_manager.5sqzwcn4-cgu.10.rcgu.o" "/opt/rustwide/target/debug/examples/pass_manager-5c0942eec3672d8f.pass_manager.5sqzwcn4-cgu.11.rcgu.o" "/opt/rustwide/target/debug/examples/pass_manager-5c0942eec3672d8f.pass_manager.5sqzwcn4-cgu.12.rcgu.o" "/opt/rustwide/target/debug/examples/pass_manager-5c0942eec3672d8f.pass_manager.5sqzwcn4-cgu.13.rcgu.o" "/opt/rustwide/target/debug/examples/pass_manager-5c0942eec3672d8f.pass_manager.5sqzwcn4-cgu.14.rcgu.o" "/opt/rustwide/target/debug/examples/pass_manager-5c0942eec3672d8f.pass_manager.5sqzwcn4-cgu.15.rcgu.o" "/opt/rustwide/target/debug/examples/pass_manager-5c0942eec3672d8f.pass_manager.5sqzwcn4-cgu.2.rcgu.o" "/opt/rustwide/target/debug/examples/pass_manager-5c0942eec3672d8f.pass_manager.5sqzwcn4-cgu.3.rcgu.o" "/opt/rustwide/target/debug/examples/pass_manager-5c0942eec3672d8f.pass_manager.5sqzwcn4-cgu.4.rcgu.o" "/opt/rustwide/target/debug/examples/pass_manager-5c0942eec3672d8f.pass_manager.5sqzwcn4-cgu.5.rcgu.o" "/opt/rustwide/target/debug/examples/pass_manager-5c0942eec3672d8f.pass_manager.5sqzwcn4-cgu.6.rcgu.o" "/opt/rustwide/target/debug/examples/pass_manager-5c0942eec3672d8f.pass_manager.5sqzwcn4-cgu.7.rcgu.o" "/opt/rustwide/target/debug/examples/pass_manager-5c0942eec3672d8f.pass_manager.5sqzwcn4-cgu.8.rcgu.o" "/opt/rustwide/target/debug/examples/pass_manager-5c0942eec3672d8f.pass_manager.5sqzwcn4-cgu.9.rcgu.o" "/opt/rustwide/target/debug/examples/pass_manager-5c0942eec3672d8f.2v3h3yje5ps9c94y.rcgu.o" "-Wl,--as-needed" "-L" "/opt/rustwide/target/debug/deps" "-L" "/opt/rustwide/target/debug/build/llvm-sys-8e0beb82dc7b6295/out" "-L" "/usr/lib/llvm-10/lib" "-L" "/opt/rustwide/rustup-home/toolchains/1.54.0-x86_64-unknown-linux-gnu/lib/rustlib/x86_64-unknown-linux-gnu/lib" "-Wl,-Bstatic" "/opt/rustwide/target/debug/deps/libllvm_rs-b7deb03b03c8d647.rlib" "/opt/rustwide/target/debug/deps/libllvm_sys-4a0514992d80c226.rlib" "/opt/rustwide/target/debug/deps/libcbox-5cb174ba03576e5c.rlib" "/opt/rustwide/target/debug/deps/liblibc-ef703b7b559de845.rlib" "-Wl,--start-group" "/opt/rustwide/rustup-home/toolchains/1.54.0-x86_64-unknown-linux-gnu/lib/rustlib/x86_64-unknown-linux-gnu/lib/libstd-2420485b9e5ef5e1.rlib" "/opt/rustwide/rustup-home/toolchains/1.54.0-x86_64-unknown-linux-gnu/lib/rustlib/x86_64-unknown-linux-gnu/lib/libpanic_unwind-785e3cb61c4b1960.rlib" "/opt/rustwide/rustup-home/toolchains/1.54.0-x86_64-unknown-linux-gnu/lib/rustlib/x86_64-unknown-linux-gnu/lib/libminiz_oxide-087191a88bdaa22d.rlib" "/opt/rustwide/rustup-home/toolchains/1.54.0-x86_64-unknown-linux-gnu/lib/rustlib/x86_64-unknown-linux-gnu/lib/libadler-9981842c02975178.rlib" "/opt/rustwide/rustup-home/toolchains/1.54.0-x86_64-unknown-linux-gnu/lib/rustlib/x86_64-unknown-linux-gnu/lib/libobject-6fb405869b015fde.rlib" "/opt/rustwide/rustup-home/toolchains/1.54.0-x86_64-unknown-linux-gnu/lib/rustlib/x86_64-unknown-linux-gnu/lib/libaddr2line-d05c5c3c56004b7b.rlib" "/opt/rustwide/rustup-home/toolchains/1.54.0-x86_64-unknown-linux-gnu/lib/rustlib/x86_64-unknown-linux-gnu/lib/libgimli-42d74d2097528b38.rlib" "/opt/rustwide/rustup-home/toolchains/1.54.0-x86_64-unknown-linux-gnu/lib/rustlib/x86_64-unknown-linux-gnu/lib/libstd_detect-fb36534c113d2209.rlib" "/opt/rustwide/rustup-home/toolchains/1.54.0-x86_64-unknown-linux-gnu/lib/rustlib/x86_64-unknown-linux-gnu/lib/librustc_demangle-b56b9042c12b6535.rlib" "/opt/rustwide/rustup-home/toolchains/1.54.0-x86_64-unknown-linux-gnu/lib/rustlib/x86_64-unknown-linux-gnu/lib/libhashbrown-491902d6cb3e76df.rlib" "/opt/rustwide/rustup-home/toolchains/1.54.0-x86_64-unknown-linux-gnu/lib/rustlib/x86_64-unknown-linux-gnu/lib/librustc_std_workspace_alloc-61834e0981b8c367.rlib" "/opt/rustwide/rustup-home/toolchains/1.54.0-x86_64-unknown-linux-gnu/lib/rustlib/x86_64-unknown-linux-gnu/lib/libunwind-f78aa99d613a55bc.rlib" "/opt/rustwide/rustup-home/toolchains/1.54.0-x86_64-unknown-linux-gnu/lib/rustlib/x86_64-unknown-linux-gnu/lib/libcfg_if-53ee54cd7fed2c57.rlib" "/opt/rustwide/rustup-home/toolchains/1.54.0-x86_64-unknown-linux-gnu/lib/rustlib/x86_64-unknown-linux-gnu/lib/liblibc-544ecdbd6cda3c58.rlib" "/opt/rustwide/rustup-home/toolchains/1.54.0-x86_64-unknown-linux-gnu/lib/rustlib/x86_64-unknown-linux-gnu/lib/liballoc-379cc252b6943a79.rlib" "/opt/rustwide/rustup-home/toolchains/1.54.0-x86_64-unknown-linux-gnu/lib/rustlib/x86_64-unknown-linux-gnu/lib/librustc_std_workspace_core-8063eea38dcc5e62.rlib" "/opt/rustwide/rustup-home/toolchains/1.54.0-x86_64-unknown-linux-gnu/lib/rustlib/x86_64-unknown-linux-gnu/lib/libcore-5b228734afae15ee.rlib" "-Wl,--end-group" "/opt/rustwide/rustup-home/toolchains/1.54.0-x86_64-unknown-linux-gnu/lib/rustlib/x86_64-unknown-linux-gnu/lib/libcompiler_builtins-d6c7a399d95d173f.rlib" "-Wl,-Bdynamic" "-lz" "-lrt" "-ldl" "-ltinfo" "-lpthread" "-lm" "-lstdc++" "-lgcc_s" "-lutil" "-lrt" "-lpthread" "-lm" "-ldl" "-lc" "-Wl,--eh-frame-hdr" "-Wl,-znoexecstack" "-L" "/opt/rustwide/rustup-home/toolchains/1.54.0-x86_64-unknown-linux-gnu/lib/rustlib/x86_64-unknown-linux-gnu/lib" "-o" "/opt/rustwide/target/debug/examples/pass_manager-5c0942eec3672d8f" "-Wl,--gc-sections" "-pie" "-Wl,-zrelro" "-Wl,-znow" "-nodefaultlibs"
[INFO] [stdout]   = note: /usr/bin/ld: /opt/rustwide/target/debug/deps/libllvm_sys-4a0514992d80c226.rlib(ExternalFunctions.cpp.o): in function `llvm::Interpreter::callExternalFunction(llvm::Function*, llvm::ArrayRef<llvm::GenericValue>)':
[INFO] [stdout]           (.text._ZN4llvm11Interpreter20callExternalFunctionEPNS_8FunctionENS_8ArrayRefINS_12GenericValueEEE+0x93f): undefined reference to `ffi_type_void'
[INFO] [stdout]           /usr/bin/ld: (.text._ZN4llvm11Interpreter20callExternalFunctionEPNS_8FunctionENS_8ArrayRefINS_12GenericValueEEE+0x953): undefined reference to `ffi_type_float'
[INFO] [stdout]           /usr/bin/ld: (.text._ZN4llvm11Interpreter20callExternalFunctionEPNS_8FunctionENS_8ArrayRefINS_12GenericValueEEE+0x9aa): undefined reference to `ffi_type_double'
[INFO] [stdout]           /usr/bin/ld: (.text._ZN4llvm11Interpreter20callExternalFunctionEPNS_8FunctionENS_8ArrayRefINS_12GenericValueEEE+0x9d1): undefined reference to `ffi_type_pointer'
[INFO] [stdout]           /usr/bin/ld: (.text._ZN4llvm11Interpreter20callExternalFunctionEPNS_8FunctionENS_8ArrayRefINS_12GenericValueEEE+0xc6b): undefined reference to `ffi_type_void'
[INFO] [stdout]           /usr/bin/ld: (.text._ZN4llvm11Interpreter20callExternalFunctionEPNS_8FunctionENS_8ArrayRefINS_12GenericValueEEE+0xc85): undefined reference to `ffi_type_double'
[INFO] [stdout]           /usr/bin/ld: (.text._ZN4llvm11Interpreter20callExternalFunctionEPNS_8FunctionENS_8ArrayRefINS_12GenericValueEEE+0xcab): undefined reference to `ffi_type_float'
[INFO] [stdout]           /usr/bin/ld: (.text._ZN4llvm11Interpreter20callExternalFunctionEPNS_8FunctionENS_8ArrayRefINS_12GenericValueEEE+0xcb4): undefined reference to `ffi_type_pointer'
[INFO] [stdout]           /usr/bin/ld: (.text._ZN4llvm11Interpreter20callExternalFunctionEPNS_8FunctionENS_8ArrayRefINS_12GenericValueEEE+0xcd6): undefined reference to `ffi_prep_cif'
[INFO] [stdout]           /usr/bin/ld: (.text._ZN4llvm11Interpreter20callExternalFunctionEPNS_8FunctionENS_8ArrayRefINS_12GenericValueEEE+0xdbc): undefined reference to `ffi_call'
[INFO] [stdout]           /usr/bin/ld: /opt/rustwide/target/debug/deps/libllvm_sys-4a0514992d80c226.rlib(ExternalFunctions.cpp.o):(.data.rel.ro..Lswitch.table._ZN4llvm11Interpreter20callExternalFunctionEPNS_8FunctionENS_8ArrayRefINS_12GenericValueEEE.33+0x0): undefined reference to `ffi_type_sint8'
[INFO] [stdout]           /usr/bin/ld: /opt/rustwide/target/debug/deps/libllvm_sys-4a0514992d80c226.rlib(ExternalFunctions.cpp.o):(.data.rel.ro..Lswitch.table._ZN4llvm11Interpreter20callExternalFunctionEPNS_8FunctionENS_8ArrayRefINS_12GenericValueEEE.33+0x8): undefined reference to `ffi_type_sint16'
[INFO] [stdout]           /usr/bin/ld: /opt/rustwide/target/debug/deps/libllvm_sys-4a0514992d80c226.rlib(ExternalFunctions.cpp.o):(.data.rel.ro..Lswitch.table._ZN4llvm11Interpreter20callExternalFunctionEPNS_8FunctionENS_8ArrayRefINS_12GenericValueEEE.33+0x10): undefined reference to `ffi_type_float'
[INFO] [stdout]           /usr/bin/ld: /opt/rustwide/target/debug/deps/libllvm_sys-4a0514992d80c226.rlib(ExternalFunctions.cpp.o):(.data.rel.ro..Lswitch.table._ZN4llvm11Interpreter20callExternalFunctionEPNS_8FunctionENS_8ArrayRefINS_12GenericValueEEE.33+0x18): undefined reference to `ffi_type_sint32'
[INFO] [stdout]           /usr/bin/ld: /opt/rustwide/target/debug/deps/libllvm_sys-4a0514992d80c226.rlib(ExternalFunctions.cpp.o):(.data.rel.ro..Lswitch.table._ZN4llvm11Interpreter20callExternalFunctionEPNS_8FunctionENS_8ArrayRefINS_12GenericValueEEE.33+0x20): undefined reference to `ffi_type_float'
[INFO] [stdout]           /usr/bin/ld: /opt/rustwide/target/debug/deps/libllvm_sys-4a0514992d80c226.rlib(ExternalFunctions.cpp.o):(.data.rel.ro..Lswitch.table._ZN4llvm11Interpreter20callExternalFunctionEPNS_8FunctionENS_8ArrayRefINS_12GenericValueEEE.33+0x28): undefined reference to `ffi_type_float'
[INFO] [stdout]           /usr/bin/ld: /opt/rustwide/target/debug/deps/libllvm_sys-4a0514992d80c226.rlib(ExternalFunctions.cpp.o):(.data.rel.ro..Lswitch.table._ZN4llvm11Interpreter20callExternalFunctionEPNS_8FunctionENS_8ArrayRefINS_12GenericValueEEE.33+0x30): undefined reference to `ffi_type_float'
[INFO] [stdout]           /usr/bin/ld: /opt/rustwide/target/debug/deps/libllvm_sys-4a0514992d80c226.rlib(ExternalFunctions.cpp.o):(.data.rel.ro..Lswitch.table._ZN4llvm11Interpreter20callExternalFunctionEPNS_8FunctionENS_8ArrayRefINS_12GenericValueEEE.33+0x38): undefined reference to `ffi_type_sint64'
[INFO] [stdout]           collect2: error: ld returned 1 exit status
[INFO] [stdout]           
[INFO] [stdout] 
[INFO] [stdout] 
[INFO] [stdout] error: aborting due to previous error; 1 warning emitted
[INFO] [stdout] 
[INFO] [stdout] 
[INFO] [stdout] error: linking with `cc` failed: exit status: 1
[INFO] [stdout]   |
[INFO] [stdout]   = note: "cc" "-m64" "/opt/rustwide/target/debug/examples/fib-ae33c26fb16d9540.fib.5nxrz5vn-cgu.0.rcgu.o" "/opt/rustwide/target/debug/examples/fib-ae33c26fb16d9540.fib.5nxrz5vn-cgu.1.rcgu.o" "/opt/rustwide/target/debug/examples/fib-ae33c26fb16d9540.fib.5nxrz5vn-cgu.10.rcgu.o" "/opt/rustwide/target/debug/examples/fib-ae33c26fb16d9540.fib.5nxrz5vn-cgu.11.rcgu.o" "/opt/rustwide/target/debug/examples/fib-ae33c26fb16d9540.fib.5nxrz5vn-cgu.12.rcgu.o" "/opt/rustwide/target/debug/examples/fib-ae33c26fb16d9540.fib.5nxrz5vn-cgu.13.rcgu.o" "/opt/rustwide/target/debug/examples/fib-ae33c26fb16d9540.fib.5nxrz5vn-cgu.14.rcgu.o" "/opt/rustwide/target/debug/examples/fib-ae33c26fb16d9540.fib.5nxrz5vn-cgu.15.rcgu.o" "/opt/rustwide/target/debug/examples/fib-ae33c26fb16d9540.fib.5nxrz5vn-cgu.2.rcgu.o" "/opt/rustwide/target/debug/examples/fib-ae33c26fb16d9540.fib.5nxrz5vn-cgu.3.rcgu.o" "/opt/rustwide/target/debug/examples/fib-ae33c26fb16d9540.fib.5nxrz5vn-cgu.4.rcgu.o" "/opt/rustwide/target/debug/examples/fib-ae33c26fb16d9540.fib.5nxrz5vn-cgu.5.rcgu.o" "/opt/rustwide/target/debug/examples/fib-ae33c26fb16d9540.fib.5nxrz5vn-cgu.6.rcgu.o" "/opt/rustwide/target/debug/examples/fib-ae33c26fb16d9540.fib.5nxrz5vn-cgu.7.rcgu.o" "/opt/rustwide/target/debug/examples/fib-ae33c26fb16d9540.fib.5nxrz5vn-cgu.8.rcgu.o" "/opt/rustwide/target/debug/examples/fib-ae33c26fb16d9540.fib.5nxrz5vn-cgu.9.rcgu.o" "/opt/rustwide/target/debug/examples/fib-ae33c26fb16d9540.1agnsrv30intw83s.rcgu.o" "-Wl,--as-needed" "-L" "/opt/rustwide/target/debug/deps" "-L" "/opt/rustwide/target/debug/build/llvm-sys-8e0beb82dc7b6295/out" "-L" "/usr/lib/llvm-10/lib" "-L" "/opt/rustwide/rustup-home/toolchains/1.54.0-x86_64-unknown-linux-gnu/lib/rustlib/x86_64-unknown-linux-gnu/lib" "-lffi" "-Wl,-Bstatic" "/opt/rustwide/target/debug/deps/libllvm_rs-b7deb03b03c8d647.rlib" "/opt/rustwide/target/debug/deps/libllvm_sys-4a0514992d80c226.rlib" "/opt/rustwide/target/debug/deps/libcbox-5cb174ba03576e5c.rlib" "/opt/rustwide/target/debug/deps/liblibc-ef703b7b559de845.rlib" "-Wl,--start-group" "/opt/rustwide/rustup-home/toolchains/1.54.0-x86_64-unknown-linux-gnu/lib/rustlib/x86_64-unknown-linux-gnu/lib/libstd-2420485b9e5ef5e1.rlib" "/opt/rustwide/rustup-home/toolchains/1.54.0-x86_64-unknown-linux-gnu/lib/rustlib/x86_64-unknown-linux-gnu/lib/libpanic_unwind-785e3cb61c4b1960.rlib" "/opt/rustwide/rustup-home/toolchains/1.54.0-x86_64-unknown-linux-gnu/lib/rustlib/x86_64-unknown-linux-gnu/lib/libminiz_oxide-087191a88bdaa22d.rlib" "/opt/rustwide/rustup-home/toolchains/1.54.0-x86_64-unknown-linux-gnu/lib/rustlib/x86_64-unknown-linux-gnu/lib/libadler-9981842c02975178.rlib" "/opt/rustwide/rustup-home/toolchains/1.54.0-x86_64-unknown-linux-gnu/lib/rustlib/x86_64-unknown-linux-gnu/lib/libobject-6fb405869b015fde.rlib" "/opt/rustwide/rustup-home/toolchains/1.54.0-x86_64-unknown-linux-gnu/lib/rustlib/x86_64-unknown-linux-gnu/lib/libaddr2line-d05c5c3c56004b7b.rlib" "/opt/rustwide/rustup-home/toolchains/1.54.0-x86_64-unknown-linux-gnu/lib/rustlib/x86_64-unknown-linux-gnu/lib/libgimli-42d74d2097528b38.rlib" "/opt/rustwide/rustup-home/toolchains/1.54.0-x86_64-unknown-linux-gnu/lib/rustlib/x86_64-unknown-linux-gnu/lib/libstd_detect-fb36534c113d2209.rlib" "/opt/rustwide/rustup-home/toolchains/1.54.0-x86_64-unknown-linux-gnu/lib/rustlib/x86_64-unknown-linux-gnu/lib/librustc_demangle-b56b9042c12b6535.rlib" "/opt/rustwide/rustup-home/toolchains/1.54.0-x86_64-unknown-linux-gnu/lib/rustlib/x86_64-unknown-linux-gnu/lib/libhashbrown-491902d6cb3e76df.rlib" "/opt/rustwide/rustup-home/toolchains/1.54.0-x86_64-unknown-linux-gnu/lib/rustlib/x86_64-unknown-linux-gnu/lib/librustc_std_workspace_alloc-61834e0981b8c367.rlib" "/opt/rustwide/rustup-home/toolchains/1.54.0-x86_64-unknown-linux-gnu/lib/rustlib/x86_64-unknown-linux-gnu/lib/libunwind-f78aa99d613a55bc.rlib" "/opt/rustwide/rustup-home/toolchains/1.54.0-x86_64-unknown-linux-gnu/lib/rustlib/x86_64-unknown-linux-gnu/lib/libcfg_if-53ee54cd7fed2c57.rlib" "/opt/rustwide/rustup-home/toolchains/1.54.0-x86_64-unknown-linux-gnu/lib/rustlib/x86_64-unknown-linux-gnu/lib/liblibc-544ecdbd6cda3c58.rlib" "/opt/rustwide/rustup-home/toolchains/1.54.0-x86_64-unknown-linux-gnu/lib/rustlib/x86_64-unknown-linux-gnu/lib/liballoc-379cc252b6943a79.rlib" "/opt/rustwide/rustup-home/toolchains/1.54.0-x86_64-unknown-linux-gnu/lib/rustlib/x86_64-unknown-linux-gnu/lib/librustc_std_workspace_core-8063eea38dcc5e62.rlib" "/opt/rustwide/rustup-home/toolchains/1.54.0-x86_64-unknown-linux-gnu/lib/rustlib/x86_64-unknown-linux-gnu/lib/libcore-5b228734afae15ee.rlib" "-Wl,--end-group" "/opt/rustwide/rustup-home/toolchains/1.54.0-x86_64-unknown-linux-gnu/lib/rustlib/x86_64-unknown-linux-gnu/lib/libcompiler_builtins-d6c7a399d95d173f.rlib" "-Wl,-Bdynamic" "-lz" "-lrt" "-ldl" "-ltinfo" "-lpthread" "-lm" "-lstdc++" "-lgcc_s" "-lutil" "-lrt" "-lpthread" "-lm" "-ldl" "-lc" "-Wl,--eh-frame-hdr" "-Wl,-znoexecstack" "-L" "/opt/rustwide/rustup-home/toolchains/1.54.0-x86_64-unknown-linux-gnu/lib/rustlib/x86_64-unknown-linux-gnu/lib" "-o" "/opt/rustwide/target/debug/examples/fib-ae33c26fb16d9540" "-Wl,--gc-sections" "-pie" "-Wl,-zrelro" "-Wl,-znow" "-nodefaultlibs"
[INFO] [stdout]   = note: /usr/bin/ld: /opt/rustwide/target/debug/deps/libllvm_sys-4a0514992d80c226.rlib(ExternalFunctions.cpp.o): in function `llvm::Interpreter::callExternalFunction(llvm::Function*, llvm::ArrayRef<llvm::GenericValue>)':
[INFO] [stdout]           (.text._ZN4llvm11Interpreter20callExternalFunctionEPNS_8FunctionENS_8ArrayRefINS_12GenericValueEEE+0x93f): undefined reference to `ffi_type_void'
[INFO] [stdout]           /usr/bin/ld: (.text._ZN4llvm11Interpreter20callExternalFunctionEPNS_8FunctionENS_8ArrayRefINS_12GenericValueEEE+0x953): undefined reference to `ffi_type_float'
[INFO] [stdout]           /usr/bin/ld: (.text._ZN4llvm11Interpreter20callExternalFunctionEPNS_8FunctionENS_8ArrayRefINS_12GenericValueEEE+0x9aa): undefined reference to `ffi_type_double'
[INFO] [stdout]           /usr/bin/ld: (.text._ZN4llvm11Interpreter20callExternalFunctionEPNS_8FunctionENS_8ArrayRefINS_12GenericValueEEE+0x9d1): undefined reference to `ffi_type_pointer'
[INFO] [stdout]           /usr/bin/ld: (.text._ZN4llvm11Interpreter20callExternalFunctionEPNS_8FunctionENS_8ArrayRefINS_12GenericValueEEE+0xc6b): undefined reference to `ffi_type_void'
[INFO] [stdout]           /usr/bin/ld: (.text._ZN4llvm11Interpreter20callExternalFunctionEPNS_8FunctionENS_8ArrayRefINS_12GenericValueEEE+0xc85): undefined reference to `ffi_type_double'
[INFO] [stdout]           /usr/bin/ld: (.text._ZN4llvm11Interpreter20callExternalFunctionEPNS_8FunctionENS_8ArrayRefINS_12GenericValueEEE+0xcab): undefined reference to `ffi_type_float'
[INFO] [stdout]           /usr/bin/ld: (.text._ZN4llvm11Interpreter20callExternalFunctionEPNS_8FunctionENS_8ArrayRefINS_12GenericValueEEE+0xcb4): undefined reference to `ffi_type_pointer'
[INFO] [stdout]           /usr/bin/ld: (.text._ZN4llvm11Interpreter20callExternalFunctionEPNS_8FunctionENS_8ArrayRefINS_12GenericValueEEE+0xcd6): undefined reference to `ffi_prep_cif'
[INFO] [stdout]           /usr/bin/ld: (.text._ZN4llvm11Interpreter20callExternalFunctionEPNS_8FunctionENS_8ArrayRefINS_12GenericValueEEE+0xdbc): undefined reference to `ffi_call'
[INFO] [stdout]           /usr/bin/ld: /opt/rustwide/target/debug/deps/libllvm_sys-4a0514992d80c226.rlib(ExternalFunctions.cpp.o):(.data.rel.ro..Lswitch.table._ZN4llvm11Interpreter20callExternalFunctionEPNS_8FunctionENS_8ArrayRefINS_12GenericValueEEE.33+0x0): undefined reference to `ffi_type_sint8'
[INFO] [stdout]           /usr/bin/ld: /opt/rustwide/target/debug/deps/libllvm_sys-4a0514992d80c226.rlib(ExternalFunctions.cpp.o):(.data.rel.ro..Lswitch.table._ZN4llvm11Interpreter20callExternalFunctionEPNS_8FunctionENS_8ArrayRefINS_12GenericValueEEE.33+0x8): undefined reference to `ffi_type_sint16'
[INFO] [stdout]           /usr/bin/ld: /opt/rustwide/target/debug/deps/libllvm_sys-4a0514992d80c226.rlib(ExternalFunctions.cpp.o):(.data.rel.ro..Lswitch.table._ZN4llvm11Interpreter20callExternalFunctionEPNS_8FunctionENS_8ArrayRefINS_12GenericValueEEE.33+0x10): undefined reference to `ffi_type_float'
[INFO] [stdout]           /usr/bin/ld: /opt/rustwide/target/debug/deps/libllvm_sys-4a0514992d80c226.rlib(ExternalFunctions.cpp.o):(.data.rel.ro..Lswitch.table._ZN4llvm11Interpreter20callExternalFunctionEPNS_8FunctionENS_8ArrayRefINS_12GenericValueEEE.33+0x18): undefined reference to `ffi_type_sint32'
[INFO] [stdout]           /usr/bin/ld: /opt/rustwide/target/debug/deps/libllvm_sys-4a0514992d80c226.rlib(ExternalFunctions.cpp.o):(.data.rel.ro..Lswitch.table._ZN4llvm11Interpreter20callExternalFunctionEPNS_8FunctionENS_8ArrayRefINS_12GenericValueEEE.33+0x20): undefined reference to `ffi_type_float'
[INFO] [stdout]           /usr/bin/ld: /opt/rustwide/target/debug/deps/libllvm_sys-4a0514992d80c226.rlib(ExternalFunctions.cpp.o):(.data.rel.ro..Lswitch.table._ZN4llvm11Interpreter20callExternalFunctionEPNS_8FunctionENS_8ArrayRefINS_12GenericValueEEE.33+0x28): undefined reference to `ffi_type_float'
[INFO] [stdout]           /usr/bin/ld: /opt/rustwide/target/debug/deps/libllvm_sys-4a0514992d80c226.rlib(ExternalFunctions.cpp.o):(.data.rel.ro..Lswitch.table._ZN4llvm11Interpreter20callExternalFunctionEPNS_8FunctionENS_8ArrayRefINS_12GenericValueEEE.33+0x30): undefined reference to `ffi_type_float'
[INFO] [stdout]           /usr/bin/ld: /opt/rustwide/target/debug/deps/libllvm_sys-4a0514992d80c226.rlib(ExternalFunctions.cpp.o):(.data.rel.ro..Lswitch.table._ZN4llvm11Interpreter20callExternalFunctionEPNS_8FunctionENS_8ArrayRefINS_12GenericValueEEE.33+0x38): undefined reference to `ffi_type_sint64'
[INFO] [stdout]           collect2: error: ld returned 1 exit status
[INFO] [stdout]           
[INFO] [stdout] 
[INFO] [stdout] 
[INFO] [stdout] error: aborting due to previous error
[INFO] [stdout] 
[INFO] [stdout] 
[INFO] [stdout] error: linking with `cc` failed: exit status: 1
[INFO] [stdout]   |
[INFO] [stdout]   = note: "cc" "-m64" "/opt/rustwide/target/debug/examples/demo_3f-732d0ad0c8b00127.demo_3f.bccghwfe-cgu.0.rcgu.o" "/opt/rustwide/target/debug/examples/demo_3f-732d0ad0c8b00127.demo_3f.bccghwfe-cgu.1.rcgu.o" "/opt/rustwide/target/debug/examples/demo_3f-732d0ad0c8b00127.demo_3f.bccghwfe-cgu.10.rcgu.o" "/opt/rustwide/target/debug/examples/demo_3f-732d0ad0c8b00127.demo_3f.bccghwfe-cgu.11.rcgu.o" "/opt/rustwide/target/debug/examples/demo_3f-732d0ad0c8b00127.demo_3f.bccghwfe-cgu.12.rcgu.o" "/opt/rustwide/target/debug/examples/demo_3f-732d0ad0c8b00127.demo_3f.bccghwfe-cgu.13.rcgu.o" "/opt/rustwide/target/debug/examples/demo_3f-732d0ad0c8b00127.demo_3f.bccghwfe-cgu.14.rcgu.o" "/opt/rustwide/target/debug/examples/demo_3f-732d0ad0c8b00127.demo_3f.bccghwfe-cgu.15.rcgu.o" "/opt/rustwide/target/debug/examples/demo_3f-732d0ad0c8b00127.demo_3f.bccghwfe-cgu.2.rcgu.o" "/opt/rustwide/target/debug/examples/demo_3f-732d0ad0c8b00127.demo_3f.bccghwfe-cgu.3.rcgu.o" "/opt/rustwide/target/debug/examples/demo_3f-732d0ad0c8b00127.demo_3f.bccghwfe-cgu.4.rcgu.o" "/opt/rustwide/target/debug/examples/demo_3f-732d0ad0c8b00127.demo_3f.bccghwfe-cgu.5.rcgu.o" "/opt/rustwide/target/debug/examples/demo_3f-732d0ad0c8b00127.demo_3f.bccghwfe-cgu.6.rcgu.o" "/opt/rustwide/target/debug/examples/demo_3f-732d0ad0c8b00127.demo_3f.bccghwfe-cgu.7.rcgu.o" "/opt/rustwide/target/debug/examples/demo_3f-732d0ad0c8b00127.demo_3f.bccghwfe-cgu.8.rcgu.o" "/opt/rustwide/target/debug/examples/demo_3f-732d0ad0c8b00127.demo_3f.bccghwfe-cgu.9.rcgu.o" "/opt/rustwide/target/debug/examples/demo_3f-732d0ad0c8b00127.12t1qk2a09rnv1zf.rcgu.o" "-Wl,--as-needed" "-L" "/opt/rustwide/target/debug/deps" "-L" "/opt/rustwide/target/debug/build/llvm-sys-8e0beb82dc7b6295/out" "-L" "/usr/lib/llvm-10/lib" "-L" "/opt/rustwide/rustup-home/toolchains/1.54.0-x86_64-unknown-linux-gnu/lib/rustlib/x86_64-unknown-linux-gnu/lib" "-lffi" "-Wl,-Bstatic" "/opt/rustwide/target/debug/deps/libllvm_rs-b7deb03b03c8d647.rlib" "/opt/rustwide/target/debug/deps/libllvm_sys-4a0514992d80c226.rlib" "/opt/rustwide/target/debug/deps/libcbox-5cb174ba03576e5c.rlib" "/opt/rustwide/target/debug/deps/liblibc-ef703b7b559de845.rlib" "-Wl,--start-group" "/opt/rustwide/rustup-home/toolchains/1.54.0-x86_64-unknown-linux-gnu/lib/rustlib/x86_64-unknown-linux-gnu/lib/libstd-2420485b9e5ef5e1.rlib" "/opt/rustwide/rustup-home/toolchains/1.54.0-x86_64-unknown-linux-gnu/lib/rustlib/x86_64-unknown-linux-gnu/lib/libpanic_unwind-785e3cb61c4b1960.rlib" "/opt/rustwide/rustup-home/toolchains/1.54.0-x86_64-unknown-linux-gnu/lib/rustlib/x86_64-unknown-linux-gnu/lib/libminiz_oxide-087191a88bdaa22d.rlib" "/opt/rustwide/rustup-home/toolchains/1.54.0-x86_64-unknown-linux-gnu/lib/rustlib/x86_64-unknown-linux-gnu/lib/libadler-9981842c02975178.rlib" "/opt/rustwide/rustup-home/toolchains/1.54.0-x86_64-unknown-linux-gnu/lib/rustlib/x86_64-unknown-linux-gnu/lib/libobject-6fb405869b015fde.rlib" "/opt/rustwide/rustup-home/toolchains/1.54.0-x86_64-unknown-linux-gnu/lib/rustlib/x86_64-unknown-linux-gnu/lib/libaddr2line-d05c5c3c56004b7b.rlib" "/opt/rustwide/rustup-home/toolchains/1.54.0-x86_64-unknown-linux-gnu/lib/rustlib/x86_64-unknown-linux-gnu/lib/libgimli-42d74d2097528b38.rlib" "/opt/rustwide/rustup-home/toolchains/1.54.0-x86_64-unknown-linux-gnu/lib/rustlib/x86_64-unknown-linux-gnu/lib/libstd_detect-fb36534c113d2209.rlib" "/opt/rustwide/rustup-home/toolchains/1.54.0-x86_64-unknown-linux-gnu/lib/rustlib/x86_64-unknown-linux-gnu/lib/librustc_demangle-b56b9042c12b6535.rlib" "/opt/rustwide/rustup-home/toolchains/1.54.0-x86_64-unknown-linux-gnu/lib/rustlib/x86_64-unknown-linux-gnu/lib/libhashbrown-491902d6cb3e76df.rlib" "/opt/rustwide/rustup-home/toolchains/1.54.0-x86_64-unknown-linux-gnu/lib/rustlib/x86_64-unknown-linux-gnu/lib/librustc_std_workspace_alloc-61834e0981b8c367.rlib" "/opt/rustwide/rustup-home/toolchains/1.54.0-x86_64-unknown-linux-gnu/lib/rustlib/x86_64-unknown-linux-gnu/lib/libunwind-f78aa99d613a55bc.rlib" "/opt/rustwide/rustup-home/toolchains/1.54.0-x86_64-unknown-linux-gnu/lib/rustlib/x86_64-unknown-linux-gnu/lib/libcfg_if-53ee54cd7fed2c57.rlib" "/opt/rustwide/rustup-home/toolchains/1.54.0-x86_64-unknown-linux-gnu/lib/rustlib/x86_64-unknown-linux-gnu/lib/liblibc-544ecdbd6cda3c58.rlib" "/opt/rustwide/rustup-home/toolchains/1.54.0-x86_64-unknown-linux-gnu/lib/rustlib/x86_64-unknown-linux-gnu/lib/liballoc-379cc252b6943a79.rlib" "/opt/rustwide/rustup-home/toolchains/1.54.0-x86_64-unknown-linux-gnu/lib/rustlib/x86_64-unknown-linux-gnu/lib/librustc_std_workspace_core-8063eea38dcc5e62.rlib" "/opt/rustwide/rustup-home/toolchains/1.54.0-x86_64-unknown-linux-gnu/lib/rustlib/x86_64-unknown-linux-gnu/lib/libcore-5b228734afae15ee.rlib" "-Wl,--end-group" "/opt/rustwide/rustup-home/toolchains/1.54.0-x86_64-unknown-linux-gnu/lib/rustlib/x86_64-unknown-linux-gnu/lib/libcompiler_builtins-d6c7a399d95d173f.rlib" "-Wl,-Bdynamic" "-lz" "-lrt" "-ldl" "-ltinfo" "-lpthread" "-lm" "-lstdc++" "-lgcc_s" "-lutil" "-lrt" "-lpthread" "-lm" "-ldl" "-lc" "-Wl,--eh-frame-hdr" "-Wl,-znoexecstack" "-L" "/opt/rustwide/rustup-home/toolchains/1.54.0-x86_64-unknown-linux-gnu/lib/rustlib/x86_64-unknown-linux-gnu/lib" "-o" "/opt/rustwide/target/debug/examples/demo_3f-732d0ad0c8b00127" "-Wl,--gc-sections" "-pie" "-Wl,-zrelro" "-Wl,-znow" "-nodefaultlibs"
[INFO] [stdout]   = note: /usr/bin/ld: /opt/rustwide/target/debug/deps/libllvm_sys-4a0514992d80c226.rlib(ExternalFunctions.cpp.o): in function `llvm::Interpreter::callExternalFunction(llvm::Function*, llvm::ArrayRef<llvm::GenericValue>)':
[INFO] [stdout]           (.text._ZN4llvm11Interpreter20callExternalFunctionEPNS_8FunctionENS_8ArrayRefINS_12GenericValueEEE+0x93f): undefined reference to `ffi_type_void'
[INFO] [stdout]           /usr/bin/ld: (.text._ZN4llvm11Interpreter20callExternalFunctionEPNS_8FunctionENS_8ArrayRefINS_12GenericValueEEE+0x953): undefined reference to `ffi_type_float'
[INFO] [stdout]           /usr/bin/ld: (.text._ZN4llvm11Interpreter20callExternalFunctionEPNS_8FunctionENS_8ArrayRefINS_12GenericValueEEE+0x9aa): undefined reference to `ffi_type_double'
[INFO] [stdout]           /usr/bin/ld: (.text._ZN4llvm11Interpreter20callExternalFunctionEPNS_8FunctionENS_8ArrayRefINS_12GenericValueEEE+0x9d1): undefined reference to `ffi_type_pointer'
[INFO] [stdout]           /usr/bin/ld: (.text._ZN4llvm11Interpreter20callExternalFunctionEPNS_8FunctionENS_8ArrayRefINS_12GenericValueEEE+0xc6b): undefined reference to `ffi_type_void'
[INFO] [stdout]           /usr/bin/ld: (.text._ZN4llvm11Interpreter20callExternalFunctionEPNS_8FunctionENS_8ArrayRefINS_12GenericValueEEE+0xc85): undefined reference to `ffi_type_double'
[INFO] [stdout]           /usr/bin/ld: (.text._ZN4llvm11Interpreter20callExternalFunctionEPNS_8FunctionENS_8ArrayRefINS_12GenericValueEEE+0xcab): undefined reference to `ffi_type_float'
[INFO] [stdout]           /usr/bin/ld: (.text._ZN4llvm11Interpreter20callExternalFunctionEPNS_8FunctionENS_8ArrayRefINS_12GenericValueEEE+0xcb4): undefined reference to `ffi_type_pointer'
[INFO] [stdout]           /usr/bin/ld: (.text._ZN4llvm11Interpreter20callExternalFunctionEPNS_8FunctionENS_8ArrayRefINS_12GenericValueEEE+0xcd6): undefined reference to `ffi_prep_cif'
[INFO] [stdout]           /usr/bin/ld: (.text._ZN4llvm11Interpreter20callExternalFunctionEPNS_8FunctionENS_8ArrayRefINS_12GenericValueEEE+0xdbc): undefined reference to `ffi_call'
[INFO] [stdout]           /usr/bin/ld: /opt/rustwide/target/debug/deps/libllvm_sys-4a0514992d80c226.rlib(ExternalFunctions.cpp.o):(.data.rel.ro..Lswitch.table._ZN4llvm11Interpreter20callExternalFunctionEPNS_8FunctionENS_8ArrayRefINS_12GenericValueEEE.33+0x0): undefined reference to `ffi_type_sint8'
[INFO] [stdout]           /usr/bin/ld: /opt/rustwide/target/debug/deps/libllvm_sys-4a0514992d80c226.rlib(ExternalFunctions.cpp.o):(.data.rel.ro..Lswitch.table._ZN4llvm11Interpreter20callExternalFunctionEPNS_8FunctionENS_8ArrayRefINS_12GenericValueEEE.33+0x8): undefined reference to `ffi_type_sint16'
[INFO] [stdout]           /usr/bin/ld: /opt/rustwide/target/debug/deps/libllvm_sys-4a0514992d80c226.rlib(ExternalFunctions.cpp.o):(.data.rel.ro..Lswitch.table._ZN4llvm11Interpreter20callExternalFunctionEPNS_8FunctionENS_8ArrayRefINS_12GenericValueEEE.33+0x10): undefined reference to `ffi_type_float'
[INFO] [stdout]           /usr/bin/ld: /opt/rustwide/target/debug/deps/libllvm_sys-4a0514992d80c226.rlib(ExternalFunctions.cpp.o):(.data.rel.ro..Lswitch.table._ZN4llvm11Interpreter20callExternalFunctionEPNS_8FunctionENS_8ArrayRefINS_12GenericValueEEE.33+0x18): undefined reference to `ffi_type_sint32'
[INFO] [stdout]           /usr/bin/ld: /opt/rustwide/target/debug/deps/libllvm_sys-4a0514992d80c226.rlib(ExternalFunctions.cpp.o):(.data.rel.ro..Lswitch.table._ZN4llvm11Interpreter20callExternalFunctionEPNS_8FunctionENS_8ArrayRefINS_12GenericValueEEE.33+0x20): undefined reference to `ffi_type_float'
[INFO] [stdout]           /usr/bin/ld: /opt/rustwide/target/debug/deps/libllvm_sys-4a0514992d80c226.rlib(ExternalFunctions.cpp.o):(.data.rel.ro..Lswitch.table._ZN4llvm11Interpreter20callExternalFunctionEPNS_8FunctionENS_8ArrayRefINS_12GenericValueEEE.33+0x28): undefined reference to `ffi_type_float'
[INFO] [stdout]           /usr/bin/ld: /opt/rustwide/target/debug/deps/libllvm_sys-4a0514992d80c226.rlib(ExternalFunctions.cpp.o):(.data.rel.ro..Lswitch.table._ZN4llvm11Interpreter20callExternalFunctionEPNS_8FunctionENS_8ArrayRefINS_12GenericValueEEE.33+0x30): undefined reference to `ffi_type_float'
[INFO] [stdout]           /usr/bin/ld: /opt/rustwide/target/debug/deps/libllvm_sys-4a0514992d80c226.rlib(ExternalFunctions.cpp.o):(.data.rel.ro..Lswitch.table._ZN4llvm11Interpreter20callExternalFunctionEPNS_8FunctionENS_8ArrayRefINS_12GenericValueEEE.33+0x38): undefined reference to `ffi_type_sint64'
[INFO] [stdout]           collect2: error: ld returned 1 exit status
[INFO] [stdout]           
[INFO] [stdout] 
[INFO] [stdout] 
[INFO] [stdout] error: aborting due to previous error
[INFO] [stdout] 
[INFO] [stdout] 
[INFO] [stderr] error: build failed
[INFO] running `Command { std: "docker" "inspect" "5923b9a55c25563d9810ab811fafab81aa2f751533d9aaf052571460bc159245", kill_on_drop: false }`
[INFO] running `Command { std: "docker" "rm" "-f" "5923b9a55c25563d9810ab811fafab81aa2f751533d9aaf052571460bc159245", kill_on_drop: false }`
[INFO] [stdout] 5923b9a55c25563d9810ab811fafab81aa2f751533d9aaf052571460bc159245
