[INFO] fetching crate live-view 0.0.8...
[INFO] testing live-view-0.0.8 against 1.54.0 for beta-1.55-1
[INFO] extracting crate live-view 0.0.8 into /workspace/builds/worker-15/source
[INFO] validating manifest of crates.io crate live-view 0.0.8 on toolchain 1.54.0
[INFO] running `Command { std: "/workspace/cargo-home/bin/cargo" "+1.54.0" "metadata" "--manifest-path" "Cargo.toml" "--no-deps", kill_on_drop: false }`
[INFO] started tweaking crates.io crate live-view 0.0.8
[INFO] finished tweaking crates.io crate live-view 0.0.8
[INFO] tweaked toml for crates.io crate live-view 0.0.8 written to /workspace/builds/worker-15/source/Cargo.toml
[INFO] running `Command { std: "/workspace/cargo-home/bin/cargo" "+1.54.0" "generate-lockfile" "--manifest-path" "Cargo.toml" "-Zno-index-update", kill_on_drop: false }`
[INFO] running `Command { std: "/workspace/cargo-home/bin/cargo" "+1.54.0" "fetch" "--manifest-path" "Cargo.toml", kill_on_drop: false }`
[INFO] running `Command { std: "docker" "create" "-v" "/var/lib/crater-agent-workspace/builds/worker-15/target:/opt/rustwide/target:rw,Z" "-v" "/var/lib/crater-agent-workspace/builds/worker-15/source:/opt/rustwide/workdir:ro,Z" "-v" "/var/lib/crater-agent-workspace/cargo-home:/opt/rustwide/cargo-home:ro,Z" "-v" "/var/lib/crater-agent-workspace/rustup-home:/opt/rustwide/rustup-home:ro,Z" "-e" "SOURCE_DIR=/opt/rustwide/workdir" "-e" "CARGO_TARGET_DIR=/opt/rustwide/target" "-e" "CARGO_HOME=/opt/rustwide/cargo-home" "-e" "RUSTUP_HOME=/opt/rustwide/rustup-home" "-w" "/opt/rustwide/workdir" "-m" "1610612736" "--user" "0:0" "--network" "none" "ghcr.io/rust-lang/crates-build-env/linux@sha256:34b6a614d2c27851fe6cbf88fbd1137609cefab8b10d0615aaeb6fd47975d74e" "/opt/rustwide/cargo-home/bin/cargo" "+1.54.0" "metadata" "--no-deps" "--format-version=1", kill_on_drop: false }`
[INFO] [stdout] 712b8c2323789a62e730dadbed7560ed388b9a4f01f50a7a95ff3d77ac005dec
[INFO] running `Command { std: "docker" "start" "-a" "712b8c2323789a62e730dadbed7560ed388b9a4f01f50a7a95ff3d77ac005dec", kill_on_drop: false }`
[INFO] running `Command { std: "docker" "inspect" "712b8c2323789a62e730dadbed7560ed388b9a4f01f50a7a95ff3d77ac005dec", kill_on_drop: false }`
[INFO] running `Command { std: "docker" "rm" "-f" "712b8c2323789a62e730dadbed7560ed388b9a4f01f50a7a95ff3d77ac005dec", kill_on_drop: false }`
[INFO] [stdout] 712b8c2323789a62e730dadbed7560ed388b9a4f01f50a7a95ff3d77ac005dec
[INFO] running `Command { std: "docker" "create" "-v" "/var/lib/crater-agent-workspace/builds/worker-15/target:/opt/rustwide/target:rw,Z" "-v" "/var/lib/crater-agent-workspace/builds/worker-15/source:/opt/rustwide/workdir:ro,Z" "-v" "/var/lib/crater-agent-workspace/cargo-home:/opt/rustwide/cargo-home:ro,Z" "-v" "/var/lib/crater-agent-workspace/rustup-home:/opt/rustwide/rustup-home:ro,Z" "-e" "SOURCE_DIR=/opt/rustwide/workdir" "-e" "CARGO_TARGET_DIR=/opt/rustwide/target" "-e" "CARGO_INCREMENTAL=0" "-e" "RUST_BACKTRACE=full" "-e" "RUSTFLAGS=--cap-lints=warn" "-e" "CARGO_HOME=/opt/rustwide/cargo-home" "-e" "RUSTUP_HOME=/opt/rustwide/rustup-home" "-w" "/opt/rustwide/workdir" "-m" "1610612736" "--user" "0:0" "--network" "none" "ghcr.io/rust-lang/crates-build-env/linux@sha256:34b6a614d2c27851fe6cbf88fbd1137609cefab8b10d0615aaeb6fd47975d74e" "/opt/rustwide/cargo-home/bin/cargo" "+1.54.0" "build" "--frozen" "--message-format=json", kill_on_drop: false }`
[INFO] [stdout] 0132d96bde4a6e7d4f162e74995ccefbe1dc7de9a9a9bf08191d58942fb8cc74
[INFO] running `Command { std: "docker" "start" "-a" "0132d96bde4a6e7d4f162e74995ccefbe1dc7de9a9a9bf08191d58942fb8cc74", kill_on_drop: false }`
[INFO] [stderr]    Compiling syn v1.0.74
[INFO] [stderr]    Compiling memchr v2.3.4
[INFO] [stderr]    Compiling once_cell v1.8.0
[INFO] [stderr]    Compiling futures-sink v0.3.16
[INFO] [stderr]    Compiling futures-task v0.3.16
[INFO] [stderr]    Compiling radium v0.5.3
[INFO] [stderr]    Compiling local-waker v0.1.1
[INFO] [stderr]    Compiling const_fn v0.4.8
[INFO] [stderr]    Compiling crossbeam-utils v0.8.5
[INFO] [stderr]    Compiling zstd-safe v3.1.0+zstd.1.4.9
[INFO] [stderr]    Compiling paste v1.0.5
[INFO] [stderr]    Compiling lexical-core v0.7.6
[INFO] [stderr]    Compiling arrayvec v0.5.2
[INFO] [stderr]    Compiling wyz v0.2.0
[INFO] [stderr]    Compiling convert_case v0.4.0
[INFO] [stderr]    Compiling funty v1.1.0
[INFO] [stderr]    Compiling tap v1.0.1
[INFO] [stderr]    Compiling askama_escape v0.10.1
[INFO] [stderr]    Compiling language-tags v0.3.2
[INFO] [stderr]    Compiling humansize v1.1.1
[INFO] [stderr]    Compiling tokio v1.9.0
[INFO] [stderr]    Compiling standback v0.2.17
[INFO] [stderr]    Compiling futures-util v0.3.16
[INFO] [stderr]    Compiling ahash v0.7.4
[INFO] [stderr]    Compiling http v0.2.4
[INFO] [stderr]    Compiling time v0.2.27
[INFO] [stderr]    Compiling tracing-core v0.1.18
[INFO] [stderr]    Compiling nom v6.2.1
[INFO] [stderr]    Compiling cookie v0.15.1
[INFO] [stderr]    Compiling bytestring v1.0.0
[INFO] [stderr]    Compiling indexmap v1.7.0
[INFO] [stderr]    Compiling jobserver v0.1.23
[INFO] [stderr]    Compiling signal-hook-registry v1.4.0
[INFO] [stderr]    Compiling mio v0.7.13
[INFO] [stderr]    Compiling url v2.2.2
[INFO] [stderr]    Compiling rand_chacha v0.3.1
[INFO] [stderr]    Compiling sha-1 v0.9.7
[INFO] [stderr]    Compiling cc v1.0.69
[INFO] [stderr]    Compiling actix-utils v3.0.0
[INFO] [stderr]    Compiling rand v0.8.4
[INFO] [stderr]    Compiling bitvec v0.19.5
[INFO] [stderr]    Compiling tracing v0.1.26
[INFO] [stderr]    Compiling aho-corasick v0.7.15
[INFO] [stderr]    Compiling crossbeam-channel v0.5.1
[INFO] [stderr]    Compiling actix-service v2.0.0
[INFO] [stderr]    Compiling regex v1.4.6
[INFO] [stderr]    Compiling zstd-sys v1.5.0+zstd.1.4.9
[INFO] [stderr]    Compiling brotli-sys v0.3.2
[INFO] [stderr]    Compiling brotli2 v0.3.2
[INFO] [stderr]    Compiling tokio-util v0.6.7
[INFO] [stderr]    Compiling local-channel v0.1.2
[INFO] [stderr]    Compiling actix-codec v0.4.0
[INFO] [stderr]    Compiling serde_derive v1.0.127
[INFO] [stderr]    Compiling actix-macros v0.2.1
[INFO] [stderr]    Compiling time-macros-impl v0.1.2
[INFO] [stderr]    Compiling pin-project-internal v1.0.8
[INFO] [stderr]    Compiling derive_more v0.99.16
[INFO] [stderr]    Compiling actix-web-codegen v0.5.0-beta.3
[INFO] [stderr]    Compiling actix_derive v0.6.0
[INFO] [stderr]    Compiling actix-rt v2.2.0
[INFO] [stderr]    Compiling time-macros v0.1.1
[INFO] [stderr]    Compiling actix-server v2.0.0-beta.5
[INFO] [stderr]    Compiling actix v0.12.0
[INFO] [stderr]    Compiling actix v0.11.1
[INFO] [stderr]    Compiling pin-project v1.0.8
[INFO] [stderr]    Compiling actix-tls v3.0.0-beta.5
[INFO] [stderr]    Compiling serde v1.0.127
[INFO] [stderr]    Compiling hashbrown v0.11.2
[INFO] [stderr]    Compiling toml v0.5.8
[INFO] [stderr]    Compiling actix-router v0.2.7
[INFO] [stderr]    Compiling serde_urlencoded v0.7.0
[INFO] [stderr]    Compiling serde_json v1.0.66
[INFO] [stderr]    Compiling h2 v0.3.3
[INFO] [stderr]    Compiling askama_shared v0.11.1
[INFO] [stderr]    Compiling zstd v0.7.0+zstd.1.4.9
[INFO] [stderr]    Compiling askama_derive v0.10.5
[INFO] [stderr]    Compiling actix-http v3.0.0-beta.8
[INFO] [stderr]    Compiling askama v0.10.5
[INFO] [stderr]    Compiling actix-web v4.0.0-beta.8
[INFO] [stderr]    Compiling actix-web-actors v4.0.0-beta.6
[INFO] [stderr]    Compiling live-view v0.0.8 (/opt/rustwide/workdir)
[INFO] [stdout] error[E0277]: the trait bound `StateSocket<State>: actix::actor::Actor` is not satisfied
[INFO] [stdout]    --> src/socket.rs:51:10
[INFO] [stdout]     |
[INFO] [stdout] 51  |     ctx: &mut WebsocketContext<StateSocket<State>>,
[INFO] [stdout]     |          ^^^^^^^^^^^^^^^^^^^^^^^^^^^^^^^^^^^^^^^^^ the trait `actix::actor::Actor` is not implemented for `StateSocket<State>`
[INFO] [stdout]     | 
[INFO] [stdout]    ::: /opt/rustwide/cargo-home/registry/src/github.com-1ecc6299db9ec823/actix-web-actors-4.0.0-beta.6/src/ws.rs:186:8
[INFO] [stdout]     |
[INFO] [stdout] 186 |     A: Actor<Context = WebsocketContext<A>>,
[INFO] [stdout]     |        ------------------------------------ required by this bound in `WebsocketContext`
[INFO] [stdout] 
[INFO] [stdout] 
[INFO] [stdout] error[E0277]: the trait bound `StateSocket<State>: actix::actor::Actor` is not satisfied
[INFO] [stdout]    --> src/socket.rs:63:10
[INFO] [stdout]     |
[INFO] [stdout] 63  |     ctx: &mut WebsocketContext<StateSocket<State>>,
[INFO] [stdout]     |          ^^^^^^^^^^^^^^^^^^^^^^^^^^^^^^^^^^^^^^^^^ the trait `actix::actor::Actor` is not implemented for `StateSocket<State>`
[INFO] [stdout]     | 
[INFO] [stdout]    ::: /opt/rustwide/cargo-home/registry/src/github.com-1ecc6299db9ec823/actix-web-actors-4.0.0-beta.6/src/ws.rs:186:8
[INFO] [stdout]     |
[INFO] [stdout] 186 |     A: Actor<Context = WebsocketContext<A>>,
[INFO] [stdout]     |        ------------------------------------ required by this bound in `WebsocketContext`
[INFO] [stdout] 
[INFO] [stdout] 
[INFO] [stdout] error[E0277]: the trait bound `StateSocket<State>: actix::actor::Actor` is not satisfied
[INFO] [stdout]    --> src/socket.rs:75:10
[INFO] [stdout]     |
[INFO] [stdout] 75  |     ctx: &mut WebsocketContext<StateSocket<State>>,
[INFO] [stdout]     |          ^^^^^^^^^^^^^^^^^^^^^^^^^^^^^^^^^^^^^^^^^ the trait `actix::actor::Actor` is not implemented for `StateSocket<State>`
[INFO] [stdout]     | 
[INFO] [stdout]    ::: /opt/rustwide/cargo-home/registry/src/github.com-1ecc6299db9ec823/actix-web-actors-4.0.0-beta.6/src/ws.rs:186:8
[INFO] [stdout]     |
[INFO] [stdout] 186 |     A: Actor<Context = WebsocketContext<A>>,
[INFO] [stdout]     |        ------------------------------------ required by this bound in `WebsocketContext`
[INFO] [stdout] 
[INFO] [stdout] 
[INFO] [stdout] error[E0277]: the trait bound `StateSocket<State>: actix::actor::Actor` is not satisfied
[INFO] [stdout]    --> src/socket.rs:87:10
[INFO] [stdout]     |
[INFO] [stdout] 87  |     ctx: &mut WebsocketContext<StateSocket<State>>,
[INFO] [stdout]     |          ^^^^^^^^^^^^^^^^^^^^^^^^^^^^^^^^^^^^^^^^^ the trait `actix::actor::Actor` is not implemented for `StateSocket<State>`
[INFO] [stdout]     | 
[INFO] [stdout]    ::: /opt/rustwide/cargo-home/registry/src/github.com-1ecc6299db9ec823/actix-web-actors-4.0.0-beta.6/src/ws.rs:186:8
[INFO] [stdout]     |
[INFO] [stdout] 186 |     A: Actor<Context = WebsocketContext<A>>,
[INFO] [stdout]     |        ------------------------------------ required by this bound in `WebsocketContext`
[INFO] [stdout] 
[INFO] [stdout] 
[INFO] [stdout] error[E0277]: the trait bound `StateSocket<State>: actix::actor::Actor` is not satisfied
[INFO] [stdout]    --> src/socket.rs:99:10
[INFO] [stdout]     |
[INFO] [stdout] 99  |     ctx: &mut WebsocketContext<StateSocket<State>>,
[INFO] [stdout]     |          ^^^^^^^^^^^^^^^^^^^^^^^^^^^^^^^^^^^^^^^^^ the trait `actix::actor::Actor` is not implemented for `StateSocket<State>`
[INFO] [stdout]     | 
[INFO] [stdout]    ::: /opt/rustwide/cargo-home/registry/src/github.com-1ecc6299db9ec823/actix-web-actors-4.0.0-beta.6/src/ws.rs:186:8
[INFO] [stdout]     |
[INFO] [stdout] 186 |     A: Actor<Context = WebsocketContext<A>>,
[INFO] [stdout]     |        ------------------------------------ required by this bound in `WebsocketContext`
[INFO] [stdout] 
[INFO] [stdout] 
[INFO] [stdout] error[E0277]: the trait bound `StateSocket<State>: actix::actor::Actor` is not satisfied
[INFO] [stdout]    --> src/socket.rs:111:10
[INFO] [stdout]     |
[INFO] [stdout] 111 |     ctx: &mut WebsocketContext<StateSocket<State>>,
[INFO] [stdout]     |          ^^^^^^^^^^^^^^^^^^^^^^^^^^^^^^^^^^^^^^^^^ the trait `actix::actor::Actor` is not implemented for `StateSocket<State>`
[INFO] [stdout]     | 
[INFO] [stdout]    ::: /opt/rustwide/cargo-home/registry/src/github.com-1ecc6299db9ec823/actix-web-actors-4.0.0-beta.6/src/ws.rs:186:8
[INFO] [stdout]     |
[INFO] [stdout] 186 |     A: Actor<Context = WebsocketContext<A>>,
[INFO] [stdout]     |        ------------------------------------ required by this bound in `WebsocketContext`
[INFO] [stdout] 
[INFO] [stdout] 
[INFO] [stdout] error[E0277]: the trait bound `StateSocket<State>: actix::actor::Actor` is not satisfied
[INFO] [stdout]    --> src/socket.rs:20:5
[INFO] [stdout]     |
[INFO] [stdout] 20  |     type Context = WebsocketContext<Self>;
[INFO] [stdout]     |     ^^^^^^^^^^^^^^^^^^^^^^^^^^^^^^^^^^^^^^ the trait `actix::actor::Actor` is not implemented for `StateSocket<State>`
[INFO] [stdout]     | 
[INFO] [stdout]    ::: /opt/rustwide/cargo-home/registry/src/github.com-1ecc6299db9ec823/actix-web-actors-4.0.0-beta.6/src/ws.rs:186:8
[INFO] [stdout]     |
[INFO] [stdout] 186 |     A: Actor<Context = WebsocketContext<A>>,
[INFO] [stdout]     |        ------------------------------------ required by this bound in `WebsocketContext`
[INFO] [stdout] 
[INFO] [stdout] 
[INFO] [stdout] error[E0277]: the trait bound `StateSocket<State>: actix::actor::Actor` is not satisfied
[INFO] [stdout]    --> src/socket.rs:25:76
[INFO] [stdout]     |
[INFO] [stdout] 25  |     fn handle(&mut self, msg: Result<ws::Message, ws::ProtocolError>, ctx: &mut Self::Context) {
[INFO] [stdout]     |                                                                            ^^^^^^^^^^^^^^^^^^ the trait `actix::actor::Actor` is not implemented for `StateSocket<State>`
[INFO] [stdout]     | 
[INFO] [stdout]    ::: /opt/rustwide/cargo-home/registry/src/github.com-1ecc6299db9ec823/actix-web-actors-4.0.0-beta.6/src/ws.rs:186:8
[INFO] [stdout]     |
[INFO] [stdout] 186 |     A: Actor<Context = WebsocketContext<A>>,
[INFO] [stdout]     |        ------------------------------------ required by this bound in `WebsocketContext`
[INFO] [stdout] 
[INFO] [stdout] 
[INFO] [stdout] error: aborting due to 8 previous errors
[INFO] [stdout] 
[INFO] [stdout] 
[INFO] [stdout] For more information about this error, try `rustc --explain E0277`.
[INFO] [stdout] 
[INFO] [stderr] error: could not compile `live-view`
[INFO] [stderr] 
[INFO] [stderr] To learn more, run the command again with --verbose.
[INFO] [stderr] warning: build failed, waiting for other jobs to finish...
[INFO] [stderr] error: build failed
[INFO] running `Command { std: "docker" "inspect" "0132d96bde4a6e7d4f162e74995ccefbe1dc7de9a9a9bf08191d58942fb8cc74", kill_on_drop: false }`
[INFO] running `Command { std: "docker" "rm" "-f" "0132d96bde4a6e7d4f162e74995ccefbe1dc7de9a9a9bf08191d58942fb8cc74", kill_on_drop: false }`
[INFO] [stdout] 0132d96bde4a6e7d4f162e74995ccefbe1dc7de9a9a9bf08191d58942fb8cc74
