[INFO] fetching crate linfa-tsne 0.4.0...
[INFO] testing linfa-tsne-0.4.0 against 1.54.0 for beta-1.55-1
[INFO] extracting crate linfa-tsne 0.4.0 into /workspace/builds/worker-5/source
[INFO] validating manifest of crates.io crate linfa-tsne 0.4.0 on toolchain 1.54.0
[INFO] running `Command { std: "/workspace/cargo-home/bin/cargo" "+1.54.0" "metadata" "--manifest-path" "Cargo.toml" "--no-deps", kill_on_drop: false }`
[INFO] started tweaking crates.io crate linfa-tsne 0.4.0
[INFO] finished tweaking crates.io crate linfa-tsne 0.4.0
[INFO] tweaked toml for crates.io crate linfa-tsne 0.4.0 written to /workspace/builds/worker-5/source/Cargo.toml
[INFO] crate crates.io crate linfa-tsne 0.4.0 already has a lockfile, it will not be regenerated
[INFO] running `Command { std: "/workspace/cargo-home/bin/cargo" "+1.54.0" "fetch" "--manifest-path" "Cargo.toml", kill_on_drop: false }`
[INFO] [stderr]     Blocking waiting for file lock on package cache
[INFO] running `Command { std: "docker" "create" "-v" "/var/lib/crater-agent-workspace/builds/worker-5/target:/opt/rustwide/target:rw,Z" "-v" "/var/lib/crater-agent-workspace/builds/worker-5/source:/opt/rustwide/workdir:ro,Z" "-v" "/var/lib/crater-agent-workspace/cargo-home:/opt/rustwide/cargo-home:ro,Z" "-v" "/var/lib/crater-agent-workspace/rustup-home:/opt/rustwide/rustup-home:ro,Z" "-e" "SOURCE_DIR=/opt/rustwide/workdir" "-e" "CARGO_TARGET_DIR=/opt/rustwide/target" "-e" "CARGO_HOME=/opt/rustwide/cargo-home" "-e" "RUSTUP_HOME=/opt/rustwide/rustup-home" "-w" "/opt/rustwide/workdir" "-m" "1610612736" "--user" "0:0" "--network" "none" "ghcr.io/rust-lang/crates-build-env/linux@sha256:34b6a614d2c27851fe6cbf88fbd1137609cefab8b10d0615aaeb6fd47975d74e" "/opt/rustwide/cargo-home/bin/cargo" "+1.54.0" "metadata" "--no-deps" "--format-version=1", kill_on_drop: false }`
[INFO] [stdout] e2c0989abbab3dabba551a8e0adbbe8ccab24152e10514a1878992549a7ecb1d
[INFO] running `Command { std: "docker" "start" "-a" "e2c0989abbab3dabba551a8e0adbbe8ccab24152e10514a1878992549a7ecb1d", kill_on_drop: false }`
[INFO] running `Command { std: "docker" "inspect" "e2c0989abbab3dabba551a8e0adbbe8ccab24152e10514a1878992549a7ecb1d", kill_on_drop: false }`
[INFO] running `Command { std: "docker" "rm" "-f" "e2c0989abbab3dabba551a8e0adbbe8ccab24152e10514a1878992549a7ecb1d", kill_on_drop: false }`
[INFO] [stdout] e2c0989abbab3dabba551a8e0adbbe8ccab24152e10514a1878992549a7ecb1d
[INFO] running `Command { std: "docker" "create" "-v" "/var/lib/crater-agent-workspace/builds/worker-5/target:/opt/rustwide/target:rw,Z" "-v" "/var/lib/crater-agent-workspace/builds/worker-5/source:/opt/rustwide/workdir:ro,Z" "-v" "/var/lib/crater-agent-workspace/cargo-home:/opt/rustwide/cargo-home:ro,Z" "-v" "/var/lib/crater-agent-workspace/rustup-home:/opt/rustwide/rustup-home:ro,Z" "-e" "SOURCE_DIR=/opt/rustwide/workdir" "-e" "CARGO_TARGET_DIR=/opt/rustwide/target" "-e" "CARGO_INCREMENTAL=0" "-e" "RUST_BACKTRACE=full" "-e" "RUSTFLAGS=--cap-lints=warn" "-e" "CARGO_HOME=/opt/rustwide/cargo-home" "-e" "RUSTUP_HOME=/opt/rustwide/rustup-home" "-w" "/opt/rustwide/workdir" "-m" "1610612736" "--user" "0:0" "--network" "none" "ghcr.io/rust-lang/crates-build-env/linux@sha256:34b6a614d2c27851fe6cbf88fbd1137609cefab8b10d0615aaeb6fd47975d74e" "/opt/rustwide/cargo-home/bin/cargo" "+1.54.0" "build" "--frozen" "--message-format=json", kill_on_drop: false }`
[INFO] [stdout] 13072a5e602f8c3a33b3b0aecba1e607fe4e9872ff9632bdb68f90ad44e42468
[INFO] running `Command { std: "docker" "start" "-a" "13072a5e602f8c3a33b3b0aecba1e607fe4e9872ff9632bdb68f90ad44e42468", kill_on_drop: false }`
[INFO] [stderr]    Compiling libc v0.2.94
[INFO] [stderr]    Compiling libm v0.2.1
[INFO] [stderr]    Compiling serde v1.0.125
[INFO] [stderr]    Compiling syn v1.0.71
[INFO] [stderr]    Compiling memchr v2.3.4
[INFO] [stderr]    Compiling ndarray v0.14.0
[INFO] [stderr]    Compiling blas-src v0.6.1
[INFO] [stderr]    Compiling linfa v0.4.0
[INFO] [stderr]    Compiling pdqselect v0.1.0
[INFO] [stderr]    Compiling num-traits v0.2.14
[INFO] [stderr]    Compiling num-integer v0.1.44
[INFO] [stderr]    Compiling matrixmultiply v0.2.4
[INFO] [stderr]    Compiling regex-automata v0.1.9
[INFO] [stderr]    Compiling proc-macro2 v1.0.26
[INFO] [stderr]    Compiling quote v1.0.9
[INFO] [stderr]    Compiling csv-core v0.1.10
[INFO] [stderr]    Compiling getrandom v0.1.16
[INFO] [stderr]    Compiling getrandom v0.2.2
[INFO] [stderr]    Compiling cblas-sys v0.1.4
[INFO] [stderr]    Compiling lapack-sys v0.12.1
[INFO] [stderr]    Compiling rand_core v0.6.2
[INFO] [stderr]    Compiling rand_core v0.5.1
[INFO] [stderr]    Compiling rand_chacha v0.3.0
[INFO] [stderr]    Compiling rand_chacha v0.2.2
[INFO] [stderr]    Compiling approx v0.4.0
[INFO] [stderr]    Compiling rand v0.8.3
[INFO] [stderr]    Compiling rand v0.7.3
[INFO] [stderr]    Compiling rand_distr v0.4.0
[INFO] [stderr]    Compiling num-complex v0.3.1
[INFO] [stderr]    Compiling bstr v0.2.15
[INFO] [stderr]    Compiling cauchy v0.3.0
[INFO] [stderr]    Compiling lapack v0.17.0
[INFO] [stderr]    Compiling csv v1.1.6
[INFO] [stderr]    Compiling bhtsne v0.4.0
[INFO] [stderr]    Compiling thiserror-impl v1.0.24
[INFO] [stderr]    Compiling ndarray-rand v0.13.0
[INFO] [stderr]    Compiling thiserror v1.0.24
[INFO] [stderr]    Compiling lax v0.1.0
[INFO] [stderr]    Compiling ndarray-linalg v0.13.1
[INFO] [stderr]    Compiling linfa-tsne v0.4.0 (/opt/rustwide/workdir)
[INFO] [stderr]     Finished dev [unoptimized + debuginfo] target(s) in 37.45s
[INFO] running `Command { std: "docker" "inspect" "13072a5e602f8c3a33b3b0aecba1e607fe4e9872ff9632bdb68f90ad44e42468", kill_on_drop: false }`
[INFO] running `Command { std: "docker" "rm" "-f" "13072a5e602f8c3a33b3b0aecba1e607fe4e9872ff9632bdb68f90ad44e42468", kill_on_drop: false }`
[INFO] [stdout] 13072a5e602f8c3a33b3b0aecba1e607fe4e9872ff9632bdb68f90ad44e42468
[INFO] running `Command { std: "docker" "create" "-v" "/var/lib/crater-agent-workspace/builds/worker-5/target:/opt/rustwide/target:rw,Z" "-v" "/var/lib/crater-agent-workspace/builds/worker-5/source:/opt/rustwide/workdir:ro,Z" "-v" "/var/lib/crater-agent-workspace/cargo-home:/opt/rustwide/cargo-home:ro,Z" "-v" "/var/lib/crater-agent-workspace/rustup-home:/opt/rustwide/rustup-home:ro,Z" "-e" "SOURCE_DIR=/opt/rustwide/workdir" "-e" "CARGO_TARGET_DIR=/opt/rustwide/target" "-e" "CARGO_INCREMENTAL=0" "-e" "RUST_BACKTRACE=full" "-e" "RUSTFLAGS=--cap-lints=warn" "-e" "CARGO_HOME=/opt/rustwide/cargo-home" "-e" "RUSTUP_HOME=/opt/rustwide/rustup-home" "-w" "/opt/rustwide/workdir" "-m" "1610612736" "--user" "0:0" "--network" "none" "ghcr.io/rust-lang/crates-build-env/linux@sha256:34b6a614d2c27851fe6cbf88fbd1137609cefab8b10d0615aaeb6fd47975d74e" "/opt/rustwide/cargo-home/bin/cargo" "+1.54.0" "test" "--frozen" "--no-run" "--message-format=json", kill_on_drop: false }`
[INFO] [stdout] 168715fb6dded45a4d776af512a7673b49ddbe2e4e07006e588503a06572653e
[INFO] running `Command { std: "docker" "start" "-a" "168715fb6dded45a4d776af512a7673b49ddbe2e4e07006e588503a06572653e", kill_on_drop: false }`
[INFO] [stderr]     Blocking waiting for file lock on package cache
[INFO] [stderr]    Compiling cc v1.0.67
[INFO] [stderr]    Compiling openssl v0.10.33
[INFO] [stderr]    Compiling ahash v0.3.8
[INFO] [stderr]    Compiling rustc-hash v1.1.0
[INFO] [stderr]    Compiling space v0.10.3
[INFO] [stderr]    Compiling ipnet v2.3.0
[INFO] [stderr]    Compiling num-complex v0.2.4
[INFO] [stderr]    Compiling hashbrown v0.7.2
[INFO] [stderr]    Compiling tracing-core v0.1.17
[INFO] [stderr]    Compiling futures-channel v0.3.14
[INFO] [stderr]    Compiling iovec v0.1.4
[INFO] [stderr]    Compiling net2 v0.2.37
[INFO] [stderr]    Compiling num_cpus v1.13.0
[INFO] [stderr]    Compiling futures-util v0.3.14
[INFO] [stderr]    Compiling socket2 v0.3.19
[INFO] [stderr]    Compiling serde_urlencoded v0.7.0
[INFO] [stderr]    Compiling flate2 v1.0.20
[INFO] [stderr]    Compiling pin-project-internal v1.0.7
[INFO] [stderr]    Compiling rand_pcg v0.2.1
[INFO] [stderr]    Compiling ndarray-csv v0.5.0
[INFO] [stderr]    Compiling tracing v0.1.25
[INFO] [stderr]    Compiling mio v0.6.23
[INFO] [stderr]    Compiling linfa-datasets v0.4.0
[INFO] [stderr]    Compiling openssl-sys v0.9.61
[INFO] [stderr]    Compiling hnsw v0.6.1
[INFO] [stderr]    Compiling tokio v0.2.25
[INFO] [stderr]    Compiling sprs v0.9.4
[INFO] [stderr]    Compiling pin-project v1.0.7
[INFO] [stderr]    Compiling tracing-futures v0.2.5
[INFO] [stderr]    Compiling native-tls v0.2.7
[INFO] [stderr]    Compiling linfa-kernel v0.4.0
[INFO] [stderr]    Compiling linfa-reduction v0.4.0
[INFO] [stderr]    Compiling tokio-util v0.3.1
[INFO] [stderr]    Compiling h2 v0.2.7
[INFO] [stderr]    Compiling tokio-tls v0.3.1
[INFO] [stderr]    Compiling hyper v0.13.10
[INFO] [stderr]    Compiling hyper-tls v0.4.3
[INFO] [stderr]    Compiling reqwest v0.10.10
[INFO] [stderr]    Compiling mnist v0.4.1
[INFO] [stderr]    Compiling linfa-tsne v0.4.0 (/opt/rustwide/workdir)
[INFO] [stdout] error[E0026]: struct `Mnist` does not have fields named `images`, `labels`
[INFO] [stdout]   --> examples/mnist.rs:14:17
[INFO] [stdout]    |
[INFO] [stdout] 14 |     let Mnist { images, labels, .. } = MnistBuilder::new()
[INFO] [stdout]    |                 ^^^^^^  ^^^^^^ struct `Mnist` does not have these fields
[INFO] [stdout] 
[INFO] [stdout] 
[INFO] [stdout] error[E0599]: no method named `transform` found for enum `Result` in the current scope
[INFO] [stdout]   --> examples/mnist.rs:27:53
[INFO] [stdout]    |
[INFO] [stdout] 27 |     let ds = Pca::params(50).whiten(false).fit(&ds).transform(ds);
[INFO] [stdout]    |                                                     ^^^^^^^^^ method not found in `Result<Pca<f64>, linfa_reduction::error::Error>`
[INFO] [stdout] 
[INFO] [stdout] 
[INFO] [stdout] error: aborting due to 2 previous errors
[INFO] [stdout] 
[INFO] [stdout] 
[INFO] [stdout] Some errors have detailed explanations: E0026, E0599.
[INFO] [stdout] 
[INFO] [stdout] For more information about an error, try `rustc --explain E0026`.
[INFO] [stdout] 
[INFO] [stderr] error: could not compile `linfa-tsne`
[INFO] [stderr] 
[INFO] [stderr] To learn more, run the command again with --verbose.
[INFO] [stderr] warning: build failed, waiting for other jobs to finish...
[INFO] [stdout] error: linking with `cc` failed: exit status: 1
[INFO] [stdout]   |
[INFO] [stdout]   = note: "cc" "-m64" "/opt/rustwide/target/debug/examples/tsne-fff89409d6bc0015.tsne.3rbfztdf-cgu.0.rcgu.o" "/opt/rustwide/target/debug/examples/tsne-fff89409d6bc0015.tsne.3rbfztdf-cgu.1.rcgu.o" "/opt/rustwide/target/debug/examples/tsne-fff89409d6bc0015.tsne.3rbfztdf-cgu.10.rcgu.o" "/opt/rustwide/target/debug/examples/tsne-fff89409d6bc0015.tsne.3rbfztdf-cgu.11.rcgu.o" "/opt/rustwide/target/debug/examples/tsne-fff89409d6bc0015.tsne.3rbfztdf-cgu.12.rcgu.o" "/opt/rustwide/target/debug/examples/tsne-fff89409d6bc0015.tsne.3rbfztdf-cgu.13.rcgu.o" "/opt/rustwide/target/debug/examples/tsne-fff89409d6bc0015.tsne.3rbfztdf-cgu.14.rcgu.o" "/opt/rustwide/target/debug/examples/tsne-fff89409d6bc0015.tsne.3rbfztdf-cgu.15.rcgu.o" "/opt/rustwide/target/debug/examples/tsne-fff89409d6bc0015.tsne.3rbfztdf-cgu.2.rcgu.o" "/opt/rustwide/target/debug/examples/tsne-fff89409d6bc0015.tsne.3rbfztdf-cgu.3.rcgu.o" "/opt/rustwide/target/debug/examples/tsne-fff89409d6bc0015.tsne.3rbfztdf-cgu.4.rcgu.o" "/opt/rustwide/target/debug/examples/tsne-fff89409d6bc0015.tsne.3rbfztdf-cgu.5.rcgu.o" "/opt/rustwide/target/debug/examples/tsne-fff89409d6bc0015.tsne.3rbfztdf-cgu.6.rcgu.o" "/opt/rustwide/target/debug/examples/tsne-fff89409d6bc0015.tsne.3rbfztdf-cgu.7.rcgu.o" "/opt/rustwide/target/debug/examples/tsne-fff89409d6bc0015.tsne.3rbfztdf-cgu.8.rcgu.o" "/opt/rustwide/target/debug/examples/tsne-fff89409d6bc0015.tsne.3rbfztdf-cgu.9.rcgu.o" "/opt/rustwide/target/debug/examples/tsne-fff89409d6bc0015.2948fjehyaj5v60o.rcgu.o" "-Wl,--as-needed" "-L" "/opt/rustwide/target/debug/deps" "-L" "/opt/rustwide/rustup-home/toolchains/1.54.0-x86_64-unknown-linux-gnu/lib/rustlib/x86_64-unknown-linux-gnu/lib" "-Wl,-Bstatic" "/opt/rustwide/target/debug/deps/liblinfa_datasets-6f24039f38b5141a.rlib" "/opt/rustwide/target/debug/deps/libndarray_csv-6554ef7a46e57643.rlib" "/opt/rustwide/target/debug/deps/libeither-a4aed9cad0e06bb2.rlib" "/opt/rustwide/target/debug/deps/libflate2-518783addefe3481.rlib" "/opt/rustwide/target/debug/deps/libminiz_oxide-6d1f5d22fe94ee7f.rlib" "/opt/rustwide/target/debug/deps/libadler-21b6e26b0dda2395.rlib" "/opt/rustwide/target/debug/deps/libcrc32fast-e6a82e63ff40e00b.rlib" "/opt/rustwide/target/debug/deps/liblinfa_tsne-4af2b7ce1fd0c038.rlib" "/opt/rustwide/target/debug/deps/libbhtsne-57fb116a0c94862f.rlib" "/opt/rustwide/target/debug/deps/libcsv-8f8fb9d38a79cba5.rlib" "/opt/rustwide/target/debug/deps/libryu-059aa1fbb24cd15e.rlib" "/opt/rustwide/target/debug/deps/libitoa-9ccdb0b3e3d11258.rlib" "/opt/rustwide/target/debug/deps/libcsv_core-d10d0c852c922500.rlib" "/opt/rustwide/target/debug/deps/libbstr-ab3cfb880df01b6d.rlib" "/opt/rustwide/target/debug/deps/libregex_automata-4830eb7b9092cc69.rlib" "/opt/rustwide/target/debug/deps/libbyteorder-0c03c404070d92e6.rlib" "/opt/rustwide/target/debug/deps/libmemchr-9559fd627c3017a7.rlib" "/opt/rustwide/target/debug/deps/liblazy_static-5c53d641eb010a81.rlib" "/opt/rustwide/target/debug/deps/libpdqselect-069e0edd9f9d9c1e.rlib" "/opt/rustwide/target/debug/deps/liblinfa_reduction-4948c48203726909.rlib" "/opt/rustwide/target/debug/deps/liblinfa_kernel-0056267491c45032.rlib" "/opt/rustwide/target/debug/deps/libhnsw-e71e34e70412b364.rlib" "/opt/rustwide/target/debug/deps/liblibm-e98a9e597f9ea657.rlib" "/opt/rustwide/target/debug/deps/libgeneric_array-54598c88a1f3ed6f.rlib" "/opt/rustwide/target/debug/deps/libtypenum-9959a671b08afc70.rlib" "/opt/rustwide/target/debug/deps/libspace-7d2b0212e7659fea.rlib" "/opt/rustwide/target/debug/deps/librustc_hash-234e400fb458b2b6.rlib" "/opt/rustwide/target/debug/deps/librand_pcg-c39898689dbe6155.rlib" "/opt/rustwide/target/debug/deps/libhashbrown-85a4df7e8e4cfc60.rlib" "/opt/rustwide/target/debug/deps/libahash-9f64fe9df7f17f95.rlib" "/opt/rustwide/target/debug/deps/libsprs-86d99446386446df.rlib" "/opt/rustwide/target/debug/deps/libsmallvec-cd9632e27e802452.rlib" "/opt/rustwide/target/debug/deps/libnum_complex-1d4828be4eb3951e.rlib" "/opt/rustwide/target/debug/deps/libndarray_rand-b22d2f54c5e40a60.rlib" "/opt/rustwide/target/debug/deps/librand_distr-d124364534c63805.rlib" "/opt/rustwide/target/debug/deps/liblinfa-57ae727923aecf30.rlib" "/opt/rustwide/target/debug/deps/libndarray_linalg-8c8f1326a69ea182.rlib" "/opt/rustwide/target/debug/deps/liblax-f1e7a9576ce0a34f.rlib" "/opt/rustwide/target/debug/deps/liblapack-a441bb8e008efb78.rlib" "/opt/rustwide/target/debug/deps/liblapack_sys-dd1d39b6ec6b4be6.rlib" "/opt/rustwide/target/debug/deps/libcauchy-1d9d9b2f557cfc57.rlib" "/opt/rustwide/target/debug/deps/librand-67bbd2488b3bdc13.rlib" "/opt/rustwide/target/debug/deps/librand_chacha-d9ac9e1e4724e45b.rlib" "/opt/rustwide/target/debug/deps/librand_core-40a7c857df1d7fd0.rlib" "/opt/rustwide/target/debug/deps/libgetrandom-0dd53ffa0ac63e19.rlib" "/opt/rustwide/target/debug/deps/libthiserror-47d86236bfdd8a9a.rlib" "/opt/rustwide/target/debug/deps/libndarray-c8334ce4e0ae4606.rlib" "/opt/rustwide/target/debug/deps/libmatrixmultiply-53b5099a593c0d17.rlib" "/opt/rustwide/target/debug/deps/libnum_complex-72ae11952e8e41d8.rlib" "/opt/rustwide/target/debug/deps/libserde-67d501223e579d48.rlib" "/opt/rustwide/target/debug/deps/librand-de539af94b2d81c1.rlib" "/opt/rustwide/target/debug/deps/librand_chacha-a7c6c65a91a7bba6.rlib" "/opt/rustwide/target/debug/deps/libppv_lite86-545d86392ea1d8e4.rlib" "/opt/rustwide/target/debug/deps/librand_core-26169073b2d5fb76.rlib" "/opt/rustwide/target/debug/deps/libgetrandom-287d5e119f1afd91.rlib" "/opt/rustwide/target/debug/deps/libcfg_if-38c8a3e888ecb06a.rlib" "/opt/rustwide/target/debug/deps/libnum_integer-fd1cc5cdcbe0b8c6.rlib" "/opt/rustwide/target/debug/deps/librawpointer-007031bc2b481d22.rlib" "/opt/rustwide/target/debug/deps/libapprox-67aced9e69c3b1d4.rlib" "/opt/rustwide/target/debug/deps/libnum_traits-8b8fb36780cef8d0.rlib" "/opt/rustwide/target/debug/deps/libcblas_sys-0bc563b2199312c8.rlib" "/opt/rustwide/target/debug/deps/liblibc-65f533c76be0e285.rlib" "/opt/rustwide/target/debug/deps/libblas_src-5c2ca8af9d9c7f25.rlib" "-Wl,--start-group" "/opt/rustwide/rustup-home/toolchains/1.54.0-x86_64-unknown-linux-gnu/lib/rustlib/x86_64-unknown-linux-gnu/lib/libstd-2420485b9e5ef5e1.rlib" "/opt/rustwide/rustup-home/toolchains/1.54.0-x86_64-unknown-linux-gnu/lib/rustlib/x86_64-unknown-linux-gnu/lib/libpanic_unwind-785e3cb61c4b1960.rlib" "/opt/rustwide/rustup-home/toolchains/1.54.0-x86_64-unknown-linux-gnu/lib/rustlib/x86_64-unknown-linux-gnu/lib/libminiz_oxide-087191a88bdaa22d.rlib" "/opt/rustwide/rustup-home/toolchains/1.54.0-x86_64-unknown-linux-gnu/lib/rustlib/x86_64-unknown-linux-gnu/lib/libadler-9981842c02975178.rlib" "/opt/rustwide/rustup-home/toolchains/1.54.0-x86_64-unknown-linux-gnu/lib/rustlib/x86_64-unknown-linux-gnu/lib/libobject-6fb405869b015fde.rlib" "/opt/rustwide/rustup-home/toolchains/1.54.0-x86_64-unknown-linux-gnu/lib/rustlib/x86_64-unknown-linux-gnu/lib/libaddr2line-d05c5c3c56004b7b.rlib" "/opt/rustwide/rustup-home/toolchains/1.54.0-x86_64-unknown-linux-gnu/lib/rustlib/x86_64-unknown-linux-gnu/lib/libgimli-42d74d2097528b38.rlib" "/opt/rustwide/rustup-home/toolchains/1.54.0-x86_64-unknown-linux-gnu/lib/rustlib/x86_64-unknown-linux-gnu/lib/libstd_detect-fb36534c113d2209.rlib" "/opt/rustwide/rustup-home/toolchains/1.54.0-x86_64-unknown-linux-gnu/lib/rustlib/x86_64-unknown-linux-gnu/lib/librustc_demangle-b56b9042c12b6535.rlib" "/opt/rustwide/rustup-home/toolchains/1.54.0-x86_64-unknown-linux-gnu/lib/rustlib/x86_64-unknown-linux-gnu/lib/libhashbrown-491902d6cb3e76df.rlib" "/opt/rustwide/rustup-home/toolchains/1.54.0-x86_64-unknown-linux-gnu/lib/rustlib/x86_64-unknown-linux-gnu/lib/librustc_std_workspace_alloc-61834e0981b8c367.rlib" "/opt/rustwide/rustup-home/toolchains/1.54.0-x86_64-unknown-linux-gnu/lib/rustlib/x86_64-unknown-linux-gnu/lib/libunwind-f78aa99d613a55bc.rlib" "/opt/rustwide/rustup-home/toolchains/1.54.0-x86_64-unknown-linux-gnu/lib/rustlib/x86_64-unknown-linux-gnu/lib/libcfg_if-53ee54cd7fed2c57.rlib" "/opt/rustwide/rustup-home/toolchains/1.54.0-x86_64-unknown-linux-gnu/lib/rustlib/x86_64-unknown-linux-gnu/lib/liblibc-544ecdbd6cda3c58.rlib" "/opt/rustwide/rustup-home/toolchains/1.54.0-x86_64-unknown-linux-gnu/lib/rustlib/x86_64-unknown-linux-gnu/lib/liballoc-379cc252b6943a79.rlib" "/opt/rustwide/rustup-home/toolchains/1.54.0-x86_64-unknown-linux-gnu/lib/rustlib/x86_64-unknown-linux-gnu/lib/librustc_std_workspace_core-8063eea38dcc5e62.rlib" "/opt/rustwide/rustup-home/toolchains/1.54.0-x86_64-unknown-linux-gnu/lib/rustlib/x86_64-unknown-linux-gnu/lib/libcore-5b228734afae15ee.rlib" "-Wl,--end-group" "/opt/rustwide/rustup-home/toolchains/1.54.0-x86_64-unknown-linux-gnu/lib/rustlib/x86_64-unknown-linux-gnu/lib/libcompiler_builtins-d6c7a399d95d173f.rlib" "-Wl,-Bdynamic" "-lgcc_s" "-lutil" "-lrt" "-lpthread" "-lm" "-ldl" "-lc" "-Wl,--eh-frame-hdr" "-Wl,-znoexecstack" "-L" "/opt/rustwide/rustup-home/toolchains/1.54.0-x86_64-unknown-linux-gnu/lib/rustlib/x86_64-unknown-linux-gnu/lib" "-o" "/opt/rustwide/target/debug/examples/tsne-fff89409d6bc0015" "-Wl,--gc-sections" "-pie" "-Wl,-zrelro" "-Wl,-znow" "-nodefaultlibs"
[INFO] [stdout]   = note: /usr/bin/ld: /opt/rustwide/target/debug/examples/tsne-fff89409d6bc0015.tsne.3rbfztdf-cgu.3.rcgu.o: in function `ndarray::linalg::impl_linalg::mat_mul_impl':
[INFO] [stdout]           /opt/rustwide/cargo-home/registry/src/github.com-1ecc6299db9ec823/ndarray-0.14.0/src/linalg/impl_linalg.rs:452: undefined reference to `cblas_sgemm'
[INFO] [stdout]           /usr/bin/ld: /opt/rustwide/cargo-home/registry/src/github.com-1ecc6299db9ec823/ndarray-0.14.0/src/linalg/impl_linalg.rs:453: undefined reference to `cblas_dgemm'
[INFO] [stdout]           /usr/bin/ld: /opt/rustwide/target/debug/deps/liblax-f1e7a9576ce0a34f.rlib(lax-f1e7a9576ce0a34f.lax.dzb3wqso-cgu.1.rcgu.o): in function `lapack::dsyev':
[INFO] [stdout]           /opt/rustwide/cargo-home/registry/src/github.com-1ecc6299db9ec823/lapack-0.17.0/src/lib.rs:21713: undefined reference to `dsyev_'
[INFO] [stdout]           /usr/bin/ld: /opt/rustwide/target/debug/deps/liblax-f1e7a9576ce0a34f.rlib(lax-f1e7a9576ce0a34f.lax.dzb3wqso-cgu.1.rcgu.o): in function `lapack::dsygv':
[INFO] [stdout]           /opt/rustwide/cargo-home/registry/src/github.com-1ecc6299db9ec823/lapack-0.17.0/src/lib.rs:25458: undefined reference to `dsygv_'
[INFO] [stdout]           /usr/bin/ld: /opt/rustwide/target/debug/deps/liblax-f1e7a9576ce0a34f.rlib(lax-f1e7a9576ce0a34f.lax.dzb3wqso-cgu.1.rcgu.o): in function `lapack::dpotrf':
[INFO] [stdout]           /opt/rustwide/cargo-home/registry/src/github.com-1ecc6299db9ec823/lapack-0.17.0/src/lib.rs:331: undefined reference to `dpotrf_'
[INFO] [stdout]           /usr/bin/ld: /opt/rustwide/target/debug/deps/liblax-f1e7a9576ce0a34f.rlib(lax-f1e7a9576ce0a34f.lax.dzb3wqso-cgu.1.rcgu.o): in function `lapack::dpotrs':
[INFO] [stdout]           /opt/rustwide/cargo-home/registry/src/github.com-1ecc6299db9ec823/lapack-0.17.0/src/lib.rs:1132: undefined reference to `dpotrs_'
[INFO] [stdout]           /usr/bin/ld: /opt/rustwide/target/debug/deps/liblax-f1e7a9576ce0a34f.rlib(lax-f1e7a9576ce0a34f.lax.dzb3wqso-cgu.1.rcgu.o): in function `lapack::dtrtrs':
[INFO] [stdout]           /opt/rustwide/cargo-home/registry/src/github.com-1ecc6299db9ec823/lapack-0.17.0/src/lib.rs:1882: undefined reference to `dtrtrs_'
[INFO] [stdout]           collect2: error: ld returned 1 exit status
[INFO] [stdout]           
[INFO] [stdout] 
[INFO] [stdout] 
[INFO] [stdout] error: aborting due to previous error
[INFO] [stdout] 
[INFO] [stdout] 
[INFO] [stderr] error: build failed
[INFO] running `Command { std: "docker" "inspect" "168715fb6dded45a4d776af512a7673b49ddbe2e4e07006e588503a06572653e", kill_on_drop: false }`
[INFO] running `Command { std: "docker" "rm" "-f" "168715fb6dded45a4d776af512a7673b49ddbe2e4e07006e588503a06572653e", kill_on_drop: false }`
[INFO] [stdout] 168715fb6dded45a4d776af512a7673b49ddbe2e4e07006e588503a06572653e
