[INFO] fetching crate libzmq-sys 0.1.8+4.3.2...
[INFO] testing libzmq-sys-0.1.8+4.3.2 against 1.54.0 for beta-1.55-1
[INFO] extracting crate libzmq-sys 0.1.8+4.3.2 into /workspace/builds/worker-45/source
[INFO] validating manifest of crates.io crate libzmq-sys 0.1.8+4.3.2 on toolchain 1.54.0
[INFO] running `Command { std: "/workspace/cargo-home/bin/cargo" "+1.54.0" "metadata" "--manifest-path" "Cargo.toml" "--no-deps", kill_on_drop: false }`
[INFO] started tweaking crates.io crate libzmq-sys 0.1.8+4.3.2
[INFO] finished tweaking crates.io crate libzmq-sys 0.1.8+4.3.2
[INFO] tweaked toml for crates.io crate libzmq-sys 0.1.8+4.3.2 written to /workspace/builds/worker-45/source/Cargo.toml
[INFO] running `Command { std: "/workspace/cargo-home/bin/cargo" "+1.54.0" "generate-lockfile" "--manifest-path" "Cargo.toml" "-Zno-index-update", kill_on_drop: false }`
[INFO] [stderr]     Blocking waiting for file lock on package cache
[INFO] running `Command { std: "/workspace/cargo-home/bin/cargo" "+1.54.0" "fetch" "--manifest-path" "Cargo.toml", kill_on_drop: false }`
[INFO] [stderr]     Blocking waiting for file lock on package cache
[INFO] [stderr]     Blocking waiting for file lock on package cache
[INFO] running `Command { std: "docker" "create" "-v" "/var/lib/crater-agent-workspace/builds/worker-45/target:/opt/rustwide/target:rw,Z" "-v" "/var/lib/crater-agent-workspace/builds/worker-45/source:/opt/rustwide/workdir:ro,Z" "-v" "/var/lib/crater-agent-workspace/cargo-home:/opt/rustwide/cargo-home:ro,Z" "-v" "/var/lib/crater-agent-workspace/rustup-home:/opt/rustwide/rustup-home:ro,Z" "-e" "SOURCE_DIR=/opt/rustwide/workdir" "-e" "CARGO_TARGET_DIR=/opt/rustwide/target" "-e" "CARGO_HOME=/opt/rustwide/cargo-home" "-e" "RUSTUP_HOME=/opt/rustwide/rustup-home" "-w" "/opt/rustwide/workdir" "-m" "1610612736" "--user" "0:0" "--network" "none" "ghcr.io/rust-lang/crates-build-env/linux@sha256:34b6a614d2c27851fe6cbf88fbd1137609cefab8b10d0615aaeb6fd47975d74e" "/opt/rustwide/cargo-home/bin/cargo" "+1.54.0" "metadata" "--no-deps" "--format-version=1", kill_on_drop: false }`
[INFO] [stdout] 816e9ea90bed34316e63a8815a100ed935c8d83b4bbe40040d73e25b75445f34
[INFO] running `Command { std: "docker" "start" "-a" "816e9ea90bed34316e63a8815a100ed935c8d83b4bbe40040d73e25b75445f34", kill_on_drop: false }`
[INFO] running `Command { std: "docker" "inspect" "816e9ea90bed34316e63a8815a100ed935c8d83b4bbe40040d73e25b75445f34", kill_on_drop: false }`
[INFO] running `Command { std: "docker" "rm" "-f" "816e9ea90bed34316e63a8815a100ed935c8d83b4bbe40040d73e25b75445f34", kill_on_drop: false }`
[INFO] [stdout] 816e9ea90bed34316e63a8815a100ed935c8d83b4bbe40040d73e25b75445f34
[INFO] running `Command { std: "docker" "create" "-v" "/var/lib/crater-agent-workspace/builds/worker-45/target:/opt/rustwide/target:rw,Z" "-v" "/var/lib/crater-agent-workspace/builds/worker-45/source:/opt/rustwide/workdir:ro,Z" "-v" "/var/lib/crater-agent-workspace/cargo-home:/opt/rustwide/cargo-home:ro,Z" "-v" "/var/lib/crater-agent-workspace/rustup-home:/opt/rustwide/rustup-home:ro,Z" "-e" "SOURCE_DIR=/opt/rustwide/workdir" "-e" "CARGO_TARGET_DIR=/opt/rustwide/target" "-e" "CARGO_INCREMENTAL=0" "-e" "RUST_BACKTRACE=full" "-e" "RUSTFLAGS=--cap-lints=warn" "-e" "CARGO_HOME=/opt/rustwide/cargo-home" "-e" "RUSTUP_HOME=/opt/rustwide/rustup-home" "-w" "/opt/rustwide/workdir" "-m" "1610612736" "--user" "0:0" "--network" "none" "ghcr.io/rust-lang/crates-build-env/linux@sha256:34b6a614d2c27851fe6cbf88fbd1137609cefab8b10d0615aaeb6fd47975d74e" "/opt/rustwide/cargo-home/bin/cargo" "+1.54.0" "build" "--frozen" "--message-format=json", kill_on_drop: false }`
[INFO] [stdout] ed5d768c956aaf28caf46dba5a8b624a130451435c53bfafbdd806679a2f4b39
[INFO] running `Command { std: "docker" "start" "-a" "ed5d768c956aaf28caf46dba5a8b624a130451435c53bfafbdd806679a2f4b39", kill_on_drop: false }`
[INFO] [stderr]    Compiling cmake v0.1.45
[INFO] [stderr]    Compiling zeromq-src v0.1.10+4.3.2
[INFO] [stderr]    Compiling libzmq-sys v0.1.8+4.3.2 (/opt/rustwide/workdir)
[INFO] [stderr] error: failed to run custom build command for `libzmq-sys v0.1.8+4.3.2 (/opt/rustwide/workdir)`
[INFO] [stderr] 
[INFO] [stderr] Caused by:
[INFO] [stderr]   process didn't exit successfully: `/opt/rustwide/target/debug/build/libzmq-sys-39b7aafaf2b729c6/build-script-build` (exit status: 101)
[INFO] [stderr]   --- stdout
[INFO] [stderr]   cargo:rerun-if-changed=build.rs
[INFO] [stderr]   cargo:rerun-if-env-changed=PROFILE
[INFO] [stderr]   running: "cmake" "/opt/rustwide/cargo-home/registry/src/github.com-1ecc6299db9ec823/zeromq-src-0.1.10+4.3.2/vendor" "-DCMAKE_INSTALL_LIBDIR=lib" "-DCMAKE_C_STANDARD=99" "-DZMQ_BUILD_TESTS=OFF" "-DENABLE_DRAFTS=ON" "-DENABLE_CURVE=ON" "-DCMAKE_BUILD_TYPE=Debug" "-DWITH_PERF_TOOL=OFF" "-DBUILD_SHARED=OFF" "-DBUILD_STATIC=ON" "-DWITH_LIBSODIUM=OFF" "-DCMAKE_INSTALL_PREFIX=/opt/rustwide/target/debug/build/libzmq-sys-0f3e6211196ee2bc/out" "-DCMAKE_C_FLAGS= -ffunction-sections -fdata-sections -fPIC -m64" "-DCMAKE_C_COMPILER=/usr/bin/cc" "-DCMAKE_CXX_FLAGS= -ffunction-sections -fdata-sections -fPIC -m64" "-DCMAKE_CXX_COMPILER=/usr/bin/c++" "-DCMAKE_ASM_FLAGS= -ffunction-sections -fdata-sections -fPIC -m64" "-DCMAKE_ASM_COMPILER=/usr/bin/cc"
[INFO] [stderr]   -- The C compiler identification is GNU 9.3.0
[INFO] [stderr]   -- The CXX compiler identification is GNU 9.3.0
[INFO] [stderr]   -- Check for working C compiler: /usr/bin/cc
[INFO] [stderr]   -- Check for working C compiler: /usr/bin/cc -- works
[INFO] [stderr]   -- Detecting C compiler ABI info
[INFO] [stderr]   -- Detecting C compiler ABI info - done
[INFO] [stderr]   -- Detecting C compile features
[INFO] [stderr]   -- Detecting C compile features - done
[INFO] [stderr]   -- Check for working CXX compiler: /usr/bin/c++
[INFO] [stderr]   -- Check for working CXX compiler: /usr/bin/c++ -- works
[INFO] [stderr]   -- Detecting CXX compiler ABI info
[INFO] [stderr]   -- Detecting CXX compiler ABI info - done
[INFO] [stderr]   -- Detecting CXX compile features
[INFO] [stderr]   -- Detecting CXX compile features - done
[INFO] [stderr]   -- Looking for pthread.h
[INFO] [stderr]   -- Looking for pthread.h - found
[INFO] [stderr]   -- Performing Test CMAKE_HAVE_LIBC_PTHREAD
[INFO] [stderr]   -- Performing Test CMAKE_HAVE_LIBC_PTHREAD - Failed
[INFO] [stderr]   -- Looking for pthread_create in pthreads
[INFO] [stderr]   -- Looking for pthread_create in pthreads - not found
[INFO] [stderr]   -- Looking for pthread_create in pthread
[INFO] [stderr]   -- Looking for pthread_create in pthread - found
[INFO] [stderr]   -- Found Threads: TRUE  
[INFO] [stderr]   -- Detected ZMQ Version - 4.3.2
[INFO] [stderr]   -- Performing Test COMPILER_SUPPORTS_CXX11
[INFO] [stderr]   -- Performing Test COMPILER_SUPPORTS_CXX11 - Success
[INFO] [stderr]   -- Performing Test COMPILER_SUPPORTS_C11
[INFO] [stderr]   -- Performing Test COMPILER_SUPPORTS_C11 - Success
[INFO] [stderr]   -- Performing Test CXX_HAS_TAUT_WARNING
[INFO] [stderr]   -- Performing Test CXX_HAS_TAUT_WARNING - Success
[INFO] [stderr]   -- Performing Test CC_HAS_TAUT_WARNING
[INFO] [stderr]   -- Performing Test CC_HAS_TAUT_WARNING - Success
[INFO] [stderr]   -- Using tweetnacl for CURVE security
[INFO] [stderr]   -- Using radix tree implementation to manage subscriptions
[INFO] [stderr]   -- Looking for kqueue
[INFO] [stderr]   -- Looking for kqueue - not found
[INFO] [stderr]   -- Looking for epoll_create
[INFO] [stderr]   -- Looking for epoll_create - found
[INFO] [stderr]   -- Looking for epoll_create1
[INFO] [stderr]   -- Looking for epoll_create1 - found
[INFO] [stderr]   -- Using polling method in I/O threads: epoll
[INFO] [stderr]   -- Using polling method in zmq_poll(er)_* API: poll
[INFO] [stderr]   -- Using 64 bytes alignment for lock-free data structures
[INFO] [stderr]   -- Looking for include file windows.h
[INFO] [stderr]   -- Looking for include file windows.h - not found
[INFO] [stderr]   -- Looking for include file condition_variable
[INFO] [stderr]   -- Looking for include file condition_variable - found
[INFO] [stderr]   -- Using condition_variable_t implementation: stl11
[INFO] [stderr]   -- Looking for include file ifaddrs.h
[INFO] [stderr]   -- Looking for include file ifaddrs.h - found
[INFO] [stderr]   -- Looking for include file sys/uio.h
[INFO] [stderr]   -- Looking for include file sys/uio.h - found
[INFO] [stderr]   -- Looking for include file sys/eventfd.h
[INFO] [stderr]   -- Looking for include file sys/eventfd.h - found
[INFO] [stderr]   -- Checking whether EFD_CLOEXEC is supported
[INFO] [stderr]   -- Performing Test ZMQ_HAVE_EVENTFD_CLOEXEC
[INFO] [stderr]   -- Performing Test ZMQ_HAVE_EVENTFD_CLOEXEC - Success
[INFO] [stderr]   -- Looking for SO_PEERCRED
[INFO] [stderr]   -- Looking for SO_PEERCRED - found
[INFO] [stderr]   -- Looking for LOCAL_PEERCRED
[INFO] [stderr]   -- Looking for LOCAL_PEERCRED - not found
[INFO] [stderr]   -- Looking for clock_gettime
[INFO] [stderr]   -- Looking for clock_gettime - found
[INFO] [stderr]   -- Looking for fork
[INFO] [stderr]   -- Looking for fork - found
[INFO] [stderr]   -- Looking for gethrtimei
[INFO] [stderr]   -- Looking for gethrtimei - not found
[INFO] [stderr]   -- Looking for mkdtemp
[INFO] [stderr]   -- Looking for mkdtemp - found
[INFO] [stderr]   -- Looking for accept4
[INFO] [stderr]   -- Looking for accept4 - found
[INFO] [stderr]   -- Looking for strnlen
[INFO] [stderr]   -- Looking for strnlen - found
[INFO] [stderr]   -- Performing Test HAVE_FLAG_-Wall
[INFO] [stderr]   -- Performing Test HAVE_FLAG_-Wall - Failed
[INFO] [stderr]   -- Performing Test HAVE_FLAG_-Wextra
[INFO] [stderr]   -- Performing Test HAVE_FLAG_-Wextra - Failed
[INFO] [stderr]   -- Performing Test HAVE_FLAG_-Wno-long-long
[INFO] [stderr]   -- Performing Test HAVE_FLAG_-Wno-long-long - Failed
[INFO] [stderr]   -- Performing Test HAVE_FLAG_-Wno-uninitialized
[INFO] [stderr]   -- Performing Test HAVE_FLAG_-Wno-uninitialized - Failed
[INFO] [stderr]   -- Performing Test HAVE_FLAG_-pedantic
[INFO] [stderr]   -- Performing Test HAVE_FLAG_-pedantic - Failed
[INFO] [stderr]   -- Checking whether noexcept is supported
[INFO] [stderr]   -- Performing Test ZMQ_HAVE_NOEXCEPT
[INFO] [stderr]   -- Performing Test ZMQ_HAVE_NOEXCEPT - Success
[INFO] [stderr]   -- Checking whether SOCK_CLOEXEC is supported
[INFO] [stderr]   -- Performing Test ZMQ_HAVE_SOCK_CLOEXEC
[INFO] [stderr]   -- Performing Test ZMQ_HAVE_SOCK_CLOEXEC - Success
[INFO] [stderr]   -- Checking whether O_CLOEXEC is supported
[INFO] [stderr]   -- Performing Test ZMQ_HAVE_O_CLOEXEC
[INFO] [stderr]   -- Performing Test ZMQ_HAVE_O_CLOEXEC - Success
[INFO] [stderr]   -- Checking whether SO_BINDTODEVICE is supported
[INFO] [stderr]   -- Performing Test ZMQ_HAVE_SO_BINDTODEVICE
[INFO] [stderr]   -- Performing Test ZMQ_HAVE_SO_BINDTODEVICE - Success
[INFO] [stderr]   -- Checking whether SO_KEEPALIVE is supported
[INFO] [stderr]   -- Performing Test ZMQ_HAVE_SO_KEEPALIVE
[INFO] [stderr]   -- Performing Test ZMQ_HAVE_SO_KEEPALIVE - Success
[INFO] [stderr]   -- Checking whether TCP_KEEPCNT is supported
[INFO] [stderr]   -- Performing Test ZMQ_HAVE_TCP_KEEPCNT
[INFO] [stderr]   -- Performing Test ZMQ_HAVE_TCP_KEEPCNT - Success
[INFO] [stderr]   -- Checking whether TCP_KEEPIDLE is supported
[INFO] [stderr]   -- Performing Test ZMQ_HAVE_TCP_KEEPIDLE
[INFO] [stderr]   -- Performing Test ZMQ_HAVE_TCP_KEEPIDLE - Success
[INFO] [stderr]   -- Checking whether TCP_KEEPINTVL is supported
[INFO] [stderr]   -- Performing Test ZMQ_HAVE_TCP_KEEPINTVL
[INFO] [stderr]   -- Performing Test ZMQ_HAVE_TCP_KEEPINTVL - Success
[INFO] [stderr]   -- Checking whether TCP_KEEPALIVE is supported
[INFO] [stderr]   -- Performing Test ZMQ_HAVE_TCP_KEEPALIVE
[INFO] [stderr]   -- Performing Test ZMQ_HAVE_TCP_KEEPALIVE - Failed
[INFO] [stderr]   -- Checking whether TIPC is supported
[INFO] [stderr]   -- Performing Test ZMQ_HAVE_TIPC
[INFO] [stderr]   -- Performing Test ZMQ_HAVE_TIPC - Success
[INFO] [stderr]   -- Checking pthread_setname signature
[INFO] [stderr]   -- Performing Test ZMQ_HAVE_PTHREAD_SETNAME_1
[INFO] [stderr]   -- Performing Test ZMQ_HAVE_PTHREAD_SETNAME_1 - Failed
[INFO] [stderr]   -- Performing Test ZMQ_HAVE_PTHREAD_SETNAME_2
[INFO] [stderr]   -- Performing Test ZMQ_HAVE_PTHREAD_SETNAME_2 - Success
[INFO] [stderr]   -- Performing Test ZMQ_HAVE_PTHREAD_SETNAME_3
[INFO] [stderr]   -- Performing Test ZMQ_HAVE_PTHREAD_SETNAME_3 - Failed
[INFO] [stderr]   -- Performing Test ZMQ_HAVE_PTHREAD_SET_NAME
[INFO] [stderr]   -- Performing Test ZMQ_HAVE_PTHREAD_SET_NAME - Failed
[INFO] [stderr]   -- Checking pthread_setaffinity signature
[INFO] [stderr]   -- Performing Test ZMQ_HAVE_PTHREAD_SETAFFINITY
[INFO] [stderr]   -- Performing Test ZMQ_HAVE_PTHREAD_SETAFFINITY - Success
[INFO] [stderr]   -- Checking whether getrandom is supported
[INFO] [stderr]   -- Performing Test ZMQ_HAVE_GETRANDOM
[INFO] [stderr]   -- Performing Test ZMQ_HAVE_GETRANDOM - Success
[INFO] [stderr]   -- Could NOT find AsciiDoc (missing: ASCIIDOC_EXECUTABLE) 
[INFO] [stderr]   -- Configuring done
[INFO] [stderr]   -- Generating done
[INFO] [stderr]   -- Build files have been written to: /opt/rustwide/target/debug/build/libzmq-sys-0f3e6211196ee2bc/out/build
[INFO] [stderr]   running: "cmake" "--build" "." "--target" "install" "--config" "Debug" "--"
[INFO] [stderr]   Scanning dependencies of target objects
[INFO] [stderr]   [  1%] Building C object CMakeFiles/objects.dir/src/tweetnacl.c.o
[INFO] [stderr]   [  2%] Building CXX object CMakeFiles/objects.dir/src/precompiled.cpp.o
[INFO] [stderr]   [  3%] Building CXX object CMakeFiles/objects.dir/src/address.cpp.o
[INFO] [stderr]   [  4%] Building CXX object CMakeFiles/objects.dir/src/client.cpp.o
[INFO] [stderr]   [  6%] Building CXX object CMakeFiles/objects.dir/src/curve_mechanism_base.cpp.o
[INFO] [stderr]   [  6%] Building CXX object CMakeFiles/objects.dir/src/curve_client.cpp.o
[INFO] [stderr]   [  7%] Building CXX object CMakeFiles/objects.dir/src/ctx.cpp.o
[INFO] [stderr]   [  8%] Building CXX object CMakeFiles/objects.dir/src/clock.cpp.o
[INFO] [stderr]   [  9%] Building CXX object CMakeFiles/objects.dir/src/curve_server.cpp.o
[INFO] [stderr]   [ 10%] Building CXX object CMakeFiles/objects.dir/src/devpoll.cpp.o
[INFO] [stderr]   [ 11%] Building CXX object CMakeFiles/objects.dir/src/dgram.cpp.o
[INFO] [stderr]   [ 12%] Building CXX object CMakeFiles/objects.dir/src/dealer.cpp.o
[INFO] [stderr]   [ 15%] Building CXX object CMakeFiles/objects.dir/src/fq.cpp.o
[INFO] [stderr]   [ 16%] Building CXX object CMakeFiles/objects.dir/src/io_object.cpp.o
[INFO] [stderr]   [ 17%] Building CXX object CMakeFiles/objects.dir/src/io_thread.cpp.o
[INFO] [stderr]   [ 18%] Building CXX object CMakeFiles/objects.dir/src/ipc_address.cpp.o
[INFO] [stderr]   [ 19%] Building CXX object CMakeFiles/objects.dir/src/endpoint.cpp.o
[INFO] [stderr]   [ 21%] Building CXX object CMakeFiles/objects.dir/src/ipc_connecter.cpp.o
[INFO] [stderr]   [ 22%] Building CXX object CMakeFiles/objects.dir/src/ip.cpp.o
[INFO] [stderr]   [ 22%] Building CXX object CMakeFiles/objects.dir/src/dist.cpp.o
[INFO] [stderr]   [ 23%] Building CXX object CMakeFiles/objects.dir/src/ipc_listener.cpp.o
[INFO] [stderr]   [ 22%] Building CXX object CMakeFiles/objects.dir/src/epoll.cpp.o
[INFO] [stderr]   [ 22%] Building CXX object CMakeFiles/objects.dir/src/lb.cpp.o
[INFO] [stderr]   [ 25%] Building CXX object CMakeFiles/objects.dir/src/mailbox.cpp.o
[INFO] [stderr]   [ 26%] Building CXX object CMakeFiles/objects.dir/src/mailbox_safe.cpp.o
[INFO] [stderr]   [ 26%] Building CXX object CMakeFiles/objects.dir/src/kqueue.cpp.o
[INFO] [stderr]   [ 28%] Building CXX object CMakeFiles/objects.dir/src/err.cpp.o
[INFO] [stderr]   [ 28%] Building CXX object CMakeFiles/objects.dir/src/mechanism.cpp.o
[INFO] [stderr]   [ 29%] Building CXX object CMakeFiles/objects.dir/src/mechanism_base.cpp.o
[INFO] [stderr]   [ 31%] Building CXX object CMakeFiles/objects.dir/src/norm_engine.cpp.o
[INFO] [stderr]   [ 31%] Building CXX object CMakeFiles/objects.dir/src/object.cpp.o
[INFO] [stderr]   [ 32%] Building CXX object CMakeFiles/objects.dir/src/metadata.cpp.o
[INFO] [stderr]   [ 32%] Building CXX object CMakeFiles/objects.dir/src/mtrie.cpp.o
[INFO] [stderr]   [ 33%] Building CXX object CMakeFiles/objects.dir/src/msg.cpp.o
[INFO] [stderr]   [ 34%] Building CXX object CMakeFiles/objects.dir/src/options.cpp.o
[INFO] [stderr]   [ 35%] Building CXX object CMakeFiles/objects.dir/src/own.cpp.o
[INFO] [stderr]   [ 36%] Building CXX object CMakeFiles/objects.dir/src/null_mechanism.cpp.o
[INFO] [stderr]   [ 37%] Building CXX object CMakeFiles/objects.dir/src/pgm_sender.cpp.o
[INFO] [stderr]   [ 38%] Building CXX object CMakeFiles/objects.dir/src/pipe.cpp.o
[INFO] [stderr]   [ 39%] Building CXX object CMakeFiles/objects.dir/src/pgm_socket.cpp.o
[INFO] [stderr]   [ 41%] Building CXX object CMakeFiles/objects.dir/src/pair.cpp.o
[INFO] [stderr]   [ 41%] Building CXX object CMakeFiles/objects.dir/src/pgm_receiver.cpp.o
[INFO] [stderr]   [ 42%] Building CXX object CMakeFiles/objects.dir/src/plain_client.cpp.o
[INFO] [stderr]   [ 43%] Building CXX object CMakeFiles/objects.dir/src/plain_server.cpp.o
[INFO] [stderr]   [ 46%] Building CXX object CMakeFiles/objects.dir/src/polling_util.cpp.o
[INFO] [stderr]   [ 46%] Building CXX object CMakeFiles/objects.dir/src/poller_base.cpp.o
[INFO] [stderr]   [ 46%] Building CXX object CMakeFiles/objects.dir/src/poll.cpp.o
[INFO] [stderr]   [ 47%] Building CXX object CMakeFiles/objects.dir/src/pollset.cpp.o
[INFO] [stderr]   [ 48%] Building CXX object CMakeFiles/objects.dir/src/proxy.cpp.o
[INFO] [stderr]   [ 49%] Building CXX object CMakeFiles/objects.dir/src/random.cpp.o
[INFO] [stderr]   [ 50%] Building CXX object CMakeFiles/objects.dir/src/push.cpp.o
[INFO] [stderr]   [ 51%] Building CXX object CMakeFiles/objects.dir/src/pull.cpp.o
[INFO] [stderr]   [ 52%] Building CXX object CMakeFiles/objects.dir/src/raw_encoder.cpp.o
[INFO] [stderr]   [ 53%] Building CXX object CMakeFiles/objects.dir/src/pub.cpp.o
[INFO] [stderr]   [ 54%] Building CXX object CMakeFiles/objects.dir/src/reaper.cpp.o
[INFO] [stderr]   [ 55%] Building CXX object CMakeFiles/objects.dir/src/raw_decoder.cpp.o
[INFO] [stderr]   [ 56%] Building CXX object CMakeFiles/objects.dir/src/rep.cpp.o
[INFO] [stderr]   [ 58%] Building CXX object CMakeFiles/objects.dir/src/server.cpp.o
[INFO] [stderr]   [ 57%] Building CXX object CMakeFiles/objects.dir/src/req.cpp.o
[INFO] [stderr]   [ 59%] Building CXX object CMakeFiles/objects.dir/src/router.cpp.o
[INFO] [stderr]   [ 61%] Building CXX object CMakeFiles/objects.dir/src/select.cpp.o
[INFO] [stderr]   [ 61%] Building CXX object CMakeFiles/objects.dir/src/session_base.cpp.o
[INFO] [stderr]   [ 62%] Building CXX object CMakeFiles/objects.dir/src/socks_connecter.cpp.o
[INFO] [stderr]   [ 62%] Building CXX object CMakeFiles/objects.dir/src/signaler.cpp.o
[INFO] [stderr]   [ 63%] Building CXX object CMakeFiles/objects.dir/src/stream_engine.cpp.o
[INFO] [stderr]   [ 64%] Building CXX object CMakeFiles/objects.dir/src/socket_base.cpp.o
[INFO] [stderr]   [ 65%] Building CXX object CMakeFiles/objects.dir/src/tcp.cpp.o
[INFO] [stderr]   [ 66%] Building CXX object CMakeFiles/objects.dir/src/stream.cpp.o
[INFO] [stderr]   [ 67%] Building CXX object CMakeFiles/objects.dir/src/socks.cpp.o
[INFO] [stderr]   [ 68%] Building CXX object CMakeFiles/objects.dir/src/tcp_address.cpp.o
[INFO] [stderr]   [ 69%] Building CXX object CMakeFiles/objects.dir/src/sub.cpp.o
[INFO] [stderr]   [ 70%] Building CXX object CMakeFiles/objects.dir/src/tcp_connecter.cpp.o
[INFO] [stderr]   [ 71%] Building CXX object CMakeFiles/objects.dir/src/tcp_listener.cpp.o
[INFO] [stderr]   [ 73%] Building CXX object CMakeFiles/objects.dir/src/thread.cpp.o
[INFO] [stderr]   [ 74%] Building CXX object CMakeFiles/objects.dir/src/v2_decoder.cpp.o
[INFO] [stderr]   [ 75%] Building CXX object CMakeFiles/objects.dir/src/radix_tree.cpp.o
[INFO] [stderr]   [ 76%] Building CXX object CMakeFiles/objects.dir/src/decoder_allocators.cpp.o
[INFO] [stderr]   [ 77%] Building CXX object CMakeFiles/objects.dir/src/trie.cpp.o
[INFO] [stderr]   [ 77%] Building CXX object CMakeFiles/objects.dir/src/v1_decoder.cpp.o
[INFO] [stderr]   [ 78%] Building CXX object CMakeFiles/objects.dir/src/xsub.cpp.o
[INFO] [stderr]   [ 79%] Building CXX object CMakeFiles/objects.dir/src/xpub.cpp.o
[INFO] [stderr]   [ 80%] Building CXX object CMakeFiles/objects.dir/src/zmq.cpp.o
[INFO] [stderr]   [ 82%] Building CXX object CMakeFiles/objects.dir/src/v2_encoder.cpp.o
[INFO] [stderr]   [ 82%] Building CXX object CMakeFiles/objects.dir/src/socket_poller.cpp.o
[INFO] [stderr]   [ 84%] Building CXX object CMakeFiles/objects.dir/src/zmq_utils.cpp.o
[INFO] [stderr]   [ 84%] Building CXX object CMakeFiles/objects.dir/src/v1_encoder.cpp.o
[INFO] [stderr] 
[INFO] [stderr]   --- stderr
[INFO] [stderr]   CMake Warning:
[INFO] [stderr]     Manually-specified variables were not used by the project:
[INFO] [stderr] 
[INFO] [stderr]       CMAKE_ASM_COMPILER
[INFO] [stderr]       CMAKE_ASM_FLAGS
[INFO] [stderr] 
[INFO] [stderr] 
[INFO] [stderr]   c++: fatal error: Killed signal terminated program cc1plus
[INFO] [stderr]   compilation terminated.
[INFO] [stderr]   make[2]: *** [CMakeFiles/objects.dir/build.make:154: CMakeFiles/objects.dir/src/curve_client.cpp.o] Error 1
[INFO] [stderr]   make[2]: *** Waiting for unfinished jobs....
[INFO] [stderr]   c++: fatal error: Killed signal terminated program cc1plus
[INFO] [stderr]   compilation terminated.
[INFO] [stderr]   make[2]: *** [CMakeFiles/objects.dir/build.make:141: CMakeFiles/objects.dir/src/curve_mechanism_base.cpp.o] Error 1
[INFO] [stderr]   c++: fatal error: Killed signal terminated program cc1plus
[INFO] [stderr]   compilation terminated.
[INFO] [stderr]   make[2]: *** [CMakeFiles/objects.dir/build.make:128: CMakeFiles/objects.dir/src/ctx.cpp.o] Error 1
[INFO] [stderr]   c++: fatal error: Killed signal terminated program cc1plus
[INFO] [stderr]   compilation terminated.
[INFO] [stderr]   make[2]: *** [CMakeFiles/objects.dir/build.make:180: CMakeFiles/objects.dir/src/dealer.cpp.o] Error 1
[INFO] [stderr]   c++: fatal error: Killed signal terminated program cc1plus
[INFO] [stderr]   compilation terminated.
[INFO] [stderr]   make[2]: *** [CMakeFiles/objects.dir/build.make:167: CMakeFiles/objects.dir/src/curve_server.cpp.o] Error 1
[INFO] [stderr]   c++: fatal error: Killed signal terminated program cc1plus
[INFO] [stderr]   compilation terminated.
[INFO] [stderr]   make[2]: *** [CMakeFiles/objects.dir/build.make:102: CMakeFiles/objects.dir/src/client.cpp.o] Error 1
[INFO] [stderr]   c++: fatal error: Killed signal terminated program cc1plus
[INFO] [stderr]   compilation terminated.
[INFO] [stderr]   make[2]: *** [CMakeFiles/objects.dir/build.make:297: CMakeFiles/objects.dir/src/io_thread.cpp.o] Error 1
[INFO] [stderr]   c++: fatal error: Killed signal terminated program cc1plus
[INFO] [stderr]   compilation terminated.
[INFO] [stderr]   make[2]: *** [CMakeFiles/objects.dir/build.make:284: CMakeFiles/objects.dir/src/io_object.cpp.o] Error 1
[INFO] [stderr]   c++: fatal error: Killed signal terminated program cc1plus
[INFO] [stderr]   compilation terminated.
[INFO] [stderr]   make[2]: *** [CMakeFiles/objects.dir/build.make:206: CMakeFiles/objects.dir/src/dgram.cpp.o] Error 1
[INFO] [stderr]   c++: fatal error: Killed signal terminated program cc1plus
[INFO] [stderr]   compilation terminated.
[INFO] [stderr]   make[2]: *** [CMakeFiles/objects.dir/build.make:375: CMakeFiles/objects.dir/src/lb.cpp.o] Error 1
[INFO] [stderr]   c++: fatal error: Killed signal terminated program cc1plus
[INFO] [stderr]   compilation terminated.
[INFO] [stderr]   make[2]: *** [CMakeFiles/objects.dir/build.make:271: CMakeFiles/objects.dir/src/fq.cpp.o] Error 1
[INFO] [stderr]   c++: fatal error: Killed signal terminated program cc1plus
[INFO] [stderr]   compilation terminated.
[INFO] [stderr]   make[2]: *** [CMakeFiles/objects.dir/build.make:414: CMakeFiles/objects.dir/src/mechanism.cpp.o] Error 1
[INFO] [stderr]   c++: fatal error: Killed signal terminated program cc1plus
[INFO] [stderr]   compilation terminated.
[INFO] [stderr]   make[2]: *** [CMakeFiles/objects.dir/build.make:362: CMakeFiles/objects.dir/src/kqueue.cpp.o] Error 1
[INFO] [stderr]   c++: fatal error: Killed signal terminated program cc1plus
[INFO] [stderr]   compilation terminated.
[INFO] [stderr]   make[2]: *** [CMakeFiles/objects.dir/build.make:531: CMakeFiles/objects.dir/src/null_mechanism.cpp.o] Error 1
[INFO] [stderr]   c++: fatal error: Killed signal terminated program cc1plus
[INFO] [stderr]   compilation terminated.
[INFO] [stderr]   make[2]: *** [CMakeFiles/objects.dir/build.make:492: CMakeFiles/objects.dir/src/object.cpp.o] Error 1
[INFO] [stderr]   c++: fatal error: Killed signal terminated program cc1plus
[INFO] [stderr]   compilation terminated.
[INFO] [stderr]   make[2]: *** [CMakeFiles/objects.dir/build.make:349: CMakeFiles/objects.dir/src/ipc_listener.cpp.o] Error 1
[INFO] [stderr]   c++: fatal error: Killed signal terminated program cc1plus
[INFO] [stderr]   compilation terminated.
[INFO] [stderr]   make[2]: *** [CMakeFiles/objects.dir/build.make:505: CMakeFiles/objects.dir/src/options.cpp.o] Error 1
[INFO] [stderr]   c++: fatal error: Killed signal terminated program cc1plus
[INFO] [stderr]   compilation terminated.
[INFO] [stderr]   make[2]: *** [CMakeFiles/objects.dir/build.make:518: CMakeFiles/objects.dir/src/own.cpp.o] Error 1
[INFO] [stderr]   c++: fatal error: Killed signal terminated program cc1plus
[INFO] [stderr]   compilation terminated.
[INFO] [stderr]   make[2]: *** [CMakeFiles/objects.dir/build.make:427: CMakeFiles/objects.dir/src/mechanism_base.cpp.o] Error 1
[INFO] [stderr]   c++: fatal error: Killed signal terminated program cc1plus
[INFO] [stderr]   compilation terminated.
[INFO] [stderr]   make[2]: *** [CMakeFiles/objects.dir/build.make:336: CMakeFiles/objects.dir/src/ipc_connecter.cpp.o] Error 1
[INFO] [stderr]   c++: fatal error: Killed signal terminated program cc1plus
[INFO] [stderr]   compilation terminated.
[INFO] [stderr]   make[2]: *** [CMakeFiles/objects.dir/build.make:401: CMakeFiles/objects.dir/src/mailbox_safe.cpp.o] Error 1
[INFO] [stderr]   c++: fatal error: Killed signal terminated program cc1plus
[INFO] [stderr]   compilation terminated.
[INFO] [stderr]   make[2]: *** [CMakeFiles/objects.dir/build.make:596: CMakeFiles/objects.dir/src/pipe.cpp.o] Error 1
[INFO] [stderr]   c++: fatal error: Killed signal terminated program cc1plus
[INFO] [stderr]   compilation terminated.
[INFO] [stderr]   make[2]: *** [CMakeFiles/objects.dir/build.make:245: CMakeFiles/objects.dir/src/epoll.cpp.o] Error 1
[INFO] [stderr]   c++: fatal error: Killed signal terminated program cc1plus
[INFO] [stderr]   compilation terminated.
[INFO] [stderr]   make[2]: *** [CMakeFiles/objects.dir/build.make:622: CMakeFiles/objects.dir/src/plain_server.cpp.o] Error 1
[INFO] [stderr]   c++: fatal error: Killed signal terminated program cc1plus
[INFO] [stderr]   compilation terminated.
[INFO] [stderr]   make[2]: *** [CMakeFiles/objects.dir/build.make:544: CMakeFiles/objects.dir/src/pair.cpp.o] Error 1
[INFO] [stderr]   c++: fatal error: Killed signal terminated program cc1plus
[INFO] [stderr]   compilation terminated.
[INFO] [stderr]   make[2]: *** [CMakeFiles/objects.dir/build.make:609: CMakeFiles/objects.dir/src/plain_client.cpp.o] Error 1
[INFO] [stderr]   c++: fatal error: Killed signal terminated program cc1plus
[INFO] [stderr]   compilation terminated.
[INFO] [stderr]   make[2]: *** [CMakeFiles/objects.dir/build.make:635: CMakeFiles/objects.dir/src/poll.cpp.o] Error 1
[INFO] [stderr]   c++: fatal error: Killed signal terminated program cc1plus
[INFO] [stderr]   compilation terminated.
[INFO] [stderr]   make[2]: *** [CMakeFiles/objects.dir/build.make:687: CMakeFiles/objects.dir/src/proxy.cpp.o] Error 1
[INFO] [stderr]   c++: fatal error: Killed signal terminated program cc1plus
[INFO] [stderr]   compilation terminated.
[INFO] [stderr]   make[2]: *** [CMakeFiles/objects.dir/build.make:778: CMakeFiles/objects.dir/src/reaper.cpp.o] Error 1
[INFO] [stderr]   c++: fatal error: Killed signal terminated program cc1plus
[INFO] [stderr]   compilation terminated.
[INFO] [stderr]   make[2]: *** [CMakeFiles/objects.dir/build.make:869: CMakeFiles/objects.dir/src/signaler.cpp.o] Error 1
[INFO] [stderr]   make[1]: *** [CMakeFiles/Makefile2:189: CMakeFiles/objects.dir/all] Error 2
[INFO] [stderr]   make: *** [Makefile:130: all] Error 2
[INFO] [stderr]   thread 'main' panicked at '
[INFO] [stderr]   command did not execute successfully, got: exit status: 2
[INFO] [stderr] 
[INFO] [stderr]   build script failed, must exit now', /opt/rustwide/cargo-home/registry/src/github.com-1ecc6299db9ec823/cmake-0.1.45/src/lib.rs:894:5
[INFO] [stderr]   stack backtrace:
[INFO] [stderr]      0:     0x55c88155abd0 - std::backtrace_rs::backtrace::libunwind::trace::h34055254b57d8e79
[INFO] [stderr]                                  at /rustc/a178d0322ce20e33eac124758e837cbd80a6f633/library/std/src/../../backtrace/src/backtrace/libunwind.rs:90:5
[INFO] [stderr]      1:     0x55c88155abd0 - std::backtrace_rs::backtrace::trace_unsynchronized::h8f1e3fbd9afff6ec
[INFO] [stderr]                                  at /rustc/a178d0322ce20e33eac124758e837cbd80a6f633/library/std/src/../../backtrace/src/backtrace/mod.rs:66:5
[INFO] [stderr]      2:     0x55c88155abd0 - std::sys_common::backtrace::_print_fmt::h3a99a796b770c360
[INFO] [stderr]                                  at /rustc/a178d0322ce20e33eac124758e837cbd80a6f633/library/std/src/sys_common/backtrace.rs:67:5
[INFO] [stderr]      3:     0x55c88155abd0 - <std::sys_common::backtrace::_print::DisplayBacktrace as core::fmt::Display>::fmt::h32d1f94a80615d18
[INFO] [stderr]                                  at /rustc/a178d0322ce20e33eac124758e837cbd80a6f633/library/std/src/sys_common/backtrace.rs:46:22
[INFO] [stderr]      4:     0x55c88157adec - core::fmt::write::h306731c068f7162c
[INFO] [stderr]                                  at /rustc/a178d0322ce20e33eac124758e837cbd80a6f633/library/core/src/fmt/mod.rs:1110:17
[INFO] [stderr]      5:     0x55c8815579c5 - std::io::Write::write_fmt::hd2fa90334eee2a21
[INFO] [stderr]                                  at /rustc/a178d0322ce20e33eac124758e837cbd80a6f633/library/std/src/io/mod.rs:1588:15
[INFO] [stderr]      6:     0x55c88155d21b - std::sys_common::backtrace::_print::h5abaa2601a852287
[INFO] [stderr]                                  at /rustc/a178d0322ce20e33eac124758e837cbd80a6f633/library/std/src/sys_common/backtrace.rs:49:5
[INFO] [stderr]      7:     0x55c88155d21b - std::sys_common::backtrace::print::h8d81445442bb638f
[INFO] [stderr]                                  at /rustc/a178d0322ce20e33eac124758e837cbd80a6f633/library/std/src/sys_common/backtrace.rs:36:9
[INFO] [stderr]      8:     0x55c88155d21b - std::panicking::default_hook::{{closure}}::hcfe804496a9fa747
[INFO] [stderr]                                  at /rustc/a178d0322ce20e33eac124758e837cbd80a6f633/library/std/src/panicking.rs:208:50
[INFO] [stderr]      9:     0x55c88155ccf1 - std::panicking::default_hook::hbea8e3ccf2ba8901
[INFO] [stderr]                                  at /rustc/a178d0322ce20e33eac124758e837cbd80a6f633/library/std/src/panicking.rs:225:9
[INFO] [stderr]     10:     0x55c88155d8e4 - std::panicking::rust_panic_with_hook::h7ee9e1a2d0f8975a
[INFO] [stderr]                                  at /rustc/a178d0322ce20e33eac124758e837cbd80a6f633/library/std/src/panicking.rs:622:17
[INFO] [stderr]     11:     0x55c88155d3c7 - std::panicking::begin_panic_handler::{{closure}}::h8ab3b4491718b2c7
[INFO] [stderr]                                  at /rustc/a178d0322ce20e33eac124758e837cbd80a6f633/library/std/src/panicking.rs:519:13
[INFO] [stderr]     12:     0x55c88155b0cc - std::sys_common::backtrace::__rust_end_short_backtrace::hd489062ffa586a9f
[INFO] [stderr]                                  at /rustc/a178d0322ce20e33eac124758e837cbd80a6f633/library/std/src/sys_common/backtrace.rs:141:18
[INFO] [stderr]     13:     0x55c88155d329 - rust_begin_unwind
[INFO] [stderr]                                  at /rustc/a178d0322ce20e33eac124758e837cbd80a6f633/library/std/src/panicking.rs:515:5
[INFO] [stderr]     14:     0x55c8814d6beb - std::panicking::begin_panic_fmt::h5479575e112541f8
[INFO] [stderr]                                  at /rustc/a178d0322ce20e33eac124758e837cbd80a6f633/library/std/src/panicking.rs:457:5
[INFO] [stderr]     15:     0x55c8814e55a3 - cmake::fail::ha1cc8d11909fbc7e
[INFO] [stderr]                                  at /opt/rustwide/cargo-home/registry/src/github.com-1ecc6299db9ec823/cmake-0.1.45/src/lib.rs:894:5
[INFO] [stderr]     16:     0x55c8814e4fb1 - cmake::run::hdc59bf284b822c8e
[INFO] [stderr]                                  at /opt/rustwide/cargo-home/registry/src/github.com-1ecc6299db9ec823/cmake-0.1.45/src/lib.rs:872:9
[INFO] [stderr]     17:     0x55c8814e29e1 - cmake::Config::build::hf6738867fda55e0d
[INFO] [stderr]                                  at /opt/rustwide/cargo-home/registry/src/github.com-1ecc6299db9ec823/cmake-0.1.45/src/lib.rs:778:9
[INFO] [stderr]     18:     0x55c8814da02e - zeromq_src::Build::build::h10f2e27c63ef2735
[INFO] [stderr]                                  at /opt/rustwide/cargo-home/registry/src/github.com-1ecc6299db9ec823/zeromq-src-0.1.10+4.3.2/src/lib.rs:314:23
[INFO] [stderr]     19:     0x55c8814d7fdf - build_script_build::main::h15f2a4f74c0c593e
[INFO] [stderr]                                  at /opt/rustwide/workdir/build.rs:49:21
[INFO] [stderr]     20:     0x55c8814d7bfb - core::ops::function::FnOnce::call_once::h396b600a25be5e6e
[INFO] [stderr]                                  at /rustc/a178d0322ce20e33eac124758e837cbd80a6f633/library/core/src/ops/function.rs:227:5
[INFO] [stderr]     21:     0x55c8814d80de - std::sys_common::backtrace::__rust_begin_short_backtrace::hf6afa906a860e7b0
[INFO] [stderr]                                  at /rustc/a178d0322ce20e33eac124758e837cbd80a6f633/library/std/src/sys_common/backtrace.rs:125:18
[INFO] [stderr]     22:     0x55c8814d81a1 - std::rt::lang_start::{{closure}}::hd25cc4713f01a9ab
[INFO] [stderr]                                  at /rustc/a178d0322ce20e33eac124758e837cbd80a6f633/library/std/src/rt.rs:49:18
[INFO] [stderr]     23:     0x55c88155dde9 - core::ops::function::impls::<impl core::ops::function::FnOnce<A> for &F>::call_once::h2aabc384aab89b7b
[INFO] [stderr]                                  at /rustc/a178d0322ce20e33eac124758e837cbd80a6f633/library/core/src/ops/function.rs:259:13
[INFO] [stderr]     24:     0x55c88155dde9 - std::panicking::try::do_call::hc5fcacb7a85fc7b1
[INFO] [stderr]                                  at /rustc/a178d0322ce20e33eac124758e837cbd80a6f633/library/std/src/panicking.rs:401:40
[INFO] [stderr]     25:     0x55c88155dde9 - std::panicking::try::hb5d9603af3abbe3a
[INFO] [stderr]                                  at /rustc/a178d0322ce20e33eac124758e837cbd80a6f633/library/std/src/panicking.rs:365:19
[INFO] [stderr]     26:     0x55c88155dde9 - std::panic::catch_unwind::h98fe6ac3925e64b4
[INFO] [stderr]                                  at /rustc/a178d0322ce20e33eac124758e837cbd80a6f633/library/std/src/panic.rs:434:14
[INFO] [stderr]     27:     0x55c88155dde9 - std::rt::lang_start_internal::h22ac7383c516f93e
[INFO] [stderr]                                  at /rustc/a178d0322ce20e33eac124758e837cbd80a6f633/library/std/src/rt.rs:34:21
[INFO] [stderr]     28:     0x55c8814d8180 - std::rt::lang_start::h68617ad08a01f2f6
[INFO] [stderr]                                  at /rustc/a178d0322ce20e33eac124758e837cbd80a6f633/library/std/src/rt.rs:48:5
[INFO] [stderr]     29:     0x55c8814d807c - main
[INFO] [stderr]     30:     0x7fbdfc0390b3 - __libc_start_main
[INFO] [stderr]     31:     0x55c8814d7a8e - _start
[INFO] [stderr]     32:                0x0 - <unknown>
[INFO] running `Command { std: "docker" "inspect" "ed5d768c956aaf28caf46dba5a8b624a130451435c53bfafbdd806679a2f4b39", kill_on_drop: false }`
[INFO] running `Command { std: "docker" "rm" "-f" "ed5d768c956aaf28caf46dba5a8b624a130451435c53bfafbdd806679a2f4b39", kill_on_drop: false }`
[INFO] [stdout] ed5d768c956aaf28caf46dba5a8b624a130451435c53bfafbdd806679a2f4b39
