[INFO] fetching crate libsdp 0.1.2...
[INFO] testing libsdp-0.1.2 against 1.54.0 for beta-1.55-1
[INFO] extracting crate libsdp 0.1.2 into /workspace/builds/worker-2/source
[INFO] validating manifest of crates.io crate libsdp 0.1.2 on toolchain 1.54.0
[INFO] running `Command { std: "/workspace/cargo-home/bin/cargo" "+1.54.0" "metadata" "--manifest-path" "Cargo.toml" "--no-deps", kill_on_drop: false }`
[INFO] started tweaking crates.io crate libsdp 0.1.2
[INFO] finished tweaking crates.io crate libsdp 0.1.2
[INFO] tweaked toml for crates.io crate libsdp 0.1.2 written to /workspace/builds/worker-2/source/Cargo.toml
[INFO] running `Command { std: "/workspace/cargo-home/bin/cargo" "+1.54.0" "generate-lockfile" "--manifest-path" "Cargo.toml" "-Zno-index-update", kill_on_drop: false }`
[INFO] running `Command { std: "/workspace/cargo-home/bin/cargo" "+1.54.0" "fetch" "--manifest-path" "Cargo.toml", kill_on_drop: false }`
[INFO] [stderr]     Blocking waiting for file lock on package cache
[INFO] running `Command { std: "docker" "create" "-v" "/var/lib/crater-agent-workspace/builds/worker-2/target:/opt/rustwide/target:rw,Z" "-v" "/var/lib/crater-agent-workspace/builds/worker-2/source:/opt/rustwide/workdir:ro,Z" "-v" "/var/lib/crater-agent-workspace/cargo-home:/opt/rustwide/cargo-home:ro,Z" "-v" "/var/lib/crater-agent-workspace/rustup-home:/opt/rustwide/rustup-home:ro,Z" "-e" "SOURCE_DIR=/opt/rustwide/workdir" "-e" "CARGO_TARGET_DIR=/opt/rustwide/target" "-e" "CARGO_HOME=/opt/rustwide/cargo-home" "-e" "RUSTUP_HOME=/opt/rustwide/rustup-home" "-w" "/opt/rustwide/workdir" "-m" "1610612736" "--user" "0:0" "--network" "none" "ghcr.io/rust-lang/crates-build-env/linux@sha256:34b6a614d2c27851fe6cbf88fbd1137609cefab8b10d0615aaeb6fd47975d74e" "/opt/rustwide/cargo-home/bin/cargo" "+1.54.0" "metadata" "--no-deps" "--format-version=1", kill_on_drop: false }`
[INFO] [stdout] 1df18818f58613e49c8beadb797d9e77990ed27791859e01156041477f13c359
[INFO] running `Command { std: "docker" "start" "-a" "1df18818f58613e49c8beadb797d9e77990ed27791859e01156041477f13c359", kill_on_drop: false }`
[INFO] running `Command { std: "docker" "inspect" "1df18818f58613e49c8beadb797d9e77990ed27791859e01156041477f13c359", kill_on_drop: false }`
[INFO] running `Command { std: "docker" "rm" "-f" "1df18818f58613e49c8beadb797d9e77990ed27791859e01156041477f13c359", kill_on_drop: false }`
[INFO] [stdout] 1df18818f58613e49c8beadb797d9e77990ed27791859e01156041477f13c359
[INFO] running `Command { std: "docker" "create" "-v" "/var/lib/crater-agent-workspace/builds/worker-2/target:/opt/rustwide/target:rw,Z" "-v" "/var/lib/crater-agent-workspace/builds/worker-2/source:/opt/rustwide/workdir:ro,Z" "-v" "/var/lib/crater-agent-workspace/cargo-home:/opt/rustwide/cargo-home:ro,Z" "-v" "/var/lib/crater-agent-workspace/rustup-home:/opt/rustwide/rustup-home:ro,Z" "-e" "SOURCE_DIR=/opt/rustwide/workdir" "-e" "CARGO_TARGET_DIR=/opt/rustwide/target" "-e" "CARGO_INCREMENTAL=0" "-e" "RUST_BACKTRACE=full" "-e" "RUSTFLAGS=--cap-lints=warn" "-e" "CARGO_HOME=/opt/rustwide/cargo-home" "-e" "RUSTUP_HOME=/opt/rustwide/rustup-home" "-w" "/opt/rustwide/workdir" "-m" "1610612736" "--user" "0:0" "--network" "none" "ghcr.io/rust-lang/crates-build-env/linux@sha256:34b6a614d2c27851fe6cbf88fbd1137609cefab8b10d0615aaeb6fd47975d74e" "/opt/rustwide/cargo-home/bin/cargo" "+1.54.0" "build" "--frozen" "--message-format=json", kill_on_drop: false }`
[INFO] [stdout] 2ee38dd1ad438fe18eeaa334791199170431231b656b4b1eaacba32ff7e0c9b3
[INFO] running `Command { std: "docker" "start" "-a" "2ee38dd1ad438fe18eeaa334791199170431231b656b4b1eaacba32ff7e0c9b3", kill_on_drop: false }`
[INFO] [stderr]    Compiling radium v0.5.3
[INFO] [stderr]    Compiling memchr v2.3.4
[INFO] [stderr]    Compiling lexical-core v0.7.6
[INFO] [stderr]    Compiling static_assertions v1.1.0
[INFO] [stderr]    Compiling tap v1.0.1
[INFO] [stderr]    Compiling wyz v0.2.0
[INFO] [stderr]    Compiling arrayvec v0.5.2
[INFO] [stderr]    Compiling funty v1.1.0
[INFO] [stderr]    Compiling nom v6.2.1
[INFO] [stderr]    Compiling bitvec v0.19.5
[INFO] [stderr]    Compiling libsdp v0.1.2 (/opt/rustwide/workdir)
[INFO] [stdout] error[E0277]: `?` couldn't convert the error to `nom::Err<nom::error::Error<&[u8]>>`
[INFO] [stdout]   --> src/media/parse.rs:47:55
[INFO] [stdout]    |
[INFO] [stdout] 37 | pub fn parse_media(input: &[u8]) -> IResult<&[u8], SdpMedia> {
[INFO] [stdout]    |                                     ------------------------ expected `nom::Err<nom::error::Error<&[u8]>>` because of this
[INFO] [stdout] ...
[INFO] [stdout] 47 |     let (input, formats) = parse_attribute_list(input)?;
[INFO] [stdout]    |                                                       ^ the trait `From<nom::Err<(&[u8], nom::error::ErrorKind)>>` is not implemented for `nom::Err<nom::error::Error<&[u8]>>`
[INFO] [stdout]    |
[INFO] [stdout]    = note: the question mark operation (`?`) implicitly performs a conversion on the error value using the `From` trait
[INFO] [stdout]    = note: required because of the requirements on the impl of `FromResidual<Result<Infallible, nom::Err<(&[u8], nom::error::ErrorKind)>>>` for `Result<(&[u8], media::SdpMedia), nom::Err<nom::error::Error<&[u8]>>>`
[INFO] [stdout]    = note: required by `from_residual`
[INFO] [stdout] 
[INFO] [stdout] 
[INFO] [stdout] error[E0277]: `?` couldn't convert the error to `nom::Err<nom::error::Error<&[u8]>>`
[INFO] [stdout]   --> src/offer.rs:23:61
[INFO] [stdout]    |
[INFO] [stdout] 19 | pub fn parse_sdp_offer(input: &[u8]) -> IResult<&[u8], SdpOffer> {
[INFO] [stdout]    |                                         ------------------------ expected `nom::Err<nom::error::Error<&[u8]>>` because of this
[INFO] [stdout] ...
[INFO] [stdout] 23 |     let (input, optional) = parse_optional_attributes(input)?;
[INFO] [stdout]    |                                                             ^ the trait `From<nom::Err<(&[u8], nom::error::ErrorKind)>>` is not implemented for `nom::Err<nom::error::Error<&[u8]>>`
[INFO] [stdout]    |
[INFO] [stdout]    = note: the question mark operation (`?`) implicitly performs a conversion on the error value using the `From` trait
[INFO] [stdout]    = note: required because of the requirements on the impl of `FromResidual<Result<Infallible, nom::Err<(&[u8], nom::error::ErrorKind)>>>` for `Result<(&[u8], SdpOffer), nom::Err<nom::error::Error<&[u8]>>>`
[INFO] [stdout]    = note: required by `from_residual`
[INFO] [stdout] 
[INFO] [stdout] 
[INFO] [stdout] error[E0277]: `?` couldn't convert the error to `nom::Err<nom::error::Error<&[u8]>>`
[INFO] [stdout]   --> src/offer.rs:24:61
[INFO] [stdout]    |
[INFO] [stdout] 19 | pub fn parse_sdp_offer(input: &[u8]) -> IResult<&[u8], SdpOffer> {
[INFO] [stdout]    |                                         ------------------------ expected `nom::Err<nom::error::Error<&[u8]>>` because of this
[INFO] [stdout] ...
[INFO] [stdout] 24 |     let (input, attributes) = parse_global_attributes(input)?;
[INFO] [stdout]    |                                                             ^ the trait `From<nom::Err<(&[u8], nom::error::ErrorKind)>>` is not implemented for `nom::Err<nom::error::Error<&[u8]>>`
[INFO] [stdout]    |
[INFO] [stdout]    = note: the question mark operation (`?`) implicitly performs a conversion on the error value using the `From` trait
[INFO] [stdout]    = note: required because of the requirements on the impl of `FromResidual<Result<Infallible, nom::Err<(&[u8], nom::error::ErrorKind)>>>` for `Result<(&[u8], SdpOffer), nom::Err<nom::error::Error<&[u8]>>>`
[INFO] [stdout]    = note: required by `from_residual`
[INFO] [stdout] 
[INFO] [stdout] 
[INFO] [stdout] error[E0277]: `?` couldn't convert the error to `nom::Err<nom::error::Error<&[u8]>>`
[INFO] [stdout]   --> src/offer.rs:25:50
[INFO] [stdout]    |
[INFO] [stdout] 19 | pub fn parse_sdp_offer(input: &[u8]) -> IResult<&[u8], SdpOffer> {
[INFO] [stdout]    |                                         ------------------------ expected `nom::Err<nom::error::Error<&[u8]>>` because of this
[INFO] [stdout] ...
[INFO] [stdout] 25 |     let (input, media) = parse_media_lines(input)?;
[INFO] [stdout]    |                                                  ^ the trait `From<nom::Err<(&[u8], nom::error::ErrorKind)>>` is not implemented for `nom::Err<nom::error::Error<&[u8]>>`
[INFO] [stdout]    |
[INFO] [stdout]    = note: the question mark operation (`?`) implicitly performs a conversion on the error value using the `From` trait
[INFO] [stdout]    = note: required because of the requirements on the impl of `FromResidual<Result<Infallible, nom::Err<(&[u8], nom::error::ErrorKind)>>>` for `Result<(&[u8], SdpOffer), nom::Err<nom::error::Error<&[u8]>>>`
[INFO] [stdout]    = note: required by `from_residual`
[INFO] [stdout] 
[INFO] [stdout] 
[INFO] [stdout] error: aborting due to 4 previous errors
[INFO] [stdout] 
[INFO] [stdout] 
[INFO] [stdout] For more information about this error, try `rustc --explain E0277`.
[INFO] [stdout] 
[INFO] [stderr] error: could not compile `libsdp`
[INFO] [stderr] 
[INFO] [stderr] To learn more, run the command again with --verbose.
[INFO] running `Command { std: "docker" "inspect" "2ee38dd1ad438fe18eeaa334791199170431231b656b4b1eaacba32ff7e0c9b3", kill_on_drop: false }`
[INFO] running `Command { std: "docker" "rm" "-f" "2ee38dd1ad438fe18eeaa334791199170431231b656b4b1eaacba32ff7e0c9b3", kill_on_drop: false }`
[INFO] [stdout] 2ee38dd1ad438fe18eeaa334791199170431231b656b4b1eaacba32ff7e0c9b3
