[INFO] fetching crate librocksdbsys 0.1.2...
[INFO] testing librocksdbsys-0.1.2 against 1.54.0 for beta-1.55-1
[INFO] extracting crate librocksdbsys 0.1.2 into /workspace/builds/worker-64/source
[INFO] validating manifest of crates.io crate librocksdbsys 0.1.2 on toolchain 1.54.0
[INFO] running `Command { std: "/workspace/cargo-home/bin/cargo" "+1.54.0" "metadata" "--manifest-path" "Cargo.toml" "--no-deps", kill_on_drop: false }`
[INFO] started tweaking crates.io crate librocksdbsys 0.1.2
[INFO] finished tweaking crates.io crate librocksdbsys 0.1.2
[INFO] tweaked toml for crates.io crate librocksdbsys 0.1.2 written to /workspace/builds/worker-64/source/Cargo.toml
[INFO] running `Command { std: "/workspace/cargo-home/bin/cargo" "+1.54.0" "generate-lockfile" "--manifest-path" "Cargo.toml" "-Zno-index-update", kill_on_drop: false }`
[INFO] [stderr]     Blocking waiting for file lock on package cache
[INFO] running `Command { std: "/workspace/cargo-home/bin/cargo" "+1.54.0" "fetch" "--manifest-path" "Cargo.toml", kill_on_drop: false }`
[INFO] [stderr]     Blocking waiting for file lock on package cache
[INFO] [stderr]     Blocking waiting for file lock on package cache
[INFO] running `Command { std: "docker" "create" "-v" "/var/lib/crater-agent-workspace/builds/worker-64/target:/opt/rustwide/target:rw,Z" "-v" "/var/lib/crater-agent-workspace/builds/worker-64/source:/opt/rustwide/workdir:ro,Z" "-v" "/var/lib/crater-agent-workspace/cargo-home:/opt/rustwide/cargo-home:ro,Z" "-v" "/var/lib/crater-agent-workspace/rustup-home:/opt/rustwide/rustup-home:ro,Z" "-e" "SOURCE_DIR=/opt/rustwide/workdir" "-e" "CARGO_TARGET_DIR=/opt/rustwide/target" "-e" "CARGO_HOME=/opt/rustwide/cargo-home" "-e" "RUSTUP_HOME=/opt/rustwide/rustup-home" "-w" "/opt/rustwide/workdir" "-m" "1610612736" "--user" "0:0" "--network" "none" "ghcr.io/rust-lang/crates-build-env/linux@sha256:34b6a614d2c27851fe6cbf88fbd1137609cefab8b10d0615aaeb6fd47975d74e" "/opt/rustwide/cargo-home/bin/cargo" "+1.54.0" "metadata" "--no-deps" "--format-version=1", kill_on_drop: false }`
[INFO] [stdout] 344d76a2f45d4ce24016bfeedc010fbd4beabacec1b9424b02271c5445dbc0c6
[INFO] running `Command { std: "docker" "start" "-a" "344d76a2f45d4ce24016bfeedc010fbd4beabacec1b9424b02271c5445dbc0c6", kill_on_drop: false }`
[INFO] running `Command { std: "docker" "inspect" "344d76a2f45d4ce24016bfeedc010fbd4beabacec1b9424b02271c5445dbc0c6", kill_on_drop: false }`
[INFO] running `Command { std: "docker" "rm" "-f" "344d76a2f45d4ce24016bfeedc010fbd4beabacec1b9424b02271c5445dbc0c6", kill_on_drop: false }`
[INFO] [stdout] 344d76a2f45d4ce24016bfeedc010fbd4beabacec1b9424b02271c5445dbc0c6
[INFO] running `Command { std: "docker" "create" "-v" "/var/lib/crater-agent-workspace/builds/worker-64/target:/opt/rustwide/target:rw,Z" "-v" "/var/lib/crater-agent-workspace/builds/worker-64/source:/opt/rustwide/workdir:ro,Z" "-v" "/var/lib/crater-agent-workspace/cargo-home:/opt/rustwide/cargo-home:ro,Z" "-v" "/var/lib/crater-agent-workspace/rustup-home:/opt/rustwide/rustup-home:ro,Z" "-e" "SOURCE_DIR=/opt/rustwide/workdir" "-e" "CARGO_TARGET_DIR=/opt/rustwide/target" "-e" "CARGO_INCREMENTAL=0" "-e" "RUST_BACKTRACE=full" "-e" "RUSTFLAGS=--cap-lints=warn" "-e" "CARGO_HOME=/opt/rustwide/cargo-home" "-e" "RUSTUP_HOME=/opt/rustwide/rustup-home" "-w" "/opt/rustwide/workdir" "-m" "1610612736" "--user" "0:0" "--network" "none" "ghcr.io/rust-lang/crates-build-env/linux@sha256:34b6a614d2c27851fe6cbf88fbd1137609cefab8b10d0615aaeb6fd47975d74e" "/opt/rustwide/cargo-home/bin/cargo" "+1.54.0" "build" "--frozen" "--message-format=json", kill_on_drop: false }`
[INFO] [stdout] 370471d065ba28341ddab37e7c09e8975e95445ceda47b09b94ceaa843d789bb
[INFO] running `Command { std: "docker" "start" "-a" "370471d065ba28341ddab37e7c09e8975e95445ceda47b09b94ceaa843d789bb", kill_on_drop: false }`
[INFO] [stderr]     Blocking waiting for file lock on package cache
[INFO] [stderr]    Compiling serde v1.0.127
[INFO] [stderr]    Compiling remove_dir_all v0.5.3
[INFO] [stderr]    Compiling jobserver v0.1.23
[INFO] [stderr]    Compiling serde_derive v1.0.127
[INFO] [stderr]    Compiling tempdir v0.3.7
[INFO] [stderr]    Compiling cc v1.0.69
[INFO] [stderr]    Compiling cmake v0.1.45
[INFO] [stderr]    Compiling bzip2-sys v0.1.11+1.0.8
[INFO] [stderr]    Compiling zstd-sys v1.6.1+zstd.1.5.0
[INFO] [stderr]    Compiling libz-sys v1.1.3
[INFO] [stderr]    Compiling librocksdbsys v0.1.2 (/opt/rustwide/workdir)
[INFO] [stderr] error: failed to run custom build command for `librocksdbsys v0.1.2 (/opt/rustwide/workdir)`
[INFO] [stderr] 
[INFO] [stderr] Caused by:
[INFO] [stderr]   process didn't exit successfully: `/opt/rustwide/target/debug/build/librocksdbsys-7aa9e8ee4f5f8d89/build-script-build` (exit status: 101)
[INFO] [stderr]   --- stdout
[INFO] [stderr]   ("CARGO", "/opt/rustwide/rustup-home/toolchains/1.54.0-x86_64-unknown-linux-gnu/bin/cargo")
[INFO] [stderr]   ("CARGO_CFG_TARGET_ARCH", "x86_64")
[INFO] [stderr]   ("CARGO_CFG_TARGET_ENDIAN", "little")
[INFO] [stderr]   ("CARGO_CFG_TARGET_ENV", "gnu")
[INFO] [stderr]   ("CARGO_CFG_TARGET_FAMILY", "unix")
[INFO] [stderr]   ("CARGO_CFG_TARGET_FEATURE", "fxsr,sse,sse2")
[INFO] [stderr]   ("CARGO_CFG_TARGET_OS", "linux")
[INFO] [stderr]   ("CARGO_CFG_TARGET_POINTER_WIDTH", "64")
[INFO] [stderr]   ("CARGO_CFG_TARGET_VENDOR", "unknown")
[INFO] [stderr]   ("CARGO_CFG_UNIX", "")
[INFO] [stderr]   ("CARGO_FEATURE_DEFAULT", "1")
[INFO] [stderr]   ("CARGO_HOME", "/opt/rustwide/cargo-home")
[INFO] [stderr]   ("CARGO_INCREMENTAL", "0")
[INFO] [stderr]   ("CARGO_MAKEFLAGS", "-j --jobserver-fds=6,7 --jobserver-auth=6,7")
[INFO] [stderr]   ("CARGO_MANIFEST_DIR", "/opt/rustwide/workdir")
[INFO] [stderr]   ("CARGO_MANIFEST_LINKS", "rocksdb")
[INFO] [stderr]   ("CARGO_PKG_AUTHORS", "Andrey Vesnovaty <andrey.vesnovaty@gmail.com>")
[INFO] [stderr]   ("CARGO_PKG_DESCRIPTION", "Fork of librocksdb_sys wrapper for Facebook's RocksDB embeddable database.")
[INFO] [stderr]   ("CARGO_PKG_HOMEPAGE", "https://github.com/andrey-ve/rexrocksdb")
[INFO] [stderr]   ("CARGO_PKG_LICENSE", "Apache-2.0")
[INFO] [stderr]   ("CARGO_PKG_LICENSE_FILE", "")
[INFO] [stderr]   ("CARGO_PKG_NAME", "librocksdbsys")
[INFO] [stderr]   ("CARGO_PKG_REPOSITORY", "https://github.com/andrey-ve/rexrocksdb")
[INFO] [stderr]   ("CARGO_PKG_VERSION", "0.1.2")
[INFO] [stderr]   ("CARGO_PKG_VERSION_MAJOR", "0")
[INFO] [stderr]   ("CARGO_PKG_VERSION_MINOR", "1")
[INFO] [stderr]   ("CARGO_PKG_VERSION_PATCH", "2")
[INFO] [stderr]   ("CARGO_PKG_VERSION_PRE", "")
[INFO] [stderr]   ("CARGO_TARGET_DIR", "/opt/rustwide/target")
[INFO] [stderr]   ("DEBUG", "true")
[INFO] [stderr]   ("DEP_BZIP2_INCLUDE", "/opt/rustwide/target/debug/build/bzip2-sys-7b934d4dd1a32296/out/include")
[INFO] [stderr]   ("DEP_BZIP2_ROOT", "/opt/rustwide/target/debug/build/bzip2-sys-7b934d4dd1a32296/out")
[INFO] [stderr]   ("DEP_ZSTD_INCLUDE", "/opt/rustwide/cargo-home/registry/src/github.com-1ecc6299db9ec823/zstd-sys-1.6.1+zstd.1.5.0/zstd/lib")
[INFO] [stderr]   ("DEP_ZSTD_ROOT", "/opt/rustwide/target/debug/build/zstd-sys-febc2b2f229fe61d/out")
[INFO] [stderr]   ("DEP_Z_INCLUDE", "/opt/rustwide/target/debug/build/libz-sys-6f72497914a3429d/out/include")
[INFO] [stderr]   ("DEP_Z_ROOT", "/opt/rustwide/target/debug/build/libz-sys-6f72497914a3429d/out")
[INFO] [stderr]   ("HOME", "/root")
[INFO] [stderr]   ("HOST", "x86_64-unknown-linux-gnu")
[INFO] [stderr]   ("HOSTNAME", "370471d065ba")
[INFO] [stderr]   ("LD_LIBRARY_PATH", "/opt/rustwide/target/debug/deps:/opt/rustwide/target/debug:/opt/rustwide/rustup-home/toolchains/1.54.0-x86_64-unknown-linux-gnu/lib/rustlib/x86_64-unknown-linux-gnu/lib:/opt/rustwide/rustup-home/toolchains/1.54.0-x86_64-unknown-linux-gnu/lib")
[INFO] [stderr]   ("NUM_JOBS", "128")
[INFO] [stderr]   ("OPT_LEVEL", "0")
[INFO] [stderr]   ("OUT_DIR", "/opt/rustwide/target/debug/build/librocksdbsys-b5dfc470e65b8380/out")
[INFO] [stderr]   ("PATH", "/opt/rustwide/cargo-home/bin:/usr/local/sbin:/usr/local/bin:/usr/sbin:/usr/bin:/sbin:/bin")
[INFO] [stderr]   ("PROFILE", "debug")
[INFO] [stderr]   ("RUSTC", "rustc")
[INFO] [stderr]   ("RUSTDOC", "rustdoc")
[INFO] [stderr]   ("RUSTFLAGS", "--cap-lints=warn")
[INFO] [stderr]   ("RUSTUP_HOME", "/opt/rustwide/rustup-home")
[INFO] [stderr]   ("RUSTUP_TOOLCHAIN", "1.54.0-x86_64-unknown-linux-gnu")
[INFO] [stderr]   ("RUST_BACKTRACE", "full")
[INFO] [stderr]   ("RUST_RECURSION_COUNT", "1")
[INFO] [stderr]   ("SOURCE_DIR", "/opt/rustwide/workdir")
[INFO] [stderr]   ("SSL_CERT_DIR", "/usr/lib/ssl/certs")
[INFO] [stderr]   ("SSL_CERT_FILE", "/usr/lib/ssl/certs/ca-certificates.crt")
[INFO] [stderr]   ("TARGET", "x86_64-unknown-linux-gnu")
[INFO] [stderr]   running: "cmake" "/opt/rustwide/workdir/rocksdb" "-DWITH_ZLIB=ON" "-DWITH_BZ2=ON" "-DWITH_ZSTD=ON" "-DCMAKE_INSTALL_PREFIX=/opt/rustwide/target/debug/build/librocksdbsys-b5dfc470e65b8380/out" "-DCMAKE_C_FLAGS= -ffunction-sections -fdata-sections -fPIC -m64" "-DCMAKE_C_COMPILER=/usr/bin/cc" "-DCMAKE_CXX_FLAGS= -ffunction-sections -fdata-sections -fPIC -m64" "-DCMAKE_CXX_COMPILER=/usr/bin/c++" "-DCMAKE_ASM_FLAGS= -ffunction-sections -fdata-sections -fPIC -m64" "-DCMAKE_ASM_COMPILER=/usr/bin/cc" "-DCMAKE_BUILD_TYPE=Debug"
[INFO] [stderr]   -- The C compiler identification is GNU 9.3.0
[INFO] [stderr]   -- The CXX compiler identification is GNU 9.3.0
[INFO] [stderr]   -- Check for working C compiler: /usr/bin/cc
[INFO] [stderr]   -- Check for working C compiler: /usr/bin/cc -- works
[INFO] [stderr]   -- Detecting C compiler ABI info
[INFO] [stderr]   -- Detecting C compiler ABI info - done
[INFO] [stderr]   -- Detecting C compile features
[INFO] [stderr]   -- Detecting C compile features - done
[INFO] [stderr]   -- Check for working CXX compiler: /usr/bin/c++
[INFO] [stderr]   -- Check for working CXX compiler: /usr/bin/c++ -- works
[INFO] [stderr]   -- Detecting CXX compiler ABI info
[INFO] [stderr]   -- Detecting CXX compiler ABI info - done
[INFO] [stderr]   -- Detecting CXX compile features
[INFO] [stderr]   -- Detecting CXX compile features - done
[INFO] [stderr]   -- Found zlib: /opt/rustwide/target/debug/build/libz-sys-6f72497914a3429d/out/lib/libz.a  
[INFO] [stderr]   -- Found bzip2: /opt/rustwide/target/debug/build/bzip2-sys-7b934d4dd1a32296/out/lib/libbz2.a  
[INFO] [stderr]   -- Found zstd: /opt/rustwide/target/debug/build/zstd-sys-febc2b2f229fe61d/out/libzstd.a  
[INFO] [stderr]   -- Found Git: /usr/bin/git (found version "2.25.1") 
[INFO] [stderr]   -- Performing Test HAVE_SSE42
[INFO] [stderr]   -- Performing Test HAVE_SSE42 - Success
[INFO] [stderr]   -- Performing Test HAVE_THREAD_LOCAL
[INFO] [stderr]   -- Performing Test HAVE_THREAD_LOCAL - Success
[INFO] [stderr]   -- Found NUMA: /usr/lib/x86_64-linux-gnu/libnuma.so  
[INFO] [stderr]   -- Could NOT find TBB (missing: TBB_LIBRARIES TBB_INCLUDE_DIR) 
[INFO] [stderr]   -- Performing Test HAVE_FALLOCATE
[INFO] [stderr]   -- Performing Test HAVE_FALLOCATE - Success
[INFO] [stderr]   -- Performing Test HAVE_SYNC_FILE_RANGE_WRITE
[INFO] [stderr]   -- Performing Test HAVE_SYNC_FILE_RANGE_WRITE - Success
[INFO] [stderr]   -- Performing Test HAVE_PTHREAD_MUTEX_ADAPTIVE_NP
[INFO] [stderr]   -- Performing Test HAVE_PTHREAD_MUTEX_ADAPTIVE_NP - Success
[INFO] [stderr]   -- Looking for malloc_usable_size
[INFO] [stderr]   -- Looking for malloc_usable_size - found
[INFO] [stderr]   -- Looking for sched_getcpu
[INFO] [stderr]   -- Looking for sched_getcpu - found
[INFO] [stderr]   -- Looking for pthread.h
[INFO] [stderr]   -- Looking for pthread.h - found
[INFO] [stderr]   -- Performing Test CMAKE_HAVE_LIBC_PTHREAD
[INFO] [stderr]   -- Performing Test CMAKE_HAVE_LIBC_PTHREAD - Failed
[INFO] [stderr]   -- Looking for pthread_create in pthreads
[INFO] [stderr]   -- Looking for pthread_create in pthreads - not found
[INFO] [stderr]   -- Looking for pthread_create in pthread
[INFO] [stderr]   -- Looking for pthread_create in pthread - found
[INFO] [stderr]   -- Found Threads: TRUE  
[INFO] [stderr]   -- JNI library is disabled
[INFO] [stderr]   -- Configuring done
[INFO] [stderr]   -- Generating done
[INFO] [stderr]   -- Build files have been written to: /opt/rustwide/target/debug/build/librocksdbsys-b5dfc470e65b8380/out/build
[INFO] [stderr]   running: "cmake" "--build" "." "--target" "rocksdb" "--config" "Debug" "--"
[INFO] [stderr]   Scanning dependencies of target build_version
[INFO] [stderr]   [  0%] Building CXX object CMakeFiles/build_version.dir/build_version.cc.o
[INFO] [stderr]   [  0%] Built target build_version
[INFO] [stderr]   Scanning dependencies of target rocksdb
[INFO] [stderr]   [  0%] Building CXX object CMakeFiles/rocksdb.dir/cache/clock_cache.cc.o
[INFO] [stderr]   [  0%] Building CXX object CMakeFiles/rocksdb.dir/cache/lru_cache.cc.o
[INFO] [stderr]   [  0%] Building CXX object CMakeFiles/rocksdb.dir/cache/sharded_cache.cc.o
[INFO] [stderr]   [  0%] Building CXX object CMakeFiles/rocksdb.dir/db/builder.cc.o
[INFO] [stderr]   [  3%] Building CXX object CMakeFiles/rocksdb.dir/db/c.cc.o
[INFO] [stderr]   [  3%] Building CXX object CMakeFiles/rocksdb.dir/db/column_family.cc.o
[INFO] [stderr]   [  3%] Building CXX object CMakeFiles/rocksdb.dir/db/compacted_db_impl.cc.o
[INFO] [stderr]   [  3%] Building CXX object CMakeFiles/rocksdb.dir/db/compaction_iterator.cc.o
[INFO] [stderr]   [  3%] Building CXX object CMakeFiles/rocksdb.dir/db/compaction.cc.o
[INFO] [stderr]   [  3%] Building CXX object CMakeFiles/rocksdb.dir/db/compaction_job.cc.o
[INFO] [stderr]   [  3%] Building CXX object CMakeFiles/rocksdb.dir/db/compaction_picker.cc.o
[INFO] [stderr]   [  6%] Building CXX object CMakeFiles/rocksdb.dir/db/compaction_picker_universal.cc.o
[INFO] [stderr]   [  6%] Building CXX object CMakeFiles/rocksdb.dir/db/convenience.cc.o
[INFO] [stderr]   [  6%] Building CXX object CMakeFiles/rocksdb.dir/db/db_impl_compaction_flush.cc.o
[INFO] [stderr]   [  6%] Building CXX object CMakeFiles/rocksdb.dir/db/db_impl.cc.o
[INFO] [stderr]   [  6%] Building CXX object CMakeFiles/rocksdb.dir/db/db_impl_files.cc.o
[INFO] [stderr]   [  6%] Building CXX object CMakeFiles/rocksdb.dir/db/db_filesnapshot.cc.o
[INFO] [stderr]   [  6%] Building CXX object CMakeFiles/rocksdb.dir/db/db_impl_experimental.cc.o
[INFO] [stderr]   [  6%] Building CXX object CMakeFiles/rocksdb.dir/db/db_impl_write.cc.o
[INFO] [stderr]   [  6%] Building CXX object CMakeFiles/rocksdb.dir/db/db_impl_open.cc.o
[INFO] [stderr]   [ 10%] Building CXX object CMakeFiles/rocksdb.dir/db/db_impl_debug.cc.o
[INFO] [stderr]   [ 10%] Building CXX object CMakeFiles/rocksdb.dir/db/file_indexer.cc.o
[INFO] [stderr]   [ 10%] Building CXX object CMakeFiles/rocksdb.dir/db/db_info_dumper.cc.o
[INFO] [stderr]   [ 10%] Building CXX object CMakeFiles/rocksdb.dir/db/flush_job.cc.o
[INFO] [stderr]   [ 10%] Building CXX object CMakeFiles/rocksdb.dir/db/dbformat.cc.o
[INFO] [stderr]   [ 10%] Building CXX object CMakeFiles/rocksdb.dir/db/flush_scheduler.cc.o
[INFO] [stderr]   [ 10%] Building CXX object CMakeFiles/rocksdb.dir/db/forward_iterator.cc.o
[INFO] [stderr]   [ 10%] Building CXX object CMakeFiles/rocksdb.dir/db/db_iter.cc.o
[INFO] [stderr]   [ 10%] Building CXX object CMakeFiles/rocksdb.dir/db/db_impl_readonly.cc.o
[INFO] [stderr]   [ 10%] Building CXX object CMakeFiles/rocksdb.dir/db/internal_stats.cc.o
[INFO] [stderr]   [ 10%] Building CXX object CMakeFiles/rocksdb.dir/db/event_helpers.cc.o
[INFO] [stderr]   [ 13%] Building CXX object CMakeFiles/rocksdb.dir/db/log_reader.cc.o
[INFO] [stderr]   [ 13%] Building CXX object CMakeFiles/rocksdb.dir/db/external_sst_file_ingestion_job.cc.o
[INFO] [stderr]   [ 17%] Building CXX object CMakeFiles/rocksdb.dir/db/experimental.cc.o
[INFO] [stderr]   [ 17%] Building CXX object CMakeFiles/rocksdb.dir/db/managed_iterator.cc.o
[INFO] [stderr]   [ 17%] Building CXX object CMakeFiles/rocksdb.dir/db/malloc_stats.cc.o
[INFO] [stderr]   [ 20%] Building CXX object CMakeFiles/rocksdb.dir/db/merge_operator.cc.o
[INFO] [stderr]   [ 20%] Building CXX object CMakeFiles/rocksdb.dir/db/merge_helper.cc.o
[INFO] [stderr]   [ 20%] Building CXX object CMakeFiles/rocksdb.dir/db/memtable.cc.o
[INFO] [stderr]   [ 20%] Building CXX object CMakeFiles/rocksdb.dir/db/table_cache.cc.o
[INFO] [stderr]   [ 20%] Building CXX object CMakeFiles/rocksdb.dir/db/memtable_list.cc.o
[INFO] [stderr]   [ 24%] Building CXX object CMakeFiles/rocksdb.dir/db/version_edit.cc.o
[INFO] [stderr]   [ 24%] Building CXX object CMakeFiles/rocksdb.dir/db/version_set.cc.o
[INFO] [stderr]   [ 24%] Building CXX object CMakeFiles/rocksdb.dir/db/log_writer.cc.o
[INFO] [stderr]   [ 24%] Building CXX object CMakeFiles/rocksdb.dir/db/version_builder.cc.o
[INFO] [stderr]   [ 24%] Building CXX object CMakeFiles/rocksdb.dir/db/range_del_aggregator.cc.o
[INFO] [stderr]   [ 24%] Building CXX object CMakeFiles/rocksdb.dir/db/transaction_log_impl.cc.o
[INFO] [stderr]   [ 24%] Building CXX object CMakeFiles/rocksdb.dir/db/snapshot_impl.cc.o
[INFO] [stderr]   [ 24%] Building CXX object CMakeFiles/rocksdb.dir/db/write_batch.cc.o
[INFO] [stderr]   [ 24%] Building CXX object CMakeFiles/rocksdb.dir/db/write_batch_base.cc.o
[INFO] [stderr]   [ 24%] Building CXX object CMakeFiles/rocksdb.dir/db/write_controller.cc.o
[INFO] [stderr]   [ 24%] Building CXX object CMakeFiles/rocksdb.dir/db/wal_manager.cc.o
[INFO] [stderr]   [ 24%] Building CXX object CMakeFiles/rocksdb.dir/db/table_properties_collector.cc.o
[INFO] [stderr]   [ 24%] Building CXX object CMakeFiles/rocksdb.dir/db/write_thread.cc.o
[INFO] [stderr]   [ 24%] Building CXX object CMakeFiles/rocksdb.dir/db/repair.cc.o
[INFO] [stderr]   [ 27%] Building CXX object CMakeFiles/rocksdb.dir/env/env.cc.o
[INFO] [stderr]   [ 27%] Building CXX object CMakeFiles/rocksdb.dir/env/env_encryption.cc.o
[INFO] [stderr]   [ 27%] Building CXX object CMakeFiles/rocksdb.dir/env/env_chroot.cc.o
[INFO] [stderr]   [ 27%] Building CXX object CMakeFiles/rocksdb.dir/memtable/alloc_tracker.cc.o
[INFO] [stderr]   [ 27%] Building CXX object CMakeFiles/rocksdb.dir/env/env_hdfs.cc.o
[INFO] [stderr]   [ 27%] Building CXX object CMakeFiles/rocksdb.dir/memtable/hash_cuckoo_rep.cc.o
[INFO] [stderr]   [ 27%] Building CXX object CMakeFiles/rocksdb.dir/memtable/hash_skiplist_rep.cc.o
[INFO] [stderr]   [ 31%] Building CXX object CMakeFiles/rocksdb.dir/memtable/hash_linklist_rep.cc.o
[INFO] [stderr]   [ 31%] Building CXX object CMakeFiles/rocksdb.dir/env/mock_env.cc.o
[INFO] [stderr]   [ 31%] Building CXX object CMakeFiles/rocksdb.dir/memtable/skiplistrep.cc.o
[INFO] [stderr]   [ 31%] Building CXX object CMakeFiles/rocksdb.dir/memtable/vectorrep.cc.o
[INFO] [stderr] 
[INFO] [stderr]   --- stderr
[INFO] [stderr]   CMake Warning:
[INFO] [stderr]     Manually-specified variables were not used by the project:
[INFO] [stderr] 
[INFO] [stderr]       CMAKE_ASM_COMPILER
[INFO] [stderr]       CMAKE_ASM_FLAGS
[INFO] [stderr] 
[INFO] [stderr] 
[INFO] [stderr]   c++: fatal error: Killed signal terminated program cc1plus
[INFO] [stderr]   compilation terminated.
[INFO] [stderr]   c++: fatal error: Killed signal terminated program cc1plus
[INFO] [stderr]   compilation terminated.
[INFO] [stderr]   In file included from /opt/rustwide/workdir/rocksdb/db/range_del_aggregator.h:15,
[INFO] [stderr]                    from /opt/rustwide/workdir/rocksdb/db/memtable.h:19,
[INFO] [stderr]                    from /opt/rustwide/workdir/rocksdb/db/memtable_list.h:15,
[INFO] [stderr]                    from /opt/rustwide/workdir/rocksdb/db/column_family.h:17,
[INFO] [stderr]                    from /opt/rustwide/workdir/rocksdb/db/version_set.h:31,
[INFO] [stderr]                    from /opt/rustwide/workdir/rocksdb/db/compaction.h:11,
[INFO] [stderr]                    from /opt/rustwide/workdir/rocksdb/db/compaction_iterator.h:12,
[INFO] [stderr]                    from /opt/rustwide/workdir/rocksdb/db/builder.cc:16:
[INFO] [stderr]   /opt/rustwide/workdir/rocksdb/db/version_edit.h: In constructor 'rocksdb::FdWithKeyRange::FdWithKeyRange(rocksdb::FileDescriptor, rocksdb::Slice, rocksdb::Slice, rocksdb::FileMetaData*)':
[INFO] [stderr]   /opt/rustwide/workdir/rocksdb/db/version_edit.h:156:33: error: implicitly-declared 'constexpr rocksdb::FileDescriptor::FileDescriptor(const rocksdb::FileDescriptor&)' is deprecated [-Werror=deprecated-copy]
[INFO] [stderr]     156 |         largest_key(_largest_key) {}
[INFO] [stderr]         |                                 ^
[INFO] [stderr]   /opt/rustwide/workdir/rocksdb/db/version_edit.h:47:19: note: because 'rocksdb::FileDescriptor' has user-provided 'rocksdb::FileDescriptor& rocksdb::FileDescriptor::operator=(const rocksdb::FileDescriptor&)'
[INFO] [stderr]      47 |   FileDescriptor& operator=(const FileDescriptor& fd) {
[INFO] [stderr]         |                   ^~~~~~~~
[INFO] [stderr]   c++: fatal error: Killed signal terminated program cc1plus
[INFO] [stderr]   compilation terminated.
[INFO] [stderr]   c++: fatal error: Killed signal terminated program cc1plus
[INFO] [stderr]   compilation terminated.
[INFO] [stderr]   c++: fatal error: Killed signal terminated program cc1plus
[INFO] [stderr]   compilation terminated.
[INFO] [stderr]   make[3]: *** [CMakeFiles/rocksdb.dir/build.make:102: CMakeFiles/rocksdb.dir/db/builder.cc.o] Error 1
[INFO] [stderr]   make[3]: *** Waiting for unfinished jobs....
[INFO] [stderr]   make[3]: *** [CMakeFiles/rocksdb.dir/build.make:115: CMakeFiles/rocksdb.dir/db/c.cc.o] Error 1
[INFO] [stderr]   make[3]: *** [CMakeFiles/rocksdb.dir/build.make:128: CMakeFiles/rocksdb.dir/db/column_family.cc.o] Error 1
[INFO] [stderr]   make[3]: *** [CMakeFiles/rocksdb.dir/build.make:141: CMakeFiles/rocksdb.dir/db/compacted_db_impl.cc.o] Error 1
[INFO] [stderr]   c++: fatal error: Killed signal terminated program cc1plus
[INFO] [stderr]   compilation terminated.
[INFO] [stderr]   make[3]: *** [CMakeFiles/rocksdb.dir/build.make:180: CMakeFiles/rocksdb.dir/db/compaction_job.cc.o] Error 1
[INFO] [stderr]   make[3]: *** [CMakeFiles/rocksdb.dir/build.make:284: CMakeFiles/rocksdb.dir/db/db_impl_files.cc.o] Error 1
[INFO] [stderr]   c++: fatal error: Killed signal terminated program cc1plus
[INFO] [stderr]   compilation terminated.
[INFO] [stderr]   make[3]: *** [CMakeFiles/rocksdb.dir/build.make:154: CMakeFiles/rocksdb.dir/db/compaction.cc.o] Error 1
[INFO] [stderr]   c++: fatal error: Killed signal terminated program cc1plus
[INFO] [stderr]   compilation terminated.
[INFO] [stderr]   c++: fatal error: Killed signal terminated program cc1plus
[INFO] [stderr]   compilation terminated.
[INFO] [stderr]   make[3]: *** [CMakeFiles/rocksdb.dir/build.make:76: CMakeFiles/rocksdb.dir/cache/lru_cache.cc.o] Error 1
[INFO] [stderr]   make[3]: *** [CMakeFiles/rocksdb.dir/build.make:167: CMakeFiles/rocksdb.dir/db/compaction_iterator.cc.o] Error 1
[INFO] [stderr]   c++: fatal error: Killed signal terminated program cc1plus
[INFO] [stderr]   compilation terminated.
[INFO] [stderr]   make[3]: *** [CMakeFiles/rocksdb.dir/build.make:297: CMakeFiles/rocksdb.dir/db/db_impl_open.cc.o] Error 1
[INFO] [stderr]   c++: fatal error: Killed signal terminated program cc1plus
[INFO] [stderr]   compilation terminated.
[INFO] [stderr]   c++: fatal error: Killed signal terminated program cc1plus
[INFO] [stderr]   compilation terminated.
[INFO] [stderr]   c++: fatal error: Killed signal terminated program cc1plus
[INFO] [stderr]   compilation terminated.
[INFO] [stderr]   c++: fatal error: Killed signal terminated program cc1plus
[INFO] [stderr]   compilation terminated.
[INFO] [stderr]   c++: fatal error: Killed signal terminated program cc1plus
[INFO] [stderr]   compilation terminated.
[INFO] [stderr]   c++: fatal error: Killed signal terminated program cc1plus
[INFO] [stderr]   compilation terminated.
[INFO] [stderr]   c++: fatal error: Killed signal terminated program cc1plus
[INFO] [stderr]   compilation terminated.
[INFO] [stderr]   c++: fatal error: Killed signal terminated program cc1plus
[INFO] [stderr]   compilation terminated.
[INFO] [stderr]   c++: fatal error: Killed signal terminated program cc1plus
[INFO] [stderr]   compilation terminated.
[INFO] [stderr]   c++: fatal error: Killed signal terminated program cc1plus
[INFO] [stderr]   compilation terminated.
[INFO] [stderr]   c++: fatal error: Killed signal terminated program cc1plus
[INFO] [stderr]   compilation terminated.
[INFO] [stderr]   c++: fatal error: Killed signal terminated program cc1plus
[INFO] [stderr]   compilation terminated.
[INFO] [stderr]   c++: fatal error: Killed signal terminated program cc1plus
[INFO] [stderr]   compilation terminated.
[INFO] [stderr]   c++: fatal error: Killed signal terminated program cc1plus
[INFO] [stderr]   compilation terminated.
[INFO] [stderr]   make[3]: *** [CMakeFiles/rocksdb.dir/build.make:206: CMakeFiles/rocksdb.dir/db/compaction_picker_universal.cc.o] Error 1
[INFO] [stderr]   make[3]: *** [CMakeFiles/rocksdb.dir/build.make:219: CMakeFiles/rocksdb.dir/db/convenience.cc.o] Error 1
[INFO] [stderr]   make[3]: *** [CMakeFiles/rocksdb.dir/build.make:245: CMakeFiles/rocksdb.dir/db/db_impl.cc.o] Error 1
[INFO] [stderr]   make[3]: *** [CMakeFiles/rocksdb.dir/build.make:271: CMakeFiles/rocksdb.dir/db/db_impl_compaction_flush.cc.o] Error 1
[INFO] [stderr]   make[3]: *** [CMakeFiles/rocksdb.dir/build.make:258: CMakeFiles/rocksdb.dir/db/db_impl_write.cc.o] Error 1
[INFO] [stderr]   make[3]: *** [CMakeFiles/rocksdb.dir/build.make:323: CMakeFiles/rocksdb.dir/db/db_impl_experimental.cc.o] Error 1
[INFO] [stderr]   make[3]: *** [CMakeFiles/rocksdb.dir/build.make:349: CMakeFiles/rocksdb.dir/db/db_info_dumper.cc.o] Error 1
[INFO] [stderr]   make[3]: *** [CMakeFiles/rocksdb.dir/build.make:375: CMakeFiles/rocksdb.dir/db/dbformat.cc.o] Error 1
[INFO] [stderr]   make[3]: *** [CMakeFiles/rocksdb.dir/build.make:440: CMakeFiles/rocksdb.dir/db/flush_job.cc.o] Error 1
[INFO] [stderr]   make[3]: *** [CMakeFiles/rocksdb.dir/build.make:362: CMakeFiles/rocksdb.dir/db/db_iter.cc.o] Error 1
[INFO] [stderr]   make[3]: *** [CMakeFiles/rocksdb.dir/build.make:388: CMakeFiles/rocksdb.dir/db/event_helpers.cc.o] Error 1
[INFO] [stderr]   make[3]: *** [CMakeFiles/rocksdb.dir/build.make:479: CMakeFiles/rocksdb.dir/db/internal_stats.cc.o] Error 1
[INFO] [stderr]   make[3]: *** [CMakeFiles/rocksdb.dir/build.make:869: CMakeFiles/rocksdb.dir/memtable/hash_linklist_rep.cc.o] Error 1
[INFO] [stderr]   make[3]: *** [CMakeFiles/rocksdb.dir/build.make:882: CMakeFiles/rocksdb.dir/memtable/hash_skiplist_rep.cc.o] Error 1
[INFO] [stderr]   c++: fatal error: Killed signal terminated program cc1plus
[INFO] [stderr]   compilation terminated.
[INFO] [stderr]   c++: fatal error: Killed signal terminated program cc1plus
[INFO] [stderr]   compilation terminated.
[INFO] [stderr]   make[3]: *** [CMakeFiles/rocksdb.dir/build.make:401: CMakeFiles/rocksdb.dir/db/experimental.cc.o] Error 1
[INFO] [stderr]   make[3]: *** [CMakeFiles/rocksdb.dir/build.make:570: CMakeFiles/rocksdb.dir/db/merge_helper.cc.o] Error 1
[INFO] [stderr]   c++: fatal error: Killed signal terminated program cc1plus
[INFO] [stderr]   compilation terminated.
[INFO] [stderr]   make[3]: *** [CMakeFiles/rocksdb.dir/build.make:635: CMakeFiles/rocksdb.dir/db/table_cache.cc.o] Error 1
[INFO] [stderr]   c++: fatal error: Killed signal terminated program cc1plus
[INFO] [stderr]   compilation terminated.
[INFO] [stderr]   make[3]: *** [CMakeFiles/rocksdb.dir/build.make:466: CMakeFiles/rocksdb.dir/db/forward_iterator.cc.o] Error 1
[INFO] [stderr]   c++: fatal error: Killed signal terminated program cc1plus
[INFO] [stderr]   compilation terminated.
[INFO] [stderr]   make[3]: *** [CMakeFiles/rocksdb.dir/build.make:453: CMakeFiles/rocksdb.dir/db/flush_scheduler.cc.o] Error 1
[INFO] [stderr]   c++: fatal error: Killed signal terminated program cc1plus
[INFO] [stderr]   compilation terminated.
[INFO] [stderr]   make[3]: *** [CMakeFiles/rocksdb.dir/build.make:544: CMakeFiles/rocksdb.dir/db/memtable.cc.o] Error 1
[INFO] [stderr]   c++: fatal error: Killed signal terminated program cc1plus
[INFO] [stderr]   compilation terminated.
[INFO] [stderr]   c++: fatal error: Killed signal terminated program cc1plus
[INFO] [stderr]   compilation terminated.
[INFO] [stderr]   make[3]: *** [CMakeFiles/rocksdb.dir/build.make:336: CMakeFiles/rocksdb.dir/db/db_impl_readonly.cc.o] Error 1
[INFO] [stderr]   make[3]: *** [CMakeFiles/rocksdb.dir/build.make:557: CMakeFiles/rocksdb.dir/db/memtable_list.cc.o] Error 1
[INFO] [stderr]   c++: fatal error: Killed signal terminated program cc1plus
[INFO] [stderr]   compilation terminated.
[INFO] [stderr]   c++: fatal error: Killed signal terminated program cc1plus
[INFO] [stderr]   compilation terminated.
[INFO] [stderr]   make[3]: *** [CMakeFiles/rocksdb.dir/build.make:648: CMakeFiles/rocksdb.dir/db/table_properties_collector.cc.o] Error 1
[INFO] [stderr]   make[3]: *** [CMakeFiles/rocksdb.dir/build.make:427: CMakeFiles/rocksdb.dir/db/file_indexer.cc.o] Error 1
[INFO] [stderr]   c++: fatal error: Killed signal terminated program cc1plus
[INFO] [stderr]   compilation terminated.
[INFO] [stderr]   make[3]: *** [CMakeFiles/rocksdb.dir/build.make:232: CMakeFiles/rocksdb.dir/db/db_filesnapshot.cc.o] Error 1
[INFO] [stderr]   c++: fatal error: Killed signal terminated program cc1plus
[INFO] [stderr]   compilation terminated.
[INFO] [stderr]   c++: fatal error: Killed signal terminated program cc1plus
[INFO] [stderr]   compilation terminated.
[INFO] [stderr]   make[3]: *** [CMakeFiles/rocksdb.dir/build.make:843: CMakeFiles/rocksdb.dir/memtable/alloc_tracker.cc.o] Error 1
[INFO] [stderr]   make[3]: *** [CMakeFiles/rocksdb.dir/build.make:505: CMakeFiles/rocksdb.dir/db/log_writer.cc.o] Error 1
[INFO] [stderr]   c++: fatal error: Killed signal terminated program cc1plus
[INFO] [stderr]   compilation terminated.
[INFO] [stderr]   make[3]: *** [CMakeFiles/rocksdb.dir/build.make:752: CMakeFiles/rocksdb.dir/db/write_controller.cc.o] Error 1
[INFO] [stderr]   c++: fatal error: Killed signal terminated program cc1plus
[INFO] [stderr]   compilation terminated.
[INFO] [stderr]   make[3]: *** [CMakeFiles/rocksdb.dir/build.make:700: CMakeFiles/rocksdb.dir/db/version_set.cc.o] Error 1
[INFO] [stderr]   c++: fatal error: Killed signal terminated program cc1plus
[INFO] [stderr]   compilation terminated.
[INFO] [stderr]   make[3]: *** [CMakeFiles/rocksdb.dir/build.make:726: CMakeFiles/rocksdb.dir/db/write_batch.cc.o] Error 1
[INFO] [stderr]   c++: fatal error: Killed signal terminated program cc1plus
[INFO] [stderr]   compilation terminated.
[INFO] [stderr]   c++: fatal error: Killed signal terminated program cc1plus
[INFO] [stderr]   compilation terminated.
[INFO] [stderr]   make[3]: *** [CMakeFiles/rocksdb.dir/build.make:622: CMakeFiles/rocksdb.dir/db/snapshot_impl.cc.o] Error 1
[INFO] [stderr]   make[3]: *** [CMakeFiles/rocksdb.dir/build.make:687: CMakeFiles/rocksdb.dir/db/version_edit.cc.o] Error 1
[INFO] [stderr]   c++: fatal error: Killed signal terminated program cc1plus
[INFO] [stderr]   compilation terminated.
[INFO] [stderr]   c++: fatal error: Killed signal terminated program cc1plus
[INFO] [stderr]   compilation terminated.
[INFO] [stderr]   make[3]: *** [CMakeFiles/rocksdb.dir/build.make:713: CMakeFiles/rocksdb.dir/db/wal_manager.cc.o] Error 1
[INFO] [stderr]   make[3]: *** [CMakeFiles/rocksdb.dir/build.make:765: CMakeFiles/rocksdb.dir/db/write_thread.cc.o] Error 1
[INFO] [stderr]   c++: fatal error: Killed signal terminated program cc1plus
[INFO] [stderr]   compilation terminated.
[INFO] [stderr]   make[3]: *** [CMakeFiles/rocksdb.dir/build.make:492: CMakeFiles/rocksdb.dir/db/log_reader.cc.o] Error 1
[INFO] [stderr]   c++: fatal error: Killed signal terminated program cc1plus
[INFO] [stderr]   compilation terminated.
[INFO] [stderr]   make[3]: *** [CMakeFiles/rocksdb.dir/build.make:674: CMakeFiles/rocksdb.dir/db/version_builder.cc.o] Error 1
[INFO] [stderr]   c++: fatal error: Killed signal terminated program cc1plus
[INFO] [stderr]   compilation terminated.
[INFO] [stderr]   make[3]: *** [CMakeFiles/rocksdb.dir/build.make:414: CMakeFiles/rocksdb.dir/db/external_sst_file_ingestion_job.cc.o] Error 1
[INFO] [stderr]   In file included from /opt/rustwide/workdir/rocksdb/db/range_del_aggregator.h:15,
[INFO] [stderr]                    from /opt/rustwide/workdir/rocksdb/db/memtable.h:19,
[INFO] [stderr]                    from /opt/rustwide/workdir/rocksdb/db/memtable_list.h:15,
[INFO] [stderr]                    from /opt/rustwide/workdir/rocksdb/db/column_family.h:17,
[INFO] [stderr]                    from /opt/rustwide/workdir/rocksdb/db/managed_iterator.h:14,
[INFO] [stderr]                    from /opt/rustwide/workdir/rocksdb/db/managed_iterator.cc:8:
[INFO] [stderr]   /opt/rustwide/workdir/rocksdb/db/version_edit.h: In constructor 'rocksdb::FdWithKeyRange::FdWithKeyRange(rocksdb::FileDescriptor, rocksdb::Slice, rocksdb::Slice, rocksdb::FileMetaData*)':
[INFO] [stderr]   /opt/rustwide/workdir/rocksdb/db/version_edit.h:156:33: error: implicitly-declared 'constexpr rocksdb::FileDescriptor::FileDescriptor(const rocksdb::FileDescriptor&)' is deprecated [-Werror=deprecated-copy]
[INFO] [stderr]     156 |         largest_key(_largest_key) {}
[INFO] [stderr]         |                                 ^
[INFO] [stderr]   /opt/rustwide/workdir/rocksdb/db/version_edit.h:47:19: note: because 'rocksdb::FileDescriptor' has user-provided 'rocksdb::FileDescriptor& rocksdb::FileDescriptor::operator=(const rocksdb::FileDescriptor&)'
[INFO] [stderr]      47 |   FileDescriptor& operator=(const FileDescriptor& fd) {
[INFO] [stderr]         |                   ^~~~~~~~
[INFO] [stderr]   In file included from /opt/rustwide/workdir/rocksdb/db/range_del_aggregator.h:15,
[INFO] [stderr]                    from /opt/rustwide/workdir/rocksdb/db/memtable.h:19,
[INFO] [stderr]                    from /opt/rustwide/workdir/rocksdb/db/memtable_list.h:15,
[INFO] [stderr]                    from /opt/rustwide/workdir/rocksdb/db/column_family.h:17,
[INFO] [stderr]                    from /opt/rustwide/workdir/rocksdb/db/db_impl.h:23,
[INFO] [stderr]                    from /opt/rustwide/workdir/rocksdb/db/db_impl_debug.cc:12:
[INFO] [stderr]   /opt/rustwide/workdir/rocksdb/db/version_edit.h: In constructor 'rocksdb::FdWithKeyRange::FdWithKeyRange(rocksdb::FileDescriptor, rocksdb::Slice, rocksdb::Slice, rocksdb::FileMetaData*)':
[INFO] [stderr]   /opt/rustwide/workdir/rocksdb/db/version_edit.h:156:33: error: implicitly-declared 'constexpr rocksdb::FileDescriptor::FileDescriptor(const rocksdb::FileDescriptor&)' is deprecated [-Werror=deprecated-copy]
[INFO] [stderr]     156 |         largest_key(_largest_key) {}
[INFO] [stderr]         |                                 ^
[INFO] [stderr]   /opt/rustwide/workdir/rocksdb/db/version_edit.h:47:19: note: because 'rocksdb::FileDescriptor' has user-provided 'rocksdb::FileDescriptor& rocksdb::FileDescriptor::operator=(const rocksdb::FileDescriptor&)'
[INFO] [stderr]      47 |   FileDescriptor& operator=(const FileDescriptor& fd) {
[INFO] [stderr]         |                   ^~~~~~~~
[INFO] [stderr]   In file included from /opt/rustwide/workdir/rocksdb/db/range_del_aggregator.h:15,
[INFO] [stderr]                    from /opt/rustwide/workdir/rocksdb/db/memtable.h:19,
[INFO] [stderr]                    from /opt/rustwide/workdir/rocksdb/db/memtable_list.h:15,
[INFO] [stderr]                    from /opt/rustwide/workdir/rocksdb/db/column_family.h:17,
[INFO] [stderr]                    from /opt/rustwide/workdir/rocksdb/db/version_set.h:31,
[INFO] [stderr]                    from /opt/rustwide/workdir/rocksdb/db/transaction_log_impl.h:11,
[INFO] [stderr]                    from /opt/rustwide/workdir/rocksdb/db/transaction_log_impl.cc:11:
[INFO] [stderr]   /opt/rustwide/workdir/rocksdb/db/version_edit.h: In constructor 'rocksdb::FdWithKeyRange::FdWithKeyRange(rocksdb::FileDescriptor, rocksdb::Slice, rocksdb::Slice, rocksdb::FileMetaData*)':
[INFO] [stderr]   /opt/rustwide/workdir/rocksdb/db/version_edit.h:156:33: error: implicitly-declared 'constexpr rocksdb::FileDescriptor::FileDescriptor(const rocksdb::FileDescriptor&)' is deprecated [-Werror=deprecated-copy]
[INFO] [stderr]     156 |         largest_key(_largest_key) {}
[INFO] [stderr]         |                                 ^
[INFO] [stderr]   /opt/rustwide/workdir/rocksdb/db/version_edit.h:47:19: note: because 'rocksdb::FileDescriptor' has user-provided 'rocksdb::FileDescriptor& rocksdb::FileDescriptor::operator=(const rocksdb::FileDescriptor&)'
[INFO] [stderr]      47 |   FileDescriptor& operator=(const FileDescriptor& fd) {
[INFO] [stderr]         |                   ^~~~~~~~
[INFO] [stderr]   c++: fatal error: Killed signal terminated program cc1plus
[INFO] [stderr]   compilation terminated.
[INFO] [stderr]   make[3]: *** [CMakeFiles/rocksdb.dir/build.make:531: CMakeFiles/rocksdb.dir/db/managed_iterator.cc.o] Error 1
[INFO] [stderr]   c++: fatal error: Killed signal terminated program cc1plus
[INFO] [stderr]   compilation terminated.
[INFO] [stderr]   make[3]: *** [CMakeFiles/rocksdb.dir/build.make:310: CMakeFiles/rocksdb.dir/db/db_impl_debug.cc.o] Error 1
[INFO] [stderr]   In file included from /opt/rustwide/workdir/rocksdb/db/range_del_aggregator.h:15,
[INFO] [stderr]                    from /opt/rustwide/workdir/rocksdb/db/range_del_aggregator.cc:6:
[INFO] [stderr]   /opt/rustwide/workdir/rocksdb/db/version_edit.h: In constructor 'rocksdb::FdWithKeyRange::FdWithKeyRange(rocksdb::FileDescriptor, rocksdb::Slice, rocksdb::Slice, rocksdb::FileMetaData*)':
[INFO] [stderr]   /opt/rustwide/workdir/rocksdb/db/version_edit.h:156:33: error: implicitly-declared 'constexpr rocksdb::FileDescriptor::FileDescriptor(const rocksdb::FileDescriptor&)' is deprecated [-Werror=deprecated-copy]
[INFO] [stderr]     156 |         largest_key(_largest_key) {}
[INFO] [stderr]         |                                 ^
[INFO] [stderr]   /opt/rustwide/workdir/rocksdb/db/version_edit.h:47:19: note: because 'rocksdb::FileDescriptor' has user-provided 'rocksdb::FileDescriptor& rocksdb::FileDescriptor::operator=(const rocksdb::FileDescriptor&)'
[INFO] [stderr]      47 |   FileDescriptor& operator=(const FileDescriptor& fd) {
[INFO] [stderr]         |                   ^~~~~~~~
[INFO] [stderr]   In file included from /opt/rustwide/workdir/rocksdb/db/range_del_aggregator.h:15,
[INFO] [stderr]                    from /opt/rustwide/workdir/rocksdb/db/memtable.h:19,
[INFO] [stderr]                    from /opt/rustwide/workdir/rocksdb/memtable/hash_cuckoo_rep.cc:18:
[INFO] [stderr]   /opt/rustwide/workdir/rocksdb/db/version_edit.h: In constructor 'rocksdb::FdWithKeyRange::FdWithKeyRange(rocksdb::FileDescriptor, rocksdb::Slice, rocksdb::Slice, rocksdb::FileMetaData*)':
[INFO] [stderr]   /opt/rustwide/workdir/rocksdb/db/version_edit.h:156:33: error: implicitly-declared 'constexpr rocksdb::FileDescriptor::FileDescriptor(const rocksdb::FileDescriptor&)' is deprecated [-Werror=deprecated-copy]
[INFO] [stderr]     156 |         largest_key(_largest_key) {}
[INFO] [stderr]         |                                 ^
[INFO] [stderr]   /opt/rustwide/workdir/rocksdb/db/version_edit.h:47:19: note: because 'rocksdb::FileDescriptor' has user-provided 'rocksdb::FileDescriptor& rocksdb::FileDescriptor::operator=(const rocksdb::FileDescriptor&)'
[INFO] [stderr]      47 |   FileDescriptor& operator=(const FileDescriptor& fd) {
[INFO] [stderr]         |                   ^~~~~~~~
[INFO] [stderr]   In file included from /opt/rustwide/workdir/rocksdb/db/range_del_aggregator.h:15,
[INFO] [stderr]                    from /opt/rustwide/workdir/rocksdb/db/memtable.h:19,
[INFO] [stderr]                    from /opt/rustwide/workdir/rocksdb/db/memtable_list.h:15,
[INFO] [stderr]                    from /opt/rustwide/workdir/rocksdb/db/column_family.h:17,
[INFO] [stderr]                    from /opt/rustwide/workdir/rocksdb/db/version_set.h:31,
[INFO] [stderr]                    from /opt/rustwide/workdir/rocksdb/db/compaction.h:11,
[INFO] [stderr]                    from /opt/rustwide/workdir/rocksdb/db/compaction_picker.h:18,
[INFO] [stderr]                    from /opt/rustwide/workdir/rocksdb/db/compaction_picker.cc:10:
[INFO] [stderr]   /opt/rustwide/workdir/rocksdb/db/version_edit.h: In constructor 'rocksdb::FdWithKeyRange::FdWithKeyRange(rocksdb::FileDescriptor, rocksdb::Slice, rocksdb::Slice, rocksdb::FileMetaData*)':
[INFO] [stderr]   /opt/rustwide/workdir/rocksdb/db/version_edit.h:156:33: error: implicitly-declared 'constexpr rocksdb::FileDescriptor::FileDescriptor(const rocksdb::FileDescriptor&)' is deprecated [-Werror=deprecated-copy]
[INFO] [stderr]     156 |         largest_key(_largest_key) {}
[INFO] [stderr]         |                                 ^
[INFO] [stderr]   /opt/rustwide/workdir/rocksdb/db/version_edit.h:47:19: note: because 'rocksdb::FileDescriptor' has user-provided 'rocksdb::FileDescriptor& rocksdb::FileDescriptor::operator=(const rocksdb::FileDescriptor&)'
[INFO] [stderr]      47 |   FileDescriptor& operator=(const FileDescriptor& fd) {
[INFO] [stderr]         |                   ^~~~~~~~
[INFO] [stderr]   In file included from /opt/rustwide/workdir/rocksdb/db/range_del_aggregator.h:15,
[INFO] [stderr]                    from /opt/rustwide/workdir/rocksdb/db/memtable.h:19,
[INFO] [stderr]                    from /opt/rustwide/workdir/rocksdb/memtable/vectorrep.cc:16:
[INFO] [stderr]   /opt/rustwide/workdir/rocksdb/db/version_edit.h: In constructor 'rocksdb::FdWithKeyRange::FdWithKeyRange(rocksdb::FileDescriptor, rocksdb::Slice, rocksdb::Slice, rocksdb::FileMetaData*)':
[INFO] [stderr]   /opt/rustwide/workdir/rocksdb/db/version_edit.h:156:33: error: implicitly-declared 'constexpr rocksdb::FileDescriptor::FileDescriptor(const rocksdb::FileDescriptor&)' is deprecated [-Werror=deprecated-copy]
[INFO] [stderr]     156 |         largest_key(_largest_key) {}
[INFO] [stderr]         |                                 ^
[INFO] [stderr]   /opt/rustwide/workdir/rocksdb/db/version_edit.h:47:19: note: because 'rocksdb::FileDescriptor' has user-provided 'rocksdb::FileDescriptor& rocksdb::FileDescriptor::operator=(const rocksdb::FileDescriptor&)'
[INFO] [stderr]      47 |   FileDescriptor& operator=(const FileDescriptor& fd) {
[INFO] [stderr]         |                   ^~~~~~~~
[INFO] [stderr]   In file included from /opt/rustwide/workdir/rocksdb/db/range_del_aggregator.h:15,
[INFO] [stderr]                    from /opt/rustwide/workdir/rocksdb/db/memtable.h:19,
[INFO] [stderr]                    from /opt/rustwide/workdir/rocksdb/memtable/skiplistrep.cc:7:
[INFO] [stderr]   /opt/rustwide/workdir/rocksdb/db/version_edit.h: In constructor 'rocksdb::FdWithKeyRange::FdWithKeyRange(rocksdb::FileDescriptor, rocksdb::Slice, rocksdb::Slice, rocksdb::FileMetaData*)':
[INFO] [stderr]   /opt/rustwide/workdir/rocksdb/db/version_edit.h:156:33: error: implicitly-declared 'constexpr rocksdb::FileDescriptor::FileDescriptor(const rocksdb::FileDescriptor&)' is deprecated [-Werror=deprecated-copy]
[INFO] [stderr]     156 |         largest_key(_largest_key) {}
[INFO] [stderr]         |                                 ^
[INFO] [stderr]   /opt/rustwide/workdir/rocksdb/db/version_edit.h:47:19: note: because 'rocksdb::FileDescriptor' has user-provided 'rocksdb::FileDescriptor& rocksdb::FileDescriptor::operator=(const rocksdb::FileDescriptor&)'
[INFO] [stderr]      47 |   FileDescriptor& operator=(const FileDescriptor& fd) {
[INFO] [stderr]         |                   ^~~~~~~~
[INFO] [stderr]   In file included from /opt/rustwide/workdir/rocksdb/db/range_del_aggregator.h:15,
[INFO] [stderr]                    from /opt/rustwide/workdir/rocksdb/db/memtable.h:19,
[INFO] [stderr]                    from /opt/rustwide/workdir/rocksdb/db/memtable_list.h:15,
[INFO] [stderr]                    from /opt/rustwide/workdir/rocksdb/db/column_family.h:17,
[INFO] [stderr]                    from /opt/rustwide/workdir/rocksdb/db/db_impl.h:23,
[INFO] [stderr]                    from /opt/rustwide/workdir/rocksdb/db/repair.cc:69:
[INFO] [stderr]   /opt/rustwide/workdir/rocksdb/db/version_edit.h: In constructor 'rocksdb::FdWithKeyRange::FdWithKeyRange(rocksdb::FileDescriptor, rocksdb::Slice, rocksdb::Slice, rocksdb::FileMetaData*)':
[INFO] [stderr]   /opt/rustwide/workdir/rocksdb/db/version_edit.h:156:33: error: implicitly-declared 'constexpr rocksdb::FileDescriptor::FileDescriptor(const rocksdb::FileDescriptor&)' is deprecated [-Werror=deprecated-copy]
[INFO] [stderr]     156 |         largest_key(_largest_key) {}
[INFO] [stderr]         |                                 ^
[INFO] [stderr]   /opt/rustwide/workdir/rocksdb/db/version_edit.h:47:19: note: because 'rocksdb::FileDescriptor' has user-provided 'rocksdb::FileDescriptor& rocksdb::FileDescriptor::operator=(const rocksdb::FileDescriptor&)'
[INFO] [stderr]      47 |   FileDescriptor& operator=(const FileDescriptor& fd) {
[INFO] [stderr]         |                   ^~~~~~~~
[INFO] [stderr]   c++: fatal error: Killed signal terminated program cc1plus
[INFO] [stderr]   compilation terminated.
[INFO] [stderr]   make[3]: *** [CMakeFiles/rocksdb.dir/build.make:661: CMakeFiles/rocksdb.dir/db/transaction_log_impl.cc.o] Error 1
[INFO] [stderr]   /opt/rustwide/workdir/rocksdb/db/version_edit.h: In instantiation of 'constexpr std::pair<_T1, _T2>::pair(_U1&&, _U2&&) [with _U1 = int&; _U2 = rocksdb::FileMetaData; typename std::enable_if<(std::_PCC<true, _T1, _T2>::_MoveConstructiblePair<_U1, _U2>() && std::_PCC<true, _T1, _T2>::_ImplicitlyMoveConvertiblePair<_U1, _U2>()), bool>::type <anonymous> = true; _T1 = int; _T2 = rocksdb::FileMetaData]':
[INFO] [stderr]   /usr/include/c++/9/ext/new_allocator.h:147:4:   required from 'void __gnu_cxx::new_allocator<_Tp>::construct(_Up*, _Args&& ...) [with _Up = std::pair<int, rocksdb::FileMetaData>; _Args = {int&, rocksdb::FileMetaData}; _Tp = std::pair<int, rocksdb::FileMetaData>]'
[INFO] [stderr]   /usr/include/c++/9/bits/alloc_traits.h:484:4:   required from 'static void std::allocator_traits<std::allocator<_CharT> >::construct(std::allocator_traits<std::allocator<_CharT> >::allocator_type&, _Up*, _Args&& ...) [with _Up = std::pair<int, rocksdb::FileMetaData>; _Args = {int&, rocksdb::FileMetaData}; _Tp = std::pair<int, rocksdb::FileMetaData>; std::allocator_traits<std::allocator<_CharT> >::allocator_type = std::allocator<std::pair<int, rocksdb::FileMetaData> >]'
[INFO] [stderr]   /usr/include/c++/9/bits/vector.tcc:115:30:   required from 'void std::vector<_Tp, _Alloc>::emplace_back(_Args&& ...) [with _Args = {int&, rocksdb::FileMetaData}; _Tp = std::pair<int, rocksdb::FileMetaData>; _Alloc = std::allocator<std::pair<int, rocksdb::FileMetaData> >]'
[INFO] [stderr]   /opt/rustwide/workdir/rocksdb/db/version_edit.h:218:48:   required from here
[INFO] [stderr]   /opt/rustwide/workdir/rocksdb/db/version_edit.h:76:8: error: implicitly-declared 'constexpr rocksdb::FileDescriptor::FileDescriptor(const rocksdb::FileDescriptor&)' is deprecated [-Werror=deprecated-copy]
[INFO] [stderr]      76 | struct FileMetaData {
[INFO] [stderr]         |        ^~~~~~~~~~~~
[INFO] [stderr]   /opt/rustwide/workdir/rocksdb/db/version_edit.h:47:19: note: because 'rocksdb::FileDescriptor' has user-provided 'rocksdb::FileDescriptor& rocksdb::FileDescriptor::operator=(const rocksdb::FileDescriptor&)'
[INFO] [stderr]      47 |   FileDescriptor& operator=(const FileDescriptor& fd) {
[INFO] [stderr]         |                   ^~~~~~~~
[INFO] [stderr]   In file included from /usr/include/c++/9/bits/stl_algobase.h:64,
[INFO] [stderr]                    from /usr/include/c++/9/bits/char_traits.h:39,
[INFO] [stderr]                    from /usr/include/c++/9/string:40,
[INFO] [stderr]                    from /opt/rustwide/workdir/rocksdb/port/port.h:12,
[INFO] [stderr]                    from /opt/rustwide/workdir/rocksdb/memtable/hash_cuckoo_rep.h:11,
[INFO] [stderr]                    from /opt/rustwide/workdir/rocksdb/memtable/hash_cuckoo_rep.cc:8:
[INFO] [stderr]   /usr/include/c++/9/bits/stl_pair.h:342:64: note: synthesized method 'rocksdb::FileMetaData::FileMetaData(rocksdb::FileMetaData&&)' first required here
[INFO] [stderr]     342 |  : first(std::forward<_U1>(__x)), second(std::forward<_U2>(__y)) { }
[INFO] [stderr]         |                                                                ^
[INFO] [stderr]   In file included from /opt/rustwide/workdir/rocksdb/db/range_del_aggregator.h:15,
[INFO] [stderr]                    from /opt/rustwide/workdir/rocksdb/db/memtable.h:19,
[INFO] [stderr]                    from /opt/rustwide/workdir/rocksdb/memtable/hash_cuckoo_rep.cc:18:
[INFO] [stderr]   /opt/rustwide/workdir/rocksdb/db/version_edit.h: In instantiation of 'constexpr std::pair<_T1, _T2>::pair(_U1&&, const _T2&) [with _U1 = int&; typename std::enable_if<std::_PCC<true, _T1, _T2>::_MoveCopyPair<true, _U1, _T2>(), bool>::type <anonymous> = true; _T1 = int; _T2 = rocksdb::FileMetaData]':
[INFO] [stderr]   /usr/include/c++/9/ext/new_allocator.h:147:4:   required from 'void __gnu_cxx::new_allocator<_Tp>::construct(_Up*, _Args&& ...) [with _Up = std::pair<int, rocksdb::FileMetaData>; _Args = {int&, const rocksdb::FileMetaData&}; _Tp = std::pair<int, rocksdb::FileMetaData>]'
[INFO] [stderr]   /usr/include/c++/9/bits/alloc_traits.h:484:4:   required from 'static void std::allocator_traits<std::allocator<_CharT> >::construct(std::allocator_traits<std::allocator<_CharT> >::allocator_type&, _Up*, _Args&& ...) [with _Up = std::pair<int, rocksdb::FileMetaData>; _Args = {int&, const rocksdb::FileMetaData&}; _Tp = std::pair<int, rocksdb::FileMetaData>; std::allocator_traits<std::allocator<_CharT> >::allocator_type = std::allocator<std::pair<int, rocksdb::FileMetaData> >]'
[INFO] [stderr]   /usr/include/c++/9/bits/vector.tcc:115:30:   required from 'void std::vector<_Tp, _Alloc>::emplace_back(_Args&& ...) [with _Args = {int&, const rocksdb::FileMetaData&}; _Tp = std::pair<int, rocksdb::FileMetaData>; _Alloc = std::allocator<std::pair<int, rocksdb::FileMetaData> >]'
[INFO] [stderr]   /opt/rustwide/workdir/rocksdb/db/version_edit.h:223:37:   required from here
[INFO] [stderr]   /opt/rustwide/workdir/rocksdb/db/version_edit.h:76:8: error: implicitly-declared 'constexpr rocksdb::FileDescriptor::FileDescriptor(const rocksdb::FileDescriptor&)' is deprecated [-Werror=deprecated-copy]
[INFO] [stderr]      76 | struct FileMetaData {
[INFO] [stderr]         |        ^~~~~~~~~~~~
[INFO] [stderr]   /opt/rustwide/workdir/rocksdb/db/version_edit.h:47:19: note: because 'rocksdb::FileDescriptor' has user-provided 'rocksdb::FileDescriptor& rocksdb::FileDescriptor::operator=(const rocksdb::FileDescriptor&)'
[INFO] [stderr]      47 |   FileDescriptor& operator=(const FileDescriptor& fd) {
[INFO] [stderr]         |                   ^~~~~~~~
[INFO] [stderr]   In file included from /usr/include/c++/9/bits/stl_algobase.h:64,
[INFO] [stderr]                    from /usr/include/c++/9/bits/char_traits.h:39,
[INFO] [stderr]                    from /usr/include/c++/9/string:40,
[INFO] [stderr]                    from /opt/rustwide/workdir/rocksdb/port/port.h:12,
[INFO] [stderr]                    from /opt/rustwide/workdir/rocksdb/memtable/hash_cuckoo_rep.h:11,
[INFO] [stderr]                    from /opt/rustwide/workdir/rocksdb/memtable/hash_cuckoo_rep.cc:8:
[INFO] [stderr]   /usr/include/c++/9/bits/stl_pair.h:312:51: note: synthesized method 'rocksdb::FileMetaData::FileMetaData(const rocksdb::FileMetaData&)' first required here
[INFO] [stderr]     312 |        : first(std::forward<_U1>(__x)), second(__y) { }
[INFO] [stderr]         |                                                   ^
[INFO] [stderr]   /opt/rustwide/workdir/rocksdb/db/version_edit.h: In instantiation of 'constexpr std::pair<_T1, _T2>::pair(_U1&&, _U2&&) [with _U1 = int&; _U2 = rocksdb::FileMetaData; typename std::enable_if<(std::_PCC<true, _T1, _T2>::_MoveConstructiblePair<_U1, _U2>() && std::_PCC<true, _T1, _T2>::_ImplicitlyMoveConvertiblePair<_U1, _U2>()), bool>::type <anonymous> = true; _T1 = int; _T2 = rocksdb::FileMetaData]':
[INFO] [stderr]   /usr/include/c++/9/ext/new_allocator.h:147:4:   required from 'void __gnu_cxx::new_allocator<_Tp>::construct(_Up*, _Args&& ...) [with _Up = std::pair<int, rocksdb::FileMetaData>; _Args = {int&, rocksdb::FileMetaData}; _Tp = std::pair<int, rocksdb::FileMetaData>]'
[INFO] [stderr]   /usr/include/c++/9/bits/alloc_traits.h:484:4:   required from 'static void std::allocator_traits<std::allocator<_Tp1> >::construct(std::allocator_traits<std::allocator<_Tp1> >::allocator_type&, _Up*, _Args&& ...) [with _Up = std::pair<int, rocksdb::FileMetaData>; _Args = {int&, rocksdb::FileMetaData}; _Tp = std::pair<int, rocksdb::FileMetaData>; std::allocator_traits<std::allocator<_Tp1> >::allocator_type = std::allocator<std::pair<int, rocksdb::FileMetaData> >]'
[INFO] [stderr]   /usr/include/c++/9/bits/vector.tcc:115:30:   required from 'void std::vector<_Tp, _Alloc>::emplace_back(_Args&& ...) [with _Args = {int&, rocksdb::FileMetaData}; _Tp = std::pair<int, rocksdb::FileMetaData>; _Alloc = std::allocator<std::pair<int, rocksdb::FileMetaData> >]'
[INFO] [stderr]   /opt/rustwide/workdir/rocksdb/db/version_edit.h:218:48:   required from here
[INFO] [stderr]   /opt/rustwide/workdir/rocksdb/db/version_edit.h:76:8: error: implicitly-declared 'constexpr rocksdb::FileDescriptor::FileDescriptor(const rocksdb::FileDescriptor&)' is deprecated [-Werror=deprecated-copy]
[INFO] [stderr]      76 | struct FileMetaData {
[INFO] [stderr]         |        ^~~~~~~~~~~~
[INFO] [stderr]   /opt/rustwide/workdir/rocksdb/db/version_edit.h:47:19: note: because 'rocksdb::FileDescriptor' has user-provided 'rocksdb::FileDescriptor& rocksdb::FileDescriptor::operator=(const rocksdb::FileDescriptor&)'
[INFO] [stderr]      47 |   FileDescriptor& operator=(const FileDescriptor& fd) {
[INFO] [stderr]         |                   ^~~~~~~~
[INFO] [stderr]   In file included from /usr/include/c++/9/bits/stl_algobase.h:64,
[INFO] [stderr]                    from /usr/include/c++/9/bits/stl_tree.h:63,
[INFO] [stderr]                    from /usr/include/c++/9/map:60,
[INFO] [stderr]                    from /opt/rustwide/workdir/rocksdb/db/range_del_aggregator.h:8,
[INFO] [stderr]                    from /opt/rustwide/workdir/rocksdb/db/range_del_aggregator.cc:6:
[INFO] [stderr]   /usr/include/c++/9/bits/stl_pair.h:342:64: note: synthesized method 'rocksdb::FileMetaData::FileMetaData(rocksdb::FileMetaData&&)' first required here
[INFO] [stderr]     342 |  : first(std::forward<_U1>(__x)), second(std::forward<_U2>(__y)) { }
[INFO] [stderr]         |                                                                ^
[INFO] [stderr]   In file included from /opt/rustwide/workdir/rocksdb/db/range_del_aggregator.h:15,
[INFO] [stderr]                    from /opt/rustwide/workdir/rocksdb/db/range_del_aggregator.cc:6:
[INFO] [stderr]   /opt/rustwide/workdir/rocksdb/db/version_edit.h: In instantiation of 'constexpr std::pair<_T1, _T2>::pair(_U1&&, const _T2&) [with _U1 = int&; typename std::enable_if<std::_PCC<true, _T1, _T2>::_MoveCopyPair<true, _U1, _T2>(), bool>::type <anonymous> = true; _T1 = int; _T2 = rocksdb::FileMetaData]':
[INFO] [stderr]   /usr/include/c++/9/ext/new_allocator.h:147:4:   required from 'void __gnu_cxx::new_allocator<_Tp>::construct(_Up*, _Args&& ...) [with _Up = std::pair<int, rocksdb::FileMetaData>; _Args = {int&, const rocksdb::FileMetaData&}; _Tp = std::pair<int, rocksdb::FileMetaData>]'
[INFO] [stderr]   /usr/include/c++/9/bits/alloc_traits.h:484:4:   required from 'static void std::allocator_traits<std::allocator<_Tp1> >::construct(std::allocator_traits<std::allocator<_Tp1> >::allocator_type&, _Up*, _Args&& ...) [with _Up = std::pair<int, rocksdb::FileMetaData>; _Args = {int&, const rocksdb::FileMetaData&}; _Tp = std::pair<int, rocksdb::FileMetaData>; std::allocator_traits<std::allocator<_Tp1> >::allocator_type = std::allocator<std::pair<int, rocksdb::FileMetaData> >]'
[INFO] [stderr]   /usr/include/c++/9/bits/vector.tcc:115:30:   required from 'void std::vector<_Tp, _Alloc>::emplace_back(_Args&& ...) [with _Args = {int&, const rocksdb::FileMetaData&}; _Tp = std::pair<int, rocksdb::FileMetaData>; _Alloc = std::allocator<std::pair<int, rocksdb::FileMetaData> >]'
[INFO] [stderr]   /opt/rustwide/workdir/rocksdb/db/version_edit.h:223:37:   required from here
[INFO] [stderr]   /opt/rustwide/workdir/rocksdb/db/version_edit.h:76:8: error: implicitly-declared 'constexpr rocksdb::FileDescriptor::FileDescriptor(const rocksdb::FileDescriptor&)' is deprecated [-Werror=deprecated-copy]
[INFO] [stderr]      76 | struct FileMetaData {
[INFO] [stderr]         |        ^~~~~~~~~~~~
[INFO] [stderr]   /opt/rustwide/workdir/rocksdb/db/version_edit.h:47:19: note: because 'rocksdb::FileDescriptor' has user-provided 'rocksdb::FileDescriptor& rocksdb::FileDescriptor::operator=(const rocksdb::FileDescriptor&)'
[INFO] [stderr]      47 |   FileDescriptor& operator=(const FileDescriptor& fd) {
[INFO] [stderr]         |                   ^~~~~~~~
[INFO] [stderr]   In file included from /usr/include/c++/9/bits/stl_algobase.h:64,
[INFO] [stderr]                    from /usr/include/c++/9/bits/stl_tree.h:63,
[INFO] [stderr]                    from /usr/include/c++/9/map:60,
[INFO] [stderr]                    from /opt/rustwide/workdir/rocksdb/db/range_del_aggregator.h:8,
[INFO] [stderr]                    from /opt/rustwide/workdir/rocksdb/db/range_del_aggregator.cc:6:
[INFO] [stderr]   /usr/include/c++/9/bits/stl_pair.h:312:51: note: synthesized method 'rocksdb::FileMetaData::FileMetaData(const rocksdb::FileMetaData&)' first required here
[INFO] [stderr]     312 |        : first(std::forward<_U1>(__x)), second(__y) { }
[INFO] [stderr]         |                                                   ^
[INFO] [stderr]   In file included from /opt/rustwide/workdir/rocksdb/memtable/skiplistrep.cc:6:
[INFO] [stderr]   /opt/rustwide/workdir/rocksdb/memtable/inlineskiplist.h: In instantiation of 'void rocksdb::InlineSkipList<Comparator>::Node::StashHeight(int) [with Comparator = const rocksdb::MemTableRep::KeyComparator&]':
[INFO] [stderr]   /opt/rustwide/workdir/rocksdb/memtable/inlineskiplist.h:599:3:   required from 'rocksdb::InlineSkipList<Comparator>::Node* rocksdb::InlineSkipList<Comparator>::AllocateNode(size_t, int) [with Comparator = const rocksdb::MemTableRep::KeyComparator&; size_t = long unsigned int]'
[INFO] [stderr]   /opt/rustwide/workdir/rocksdb/memtable/inlineskiplist.h:561:13:   required from 'rocksdb::InlineSkipList<Comparator>::InlineSkipList(Comparator, rocksdb::Allocator*, int32_t, int32_t) [with Comparator = const rocksdb::MemTableRep::KeyComparator&; int32_t = int]'
[INFO] [stderr]   /opt/rustwide/workdir/rocksdb/memtable/skiplistrep.cc:28:28:   required from here
[INFO] [stderr]   /opt/rustwide/workdir/rocksdb/memtable/inlineskiplist.h:281:11: error: 'void* memcpy(void*, const void*, size_t)' writing to an object of type 'struct std::atomic<rocksdb::InlineSkipList<const rocksdb::MemTableRep::KeyComparator&>::Node*>' with no trivial copy-assignment [-Werror=class-memaccess]
[INFO] [stderr]     281 |     memcpy(&next_[0], &height, sizeof(int));
[INFO] [stderr]         |     ~~~~~~^~~~~~~~~~~~~~~~~~~~~~~~~~~~~~~~~
[INFO] [stderr]   In file included from /opt/rustwide/workdir/rocksdb/memtable/inlineskiplist.h:47,
[INFO] [stderr]                    from /opt/rustwide/workdir/rocksdb/memtable/skiplistrep.cc:6:
[INFO] [stderr]   /usr/include/c++/9/atomic:356:12: note: 'struct std::atomic<rocksdb::InlineSkipList<const rocksdb::MemTableRep::KeyComparator&>::Node*>' declared here
[INFO] [stderr]     356 |     struct atomic<_Tp*>
[INFO] [stderr]         |            ^~~~~~~~~~~~
[INFO] [stderr]   c++: fatal error: Killed signal terminated program cc1plus
[INFO] [stderr]   compilation terminated.
[INFO] [stderr]   In file included from /opt/rustwide/workdir/rocksdb/db/range_del_aggregator.h:15,
[INFO] [stderr]                    from /opt/rustwide/workdir/rocksdb/db/memtable.h:19,
[INFO] [stderr]                    from /opt/rustwide/workdir/rocksdb/memtable/skiplistrep.cc:7:
[INFO] [stderr]   /opt/rustwide/workdir/rocksdb/db/version_edit.h: In instantiation of 'constexpr std::pair<_T1, _T2>::pair(_U1&&, _U2&&) [with _U1 = int&; _U2 = rocksdb::FileMetaData; typename std::enable_if<(std::_PCC<true, _T1, _T2>::_MoveConstructiblePair<_U1, _U2>() && std::_PCC<true, _T1, _T2>::_ImplicitlyMoveConvertiblePair<_U1, _U2>()), bool>::type <anonymous> = true; _T1 = int; _T2 = rocksdb::FileMetaData]':
[INFO] [stderr]   /usr/include/c++/9/ext/new_allocator.h:147:4:   required from 'void __gnu_cxx::new_allocator<_Tp>::construct(_Up*, _Args&& ...) [with _Up = std::pair<int, rocksdb::FileMetaData>; _Args = {int&, rocksdb::FileMetaData}; _Tp = std::pair<int, rocksdb::FileMetaData>]'
[INFO] [stderr]   /usr/include/c++/9/bits/alloc_traits.h:484:4:   required from 'static void std::allocator_traits<std::allocator<_Tp> >::construct(std::allocator_traits<std::allocator<_Tp> >::allocator_type&, _Up*, _Args&& ...) [with _Up = std::pair<int, rocksdb::FileMetaData>; _Args = {int&, rocksdb::FileMetaData}; _Tp = std::pair<int, rocksdb::FileMetaData>; std::allocator_traits<std::allocator<_Tp> >::allocator_type = std::allocator<std::pair<int, rocksdb::FileMetaData> >]'
[INFO] [stderr]   /usr/include/c++/9/bits/vector.tcc:115:30:   required from 'void std::vector<_Tp, _Alloc>::emplace_back(_Args&& ...) [with _Args = {int&, rocksdb::FileMetaData}; _Tp = std::pair<int, rocksdb::FileMetaData>; _Alloc = std::allocator<std::pair<int, rocksdb::FileMetaData> >]'
[INFO] [stderr]   /opt/rustwide/workdir/rocksdb/db/version_edit.h:218:48:   required from here
[INFO] [stderr]   /opt/rustwide/workdir/rocksdb/db/version_edit.h:76:8: error: implicitly-declared 'constexpr rocksdb::FileDescriptor::FileDescriptor(const rocksdb::FileDescriptor&)' is deprecated [-Werror=deprecated-copy]
[INFO] [stderr]      76 | struct FileMetaData {
[INFO] [stderr]         |        ^~~~~~~~~~~~
[INFO] [stderr]   /opt/rustwide/workdir/rocksdb/db/version_edit.h:47:19: note: because 'rocksdb::FileDescriptor' has user-provided 'rocksdb::FileDescriptor& rocksdb::FileDescriptor::operator=(const rocksdb::FileDescriptor&)'
[INFO] [stderr]      47 |   FileDescriptor& operator=(const FileDescriptor& fd) {
[INFO] [stderr]         |                   ^~~~~~~~
[INFO] [stderr]   In file included from /usr/include/c++/9/utility:70,
[INFO] [stderr]                    from /usr/include/c++/9/algorithm:60,
[INFO] [stderr]                    from /opt/rustwide/workdir/rocksdb/memtable/inlineskiplist.h:46,
[INFO] [stderr]                    from /opt/rustwide/workdir/rocksdb/memtable/skiplistrep.cc:6:
[INFO] [stderr]   /usr/include/c++/9/bits/stl_pair.h:342:64: note: synthesized method 'rocksdb::FileMetaData::FileMetaData(rocksdb::FileMetaData&&)' first required here
[INFO] [stderr]     342 |  : first(std::forward<_U1>(__x)), second(std::forward<_U2>(__y)) { }
[INFO] [stderr]         |                                                                ^
[INFO] [stderr]   In file included from /opt/rustwide/workdir/rocksdb/db/range_del_aggregator.h:15,
[INFO] [stderr]                    from /opt/rustwide/workdir/rocksdb/db/memtable.h:19,
[INFO] [stderr]                    from /opt/rustwide/workdir/rocksdb/memtable/skiplistrep.cc:7:
[INFO] [stderr]   /opt/rustwide/workdir/rocksdb/db/version_edit.h: In instantiation of 'constexpr std::pair<_T1, _T2>::pair(_U1&&, const _T2&) [with _U1 = int&; typename std::enable_if<std::_PCC<true, _T1, _T2>::_MoveCopyPair<true, _U1, _T2>(), bool>::type <anonymous> = true; _T1 = int; _T2 = rocksdb::FileMetaData]':
[INFO] [stderr]   /usr/include/c++/9/ext/new_allocator.h:147:4:   required from 'void __gnu_cxx::new_allocator<_Tp>::construct(_Up*, _Args&& ...) [with _Up = std::pair<int, rocksdb::FileMetaData>; _Args = {int&, const rocksdb::FileMetaData&}; _Tp = std::pair<int, rocksdb::FileMetaData>]'
[INFO] [stderr]   /usr/include/c++/9/bits/alloc_traits.h:484:4:   required from 'static void std::allocator_traits<std::allocator<_Tp> >::construct(std::allocator_traits<std::allocator<_Tp> >::allocator_type&, _Up*, _Args&& ...) [with _Up = std::pair<int, rocksdb::FileMetaData>; _Args = {int&, const rocksdb::FileMetaData&}; _Tp = std::pair<int, rocksdb::FileMetaData>; std::allocator_traits<std::allocator<_Tp> >::allocator_type = std::allocator<std::pair<int, rocksdb::FileMetaData> >]'
[INFO] [stderr]   /usr/include/c++/9/bits/vector.tcc:115:30:   required from 'void std::vector<_Tp, _Alloc>::emplace_back(_Args&& ...) [with _Args = {int&, const rocksdb::FileMetaData&}; _Tp = std::pair<int, rocksdb::FileMetaData>; _Alloc = std::allocator<std::pair<int, rocksdb::FileMetaData> >]'
[INFO] [stderr]   /opt/rustwide/workdir/rocksdb/db/version_edit.h:223:37:   required from here
[INFO] [stderr]   /opt/rustwide/workdir/rocksdb/db/version_edit.h:76:8: error: implicitly-declared 'constexpr rocksdb::FileDescriptor::FileDescriptor(const rocksdb::FileDescriptor&)' is deprecated [-Werror=deprecated-copy]
[INFO] [stderr]      76 | struct FileMetaData {
[INFO] [stderr]         |        ^~~~~~~~~~~~
[INFO] [stderr]   /opt/rustwide/workdir/rocksdb/db/version_edit.h:47:19: note: because 'rocksdb::FileDescriptor' has user-provided 'rocksdb::FileDescriptor& rocksdb::FileDescriptor::operator=(const rocksdb::FileDescriptor&)'
[INFO] [stderr]      47 |   FileDescriptor& operator=(const FileDescriptor& fd) {
[INFO] [stderr]         |                   ^~~~~~~~
[INFO] [stderr]   In file included from /usr/include/c++/9/utility:70,
[INFO] [stderr]                    from /usr/include/c++/9/algorithm:60,
[INFO] [stderr]                    from /opt/rustwide/workdir/rocksdb/memtable/inlineskiplist.h:46,
[INFO] [stderr]                    from /opt/rustwide/workdir/rocksdb/memtable/skiplistrep.cc:6:
[INFO] [stderr]   /usr/include/c++/9/bits/stl_pair.h:312:51: note: synthesized method 'rocksdb::FileMetaData::FileMetaData(const rocksdb::FileMetaData&)' first required here
[INFO] [stderr]     312 |        : first(std::forward<_U1>(__x)), second(__y) { }
[INFO] [stderr]         |                                                   ^
[INFO] [stderr]   make[3]: *** [CMakeFiles/rocksdb.dir/build.make:193: CMakeFiles/rocksdb.dir/db/compaction_picker.cc.o] Error 1
[INFO] [stderr]   /opt/rustwide/workdir/rocksdb/db/version_edit.h: In instantiation of 'constexpr std::pair<_T1, _T2>::pair(_U1&&, _U2&&) [with _U1 = int&; _U2 = rocksdb::FileMetaData; typename std::enable_if<(std::_PCC<true, _T1, _T2>::_MoveConstructiblePair<_U1, _U2>() && std::_PCC<true, _T1, _T2>::_ImplicitlyMoveConvertiblePair<_U1, _U2>()), bool>::type <anonymous> = true; _T1 = int; _T2 = rocksdb::FileMetaData]':
[INFO] [stderr]   /usr/include/c++/9/ext/new_allocator.h:147:4:   required from 'void __gnu_cxx::new_allocator<_Tp>::construct(_Up*, _Args&& ...) [with _Up = std::pair<int, rocksdb::FileMetaData>; _Args = {int&, rocksdb::FileMetaData}; _Tp = std::pair<int, rocksdb::FileMetaData>]'
[INFO] [stderr]   /usr/include/c++/9/bits/alloc_traits.h:484:4:   required from 'static void std::allocator_traits<std::allocator<_Tp1> >::construct(std::allocator_traits<std::allocator<_Tp1> >::allocator_type&, _Up*, _Args&& ...) [with _Up = std::pair<int, rocksdb::FileMetaData>; _Args = {int&, rocksdb::FileMetaData}; _Tp = std::pair<int, rocksdb::FileMetaData>; std::allocator_traits<std::allocator<_Tp1> >::allocator_type = std::allocator<std::pair<int, rocksdb::FileMetaData> >]'
[INFO] [stderr]   /usr/include/c++/9/bits/vector.tcc:115:30:   required from 'void std::vector<_Tp, _Alloc>::emplace_back(_Args&& ...) [with _Args = {int&, rocksdb::FileMetaData}; _Tp = std::pair<int, rocksdb::FileMetaData>; _Alloc = std::allocator<std::pair<int, rocksdb::FileMetaData> >]'
[INFO] [stderr]   /opt/rustwide/workdir/rocksdb/db/version_edit.h:218:48:   required from here
[INFO] [stderr]   /opt/rustwide/workdir/rocksdb/db/version_edit.h:76:8: error: implicitly-declared 'constexpr rocksdb::FileDescriptor::FileDescriptor(const rocksdb::FileDescriptor&)' is deprecated [-Werror=deprecated-copy]
[INFO] [stderr]      76 | struct FileMetaData {
[INFO] [stderr]         |        ^~~~~~~~~~~~
[INFO] [stderr]   /opt/rustwide/workdir/rocksdb/db/version_edit.h:47:19: note: because 'rocksdb::FileDescriptor' has user-provided 'rocksdb::FileDescriptor& rocksdb::FileDescriptor::operator=(const rocksdb::FileDescriptor&)'
[INFO] [stderr]      47 |   FileDescriptor& operator=(const FileDescriptor& fd) {
[INFO] [stderr]         |                   ^~~~~~~~
[INFO] [stderr]   In file included from /usr/include/c++/9/bits/stl_algobase.h:64,
[INFO] [stderr]                    from /usr/include/c++/9/memory:62,
[INFO] [stderr]                    from /opt/rustwide/workdir/rocksdb/include/rocksdb/memtablerep.h:38,
[INFO] [stderr]                    from /opt/rustwide/workdir/rocksdb/memtable/vectorrep.cc:7:
[INFO] [stderr]   /usr/include/c++/9/bits/stl_pair.h:342:64: note: synthesized method 'rocksdb::FileMetaData::FileMetaData(rocksdb::FileMetaData&&)' first required here
[INFO] [stderr]     342 |  : first(std::forward<_U1>(__x)), second(std::forward<_U2>(__y)) { }
[INFO] [stderr]         |                                                                ^
[INFO] [stderr]   In file included from /opt/rustwide/workdir/rocksdb/db/range_del_aggregator.h:15,
[INFO] [stderr]                    from /opt/rustwide/workdir/rocksdb/db/memtable.h:19,
[INFO] [stderr]                    from /opt/rustwide/workdir/rocksdb/memtable/vectorrep.cc:16:
[INFO] [stderr]   /opt/rustwide/workdir/rocksdb/db/version_edit.h: In instantiation of 'constexpr std::pair<_T1, _T2>::pair(_U1&&, const _T2&) [with _U1 = int&; typename std::enable_if<std::_PCC<true, _T1, _T2>::_MoveCopyPair<true, _U1, _T2>(), bool>::type <anonymous> = true; _T1 = int; _T2 = rocksdb::FileMetaData]':
[INFO] [stderr]   /usr/include/c++/9/ext/new_allocator.h:147:4:   required from 'void __gnu_cxx::new_allocator<_Tp>::construct(_Up*, _Args&& ...) [with _Up = std::pair<int, rocksdb::FileMetaData>; _Args = {int&, const rocksdb::FileMetaData&}; _Tp = std::pair<int, rocksdb::FileMetaData>]'
[INFO] [stderr]   /usr/include/c++/9/bits/alloc_traits.h:484:4:   required from 'static void std::allocator_traits<std::allocator<_Tp1> >::construct(std::allocator_traits<std::allocator<_Tp1> >::allocator_type&, _Up*, _Args&& ...) [with _Up = std::pair<int, rocksdb::FileMetaData>; _Args = {int&, const rocksdb::FileMetaData&}; _Tp = std::pair<int, rocksdb::FileMetaData>; std::allocator_traits<std::allocator<_Tp1> >::allocator_type = std::allocator<std::pair<int, rocksdb::FileMetaData> >]'
[INFO] [stderr]   /usr/include/c++/9/bits/vector.tcc:115:30:   required from 'void std::vector<_Tp, _Alloc>::emplace_back(_Args&& ...) [with _Args = {int&, const rocksdb::FileMetaData&}; _Tp = std::pair<int, rocksdb::FileMetaData>; _Alloc = std::allocator<std::pair<int, rocksdb::FileMetaData> >]'
[INFO] [stderr]   /opt/rustwide/workdir/rocksdb/db/version_edit.h:223:37:   required from here
[INFO] [stderr]   /opt/rustwide/workdir/rocksdb/db/version_edit.h:76:8: error: implicitly-declared 'constexpr rocksdb::FileDescriptor::FileDescriptor(const rocksdb::FileDescriptor&)' is deprecated [-Werror=deprecated-copy]
[INFO] [stderr]      76 | struct FileMetaData {
[INFO] [stderr]         |        ^~~~~~~~~~~~
[INFO] [stderr]   /opt/rustwide/workdir/rocksdb/db/version_edit.h:47:19: note: because 'rocksdb::FileDescriptor' has user-provided 'rocksdb::FileDescriptor& rocksdb::FileDescriptor::operator=(const rocksdb::FileDescriptor&)'
[INFO] [stderr]      47 |   FileDescriptor& operator=(const FileDescriptor& fd) {
[INFO] [stderr]         |                   ^~~~~~~~
[INFO] [stderr]   In file included from /usr/include/c++/9/bits/stl_algobase.h:64,
[INFO] [stderr]                    from /usr/include/c++/9/memory:62,
[INFO] [stderr]                    from /opt/rustwide/workdir/rocksdb/include/rocksdb/memtablerep.h:38,
[INFO] [stderr]                    from /opt/rustwide/workdir/rocksdb/memtable/vectorrep.cc:7:
[INFO] [stderr]   /usr/include/c++/9/bits/stl_pair.h:312:51: note: synthesized method 'rocksdb::FileMetaData::FileMetaData(const rocksdb::FileMetaData&)' first required here
[INFO] [stderr]     312 |        : first(std::forward<_U1>(__x)), second(__y) { }
[INFO] [stderr]         |                                                   ^
[INFO] [stderr]   cc1plus: all warnings being treated as errors
[INFO] [stderr]   cc1plus: all warnings being treated as errors
[INFO] [stderr]   make[3]: *** [CMakeFiles/rocksdb.dir/build.make:856: CMakeFiles/rocksdb.dir/memtable/hash_cuckoo_rep.cc.o] Error 1
[INFO] [stderr]   make[3]: *** [CMakeFiles/rocksdb.dir/build.make:895: CMakeFiles/rocksdb.dir/memtable/skiplistrep.cc.o] Error 1
[INFO] [stderr]   cc1plus: all warnings being treated as errors
[INFO] [stderr]   cc1plus: all warnings being treated as errors
[INFO] [stderr]   make[3]: *** [CMakeFiles/rocksdb.dir/build.make:908: CMakeFiles/rocksdb.dir/memtable/vectorrep.cc.o] Error 1
[INFO] [stderr]   make[3]: *** [CMakeFiles/rocksdb.dir/build.make:596: CMakeFiles/rocksdb.dir/db/range_del_aggregator.cc.o] Error 1
[INFO] [stderr]   /opt/rustwide/workdir/rocksdb/db/version_edit.h: In instantiation of 'void __gnu_cxx::new_allocator<_Tp>::construct(_Up*, _Args&& ...) [with _Up = rocksdb::{anonymous}::Repairer::TableInfo; _Args = {const rocksdb::{anonymous}::Repairer::TableInfo&}; _Tp = rocksdb::{anonymous}::Repairer::TableInfo]':
[INFO] [stderr]   /usr/include/c++/9/bits/alloc_traits.h:484:4:   required from 'static void std::allocator_traits<std::allocator<_CharT> >::construct(std::allocator_traits<std::allocator<_CharT> >::allocator_type&, _Up*, _Args&& ...) [with _Up = rocksdb::{anonymous}::Repairer::TableInfo; _Args = {const rocksdb::{anonymous}::Repairer::TableInfo&}; _Tp = rocksdb::{anonymous}::Repairer::TableInfo; std::allocator_traits<std::allocator<_CharT> >::allocator_type = std::allocator<rocksdb::{anonymous}::Repairer::TableInfo>]'
[INFO] [stderr]   /usr/include/c++/9/bits/stl_vector.h:1189:30:   required from 'void std::vector<_Tp, _Alloc>::push_back(const value_type&) [with _Tp = rocksdb::{anonymous}::Repairer::TableInfo; _Alloc = std::allocator<rocksdb::{anonymous}::Repairer::TableInfo>; std::vector<_Tp, _Alloc>::value_type = rocksdb::{anonymous}::Repairer::TableInfo]'
[INFO] [stderr]   /opt/rustwide/workdir/rocksdb/db/repair.cc:441:28:   required from here
[INFO] [stderr]   /opt/rustwide/workdir/rocksdb/db/version_edit.h:76:8: error: implicitly-declared 'constexpr rocksdb::FileDescriptor::FileDescriptor(const rocksdb::FileDescriptor&)' is deprecated [-Werror=deprecated-copy]
[INFO] [stderr]      76 | struct FileMetaData {
[INFO] [stderr]         |        ^~~~~~~~~~~~
[INFO] [stderr]   /opt/rustwide/workdir/rocksdb/db/version_edit.h:47:19: note: because 'rocksdb::FileDescriptor' has user-provided 'rocksdb::FileDescriptor& rocksdb::FileDescriptor::operator=(const rocksdb::FileDescriptor&)'
[INFO] [stderr]      47 |   FileDescriptor& operator=(const FileDescriptor& fd) {
[INFO] [stderr]         |                   ^~~~~~~~
[INFO] [stderr]   /opt/rustwide/workdir/rocksdb/db/repair.cc:215:10: note: synthesized method 'rocksdb::FileMetaData::FileMetaData(const rocksdb::FileMetaData&)' first required here
[INFO] [stderr]     215 |   struct TableInfo {
[INFO] [stderr]         |          ^~~~~~~~~
[INFO] [stderr]   In file included from /usr/include/x86_64-linux-gnu/c++/9/bits/c++allocator.h:33,
[INFO] [stderr]                    from /usr/include/c++/9/bits/allocator.h:46,
[INFO] [stderr]                    from /usr/include/c++/9/string:41,
[INFO] [stderr]                    from /opt/rustwide/workdir/rocksdb/db/builder.h:9,
[INFO] [stderr]                    from /opt/rustwide/workdir/rocksdb/db/repair.cc:68:
[INFO] [stderr]   /usr/include/c++/9/ext/new_allocator.h:147:4: note: synthesized method 'rocksdb::{anonymous}::Repairer::TableInfo::TableInfo(const rocksdb::{anonymous}::Repairer::TableInfo&)' first required here
[INFO] [stderr]     147 |  { ::new((void *)__p) _Up(std::forward<_Args>(__args)...); }
[INFO] [stderr]         |    ^~~~~~~~~~~~~~~~~~~~~~~~~~~~~~~~~~~~~~~~~~~~~~~~~~~~~~
[INFO] [stderr]   In file included from /opt/rustwide/workdir/rocksdb/db/range_del_aggregator.h:15,
[INFO] [stderr]                    from /opt/rustwide/workdir/rocksdb/db/memtable.h:19,
[INFO] [stderr]                    from /opt/rustwide/workdir/rocksdb/db/memtable_list.h:15,
[INFO] [stderr]                    from /opt/rustwide/workdir/rocksdb/db/column_family.h:17,
[INFO] [stderr]                    from /opt/rustwide/workdir/rocksdb/db/db_impl.h:23,
[INFO] [stderr]                    from /opt/rustwide/workdir/rocksdb/db/repair.cc:69:
[INFO] [stderr]   /opt/rustwide/workdir/rocksdb/db/version_edit.h: In instantiation of 'constexpr std::pair<_T1, _T2>::pair(_U1&&, _U2&&) [with _U1 = int&; _U2 = rocksdb::FileMetaData; typename std::enable_if<(std::_PCC<true, _T1, _T2>::_MoveConstructiblePair<_U1, _U2>() && std::_PCC<true, _T1, _T2>::_ImplicitlyMoveConvertiblePair<_U1, _U2>()), bool>::type <anonymous> = true; _T1 = int; _T2 = rocksdb::FileMetaData]':
[INFO] [stderr]   /usr/include/c++/9/ext/new_allocator.h:147:4:   required from 'void __gnu_cxx::new_allocator<_Tp>::construct(_Up*, _Args&& ...) [with _Up = std::pair<int, rocksdb::FileMetaData>; _Args = {int&, rocksdb::FileMetaData}; _Tp = std::pair<int, rocksdb::FileMetaData>]'
[INFO] [stderr]   /usr/include/c++/9/bits/alloc_traits.h:484:4:   required from 'static void std::allocator_traits<std::allocator<_CharT> >::construct(std::allocator_traits<std::allocator<_CharT> >::allocator_type&, _Up*, _Args&& ...) [with _Up = std::pair<int, rocksdb::FileMetaData>; _Args = {int&, rocksdb::FileMetaData}; _Tp = std::pair<int, rocksdb::FileMetaData>; std::allocator_traits<std::allocator<_CharT> >::allocator_type = std::allocator<std::pair<int, rocksdb::FileMetaData> >]'
[INFO] [stderr]   /usr/include/c++/9/bits/vector.tcc:115:30:   required from 'void std::vector<_Tp, _Alloc>::emplace_back(_Args&& ...) [with _Args = {int&, rocksdb::FileMetaData}; _Tp = std::pair<int, rocksdb::FileMetaData>; _Alloc = std::allocator<std::pair<int, rocksdb::FileMetaData> >]'
[INFO] [stderr]   /opt/rustwide/workdir/rocksdb/db/version_edit.h:218:48:   required from here
[INFO] [stderr]   /opt/rustwide/workdir/rocksdb/db/version_edit.h:76:8: error: implicitly-declared 'constexpr rocksdb::FileDescriptor::FileDescriptor(const rocksdb::FileDescriptor&)' is deprecated [-Werror=deprecated-copy]
[INFO] [stderr]      76 | struct FileMetaData {
[INFO] [stderr]         |        ^~~~~~~~~~~~
[INFO] [stderr]   /opt/rustwide/workdir/rocksdb/db/version_edit.h:47:19: note: because 'rocksdb::FileDescriptor' has user-provided 'rocksdb::FileDescriptor& rocksdb::FileDescriptor::operator=(const rocksdb::FileDescriptor&)'
[INFO] [stderr]      47 |   FileDescriptor& operator=(const FileDescriptor& fd) {
[INFO] [stderr]         |                   ^~~~~~~~
[INFO] [stderr]   In file included from /usr/include/c++/9/bits/stl_algobase.h:64,
[INFO] [stderr]                    from /usr/include/c++/9/bits/char_traits.h:39,
[INFO] [stderr]                    from /usr/include/c++/9/string:40,
[INFO] [stderr]                    from /opt/rustwide/workdir/rocksdb/db/builder.h:9,
[INFO] [stderr]                    from /opt/rustwide/workdir/rocksdb/db/repair.cc:68:
[INFO] [stderr]   /usr/include/c++/9/bits/stl_pair.h:342:64: note: synthesized method 'rocksdb::FileMetaData::FileMetaData(rocksdb::FileMetaData&&)' first required here
[INFO] [stderr]     342 |  : first(std::forward<_U1>(__x)), second(std::forward<_U2>(__y)) { }
[INFO] [stderr]         |                                                                ^
[INFO] [stderr]   cc1plus: all warnings being treated as errors
[INFO] [stderr]   make[3]: *** [CMakeFiles/rocksdb.dir/build.make:609: CMakeFiles/rocksdb.dir/db/repair.cc.o] Error 1
[INFO] [stderr]   make[2]: *** [CMakeFiles/Makefile2:1259: CMakeFiles/rocksdb.dir/all] Error 2
[INFO] [stderr]   make[1]: *** [CMakeFiles/Makefile2:1266: CMakeFiles/rocksdb.dir/rule] Error 2
[INFO] [stderr]   make: *** [Makefile:539: rocksdb] Error 2
[INFO] [stderr]   thread 'main' panicked at '
[INFO] [stderr]   command did not execute successfully, got: exit status: 2
[INFO] [stderr] 
[INFO] [stderr]   build script failed, must exit now', /opt/rustwide/cargo-home/registry/src/github.com-1ecc6299db9ec823/cmake-0.1.45/src/lib.rs:894:5
[INFO] [stderr]   stack backtrace:
[INFO] [stderr]      0:     0x5650d6cf1ae0 - std::backtrace_rs::backtrace::libunwind::trace::h34055254b57d8e79
[INFO] [stderr]                                  at /rustc/a178d0322ce20e33eac124758e837cbd80a6f633/library/std/src/../../backtrace/src/backtrace/libunwind.rs:90:5
[INFO] [stderr]      1:     0x5650d6cf1ae0 - std::backtrace_rs::backtrace::trace_unsynchronized::h8f1e3fbd9afff6ec
[INFO] [stderr]                                  at /rustc/a178d0322ce20e33eac124758e837cbd80a6f633/library/std/src/../../backtrace/src/backtrace/mod.rs:66:5
[INFO] [stderr]      2:     0x5650d6cf1ae0 - std::sys_common::backtrace::_print_fmt::h3a99a796b770c360
[INFO] [stderr]                                  at /rustc/a178d0322ce20e33eac124758e837cbd80a6f633/library/std/src/sys_common/backtrace.rs:67:5
[INFO] [stderr]      3:     0x5650d6cf1ae0 - <std::sys_common::backtrace::_print::DisplayBacktrace as core::fmt::Display>::fmt::h32d1f94a80615d18
[INFO] [stderr]                                  at /rustc/a178d0322ce20e33eac124758e837cbd80a6f633/library/std/src/sys_common/backtrace.rs:46:22
[INFO] [stderr]      4:     0x5650d6d1249c - core::fmt::write::h306731c068f7162c
[INFO] [stderr]                                  at /rustc/a178d0322ce20e33eac124758e837cbd80a6f633/library/core/src/fmt/mod.rs:1110:17
[INFO] [stderr]      5:     0x5650d6cee315 - std::io::Write::write_fmt::hd2fa90334eee2a21
[INFO] [stderr]                                  at /rustc/a178d0322ce20e33eac124758e837cbd80a6f633/library/std/src/io/mod.rs:1588:15
[INFO] [stderr]      6:     0x5650d6cf412b - std::sys_common::backtrace::_print::h5abaa2601a852287
[INFO] [stderr]                                  at /rustc/a178d0322ce20e33eac124758e837cbd80a6f633/library/std/src/sys_common/backtrace.rs:49:5
[INFO] [stderr]      7:     0x5650d6cf412b - std::sys_common::backtrace::print::h8d81445442bb638f
[INFO] [stderr]                                  at /rustc/a178d0322ce20e33eac124758e837cbd80a6f633/library/std/src/sys_common/backtrace.rs:36:9
[INFO] [stderr]      8:     0x5650d6cf412b - std::panicking::default_hook::{{closure}}::hcfe804496a9fa747
[INFO] [stderr]                                  at /rustc/a178d0322ce20e33eac124758e837cbd80a6f633/library/std/src/panicking.rs:208:50
[INFO] [stderr]      9:     0x5650d6cf3c01 - std::panicking::default_hook::hbea8e3ccf2ba8901
[INFO] [stderr]                                  at /rustc/a178d0322ce20e33eac124758e837cbd80a6f633/library/std/src/panicking.rs:225:9
[INFO] [stderr]     10:     0x5650d6cf47f4 - std::panicking::rust_panic_with_hook::h7ee9e1a2d0f8975a
[INFO] [stderr]                                  at /rustc/a178d0322ce20e33eac124758e837cbd80a6f633/library/std/src/panicking.rs:622:17
[INFO] [stderr]     11:     0x5650d6cf42d7 - std::panicking::begin_panic_handler::{{closure}}::h8ab3b4491718b2c7
[INFO] [stderr]                                  at /rustc/a178d0322ce20e33eac124758e837cbd80a6f633/library/std/src/panicking.rs:519:13
[INFO] [stderr]     12:     0x5650d6cf1fdc - std::sys_common::backtrace::__rust_end_short_backtrace::hd489062ffa586a9f
[INFO] [stderr]                                  at /rustc/a178d0322ce20e33eac124758e837cbd80a6f633/library/std/src/sys_common/backtrace.rs:141:18
[INFO] [stderr]     13:     0x5650d6cf4239 - rust_begin_unwind
[INFO] [stderr]                                  at /rustc/a178d0322ce20e33eac124758e837cbd80a6f633/library/std/src/panicking.rs:515:5
[INFO] [stderr]     14:     0x5650d6c54c4b - std::panicking::begin_panic_fmt::h5479575e112541f8
[INFO] [stderr]                                  at /rustc/a178d0322ce20e33eac124758e837cbd80a6f633/library/std/src/panicking.rs:457:5
[INFO] [stderr]     15:     0x5650d6c61423 - cmake::fail::hadbc2df76e0b7c6e
[INFO] [stderr]                                  at /opt/rustwide/cargo-home/registry/src/github.com-1ecc6299db9ec823/cmake-0.1.45/src/lib.rs:894:5
[INFO] [stderr]     16:     0x5650d6c60e31 - cmake::run::h0dbf65c281f76b90
[INFO] [stderr]                                  at /opt/rustwide/cargo-home/registry/src/github.com-1ecc6299db9ec823/cmake-0.1.45/src/lib.rs:872:9
[INFO] [stderr]     17:     0x5650d6c5e861 - cmake::Config::build::h29411f019e42e2ef
[INFO] [stderr]                                  at /opt/rustwide/cargo-home/registry/src/github.com-1ecc6299db9ec823/cmake-0.1.45/src/lib.rs:778:9
[INFO] [stderr]     18:     0x5650d6c581ce - build_script_build::build_rocksdb::h49a601494fd83fd4
[INFO] [stderr]                                  at /opt/rustwide/workdir/build.rs:74:15
[INFO] [stderr]     19:     0x5650d6c57551 - build_script_build::main::h683df8974dd46e72
[INFO] [stderr]                                  at /opt/rustwide/workdir/build.rs:23:21
[INFO] [stderr]     20:     0x5650d6c567cb - core::ops::function::FnOnce::call_once::h5b8eec894a59ad83
[INFO] [stderr]                                  at /rustc/a178d0322ce20e33eac124758e837cbd80a6f633/library/core/src/ops/function.rs:227:5
[INFO] [stderr]     21:     0x5650d6c5675e - std::sys_common::backtrace::__rust_begin_short_backtrace::h3b37a09d21a365f6
[INFO] [stderr]                                  at /rustc/a178d0322ce20e33eac124758e837cbd80a6f633/library/std/src/sys_common/backtrace.rs:125:18
[INFO] [stderr]     22:     0x5650d6c573d1 - std::rt::lang_start::{{closure}}::h0562221824030bed
[INFO] [stderr]                                  at /rustc/a178d0322ce20e33eac124758e837cbd80a6f633/library/std/src/rt.rs:49:18
[INFO] [stderr]     23:     0x5650d6cf4cf9 - core::ops::function::impls::<impl core::ops::function::FnOnce<A> for &F>::call_once::h2aabc384aab89b7b
[INFO] [stderr]                                  at /rustc/a178d0322ce20e33eac124758e837cbd80a6f633/library/core/src/ops/function.rs:259:13
[INFO] [stderr]     24:     0x5650d6cf4cf9 - std::panicking::try::do_call::hc5fcacb7a85fc7b1
[INFO] [stderr]                                  at /rustc/a178d0322ce20e33eac124758e837cbd80a6f633/library/std/src/panicking.rs:401:40
[INFO] [stderr]     25:     0x5650d6cf4cf9 - std::panicking::try::hb5d9603af3abbe3a
[INFO] [stderr]                                  at /rustc/a178d0322ce20e33eac124758e837cbd80a6f633/library/std/src/panicking.rs:365:19
[INFO] [stderr]     26:     0x5650d6cf4cf9 - std::panic::catch_unwind::h98fe6ac3925e64b4
[INFO] [stderr]                                  at /rustc/a178d0322ce20e33eac124758e837cbd80a6f633/library/std/src/panic.rs:434:14
[INFO] [stderr]     27:     0x5650d6cf4cf9 - std::rt::lang_start_internal::h22ac7383c516f93e
[INFO] [stderr]                                  at /rustc/a178d0322ce20e33eac124758e837cbd80a6f633/library/std/src/rt.rs:34:21
[INFO] [stderr]     28:     0x5650d6c573b0 - std::rt::lang_start::h48301e4f769547d0
[INFO] [stderr]                                  at /rustc/a178d0322ce20e33eac124758e837cbd80a6f633/library/std/src/rt.rs:48:5
[INFO] [stderr]     29:     0x5650d6c5873c - main
[INFO] [stderr]     30:     0x7f330fa190b3 - __libc_start_main
[INFO] [stderr]     31:     0x5650d6c55b5e - _start
[INFO] [stderr]     32:                0x0 - <unknown>
[INFO] running `Command { std: "docker" "inspect" "370471d065ba28341ddab37e7c09e8975e95445ceda47b09b94ceaa843d789bb", kill_on_drop: false }`
[INFO] running `Command { std: "docker" "rm" "-f" "370471d065ba28341ddab37e7c09e8975e95445ceda47b09b94ceaa843d789bb", kill_on_drop: false }`
[INFO] [stdout] 370471d065ba28341ddab37e7c09e8975e95445ceda47b09b94ceaa843d789bb
