[INFO] fetching crate libraw-rs-sys 0.0.4+libraw-0.20.1...
[INFO] testing libraw-rs-sys-0.0.4+libraw-0.20.1 against 1.54.0 for beta-1.55-1
[INFO] extracting crate libraw-rs-sys 0.0.4+libraw-0.20.1 into /workspace/builds/worker-57/source
[INFO] validating manifest of crates.io crate libraw-rs-sys 0.0.4+libraw-0.20.1 on toolchain 1.54.0
[INFO] running `Command { std: "/workspace/cargo-home/bin/cargo" "+1.54.0" "metadata" "--manifest-path" "Cargo.toml" "--no-deps", kill_on_drop: false }`
[INFO] started tweaking crates.io crate libraw-rs-sys 0.0.4+libraw-0.20.1
[INFO] finished tweaking crates.io crate libraw-rs-sys 0.0.4+libraw-0.20.1
[INFO] tweaked toml for crates.io crate libraw-rs-sys 0.0.4+libraw-0.20.1 written to /workspace/builds/worker-57/source/Cargo.toml
[INFO] running `Command { std: "/workspace/cargo-home/bin/cargo" "+1.54.0" "generate-lockfile" "--manifest-path" "Cargo.toml" "-Zno-index-update", kill_on_drop: false }`
[INFO] running `Command { std: "/workspace/cargo-home/bin/cargo" "+1.54.0" "fetch" "--manifest-path" "Cargo.toml", kill_on_drop: false }`
[INFO] [stderr]     Blocking waiting for file lock on package cache
[INFO] [stderr]     Blocking waiting for file lock on package cache
[INFO] running `Command { std: "docker" "create" "-v" "/var/lib/crater-agent-workspace/builds/worker-57/target:/opt/rustwide/target:rw,Z" "-v" "/var/lib/crater-agent-workspace/builds/worker-57/source:/opt/rustwide/workdir:ro,Z" "-v" "/var/lib/crater-agent-workspace/cargo-home:/opt/rustwide/cargo-home:ro,Z" "-v" "/var/lib/crater-agent-workspace/rustup-home:/opt/rustwide/rustup-home:ro,Z" "-e" "SOURCE_DIR=/opt/rustwide/workdir" "-e" "CARGO_TARGET_DIR=/opt/rustwide/target" "-e" "CARGO_HOME=/opt/rustwide/cargo-home" "-e" "RUSTUP_HOME=/opt/rustwide/rustup-home" "-w" "/opt/rustwide/workdir" "-m" "1610612736" "--user" "0:0" "--network" "none" "ghcr.io/rust-lang/crates-build-env/linux@sha256:34b6a614d2c27851fe6cbf88fbd1137609cefab8b10d0615aaeb6fd47975d74e" "/opt/rustwide/cargo-home/bin/cargo" "+1.54.0" "metadata" "--no-deps" "--format-version=1", kill_on_drop: false }`
[INFO] [stdout] 605ac031cc10fdabfefbf2efd7e09e128525ef722860bc32e4b441cd8e4e327b
[INFO] running `Command { std: "docker" "start" "-a" "605ac031cc10fdabfefbf2efd7e09e128525ef722860bc32e4b441cd8e4e327b", kill_on_drop: false }`
[INFO] running `Command { std: "docker" "inspect" "605ac031cc10fdabfefbf2efd7e09e128525ef722860bc32e4b441cd8e4e327b", kill_on_drop: false }`
[INFO] running `Command { std: "docker" "rm" "-f" "605ac031cc10fdabfefbf2efd7e09e128525ef722860bc32e4b441cd8e4e327b", kill_on_drop: false }`
[INFO] [stdout] 605ac031cc10fdabfefbf2efd7e09e128525ef722860bc32e4b441cd8e4e327b
[INFO] running `Command { std: "docker" "create" "-v" "/var/lib/crater-agent-workspace/builds/worker-57/target:/opt/rustwide/target:rw,Z" "-v" "/var/lib/crater-agent-workspace/builds/worker-57/source:/opt/rustwide/workdir:ro,Z" "-v" "/var/lib/crater-agent-workspace/cargo-home:/opt/rustwide/cargo-home:ro,Z" "-v" "/var/lib/crater-agent-workspace/rustup-home:/opt/rustwide/rustup-home:ro,Z" "-e" "SOURCE_DIR=/opt/rustwide/workdir" "-e" "CARGO_TARGET_DIR=/opt/rustwide/target" "-e" "CARGO_INCREMENTAL=0" "-e" "RUST_BACKTRACE=full" "-e" "RUSTFLAGS=--cap-lints=warn" "-e" "CARGO_HOME=/opt/rustwide/cargo-home" "-e" "RUSTUP_HOME=/opt/rustwide/rustup-home" "-w" "/opt/rustwide/workdir" "-m" "1610612736" "--user" "0:0" "--network" "none" "ghcr.io/rust-lang/crates-build-env/linux@sha256:34b6a614d2c27851fe6cbf88fbd1137609cefab8b10d0615aaeb6fd47975d74e" "/opt/rustwide/cargo-home/bin/cargo" "+1.54.0" "build" "--frozen" "--message-format=json", kill_on_drop: false }`
[INFO] [stdout] be296d7789a44bc985dff4c13b10328e0c97b928bf2ba831c5a9ac9294c355e6
[INFO] running `Command { std: "docker" "start" "-a" "be296d7789a44bc985dff4c13b10328e0c97b928bf2ba831c5a9ac9294c355e6", kill_on_drop: false }`
[INFO] [stderr]    Compiling jobserver v0.1.23
[INFO] [stderr]    Compiling cc v1.0.69
[INFO] [stderr]    Compiling libraw-rs-sys v0.0.4+libraw-0.20.1 (/opt/rustwide/workdir)
[INFO] [stderr] The following warnings were emitted during compilation:
[INFO] [stderr] 
[INFO] [stderr] warning: c++: fatal error: Killed signal terminated program cc1plus
[INFO] [stderr] warning: compilation terminated.
[INFO] [stderr] warning: c++: fatal error: Killed signal terminated program cc1plus
[INFO] [stderr] warning: compilation terminated.
[INFO] [stderr] warning: c++: fatal error: Killed signal terminated program cc1plus
[INFO] [stderr] warning: c++: fatal error: Killed signal terminated program cc1plus
[INFO] [stderr] warning: compilation terminated.
[INFO] [stderr] warning: compilation terminated.
[INFO] [stderr] warning: c++: fatal error: Killed signal terminated program cc1plus
[INFO] [stderr] warning: compilation terminated.
[INFO] [stderr] warning: c++: fatal error: Killed signal terminated program cc1plus
[INFO] [stderr] warning: compilation terminated.
[INFO] [stderr] warning: c++: fatal error: Killed signal terminated program cc1plus
[INFO] [stderr] warning: compilation terminated.
[INFO] [stderr] warning: c++: fatal error: Killed signal terminated program cc1plus
[INFO] [stderr] warning: c++: fatal error: Killed signal terminated program cc1plus
[INFO] [stderr] warning: compilation terminated.
[INFO] [stderr] warning: compilation terminated.
[INFO] [stderr] warning: c++: fatal error: Killed signal terminated program cc1plus
[INFO] [stderr] warning: compilation terminated.
[INFO] [stderr] warning: c++: fatal error: Killed signal terminated program cc1plus
[INFO] [stderr] warning: compilation terminated.
[INFO] [stderr] warning: c++: fatal error: Killed signal terminated program cc1plus
[INFO] [stderr] warning: compilation terminated.
[INFO] [stderr] warning: c++: fatal error: Killed signal terminated program cc1plus
[INFO] [stderr] warning: compilation terminated.
[INFO] [stderr] warning: c++: fatal error: Killed signal terminated program cc1plus
[INFO] [stderr] warning: compilation terminated.
[INFO] [stderr] warning: c++: fatal error: Killed signal terminated program cc1plus
[INFO] [stderr] warning: compilation terminated.
[INFO] [stderr] warning: c++: fatal error: Killed signal terminated program cc1plus
[INFO] [stderr] warning: compilation terminated.
[INFO] [stderr] warning: c++: fatal error: Killed signal terminated program cc1plus
[INFO] [stderr] warning: compilation terminated.
[INFO] [stderr] warning: c++: fatal error: Killed signal terminated program cc1plus
[INFO] [stderr] warning: c++: fatal error: Killed signal terminated program cc1plus
[INFO] [stderr] warning: compilation terminated.
[INFO] [stderr] warning: compilation terminated.
[INFO] [stderr] warning: c++: fatal error: Killed signal terminated program cc1plus
[INFO] [stderr] warning: compilation terminated.
[INFO] [stderr] warning: c++: fatal error: Killed signal terminated program cc1plus
[INFO] [stderr] warning: compilation terminated.
[INFO] [stderr] warning: c++: fatal error: Killed signal terminated program cc1plus
[INFO] [stderr] warning: compilation terminated.
[INFO] [stderr] warning: c++: fatal error: Killed signal terminated program cc1plus
[INFO] [stderr] warning: cargo:warning=compilation terminated.c++: fatal error: Killed signal terminated program cc1plus
[INFO] [stderr] warning: compilation terminated.
[INFO] [stderr] warning: c++: fatal error: Killed signal terminated program cc1plus
[INFO] [stderr] warning: compilation terminated.
[INFO] [stderr] warning: c++: fatal error: Killed signal terminated program cc1plus
[INFO] [stderr] warning: compilation terminated.
[INFO] [stderr] warning: c++: fatal error: Killed signal terminated program cc1plus
[INFO] [stderr] warning: compilation terminated.
[INFO] [stderr] warning: c++: fatal error: Killed signal terminated program cc1plus
[INFO] [stderr] warning: compilation terminated.
[INFO] [stderr] warning: c++: fatal error: Killed signal terminated program cc1plus
[INFO] [stderr] warning: compilation terminated.
[INFO] [stderr] warning: c++: fatal error: Killed signal terminated program cc1plus
[INFO] [stderr] warning: compilation terminated.
[INFO] [stderr] warning: c++: fatal error: Killed signal terminated program cc1plus
[INFO] [stderr] warning: compilation terminated.
[INFO] [stderr] warning: c++: fatal error: Killed signal terminated program cc1plus
[INFO] [stderr] warning: compilation terminated.
[INFO] [stderr] warning: c++: fatal error: Killed signal terminated program cc1plus
[INFO] [stderr] warning: compilation terminated.
[INFO] [stderr] warning: c++: fatal error: Killed signal terminated program cc1plus
[INFO] [stderr] warning: compilation terminated.
[INFO] [stderr] warning: c++: fatal error: Killed signal terminated program cc1plus
[INFO] [stderr] warning: compilation terminated.
[INFO] [stderr] warning: c++: fatal error: Killed signal terminated program cc1plus
[INFO] [stderr] warning: compilation terminated.
[INFO] [stderr] warning: c++: fatal error: Killed signal terminated program cc1plus
[INFO] [stderr] warning: compilation terminated.
[INFO] [stderr] warning: c++: fatal error: Killed signal terminated program cc1plus
[INFO] [stderr] warning: compilation terminated.
[INFO] [stderr] warning: c++: fatal error: Killed signal terminated program cc1plus
[INFO] [stderr] warning: compilation terminated.
[INFO] [stderr] warning: c++: fatal error: Killed signal terminated program cc1plus
[INFO] [stderr] warning: compilation terminated.
[INFO] [stderr] warning: c++: fatal error: Killed signal terminated program cc1plus
[INFO] [stderr] warning: compilation terminated.
[INFO] [stderr] warning: c++: fatal error: Killed signal terminated program cc1plus
[INFO] [stderr] warning: compilation terminated.
[INFO] [stderr] warning: c++: fatal error: Killed signal terminated program cc1plus
[INFO] [stderr] warning: compilation terminated.
[INFO] [stderr] warning: c++: fatal error: Killed signal terminated program cc1plus
[INFO] [stderr] warning: compilation terminated.
[INFO] [stderr] warning: c++: fatal error: Killed signal terminated program cc1plus
[INFO] [stderr] warning: compilation terminated.
[INFO] [stderr] warning: c++: fatal error: Killed signal terminated program cc1plus
[INFO] [stderr] warning: compilation terminated.
[INFO] [stderr] warning: c++: fatal error: Killed signal terminated program cc1plus
[INFO] [stderr] warning: compilation terminated.
[INFO] [stderr] 
[INFO] [stderr] error: failed to run custom build command for `libraw-rs-sys v0.0.4+libraw-0.20.1 (/opt/rustwide/workdir)`
[INFO] [stderr] 
[INFO] [stderr] Caused by:
[INFO] [stderr]   process didn't exit successfully: `/opt/rustwide/target/debug/build/libraw-rs-sys-801294d464db5148/build-script-build` (exit status: 1)
[INFO] [stderr]   --- stdout
[INFO] [stderr]   TARGET = Some("x86_64-unknown-linux-gnu")
[INFO] [stderr]   OPT_LEVEL = Some("0")
[INFO] [stderr]   HOST = Some("x86_64-unknown-linux-gnu")
[INFO] [stderr]   CXX_x86_64-unknown-linux-gnu = None
[INFO] [stderr]   CXX_x86_64_unknown_linux_gnu = None
[INFO] [stderr]   HOST_CXX = None
[INFO] [stderr]   CXX = None
[INFO] [stderr]   CXXFLAGS_x86_64-unknown-linux-gnu = None
[INFO] [stderr]   CXXFLAGS_x86_64_unknown_linux_gnu = None
[INFO] [stderr]   HOST_CXXFLAGS = None
[INFO] [stderr]   CXXFLAGS = None
[INFO] [stderr]   CRATE_CC_NO_DEFAULTS = None
[INFO] [stderr]   DEBUG = Some("true")
[INFO] [stderr]   CXX_x86_64-unknown-linux-gnu = None
[INFO] [stderr]   CXX_x86_64_unknown_linux_gnu = None
[INFO] [stderr]   HOST_CXX = None
[INFO] [stderr]   CXX = None
[INFO] [stderr]   CXXFLAGS_x86_64-unknown-linux-gnu = None
[INFO] [stderr]   CXXFLAGS_x86_64_unknown_linux_gnu = None
[INFO] [stderr]   HOST_CXXFLAGS = None
[INFO] [stderr]   CXXFLAGS = None
[INFO] [stderr]   CRATE_CC_NO_DEFAULTS = None
[INFO] [stderr]   CARGO_CFG_TARGET_FEATURE = Some("fxsr,sse,sse2")
[INFO] [stderr]   CXX_x86_64-unknown-linux-gnu = None
[INFO] [stderr]   CXX_x86_64_unknown_linux_gnu = None
[INFO] [stderr]   HOST_CXX = None
[INFO] [stderr]   CXX = None
[INFO] [stderr]   CXXFLAGS_x86_64-unknown-linux-gnu = None
[INFO] [stderr]   CXXFLAGS_x86_64_unknown_linux_gnu = None
[INFO] [stderr]   HOST_CXXFLAGS = None
[INFO] [stderr]   CXXFLAGS = None
[INFO] [stderr]   CRATE_CC_NO_DEFAULTS = None
[INFO] [stderr]   CARGO_CFG_TARGET_FEATURE = Some("fxsr,sse,sse2")
[INFO] [stderr]   CXX_x86_64-unknown-linux-gnu = None
[INFO] [stderr]   CXX_x86_64_unknown_linux_gnu = None
[INFO] [stderr]   HOST_CXX = None
[INFO] [stderr]   CXX = None
[INFO] [stderr]   CXXFLAGS_x86_64-unknown-linux-gnu = None
[INFO] [stderr]   CXXFLAGS_x86_64_unknown_linux_gnu = None
[INFO] [stderr]   HOST_CXXFLAGS = None
[INFO] [stderr]   CXXFLAGS = None
[INFO] [stderr]   CRATE_CC_NO_DEFAULTS = None
[INFO] [stderr]   CARGO_CFG_TARGET_FEATURE = Some("fxsr,sse,sse2")
[INFO] [stderr]   running: "c++" "-O0" "-ffunction-sections" "-fdata-sections" "-fPIC" "-g" "-fno-omit-frame-pointer" "-m64" "-static" "-I" "libraw/" "-pthread" "-Wno-format-truncation" "-Wno-unused-result" "-Wno-format-overflow" "-o" "/opt/rustwide/target/debug/build/libraw-rs-sys-3901ae83a3ef5508/out/libraw/src/decoders/canon_600.o" "-c" "libraw/src/decoders/canon_600.cpp"
[INFO] [stderr]   running: "c++" "-O0" "-ffunction-sections" "-fdata-sections" "-fPIC" "-g" "-fno-omit-frame-pointer" "-m64" "-static" "-I" "libraw/" "-pthread" "-Wno-format-truncation" "-Wno-unused-result" "-Wno-format-overflow" "-o" "/opt/rustwide/target/debug/build/libraw-rs-sys-3901ae83a3ef5508/out/libraw/src/decoders/decoders_libraw_dcrdefs.o" "-c" "libraw/src/decoders/decoders_libraw_dcrdefs.cpp"
[INFO] [stderr]   running: "c++" "-O0" "-ffunction-sections" "-fdata-sections" "-fPIC" "-g" "-fno-omit-frame-pointer" "-m64" "-static" "-I" "libraw/" "-pthread" "-Wno-format-truncation" "-Wno-unused-result" "-Wno-format-overflow" "-o" "/opt/rustwide/target/debug/build/libraw-rs-sys-3901ae83a3ef5508/out/libraw/src/decoders/fuji_compressed.o" "-c" "libraw/src/decoders/fuji_compressed.cpp"
[INFO] [stderr]   running: "c++" "-O0" "-ffunction-sections" "-fdata-sections" "-fPIC" "-g" "-fno-omit-frame-pointer" "-m64" "-static" "-I" "libraw/" "-pthread" "-Wno-format-truncation" "-Wno-unused-result" "-Wno-format-overflow" "-o" "/opt/rustwide/target/debug/build/libraw-rs-sys-3901ae83a3ef5508/out/libraw/src/decoders/generic.o" "-c" "libraw/src/decoders/generic.cpp"
[INFO] [stderr]   running: "c++" "-O0" "-ffunction-sections" "-fdata-sections" "-fPIC" "-g" "-fno-omit-frame-pointer" "-m64" "-static" "-I" "libraw/" "-pthread" "-Wno-format-truncation" "-Wno-unused-result" "-Wno-format-overflow" "-o" "/opt/rustwide/target/debug/build/libraw-rs-sys-3901ae83a3ef5508/out/libraw/src/decoders/decoders_dcraw.o" "-c" "libraw/src/decoders/decoders_dcraw.cpp"
[INFO] [stderr]   running: "c++" "-O0" "-ffunction-sections" "-fdata-sections" "-fPIC" "-g" "-fno-omit-frame-pointer" "-m64" "-static" "-I" "libraw/" "-pthread" "-Wno-format-truncation" "-Wno-unused-result" "-Wno-format-overflow" "-o" "/opt/rustwide/target/debug/build/libraw-rs-sys-3901ae83a3ef5508/out/libraw/src/decoders/kodak_decoders.o" "-c" "libraw/src/decoders/kodak_decoders.cpp"
[INFO] [stderr]   running: "c++" "-O0" "-ffunction-sections" "-fdata-sections" "-fPIC" "-g" "-fno-omit-frame-pointer" "-m64" "-static" "-I" "libraw/" "-pthread" "-Wno-format-truncation" "-Wno-unused-result" "-Wno-format-overflow" "-o" "/opt/rustwide/target/debug/build/libraw-rs-sys-3901ae83a3ef5508/out/libraw/src/decoders/load_mfbacks.o" "-c" "libraw/src/decoders/load_mfbacks.cpp"
[INFO] [stderr]   running: "c++" "-O0" "-ffunction-sections" "-fdata-sections" "-fPIC" "-g" "-fno-omit-frame-pointer" "-m64" "-static" "-I" "libraw/" "-pthread" "-Wno-format-truncation" "-Wno-unused-result" "-Wno-format-overflow" "-o" "/opt/rustwide/target/debug/build/libraw-rs-sys-3901ae83a3ef5508/out/libraw/src/decoders/unpack.o" "-c" "libraw/src/decoders/unpack.cpp"
[INFO] [stderr]   running: "c++" "-O0" "-ffunction-sections" "-fdata-sections" "-fPIC" "-g" "-fno-omit-frame-pointer" "-m64" "-static" "-I" "libraw/" "-pthread" "-Wno-format-truncation" "-Wno-unused-result" "-Wno-format-overflow" "-o" "/opt/rustwide/target/debug/build/libraw-rs-sys-3901ae83a3ef5508/out/libraw/src/decoders/unpack_thumb.o" "-c" "libraw/src/decoders/unpack_thumb.cpp"
[INFO] [stderr]   running: "c++" "-O0" "-ffunction-sections" "-fdata-sections" "-fPIC" "-g" "-fno-omit-frame-pointer" "-m64" "-static" "-I" "libraw/" "-pthread" "-Wno-format-truncation" "-Wno-unused-result" "-Wno-format-overflow" "-o" "/opt/rustwide/target/debug/build/libraw-rs-sys-3901ae83a3ef5508/out/libraw/src/decoders/fp_dng.o" "-c" "libraw/src/decoders/fp_dng.cpp"
[INFO] [stderr]   running: "c++" "-O0" "-ffunction-sections" "-fdata-sections" "-fPIC" "-g" "-fno-omit-frame-pointer" "-m64" "-static" "-I" "libraw/" "-pthread" "-Wno-format-truncation" "-Wno-unused-result" "-Wno-format-overflow" "-o" "/opt/rustwide/target/debug/build/libraw-rs-sys-3901ae83a3ef5508/out/libraw/src/decoders/smal.o" "-c" "libraw/src/decoders/smal.cpp"
[INFO] [stderr]   running: "c++" "-O0" "-ffunction-sections" "-fdata-sections" "-fPIC" "-g" "-fno-omit-frame-pointer" "-m64" "-static" "-I" "libraw/" "-pthread" "-Wno-format-truncation" "-Wno-unused-result" "-Wno-format-overflow" "-o" "/opt/rustwide/target/debug/build/libraw-rs-sys-3901ae83a3ef5508/out/libraw/src/demosaic/ahd_demosaic.o" "-c" "libraw/src/demosaic/ahd_demosaic.cpp"
[INFO] [stderr]   running: "c++" "-O0" "-ffunction-sections" "-fdata-sections" "-fPIC" "-g" "-fno-omit-frame-pointer" "-m64" "-static" "-I" "libraw/" "-pthread" "-Wno-format-truncation" "-Wno-unused-result" "-Wno-format-overflow" "-o" "/opt/rustwide/target/debug/build/libraw-rs-sys-3901ae83a3ef5508/out/libraw/src/demosaic/dcb_demosaic.o" "-c" "libraw/src/demosaic/dcb_demosaic.cpp"
[INFO] [stderr]   running: "c++" "-O0" "-ffunction-sections" "-fdata-sections" "-fPIC" "-g" "-fno-omit-frame-pointer" "-m64" "-static" "-I" "libraw/" "-pthread" "-Wno-format-truncation" "-Wno-unused-result" "-Wno-format-overflow" "-o" "/opt/rustwide/target/debug/build/libraw-rs-sys-3901ae83a3ef5508/out/libraw/src/demosaic/aahd_demosaic.o" "-c" "libraw/src/demosaic/aahd_demosaic.cpp"
[INFO] [stderr]   running: "c++" "-O0" "-ffunction-sections" "-fdata-sections" "-fPIC" "-g" "-fno-omit-frame-pointer" "-m64" "-static" "-I" "libraw/" "-pthread" "-Wno-format-truncation" "-Wno-unused-result" "-Wno-format-overflow" "-o" "/opt/rustwide/target/debug/build/libraw-rs-sys-3901ae83a3ef5508/out/libraw/src/demosaic/xtrans_demosaic.o" "-c" "libraw/src/demosaic/xtrans_demosaic.cpp"
[INFO] [stderr]   running: "c++" "-O0" "-ffunction-sections" "-fdata-sections" "-fPIC" "-g" "-fno-omit-frame-pointer" "-m64" "-static" "-I" "libraw/" "-pthread" "-Wno-format-truncation" "-Wno-unused-result" "-Wno-format-overflow" "-o" "/opt/rustwide/target/debug/build/libraw-rs-sys-3901ae83a3ef5508/out/libraw/src/integration/dngsdk_glue.o" "-c" "libraw/src/integration/dngsdk_glue.cpp"
[INFO] [stderr]   running: "c++" "-O0" "-ffunction-sections" "-fdata-sections" "-fPIC" "-g" "-fno-omit-frame-pointer" "-m64" "-static" "-I" "libraw/" "-pthread" "-Wno-format-truncation" "-Wno-unused-result" "-Wno-format-overflow" "-o" "/opt/rustwide/target/debug/build/libraw-rs-sys-3901ae83a3ef5508/out/libraw/src/demosaic/dht_demosaic.o" "-c" "libraw/src/demosaic/dht_demosaic.cpp"
[INFO] [stderr]   running: "c++" "-O0" "-ffunction-sections" "-fdata-sections" "-fPIC" "-g" "-fno-omit-frame-pointer" "-m64" "-static" "-I" "libraw/" "-pthread" "-Wno-format-truncation" "-Wno-unused-result" "-Wno-format-overflow" "-o" "/opt/rustwide/target/debug/build/libraw-rs-sys-3901ae83a3ef5508/out/libraw/src/metadata/adobepano.o" "-c" "libraw/src/metadata/adobepano.cpp"
[INFO] [stderr]   running: "c++" "-O0" "-ffunction-sections" "-fdata-sections" "-fPIC" "-g" "-fno-omit-frame-pointer" "-m64" "-static" "-I" "libraw/" "-pthread" "-Wno-format-truncation" "-Wno-unused-result" "-Wno-format-overflow" "-o" "/opt/rustwide/target/debug/build/libraw-rs-sys-3901ae83a3ef5508/out/libraw/src/integration/rawspeed_glue.o" "-c" "libraw/src/integration/rawspeed_glue.cpp"
[INFO] [stderr]   running: "c++" "-O0" "-ffunction-sections" "-fdata-sections" "-fPIC" "-g" "-fno-omit-frame-pointer" "-m64" "-static" "-I" "libraw/" "-pthread" "-Wno-format-truncation" "-Wno-unused-result" "-Wno-format-overflow" "-o" "/opt/rustwide/target/debug/build/libraw-rs-sys-3901ae83a3ef5508/out/libraw/src/metadata/exif_gps.o" "-c" "libraw/src/metadata/exif_gps.cpp"
[INFO] [stderr]   running: "c++" "-O0" "-ffunction-sections" "-fdata-sections" "-fPIC" "-g" "-fno-omit-frame-pointer" "-m64" "-static" "-I" "libraw/" "-pthread" "-Wno-format-truncation" "-Wno-unused-result" "-Wno-format-overflow" "-o" "/opt/rustwide/target/debug/build/libraw-rs-sys-3901ae83a3ef5508/out/libraw/src/metadata/kodak.o" "-c" "libraw/src/metadata/kodak.cpp"
[INFO] [stderr]   running: "c++" "-O0" "-ffunction-sections" "-fdata-sections" "-fPIC" "-g" "-fno-omit-frame-pointer" "-m64" "-static" "-I" "libraw/" "-pthread" "-Wno-format-truncation" "-Wno-unused-result" "-Wno-format-overflow" "-o" "/opt/rustwide/target/debug/build/libraw-rs-sys-3901ae83a3ef5508/out/libraw/src/metadata/misc_parsers.o" "-c" "libraw/src/metadata/misc_parsers.cpp"
[INFO] [stderr]   running: "c++" "-O0" "-ffunction-sections" "-fdata-sections" "-fPIC" "-g" "-fno-omit-frame-pointer" "-m64" "-static" "-I" "libraw/" "-pthread" "-Wno-format-truncation" "-Wno-unused-result" "-Wno-format-overflow" "-o" "/opt/rustwide/target/debug/build/libraw-rs-sys-3901ae83a3ef5508/out/libraw/src/metadata/canon.o" "-c" "libraw/src/metadata/canon.cpp"
[INFO] [stderr]   running: "c++" "-O0" "-ffunction-sections" "-fdata-sections" "-fPIC" "-g" "-fno-omit-frame-pointer" "-m64" "-static" "-I" "libraw/" "-pthread" "-Wno-format-truncation" "-Wno-unused-result" "-Wno-format-overflow" "-o" "/opt/rustwide/target/debug/build/libraw-rs-sys-3901ae83a3ef5508/out/libraw/src/metadata/nikon.o" "-c" "libraw/src/metadata/nikon.cpp"
[INFO] [stderr]   running: "c++" "-O0" "-ffunction-sections" "-fdata-sections" "-fPIC" "-g" "-fno-omit-frame-pointer" "-m64" "-static" "-I" "libraw/" "-pthread" "-Wno-format-truncation" "-Wno-unused-result" "-Wno-format-overflow" "-o" "/opt/rustwide/target/debug/build/libraw-rs-sys-3901ae83a3ef5508/out/libraw/src/metadata/identify.o" "-c" "libraw/src/metadata/identify.cpp"
[INFO] [stderr]   running: "c++" "-O0" "-ffunction-sections" "-fdata-sections" "-fPIC" "-g" "-fno-omit-frame-pointer" "-m64" "-static" "-I" "libraw/" "-pthread" "-Wno-format-truncation" "-Wno-unused-result" "-Wno-format-overflow" "-o" "/opt/rustwide/target/debug/build/libraw-rs-sys-3901ae83a3ef5508/out/libraw/src/metadata/sony.o" "-c" "libraw/src/metadata/sony.cpp"
[INFO] [stderr]   running: "c++" "-O0" "-ffunction-sections" "-fdata-sections" "-fPIC" "-g" "-fno-omit-frame-pointer" "-m64" "-static" "-I" "libraw/" "-pthread" "-Wno-format-truncation" "-Wno-unused-result" "-Wno-format-overflow" "-o" "/opt/rustwide/target/debug/build/libraw-rs-sys-3901ae83a3ef5508/out/libraw/src/metadata/ciff.o" "-c" "libraw/src/metadata/ciff.cpp"
[INFO] [stderr]   running: "c++" "-O0" "-ffunction-sections" "-fdata-sections" "-fPIC" "-g" "-fno-omit-frame-pointer" "-m64" "-static" "-I" "libraw/" "-pthread" "-Wno-format-truncation" "-Wno-unused-result" "-Wno-format-overflow" "-o" "/opt/rustwide/target/debug/build/libraw-rs-sys-3901ae83a3ef5508/out/libraw/src/metadata/p1.o" "-c" "libraw/src/metadata/p1.cpp"
[INFO] [stderr]   running: "c++" "-O0" "-ffunction-sections" "-fdata-sections" "-fPIC" "-g" "-fno-omit-frame-pointer" "-m64" "-static" "-I" "libraw/" "-pthread" "-Wno-format-truncation" "-Wno-unused-result" "-Wno-format-overflow" "-o" "/opt/rustwide/target/debug/build/libraw-rs-sys-3901ae83a3ef5508/out/libraw/src/metadata/cr3_parser.o" "-c" "libraw/src/metadata/cr3_parser.cpp"
[INFO] [stderr]   running: "c++" "-O0" "-ffunction-sections" "-fdata-sections" "-fPIC" "-g" "-fno-omit-frame-pointer" "-m64" "-static" "-I" "libraw/" "-pthread" "-Wno-format-truncation" "-Wno-unused-result" "-Wno-format-overflow" "-o" "/opt/rustwide/target/debug/build/libraw-rs-sys-3901ae83a3ef5508/out/libraw/src/postprocessing/postprocessing_aux.o" "-c" "libraw/src/postprocessing/postprocessing_aux.cpp"
[INFO] [stderr]   running: "c++" "-O0" "-ffunction-sections" "-fdata-sections" "-fPIC" "-g" "-fno-omit-frame-pointer" "-m64" "-static" "-I" "libraw/" "-pthread" "-Wno-format-truncation" "-Wno-unused-result" "-Wno-format-overflow" "-o" "/opt/rustwide/target/debug/build/libraw-rs-sys-3901ae83a3ef5508/out/libraw/src/postprocessing/aspect_ratio.o" "-c" "libraw/src/postprocessing/aspect_ratio.cpp"
[INFO] [stderr]   running: "c++" "-O0" "-ffunction-sections" "-fdata-sections" "-fPIC" "-g" "-fno-omit-frame-pointer" "-m64" "-static" "-I" "libraw/" "-pthread" "-Wno-format-truncation" "-Wno-unused-result" "-Wno-format-overflow" "-o" "/opt/rustwide/target/debug/build/libraw-rs-sys-3901ae83a3ef5508/out/libraw/src/libraw_datastream.o" "-c" "libraw/src/libraw_datastream.cpp"
[INFO] [stderr]   running: "c++" "-O0" "-ffunction-sections" "-fdata-sections" "-fPIC" "-g" "-fno-omit-frame-pointer" "-m64" "-static" "-I" "libraw/" "-pthread" "-Wno-format-truncation" "-Wno-unused-result" "-Wno-format-overflow" "-o" "/opt/rustwide/target/debug/build/libraw-rs-sys-3901ae83a3ef5508/out/libraw/src/metadata/tiff.o" "-c" "libraw/src/metadata/tiff.cpp"
[INFO] [stderr]   running: "c++" "-O0" "-ffunction-sections" "-fdata-sections" "-fPIC" "-g" "-fno-omit-frame-pointer" "-m64" "-static" "-I" "libraw/" "-pthread" "-Wno-format-truncation" "-Wno-unused-result" "-Wno-format-overflow" "-o" "/opt/rustwide/target/debug/build/libraw-rs-sys-3901ae83a3ef5508/out/libraw/src/metadata/normalize_model.o" "-c" "libraw/src/metadata/normalize_model.cpp"
[INFO] [stderr]   running: "c++" "-O0" "-ffunction-sections" "-fdata-sections" "-fPIC" "-g" "-fno-omit-frame-pointer" "-m64" "-static" "-I" "libraw/" "-pthread" "-Wno-format-truncation" "-Wno-unused-result" "-Wno-format-overflow" "-o" "/opt/rustwide/target/debug/build/libraw-rs-sys-3901ae83a3ef5508/out/libraw/src/metadata/identify_tools.o" "-c" "libraw/src/metadata/identify_tools.cpp"
[INFO] [stderr]   running: "c++" "-O0" "-ffunction-sections" "-fdata-sections" "-fPIC" "-g" "-fno-omit-frame-pointer" "-m64" "-static" "-I" "libraw/" "-pthread" "-Wno-format-truncation" "-Wno-unused-result" "-Wno-format-overflow" "-o" "/opt/rustwide/target/debug/build/libraw-rs-sys-3901ae83a3ef5508/out/libraw/src/metadata/makernotes.o" "-c" "libraw/src/metadata/makernotes.cpp"
[INFO] [stderr]   running: "c++" "-O0" "-ffunction-sections" "-fdata-sections" "-fPIC" "-g" "-fno-omit-frame-pointer" "-m64" "-static" "-I" "libraw/" "-pthread" "-Wno-format-truncation" "-Wno-unused-result" "-Wno-format-overflow" "-o" "/opt/rustwide/target/debug/build/libraw-rs-sys-3901ae83a3ef5508/out/libraw/src/postprocessing/mem_image.o" "-c" "libraw/src/postprocessing/mem_image.cpp"
[INFO] [stderr]   running: "c++" "-O0" "-ffunction-sections" "-fdata-sections" "-fPIC" "-g" "-fno-omit-frame-pointer" "-m64" "-static" "-I" "libraw/" "-pthread" "-Wno-format-truncation" "-Wno-unused-result" "-Wno-format-overflow" "-o" "/opt/rustwide/target/debug/build/libraw-rs-sys-3901ae83a3ef5508/out/libraw/src/metadata/olympus.o" "-c" "libraw/src/metadata/olympus.cpp"
[INFO] [stderr]   running: "c++" "-O0" "-ffunction-sections" "-fdata-sections" "-fPIC" "-g" "-fno-omit-frame-pointer" "-m64" "-static" "-I" "libraw/" "-pthread" "-Wno-format-truncation" "-Wno-unused-result" "-Wno-format-overflow" "-o" "/opt/rustwide/target/debug/build/libraw-rs-sys-3901ae83a3ef5508/out/libraw/src/tables/colorconst.o" "-c" "libraw/src/tables/colorconst.cpp"
[INFO] [stderr]   running: "c++" "-O0" "-ffunction-sections" "-fdata-sections" "-fPIC" "-g" "-fno-omit-frame-pointer" "-m64" "-static" "-I" "libraw/" "-pthread" "-Wno-format-truncation" "-Wno-unused-result" "-Wno-format-overflow" "-o" "/opt/rustwide/target/debug/build/libraw-rs-sys-3901ae83a3ef5508/out/libraw/src/metadata/samsung.o" "-c" "libraw/src/metadata/samsung.cpp"
[INFO] [stderr]   running: "c++" "-O0" "-ffunction-sections" "-fdata-sections" "-fPIC" "-g" "-fno-omit-frame-pointer" "-m64" "-static" "-I" "libraw/" "-pthread" "-Wno-format-truncation" "-Wno-unused-result" "-Wno-format-overflow" "-o" "/opt/rustwide/target/debug/build/libraw-rs-sys-3901ae83a3ef5508/out/libraw/src/metadata/fuji.o" "-c" "libraw/src/metadata/fuji.cpp"
[INFO] [stderr]   running: "c++" "-O0" "-ffunction-sections" "-fdata-sections" "-fPIC" "-g" "-fno-omit-frame-pointer" "-m64" "-static" "-I" "libraw/" "-pthread" "-Wno-format-truncation" "-Wno-unused-result" "-Wno-format-overflow" "-o" "/opt/rustwide/target/debug/build/libraw-rs-sys-3901ae83a3ef5508/out/libraw/src/utils/curves.o" "-c" "libraw/src/utils/curves.cpp"
[INFO] [stderr]   running: "c++" "-O0" "-ffunction-sections" "-fdata-sections" "-fPIC" "-g" "-fno-omit-frame-pointer" "-m64" "-static" "-I" "libraw/" "-pthread" "-Wno-format-truncation" "-Wno-unused-result" "-Wno-format-overflow" "-o" "/opt/rustwide/target/debug/build/libraw-rs-sys-3901ae83a3ef5508/out/libraw/src/utils/read_utils.o" "-c" "libraw/src/utils/read_utils.cpp"
[INFO] [stderr]   running: "c++" "-O0" "-ffunction-sections" "-fdata-sections" "-fPIC" "-g" "-fno-omit-frame-pointer" "-m64" "-static" "-I" "libraw/" "-pthread" "-Wno-format-truncation" "-Wno-unused-result" "-Wno-format-overflow" "-o" "/opt/rustwide/target/debug/build/libraw-rs-sys-3901ae83a3ef5508/out/libraw/src/metadata/minolta.o" "-c" "libraw/src/metadata/minolta.cpp"
[INFO] [stderr]   running: "c++" "-O0" "-ffunction-sections" "-fdata-sections" "-fPIC" "-g" "-fno-omit-frame-pointer" "-m64" "-static" "-I" "libraw/" "-pthread" "-Wno-format-truncation" "-Wno-unused-result" "-Wno-format-overflow" "-o" "/opt/rustwide/target/debug/build/libraw-rs-sys-3901ae83a3ef5508/out/libraw/src/utils/init_close_utils.o" "-c" "libraw/src/utils/init_close_utils.cpp"
[INFO] [stderr]   running: "c++" "-O0" "-ffunction-sections" "-fdata-sections" "-fPIC" "-g" "-fno-omit-frame-pointer" "-m64" "-static" "-I" "libraw/" "-pthread" "-Wno-format-truncation" "-Wno-unused-result" "-Wno-format-overflow" "-o" "/opt/rustwide/target/debug/build/libraw-rs-sys-3901ae83a3ef5508/out/libraw/src/postprocessing/postprocessing_utils.o" "-c" "libraw/src/postprocessing/postprocessing_utils.cpp"
[INFO] [stderr]   running: "c++" "-O0" "-ffunction-sections" "-fdata-sections" "-fPIC" "-g" "-fno-omit-frame-pointer" "-m64" "-static" "-I" "libraw/" "-pthread" "-Wno-format-truncation" "-Wno-unused-result" "-Wno-format-overflow" "-o" "/opt/rustwide/target/debug/build/libraw-rs-sys-3901ae83a3ef5508/out/libraw/src/metadata/pentax.o" "-c" "libraw/src/metadata/pentax.cpp"
[INFO] [stderr]   running: "c++" "-O0" "-ffunction-sections" "-fdata-sections" "-fPIC" "-g" "-fno-omit-frame-pointer" "-m64" "-static" "-I" "libraw/" "-pthread" "-Wno-format-truncation" "-Wno-unused-result" "-Wno-format-overflow" "-o" "/opt/rustwide/target/debug/build/libraw-rs-sys-3901ae83a3ef5508/out/libraw/src/utils/utils_dcraw.o" "-c" "libraw/src/utils/utils_dcraw.cpp"
[INFO] [stderr]   running: "c++" "-O0" "-ffunction-sections" "-fdata-sections" "-fPIC" "-g" "-fno-omit-frame-pointer" "-m64" "-static" "-I" "libraw/" "-pthread" "-Wno-format-truncation" "-Wno-unused-result" "-Wno-format-overflow" "-o" "/opt/rustwide/target/debug/build/libraw-rs-sys-3901ae83a3ef5508/out/libraw/src/metadata/leica.o" "-c" "libraw/src/metadata/leica.cpp"
[INFO] [stderr]   running: "c++" "-O0" "-ffunction-sections" "-fdata-sections" "-fPIC" "-g" "-fno-omit-frame-pointer" "-m64" "-static" "-I" "libraw/" "-pthread" "-Wno-format-truncation" "-Wno-unused-result" "-Wno-format-overflow" "-o" "/opt/rustwide/target/debug/build/libraw-rs-sys-3901ae83a3ef5508/out/libraw/src/write/file_write.o" "-c" "libraw/src/write/file_write.cpp"
[INFO] [stderr]   running: "c++" "-O0" "-ffunction-sections" "-fdata-sections" "-fPIC" "-g" "-fno-omit-frame-pointer" "-m64" "-static" "-I" "libraw/" "-pthread" "-Wno-format-truncation" "-Wno-unused-result" "-Wno-format-overflow" "-o" "/opt/rustwide/target/debug/build/libraw-rs-sys-3901ae83a3ef5508/out/libraw/src/write/tiff_writer.o" "-c" "libraw/src/write/tiff_writer.cpp"
[INFO] [stderr]   running: "c++" "-O0" "-ffunction-sections" "-fdata-sections" "-fPIC" "-g" "-fno-omit-frame-pointer" "-m64" "-static" "-I" "libraw/" "-pthread" "-Wno-format-truncation" "-Wno-unused-result" "-Wno-format-overflow" "-o" "/opt/rustwide/target/debug/build/libraw-rs-sys-3901ae83a3ef5508/out/libraw/src/utils/decoder_info.o" "-c" "libraw/src/utils/decoder_info.cpp"
[INFO] [stderr]   running: "c++" "-O0" "-ffunction-sections" "-fdata-sections" "-fPIC" "-g" "-fno-omit-frame-pointer" "-m64" "-static" "-I" "libraw/" "-pthread" "-Wno-format-truncation" "-Wno-unused-result" "-Wno-format-overflow" "-o" "/opt/rustwide/target/debug/build/libraw-rs-sys-3901ae83a3ef5508/out/libraw/src/metadata/mediumformat.o" "-c" "libraw/src/metadata/mediumformat.cpp"
[INFO] [stderr]   running: "c++" "-O0" "-ffunction-sections" "-fdata-sections" "-fPIC" "-g" "-fno-omit-frame-pointer" "-m64" "-static" "-I" "libraw/" "-pthread" "-Wno-format-truncation" "-Wno-unused-result" "-Wno-format-overflow" "-o" "/opt/rustwide/target/debug/build/libraw-rs-sys-3901ae83a3ef5508/out/libraw/src/utils/thumb_utils.o" "-c" "libraw/src/utils/thumb_utils.cpp"
[INFO] [stderr]   running: "c++" "-O0" "-ffunction-sections" "-fdata-sections" "-fPIC" "-g" "-fno-omit-frame-pointer" "-m64" "-static" "-I" "libraw/" "-pthread" "-Wno-format-truncation" "-Wno-unused-result" "-Wno-format-overflow" "-o" "/opt/rustwide/target/debug/build/libraw-rs-sys-3901ae83a3ef5508/out/libraw/src/preprocessing/raw2image.o" "-c" "libraw/src/preprocessing/raw2image.cpp"
[INFO] [stderr]   running: "c++" "-O0" "-ffunction-sections" "-fdata-sections" "-fPIC" "-g" "-fno-omit-frame-pointer" "-m64" "-static" "-I" "libraw/" "-pthread" "-Wno-format-truncation" "-Wno-unused-result" "-Wno-format-overflow" "-o" "/opt/rustwide/target/debug/build/libraw-rs-sys-3901ae83a3ef5508/out/libraw/src/tables/wblists.o" "-c" "libraw/src/tables/wblists.cpp"
[INFO] [stderr]   running: "c++" "-O0" "-ffunction-sections" "-fdata-sections" "-fPIC" "-g" "-fno-omit-frame-pointer" "-m64" "-static" "-I" "libraw/" "-pthread" "-Wno-format-truncation" "-Wno-unused-result" "-Wno-format-overflow" "-o" "/opt/rustwide/target/debug/build/libraw-rs-sys-3901ae83a3ef5508/out/libraw/src/postprocessing/dcraw_process.o" "-c" "libraw/src/postprocessing/dcraw_process.cpp"
[INFO] [stderr]   running: "c++" "-O0" "-ffunction-sections" "-fdata-sections" "-fPIC" "-g" "-fno-omit-frame-pointer" "-m64" "-static" "-I" "libraw/" "-pthread" "-Wno-format-truncation" "-Wno-unused-result" "-Wno-format-overflow" "-o" "/opt/rustwide/target/debug/build/libraw-rs-sys-3901ae83a3ef5508/out/libraw/src/postprocessing/postprocessing_utils_dcrdefs.o" "-c" "libraw/src/postprocessing/postprocessing_utils_dcrdefs.cpp"
[INFO] [stderr]   running: "c++" "-O0" "-ffunction-sections" "-fdata-sections" "-fPIC" "-g" "-fno-omit-frame-pointer" "-m64" "-static" "-I" "libraw/" "-pthread" "-Wno-format-truncation" "-Wno-unused-result" "-Wno-format-overflow" "-o" "/opt/rustwide/target/debug/build/libraw-rs-sys-3901ae83a3ef5508/out/libraw/src/preprocessing/ext_preprocess.o" "-c" "libraw/src/preprocessing/ext_preprocess.cpp"
[INFO] [stderr]   running: "c++" "-O0" "-ffunction-sections" "-fdata-sections" "-fPIC" "-g" "-fno-omit-frame-pointer" "-m64" "-static" "-I" "libraw/" "-pthread" "-Wno-format-truncation" "-Wno-unused-result" "-Wno-format-overflow" "-o" "/opt/rustwide/target/debug/build/libraw-rs-sys-3901ae83a3ef5508/out/libraw/src/write/apply_profile.o" "-c" "libraw/src/write/apply_profile.cpp"
[INFO] [stderr]   running: "c++" "-O0" "-ffunction-sections" "-fdata-sections" "-fPIC" "-g" "-fno-omit-frame-pointer" "-m64" "-static" "-I" "libraw/" "-pthread" "-Wno-format-truncation" "-Wno-unused-result" "-Wno-format-overflow" "-o" "/opt/rustwide/target/debug/build/libraw-rs-sys-3901ae83a3ef5508/out/libraw/src/x3f/x3f_parse_process.o" "-c" "libraw/src/x3f/x3f_parse_process.cpp"
[INFO] [stderr]   running: "c++" "-O0" "-ffunction-sections" "-fdata-sections" "-fPIC" "-g" "-fno-omit-frame-pointer" "-m64" "-static" "-I" "libraw/" "-pthread" "-Wno-format-truncation" "-Wno-unused-result" "-Wno-format-overflow" "-o" "/opt/rustwide/target/debug/build/libraw-rs-sys-3901ae83a3ef5508/out/libraw/src/x3f/x3f_utils_patched.o" "-c" "libraw/src/x3f/x3f_utils_patched.cpp"
[INFO] [stderr]   running: "c++" "-O0" "-ffunction-sections" "-fdata-sections" "-fPIC" "-g" "-fno-omit-frame-pointer" "-m64" "-static" "-I" "libraw/" "-pthread" "-Wno-format-truncation" "-Wno-unused-result" "-Wno-format-overflow" "-o" "/opt/rustwide/target/debug/build/libraw-rs-sys-3901ae83a3ef5508/out/libraw/src/utils/phaseone_processing.o" "-c" "libraw/src/utils/phaseone_processing.cpp"
[INFO] [stderr]   running: "c++" "-O0" "-ffunction-sections" "-fdata-sections" "-fPIC" "-g" "-fno-omit-frame-pointer" "-m64" "-static" "-I" "libraw/" "-pthread" "-Wno-format-truncation" "-Wno-unused-result" "-Wno-format-overflow" "-o" "/opt/rustwide/target/debug/build/libraw-rs-sys-3901ae83a3ef5508/out/libraw/src/utils/utils_libraw.o" "-c" "libraw/src/utils/utils_libraw.cpp"
[INFO] [stderr]   running: "c++" "-O0" "-ffunction-sections" "-fdata-sections" "-fPIC" "-g" "-fno-omit-frame-pointer" "-m64" "-static" "-I" "libraw/" "-pthread" "-Wno-format-truncation" "-Wno-unused-result" "-Wno-format-overflow" "-o" "/opt/rustwide/target/debug/build/libraw-rs-sys-3901ae83a3ef5508/out/libraw/src/decoders/dng.o" "-c" "libraw/src/decoders/dng.cpp"
[INFO] [stderr]   running: "c++" "-O0" "-ffunction-sections" "-fdata-sections" "-fPIC" "-g" "-fno-omit-frame-pointer" "-m64" "-static" "-I" "libraw/" "-pthread" "-Wno-format-truncation" "-Wno-unused-result" "-Wno-format-overflow" "-o" "/opt/rustwide/target/debug/build/libraw-rs-sys-3901ae83a3ef5508/out/libraw/src/decoders/crx.o" "-c" "libraw/src/decoders/crx.cpp"
[INFO] [stderr]   running: "c++" "-O0" "-ffunction-sections" "-fdata-sections" "-fPIC" "-g" "-fno-omit-frame-pointer" "-m64" "-static" "-I" "libraw/" "-pthread" "-Wno-format-truncation" "-Wno-unused-result" "-Wno-format-overflow" "-o" "/opt/rustwide/target/debug/build/libraw-rs-sys-3901ae83a3ef5508/out/libraw/src/tables/cameralist.o" "-c" "libraw/src/tables/cameralist.cpp"
[INFO] [stderr]   running: "c++" "-O0" "-ffunction-sections" "-fdata-sections" "-fPIC" "-g" "-fno-omit-frame-pointer" "-m64" "-static" "-I" "libraw/" "-pthread" "-Wno-format-truncation" "-Wno-unused-result" "-Wno-format-overflow" "-o" "/opt/rustwide/target/debug/build/libraw-rs-sys-3901ae83a3ef5508/out/libraw/src/metadata/hasselblad_model.o" "-c" "libraw/src/metadata/hasselblad_model.cpp"
[INFO] [stderr]   running: "c++" "-O0" "-ffunction-sections" "-fdata-sections" "-fPIC" "-g" "-fno-omit-frame-pointer" "-m64" "-static" "-I" "libraw/" "-pthread" "-Wno-format-truncation" "-Wno-unused-result" "-Wno-format-overflow" "-o" "/opt/rustwide/target/debug/build/libraw-rs-sys-3901ae83a3ef5508/out/libraw/src/tables/colordata.o" "-c" "libraw/src/tables/colordata.cpp"
[INFO] [stderr]   running: "c++" "-O0" "-ffunction-sections" "-fdata-sections" "-fPIC" "-g" "-fno-omit-frame-pointer" "-m64" "-static" "-I" "libraw/" "-pthread" "-Wno-format-truncation" "-Wno-unused-result" "-Wno-format-overflow" "-o" "/opt/rustwide/target/debug/build/libraw-rs-sys-3901ae83a3ef5508/out/libraw/src/decoders/decoders_libraw.o" "-c" "libraw/src/decoders/decoders_libraw.cpp"
[INFO] [stderr]   running: "c++" "-O0" "-ffunction-sections" "-fdata-sections" "-fPIC" "-g" "-fno-omit-frame-pointer" "-m64" "-static" "-I" "libraw/" "-pthread" "-Wno-format-truncation" "-Wno-unused-result" "-Wno-format-overflow" "-o" "/opt/rustwide/target/debug/build/libraw-rs-sys-3901ae83a3ef5508/out/libraw/src/metadata/epson.o" "-c" "libraw/src/metadata/epson.cpp"
[INFO] [stderr]   running: "c++" "-O0" "-ffunction-sections" "-fdata-sections" "-fPIC" "-g" "-fno-omit-frame-pointer" "-m64" "-static" "-I" "libraw/" "-pthread" "-Wno-format-truncation" "-Wno-unused-result" "-Wno-format-overflow" "-o" "/opt/rustwide/target/debug/build/libraw-rs-sys-3901ae83a3ef5508/out/libraw/src/demosaic/misc_demosaic.o" "-c" "libraw/src/demosaic/misc_demosaic.cpp"
[INFO] [stderr]   running: "c++" "-O0" "-ffunction-sections" "-fdata-sections" "-fPIC" "-g" "-fno-omit-frame-pointer" "-m64" "-static" "-I" "libraw/" "-pthread" "-Wno-format-truncation" "-Wno-unused-result" "-Wno-format-overflow" "-o" "/opt/rustwide/target/debug/build/libraw-rs-sys-3901ae83a3ef5508/out/libraw/src/utils/open.o" "-c" "libraw/src/utils/open.cpp"
[INFO] [stderr]   running: "c++" "-O0" "-ffunction-sections" "-fdata-sections" "-fPIC" "-g" "-fno-omit-frame-pointer" "-m64" "-static" "-I" "libraw/" "-pthread" "-Wno-format-truncation" "-Wno-unused-result" "-Wno-format-overflow" "-o" "/opt/rustwide/target/debug/build/libraw-rs-sys-3901ae83a3ef5508/out/libraw/src/preprocessing/subtract_black.o" "-c" "libraw/src/preprocessing/subtract_black.cpp"
[INFO] [stderr]   running: "c++" "-O0" "-ffunction-sections" "-fdata-sections" "-fPIC" "-g" "-fno-omit-frame-pointer" "-m64" "-static" "-I" "libraw/" "-pthread" "-Wno-format-truncation" "-Wno-unused-result" "-Wno-format-overflow" "-o" "/opt/rustwide/target/debug/build/libraw-rs-sys-3901ae83a3ef5508/out/libraw/src/libraw_c_api.o" "-c" "libraw/src/libraw_c_api.cpp"
[INFO] [stderr]   exit status: 0
[INFO] [stderr]   exit status: 0
[INFO] [stderr]   cargo:warning=c++: fatal error: Killed signal terminated program cc1plus
[INFO] [stderr]   cargo:warning=compilation terminated.
[INFO] [stderr]   cargo:warning=c++: fatal error: Killed signal terminated program cc1plus
[INFO] [stderr]   cargo:warning=compilation terminated.
[INFO] [stderr]   exit status: 1
[INFO] [stderr]   exit status: 1
[INFO] [stderr]   cargo:warning=c++: fatal error: Killed signal terminated program cc1plus
[INFO] [stderr]   cargo:warning=c++: fatal error: Killed signal terminated program cc1plus
[INFO] [stderr]   cargo:warning=compilation terminated.
[INFO] [stderr]   cargo:warning=compilation terminated.
[INFO] [stderr]   exit status: 1
[INFO] [stderr]   exit status: 1
[INFO] [stderr]   cargo:warning=c++: fatal error: Killed signal terminated program cc1plus
[INFO] [stderr]   cargo:warning=compilation terminated.
[INFO] [stderr]   exit status: 1
[INFO] [stderr]   cargo:warning=c++: fatal error: Killed signal terminated program cc1plus
[INFO] [stderr]   cargo:warning=compilation terminated.
[INFO] [stderr]   exit status: 1
[INFO] [stderr]   cargo:warning=c++: fatal error: Killed signal terminated program cc1plus
[INFO] [stderr]   cargo:warning=compilation terminated.
[INFO] [stderr]   exit status: 1
[INFO] [stderr]   cargo:warning=c++: fatal error: Killed signal terminated program cc1plus
[INFO] [stderr]   cargo:warning=c++: fatal error: Killed signal terminated program cc1plus
[INFO] [stderr]   cargo:warning=compilation terminated.
[INFO] [stderr]   cargo:warning=compilation terminated.
[INFO] [stderr]   exit status: 1
[INFO] [stderr]   exit status: 1
[INFO] [stderr]   cargo:warning=c++: fatal error: Killed signal terminated program cc1plus
[INFO] [stderr]   cargo:warning=compilation terminated.
[INFO] [stderr]   cargo:warning=c++: fatal error: Killed signal terminated program cc1plus
[INFO] [stderr]   cargo:warning=compilation terminated.
[INFO] [stderr]   cargo:warning=c++: fatal error: Killed signal terminated program cc1plus
[INFO] [stderr]   cargo:warning=compilation terminated.
[INFO] [stderr]   exit status: 1
[INFO] [stderr]   exit status: 1
[INFO] [stderr]   exit status: 1
[INFO] [stderr]   cargo:warning=c++: fatal error: Killed signal terminated program cc1plus
[INFO] [stderr]   cargo:warning=compilation terminated.
[INFO] [stderr]   cargo:warning=c++: fatal error: Killed signal terminated program cc1plus
[INFO] [stderr]   cargo:warning=compilation terminated.
[INFO] [stderr]   exit status: 1
[INFO] [stderr]   exit status: 1
[INFO] [stderr]   cargo:warning=c++: fatal error: Killed signal terminated program cc1plus
[INFO] [stderr]   cargo:warning=compilation terminated.
[INFO] [stderr]   exit status: 1
[INFO] [stderr]   cargo:warning=c++: fatal error: Killed signal terminated program cc1plus
[INFO] [stderr]   cargo:warning=compilation terminated.
[INFO] [stderr]   exit status: 1
[INFO] [stderr]   cargo:warning=c++: fatal error: Killed signal terminated program cc1plus
[INFO] [stderr]   cargo:warning=compilation terminated.
[INFO] [stderr]   exit status: 1
[INFO] [stderr]   cargo:warning=c++: fatal error: Killed signal terminated program cc1plus
[INFO] [stderr]   cargo:warning=c++: fatal error: Killed signal terminated program cc1plus
[INFO] [stderr]   cargo:warning=compilation terminated.
[INFO] [stderr]   cargo:warning=compilation terminated.
[INFO] [stderr]   exit status: 1
[INFO] [stderr]   exit status: 1
[INFO] [stderr]   cargo:warning=c++: fatal error: Killed signal terminated program cc1plus
[INFO] [stderr]   cargo:warning=compilation terminated.
[INFO] [stderr]   cargo:warning=c++: fatal error: Killed signal terminated program cc1plus
[INFO] [stderr]   cargo:warning=compilation terminated.
[INFO] [stderr]   exit status: 1
[INFO] [stderr]   exit status: 1
[INFO] [stderr]   cargo:warning=c++: fatal error: Killed signal terminated program cc1plus
[INFO] [stderr]   cargo:warning=compilation terminated.
[INFO] [stderr]   exit status: 1
[INFO] [stderr]   cargo:warning=c++: fatal error: Killed signal terminated program cc1plus
[INFO] [stderr]   cargo:warning=cargo:warning=compilation terminated.c++: fatal error: Killed signal terminated program cc1plus
[INFO] [stderr] 
[INFO] [stderr]   cargo:warning=compilation terminated.
[INFO] [stderr]   exit status: 1
[INFO] [stderr]   exit status: 1
[INFO] [stderr]   cargo:warning=c++: fatal error: Killed signal terminated program cc1plus
[INFO] [stderr]   cargo:warning=compilation terminated.
[INFO] [stderr]   exit status: 1
[INFO] [stderr]   cargo:warning=c++: fatal error: Killed signal terminated program cc1plus
[INFO] [stderr]   cargo:warning=compilation terminated.
[INFO] [stderr]   exit status: 1
[INFO] [stderr]   cargo:warning=c++: fatal error: Killed signal terminated program cc1plus
[INFO] [stderr]   cargo:warning=compilation terminated.
[INFO] [stderr]   exit status: 1
[INFO] [stderr]   cargo:warning=c++: fatal error: Killed signal terminated program cc1plus
[INFO] [stderr]   cargo:warning=compilation terminated.
[INFO] [stderr]   exit status: 1
[INFO] [stderr]   cargo:warning=c++: fatal error: Killed signal terminated program cc1plus
[INFO] [stderr]   cargo:warning=compilation terminated.
[INFO] [stderr]   exit status: 1
[INFO] [stderr]   cargo:warning=c++: fatal error: Killed signal terminated program cc1plus
[INFO] [stderr]   cargo:warning=compilation terminated.
[INFO] [stderr]   cargo:warning=c++: fatal error: Killed signal terminated program cc1plus
[INFO] [stderr]   cargo:warning=compilation terminated.
[INFO] [stderr]   exit status: 1
[INFO] [stderr]   exit status: 1
[INFO] [stderr]   cargo:warning=c++: fatal error: Killed signal terminated program cc1plus
[INFO] [stderr]   cargo:warning=compilation terminated.
[INFO] [stderr]   exit status: 1
[INFO] [stderr]   cargo:warning=c++: fatal error: Killed signal terminated program cc1plus
[INFO] [stderr]   cargo:warning=compilation terminated.
[INFO] [stderr]   exit status: 1
[INFO] [stderr]   cargo:warning=c++: fatal error: Killed signal terminated program cc1plus
[INFO] [stderr]   cargo:warning=compilation terminated.
[INFO] [stderr]   exit status: 1
[INFO] [stderr]   cargo:warning=c++: fatal error: Killed signal terminated program cc1plus
[INFO] [stderr]   cargo:warning=compilation terminated.
[INFO] [stderr]   exit status: 1
[INFO] [stderr]   cargo:warning=c++: fatal error: Killed signal terminated program cc1plus
[INFO] [stderr]   cargo:warning=compilation terminated.
[INFO] [stderr]   exit status: 1
[INFO] [stderr]   cargo:warning=c++: fatal error: Killed signal terminated program cc1plus
[INFO] [stderr]   cargo:warning=compilation terminated.
[INFO] [stderr]   exit status: 1
[INFO] [stderr]   cargo:warning=c++: fatal error: Killed signal terminated program cc1plus
[INFO] [stderr]   cargo:warning=compilation terminated.
[INFO] [stderr]   exit status: 1
[INFO] [stderr]   cargo:warning=c++: fatal error: Killed signal terminated program cc1plus
[INFO] [stderr]   cargo:warning=compilation terminated.
[INFO] [stderr]   exit status: 1
[INFO] [stderr]   cargo:warning=c++: fatal error: Killed signal terminated program cc1plus
[INFO] [stderr]   cargo:warning=compilation terminated.
[INFO] [stderr]   exit status: 1
[INFO] [stderr]   cargo:warning=c++: fatal error: Killed signal terminated program cc1plus
[INFO] [stderr]   cargo:warning=compilation terminated.
[INFO] [stderr]   exit status: 1
[INFO] [stderr]   cargo:warning=c++: fatal error: Killed signal terminated program cc1plus
[INFO] [stderr]   cargo:warning=compilation terminated.
[INFO] [stderr]   exit status: 1
[INFO] [stderr]   cargo:warning=c++: fatal error: Killed signal terminated program cc1plus
[INFO] [stderr]   cargo:warning=compilation terminated.
[INFO] [stderr]   exit status: 1
[INFO] [stderr]   cargo:warning=c++: fatal error: Killed signal terminated program cc1plus
[INFO] [stderr]   cargo:warning=compilation terminated.
[INFO] [stderr]   exit status: 1
[INFO] [stderr]   cargo:warning=c++: fatal error: Killed signal terminated program cc1plus
[INFO] [stderr]   cargo:warning=compilation terminated.
[INFO] [stderr]   exit status: 1
[INFO] [stderr]   cargo:warning=c++: fatal error: Killed signal terminated program cc1plus
[INFO] [stderr]   cargo:warning=compilation terminated.
[INFO] [stderr]   exit status: 1
[INFO] [stderr]   cargo:warning=c++: fatal error: Killed signal terminated program cc1plus
[INFO] [stderr]   cargo:warning=compilation terminated.
[INFO] [stderr]   exit status: 1
[INFO] [stderr]   exit status: 0
[INFO] [stderr]   exit status: 0
[INFO] [stderr]   exit status: 0
[INFO] [stderr]   exit status: 0
[INFO] [stderr]   exit status: 0
[INFO] [stderr]   exit status: 0
[INFO] [stderr]   exit status: 0
[INFO] [stderr]   exit status: 0
[INFO] [stderr]   exit status: 0
[INFO] [stderr]   exit status: 0
[INFO] [stderr]   exit status: 0
[INFO] [stderr]   exit status: 0
[INFO] [stderr]   exit status: 0
[INFO] [stderr]   exit status: 0
[INFO] [stderr]   exit status: 0
[INFO] [stderr]   exit status: 0
[INFO] [stderr]   exit status: 0
[INFO] [stderr]   exit status: 0
[INFO] [stderr]   exit status: 0
[INFO] [stderr]   exit status: 0
[INFO] [stderr]   exit status: 0
[INFO] [stderr]   exit status: 0
[INFO] [stderr]   exit status: 0
[INFO] [stderr]   exit status: 0
[INFO] [stderr]   exit status: 0
[INFO] [stderr]   exit status: 0
[INFO] [stderr] 
[INFO] [stderr]   --- stderr
[INFO] [stderr] 
[INFO] [stderr] 
[INFO] [stderr]   error occurred: Command "c++" "-O0" "-ffunction-sections" "-fdata-sections" "-fPIC" "-g" "-fno-omit-frame-pointer" "-m64" "-static" "-I" "libraw/" "-pthread" "-Wno-format-truncation" "-Wno-unused-result" "-Wno-format-overflow" "-o" "/opt/rustwide/target/debug/build/libraw-rs-sys-3901ae83a3ef5508/out/libraw/src/decoders/crx.o" "-c" "libraw/src/decoders/crx.cpp" with args "c++" did not execute successfully (status code exit status: 1).
[INFO] [stderr] 
[INFO] [stderr] 
[INFO] running `Command { std: "docker" "inspect" "be296d7789a44bc985dff4c13b10328e0c97b928bf2ba831c5a9ac9294c355e6", kill_on_drop: false }`
[INFO] running `Command { std: "docker" "rm" "-f" "be296d7789a44bc985dff4c13b10328e0c97b928bf2ba831c5a9ac9294c355e6", kill_on_drop: false }`
[INFO] [stdout] be296d7789a44bc985dff4c13b10328e0c97b928bf2ba831c5a9ac9294c355e6
