[INFO] fetching crate libp2prs-swarm 0.3.0...
[INFO] testing libp2prs-swarm-0.3.0 against beta-2021-08-01 for beta-1.55-1
[INFO] extracting crate libp2prs-swarm 0.3.0 into /workspace/builds/worker-100/source
[INFO] validating manifest of crates.io crate libp2prs-swarm 0.3.0 on toolchain beta-2021-08-01
[INFO] running `Command { std: "/workspace/cargo-home/bin/cargo" "+beta-2021-08-01" "metadata" "--manifest-path" "Cargo.toml" "--no-deps", kill_on_drop: false }`
[INFO] started tweaking crates.io crate libp2prs-swarm 0.3.0
[INFO] finished tweaking crates.io crate libp2prs-swarm 0.3.0
[INFO] tweaked toml for crates.io crate libp2prs-swarm 0.3.0 written to /workspace/builds/worker-100/source/Cargo.toml
[INFO] running `Command { std: "/workspace/cargo-home/bin/cargo" "+beta-2021-08-01" "generate-lockfile" "--manifest-path" "Cargo.toml" "-Zno-index-update", kill_on_drop: false }`
[INFO] [stderr]     Blocking waiting for file lock on package cache
[INFO] running `Command { std: "/workspace/cargo-home/bin/cargo" "+beta-2021-08-01" "fetch" "--manifest-path" "Cargo.toml", kill_on_drop: false }`
[INFO] [stderr]     Blocking waiting for file lock on package cache
[INFO] [stderr]  Downloading crates ...
[INFO] [stderr]   Downloaded dirs-next v1.0.2
[INFO] [stderr]   Downloaded rustyline-derive v0.3.1
[INFO] [stderr]   Downloaded rustyline v6.3.0
[INFO] [stderr]   Downloaded xcli v0.5.2
[INFO] running `Command { std: "docker" "create" "-v" "/var/lib/crater-agent-workspace/builds/worker-100/target:/opt/rustwide/target:rw,Z" "-v" "/var/lib/crater-agent-workspace/builds/worker-100/source:/opt/rustwide/workdir:ro,Z" "-v" "/var/lib/crater-agent-workspace/cargo-home:/opt/rustwide/cargo-home:ro,Z" "-v" "/var/lib/crater-agent-workspace/rustup-home:/opt/rustwide/rustup-home:ro,Z" "-e" "SOURCE_DIR=/opt/rustwide/workdir" "-e" "CARGO_TARGET_DIR=/opt/rustwide/target" "-e" "CARGO_HOME=/opt/rustwide/cargo-home" "-e" "RUSTUP_HOME=/opt/rustwide/rustup-home" "-w" "/opt/rustwide/workdir" "-m" "1610612736" "--user" "0:0" "--network" "none" "ghcr.io/rust-lang/crates-build-env/linux@sha256:34b6a614d2c27851fe6cbf88fbd1137609cefab8b10d0615aaeb6fd47975d74e" "/opt/rustwide/cargo-home/bin/cargo" "+beta-2021-08-01" "metadata" "--no-deps" "--format-version=1", kill_on_drop: false }`
[INFO] [stdout] 7f802210d84e11bfd52c1ad754a7cf572460ef824af127bda3a54e55ff59dfe1
[INFO] running `Command { std: "docker" "start" "-a" "7f802210d84e11bfd52c1ad754a7cf572460ef824af127bda3a54e55ff59dfe1", kill_on_drop: false }`
[INFO] running `Command { std: "docker" "inspect" "7f802210d84e11bfd52c1ad754a7cf572460ef824af127bda3a54e55ff59dfe1", kill_on_drop: false }`
[INFO] running `Command { std: "docker" "rm" "-f" "7f802210d84e11bfd52c1ad754a7cf572460ef824af127bda3a54e55ff59dfe1", kill_on_drop: false }`
[INFO] [stdout] 7f802210d84e11bfd52c1ad754a7cf572460ef824af127bda3a54e55ff59dfe1
[INFO] running `Command { std: "docker" "create" "-v" "/var/lib/crater-agent-workspace/builds/worker-100/target:/opt/rustwide/target:rw,Z" "-v" "/var/lib/crater-agent-workspace/builds/worker-100/source:/opt/rustwide/workdir:ro,Z" "-v" "/var/lib/crater-agent-workspace/cargo-home:/opt/rustwide/cargo-home:ro,Z" "-v" "/var/lib/crater-agent-workspace/rustup-home:/opt/rustwide/rustup-home:ro,Z" "-e" "SOURCE_DIR=/opt/rustwide/workdir" "-e" "CARGO_TARGET_DIR=/opt/rustwide/target" "-e" "CARGO_INCREMENTAL=0" "-e" "RUST_BACKTRACE=full" "-e" "RUSTFLAGS=--cap-lints=warn" "-e" "CARGO_HOME=/opt/rustwide/cargo-home" "-e" "RUSTUP_HOME=/opt/rustwide/rustup-home" "-w" "/opt/rustwide/workdir" "-m" "1610612736" "--user" "0:0" "--network" "none" "ghcr.io/rust-lang/crates-build-env/linux@sha256:34b6a614d2c27851fe6cbf88fbd1137609cefab8b10d0615aaeb6fd47975d74e" "/opt/rustwide/cargo-home/bin/cargo" "+beta-2021-08-01" "build" "--frozen" "--message-format=json", kill_on_drop: false }`
[INFO] [stdout] 05599a75dc09fb70a135ae8d18e62cc188ae0c60968bc75b7cb71a59cddaf10a
[INFO] running `Command { std: "docker" "start" "-a" "05599a75dc09fb70a135ae8d18e62cc188ae0c60968bc75b7cb71a59cddaf10a", kill_on_drop: false }`
[INFO] [stderr]     Blocking waiting for file lock on package cache
[INFO] [stderr]    Compiling proc-macro2 v1.0.28
[INFO] [stderr]    Compiling futures-core v0.3.16
[INFO] [stderr]    Compiling futures-channel v0.3.16
[INFO] [stderr]    Compiling byteorder v1.4.3
[INFO] [stderr]    Compiling block-padding v0.2.1
[INFO] [stderr]    Compiling futures-sink v0.3.16
[INFO] [stderr]    Compiling remove_dir_all v0.5.3
[INFO] [stderr]    Compiling fixedbitset v0.2.0
[INFO] [stderr]    Compiling byte-tools v0.3.1
[INFO] [stderr]    Compiling multimap v0.8.3
[INFO] [stderr]    Compiling subtle v1.0.0
[INFO] [stderr]    Compiling nix v0.18.0
[INFO] [stderr]    Compiling opaque-debug v0.2.3
[INFO] [stderr]    Compiling scopeguard v1.1.0
[INFO] [stderr]    Compiling crunchy v0.2.2
[INFO] [stderr]    Compiling keccak v0.1.0
[INFO] [stderr]    Compiling subtle v2.4.1
[INFO] [stderr]    Compiling once_cell v1.8.0
[INFO] [stderr]    Compiling signature v1.3.1
[INFO] [stderr]    Compiling static_assertions v1.1.0
[INFO] [stderr]    Compiling unsigned-varint v0.5.1
[INFO] [stderr]    Compiling arrayref v0.3.6
[INFO] [stderr]    Compiling fake-simd v0.1.2
[INFO] [stderr]    Compiling crossbeam-utils v0.8.5
[INFO] [stderr]    Compiling crossbeam-epoch v0.9.5
[INFO] [stderr]    Compiling bs58 v0.4.0
[INFO] [stderr]    Compiling data-encoding v2.3.2
[INFO] [stderr]    Compiling utf8parse v0.2.0
[INFO] [stderr]    Compiling unsigned-varint v0.4.0
[INFO] [stderr]    Compiling itertools v0.8.2
[INFO] [stderr]    Compiling futures-util v0.3.16
[INFO] [stderr]    Compiling ring v0.16.20
[INFO] [stderr]    Compiling getrandom v0.2.3
[INFO] [stderr]    Compiling generic-array v0.12.4
[INFO] [stderr]    Compiling which v3.1.1
[INFO] [stderr]    Compiling getrandom v0.1.16
[INFO] [stderr]    Compiling dirs-sys-next v0.1.2
[INFO] [stderr]    Compiling cipher v0.2.5
[INFO] [stderr]    Compiling rand_core v0.6.3
[INFO] [stderr]    Compiling ed25519 v1.2.0
[INFO] [stderr]    Compiling lock_api v0.3.4
[INFO] [stderr]    Compiling rand_core v0.5.1
[INFO] [stderr]    Compiling petgraph v0.5.1
[INFO] [stderr]    Compiling dirs-next v1.0.2
[INFO] [stderr]    Compiling digest v0.8.1
[INFO] [stderr]    Compiling crypto-mac v0.7.0
[INFO] [stderr]    Compiling salsa20 v0.7.2
[INFO] [stderr]    Compiling prost-build v0.6.1
[INFO] [stderr]    Compiling block-buffer v0.9.0
[INFO] [stderr]    Compiling block-padding v0.1.5
[INFO] [stderr]    Compiling rand_chacha v0.3.1
[INFO] [stderr]    Compiling rand_chacha v0.2.2
[INFO] [stderr]    Compiling parking_lot v0.10.2
[INFO] [stderr]    Compiling sha2 v0.9.5
[INFO] [stderr]    Compiling sha3 v0.9.1
[INFO] [stderr]    Compiling block-buffer v0.7.3
[INFO] [stderr]    Compiling rand v0.7.3
[INFO] [stderr]    Compiling rand v0.8.4
[INFO] [stderr]    Compiling sha2 v0.8.2
[INFO] [stderr]    Compiling sha3 v0.8.2
[INFO] [stderr]    Compiling tempfile v3.2.0
[INFO] [stderr]    Compiling quote v1.0.9
[INFO] [stderr]    Compiling syn v1.0.74
[INFO] [stderr]    Compiling proc-macro-error-attr v1.0.4
[INFO] [stderr]    Compiling rustyline v6.3.0
[INFO] [stderr]    Compiling hmac v0.7.1
[INFO] [stderr]    Compiling hmac-drbg v0.2.0
[INFO] [stderr]    Compiling libsecp256k1 v0.3.5
[INFO] [stderr]    Compiling synstructure v0.12.5
[INFO] [stderr]    Compiling proc-macro-error v1.0.4
[INFO] [stderr]    Compiling serde_derive v1.0.127
[INFO] [stderr]    Compiling prost-derive v0.6.1
[INFO] [stderr]    Compiling thiserror-impl v1.0.26
[INFO] [stderr]    Compiling futures-macro v0.3.16
[INFO] [stderr]    Compiling zeroize_derive v1.1.0
[INFO] [stderr]    Compiling pin-project-internal v0.4.28
[INFO] [stderr]    Compiling pin-project-internal v1.0.8
[INFO] [stderr]    Compiling asn1_der_derive v0.1.2
[INFO] [stderr]    Compiling async-trait v0.1.51
[INFO] [stderr]    Compiling rustyline-derive v0.3.1
[INFO] [stderr]    Compiling zeroize v1.4.1
[INFO] [stderr]    Compiling asn1_der v0.6.3
[INFO] [stderr]    Compiling curve25519-dalek v3.2.0
[INFO] [stderr]    Compiling thiserror v1.0.26
[INFO] [stderr]    Compiling xcli v0.5.2
[INFO] [stderr]    Compiling pin-project v0.4.28
[INFO] [stderr]    Compiling pin-project v1.0.8
[INFO] [stderr]    Compiling prost v0.6.1
[INFO] [stderr]    Compiling prost-types v0.6.1
[INFO] [stderr]    Compiling serde v1.0.127
[INFO] [stderr]    Compiling futures-executor v0.3.16
[INFO] [stderr]    Compiling futures v0.3.16
[INFO] [stderr]    Compiling rw-stream-sink v0.2.1
[INFO] [stderr]    Compiling libp2p-pnet v0.20.0
[INFO] [stderr]    Compiling libp2prs-runtime v0.3.0
[INFO] [stderr]    Compiling libp2prs-core v0.3.0
[INFO] [stderr]    Compiling libp2prs-swarm v0.3.0 (/opt/rustwide/workdir)
[INFO] [stderr]    Compiling toml v0.5.8
[INFO] [stderr]    Compiling serde_json v1.0.66
[INFO] [stderr]    Compiling ed25519-dalek v1.0.1
[INFO] [stderr]    Compiling proc-macro-crate v1.0.0
[INFO] [stderr]    Compiling multihash-derive v0.7.2
[INFO] [stderr]    Compiling multihash v0.13.2
[INFO] [stderr]    Compiling libp2prs-multiaddr v0.3.0
[INFO] [stdout] error[E0432]: unresolved import `libp2prs_runtime::task`
[INFO] [stdout]   --> src/connection.rs:38:5
[INFO] [stdout]    |
[INFO] [stdout] 38 | use libp2prs_runtime::task;
[INFO] [stdout]    |     ^^^^^^^^^^^^^^^^^^^^^^ no `task` in the root
[INFO] [stdout] 
[INFO] [stdout] 
[INFO] [stdout] error[E0432]: unresolved import `libp2prs_runtime::task`
[INFO] [stdout]   --> src/dial.rs:39:5
[INFO] [stdout]    |
[INFO] [stdout] 39 | use libp2prs_runtime::task;
[INFO] [stdout]    |     ^^^^^^^^^^^^^^^^^^^^^^ no `task` in the root
[INFO] [stdout] 
[INFO] [stdout] 
[INFO] [stdout] error[E0432]: unresolved import `libp2prs_runtime::task`
[INFO] [stdout]   --> src/cli.rs:25:5
[INFO] [stdout]    |
[INFO] [stdout] 25 | use libp2prs_runtime::task;
[INFO] [stdout]    |     ^^^^^^^^^^^^^^^^^^^^^^ no `task` in the root
[INFO] [stdout] 
[INFO] [stdout] 
[INFO] [stdout] error[E0432]: unresolved import `libp2prs_runtime::task`
[INFO] [stdout]   --> src/ping.rs:54:5
[INFO] [stdout]    |
[INFO] [stdout] 54 | use libp2prs_runtime::task;
[INFO] [stdout]    |     ^^^^^^^^^^^^^^^^^^^^^^ no `task` in the root
[INFO] [stdout] 
[INFO] [stdout] 
[INFO] [stdout] error[E0432]: unresolved import `libp2prs_runtime::task`
[INFO] [stdout]   --> src/protocol_handler.rs:54:5
[INFO] [stdout]    |
[INFO] [stdout] 54 | use libp2prs_runtime::task;
[INFO] [stdout]    |     ^^^^^^^^^^^^^^^^^^^^^^ no `task` in the root
[INFO] [stdout] 
[INFO] [stdout] 
[INFO] [stdout] error[E0432]: unresolved import `libp2prs_runtime::task`
[INFO] [stdout]   --> src/substream.rs:35:5
[INFO] [stdout]    |
[INFO] [stdout] 35 | use libp2prs_runtime::task;
[INFO] [stdout]    |     ^^^^^^^^^^^^^^^^^^^^^^ no `task` in the root
[INFO] [stdout] 
[INFO] [stdout] 
[INFO] [stdout] error[E0432]: unresolved import `libp2prs_runtime::task`
[INFO] [stdout]   --> src/lib.rs:82:5
[INFO] [stdout]    |
[INFO] [stdout] 82 | use libp2prs_runtime::task;
[INFO] [stdout]    |     ^^^^^^^^^^^^^^^^^^^^^^ no `task` in the root
[INFO] [stdout] 
[INFO] [stdout] 
[INFO] [stdout] error[E0282]: type annotations needed
[INFO] [stdout]    --> src/lib.rs:370:20
[INFO] [stdout]     |
[INFO] [stdout] 370 |             tasks: vec![],
[INFO] [stdout]     |                    ^^^^^^ cannot infer type for type parameter `T`
[INFO] [stdout]     |
[INFO] [stdout]     = note: this error originates in the macro `vec` (in Nightly builds, run with -Z macro-backtrace for more info)
[INFO] [stdout] 
[INFO] [stdout] 
[INFO] [stdout] error[E0282]: type annotations needed
[INFO] [stdout]    --> src/lib.rs:667:48
[INFO] [stdout]     |
[INFO] [stdout] 667 |             connection.open_stream(pids, move |r| {
[INFO] [stdout]     |                                                ^ consider giving this closure parameter a type
[INFO] [stdout]     |
[INFO] [stdout]     = note: type must be known at this point
[INFO] [stdout] 
[INFO] [stdout] 
[INFO] [stdout] error[E0282]: type annotations needed
[INFO] [stdout]    --> src/connection.rs:152:21
[INFO] [stdout]     |
[INFO] [stdout] 152 |             handle: None,
[INFO] [stdout]     |                     ^^^^ cannot infer type for type parameter `T` declared on the enum `Option`
[INFO] [stdout] 
[INFO] [stdout] 
[INFO] [stdout] error: aborting due to 10 previous errors
[INFO] [stdout] 
[INFO] [stdout] 
[INFO] [stdout] Some errors have detailed explanations: E0282, E0432.
[INFO] [stdout] 
[INFO] [stdout] For more information about an error, try `rustc --explain E0282`.
[INFO] [stdout] 
[INFO] [stderr] error: could not compile `libp2prs-swarm` due to 11 previous errors
[INFO] running `Command { std: "docker" "inspect" "05599a75dc09fb70a135ae8d18e62cc188ae0c60968bc75b7cb71a59cddaf10a", kill_on_drop: false }`
[INFO] running `Command { std: "docker" "rm" "-f" "05599a75dc09fb70a135ae8d18e62cc188ae0c60968bc75b7cb71a59cddaf10a", kill_on_drop: false }`
[INFO] [stdout] 05599a75dc09fb70a135ae8d18e62cc188ae0c60968bc75b7cb71a59cddaf10a
