[INFO] fetching crate libmpv 2.0.1...
[INFO] testing libmpv-2.0.1 against beta-2021-08-01 for beta-1.55-1
[INFO] extracting crate libmpv 2.0.1 into /workspace/builds/worker-39/source
[INFO] validating manifest of crates.io crate libmpv 2.0.1 on toolchain beta-2021-08-01
[INFO] running `Command { std: "/workspace/cargo-home/bin/cargo" "+beta-2021-08-01" "metadata" "--manifest-path" "Cargo.toml" "--no-deps", kill_on_drop: false }`
[INFO] started tweaking crates.io crate libmpv 2.0.1
[INFO] finished tweaking crates.io crate libmpv 2.0.1
[INFO] tweaked toml for crates.io crate libmpv 2.0.1 written to /workspace/builds/worker-39/source/Cargo.toml
[INFO] crate crates.io crate libmpv 2.0.1 already has a lockfile, it will not be regenerated
[INFO] running `Command { std: "/workspace/cargo-home/bin/cargo" "+beta-2021-08-01" "fetch" "--manifest-path" "Cargo.toml", kill_on_drop: false }`
[INFO] [stderr]     Blocking waiting for file lock on package cache
[INFO] [stderr]     Blocking waiting for file lock on package cache
[INFO] [stderr]  Downloading crates ...
[INFO] [stderr]   Downloaded libmpv-sys v3.1.0
[INFO] running `Command { std: "docker" "create" "-v" "/var/lib/crater-agent-workspace/builds/worker-39/target:/opt/rustwide/target:rw,Z" "-v" "/var/lib/crater-agent-workspace/builds/worker-39/source:/opt/rustwide/workdir:ro,Z" "-v" "/var/lib/crater-agent-workspace/cargo-home:/opt/rustwide/cargo-home:ro,Z" "-v" "/var/lib/crater-agent-workspace/rustup-home:/opt/rustwide/rustup-home:ro,Z" "-e" "SOURCE_DIR=/opt/rustwide/workdir" "-e" "CARGO_TARGET_DIR=/opt/rustwide/target" "-e" "CARGO_HOME=/opt/rustwide/cargo-home" "-e" "RUSTUP_HOME=/opt/rustwide/rustup-home" "-w" "/opt/rustwide/workdir" "-m" "1610612736" "--user" "0:0" "--network" "none" "ghcr.io/rust-lang/crates-build-env/linux@sha256:34b6a614d2c27851fe6cbf88fbd1137609cefab8b10d0615aaeb6fd47975d74e" "/opt/rustwide/cargo-home/bin/cargo" "+beta-2021-08-01" "metadata" "--no-deps" "--format-version=1", kill_on_drop: false }`
[INFO] [stdout] 050badced45bf22629968c9da1867aa2a710206dee7e40ba0e50569059638849
[INFO] running `Command { std: "docker" "start" "-a" "050badced45bf22629968c9da1867aa2a710206dee7e40ba0e50569059638849", kill_on_drop: false }`
[INFO] running `Command { std: "docker" "inspect" "050badced45bf22629968c9da1867aa2a710206dee7e40ba0e50569059638849", kill_on_drop: false }`
[INFO] running `Command { std: "docker" "rm" "-f" "050badced45bf22629968c9da1867aa2a710206dee7e40ba0e50569059638849", kill_on_drop: false }`
[INFO] [stdout] 050badced45bf22629968c9da1867aa2a710206dee7e40ba0e50569059638849
[INFO] running `Command { std: "docker" "create" "-v" "/var/lib/crater-agent-workspace/builds/worker-39/target:/opt/rustwide/target:rw,Z" "-v" "/var/lib/crater-agent-workspace/builds/worker-39/source:/opt/rustwide/workdir:ro,Z" "-v" "/var/lib/crater-agent-workspace/cargo-home:/opt/rustwide/cargo-home:ro,Z" "-v" "/var/lib/crater-agent-workspace/rustup-home:/opt/rustwide/rustup-home:ro,Z" "-e" "SOURCE_DIR=/opt/rustwide/workdir" "-e" "CARGO_TARGET_DIR=/opt/rustwide/target" "-e" "CARGO_INCREMENTAL=0" "-e" "RUST_BACKTRACE=full" "-e" "RUSTFLAGS=--cap-lints=warn" "-e" "CARGO_HOME=/opt/rustwide/cargo-home" "-e" "RUSTUP_HOME=/opt/rustwide/rustup-home" "-w" "/opt/rustwide/workdir" "-m" "1610612736" "--user" "0:0" "--network" "none" "ghcr.io/rust-lang/crates-build-env/linux@sha256:34b6a614d2c27851fe6cbf88fbd1137609cefab8b10d0615aaeb6fd47975d74e" "/opt/rustwide/cargo-home/bin/cargo" "+beta-2021-08-01" "build" "--frozen" "--message-format=json", kill_on_drop: false }`
[INFO] [stdout] 45b35f357f6b2f72a0ce3693580eb704d2ddc46da04933b5ddf2935fc5302c65
[INFO] running `Command { std: "docker" "start" "-a" "45b35f357f6b2f72a0ce3693580eb704d2ddc46da04933b5ddf2935fc5302c65", kill_on_drop: false }`
[INFO] [stderr]    Compiling libmpv-sys v3.1.0
[INFO] [stderr]    Compiling libmpv v2.0.1 (/opt/rustwide/workdir)
[INFO] [stdout] warning: use of deprecated associated function `std::sync::atomic::AtomicBool::compare_and_swap`: Use `compare_exchange` or `compare_exchange_weak` instead
[INFO] [stdout]   --> src/mpv/events.rs:62:14
[INFO] [stdout]    |
[INFO] [stdout] 62 |             .compare_and_swap(false, true, Ordering::AcqRel)
[INFO] [stdout]    |              ^^^^^^^^^^^^^^^^
[INFO] [stdout]    |
[INFO] [stdout]    = note: `#[warn(deprecated)]` on by default
[INFO] [stdout] 
[INFO] [stdout] 
[INFO] [stdout] warning: use of deprecated associated function `std::sync::atomic::AtomicBool::compare_and_swap`: Use `compare_exchange` or `compare_exchange_weak` instead
[INFO] [stdout]   --> src/mpv/protocol.rs:44:14
[INFO] [stdout]    |
[INFO] [stdout] 44 |             .compare_and_swap(false, true, Ordering::AcqRel)
[INFO] [stdout]    |              ^^^^^^^^^^^^^^^^
[INFO] [stdout] 
[INFO] [stdout] 
[INFO] [stdout] warning: 2 warnings emitted
[INFO] [stdout] 
[INFO] [stdout] 
[INFO] [stderr]     Finished dev [unoptimized + debuginfo] target(s) in 1.41s
[INFO] running `Command { std: "docker" "inspect" "45b35f357f6b2f72a0ce3693580eb704d2ddc46da04933b5ddf2935fc5302c65", kill_on_drop: false }`
[INFO] running `Command { std: "docker" "rm" "-f" "45b35f357f6b2f72a0ce3693580eb704d2ddc46da04933b5ddf2935fc5302c65", kill_on_drop: false }`
[INFO] [stdout] 45b35f357f6b2f72a0ce3693580eb704d2ddc46da04933b5ddf2935fc5302c65
[INFO] running `Command { std: "docker" "create" "-v" "/var/lib/crater-agent-workspace/builds/worker-39/target:/opt/rustwide/target:rw,Z" "-v" "/var/lib/crater-agent-workspace/builds/worker-39/source:/opt/rustwide/workdir:ro,Z" "-v" "/var/lib/crater-agent-workspace/cargo-home:/opt/rustwide/cargo-home:ro,Z" "-v" "/var/lib/crater-agent-workspace/rustup-home:/opt/rustwide/rustup-home:ro,Z" "-e" "SOURCE_DIR=/opt/rustwide/workdir" "-e" "CARGO_TARGET_DIR=/opt/rustwide/target" "-e" "CARGO_INCREMENTAL=0" "-e" "RUST_BACKTRACE=full" "-e" "RUSTFLAGS=--cap-lints=warn" "-e" "CARGO_HOME=/opt/rustwide/cargo-home" "-e" "RUSTUP_HOME=/opt/rustwide/rustup-home" "-w" "/opt/rustwide/workdir" "-m" "1610612736" "--user" "0:0" "--network" "none" "ghcr.io/rust-lang/crates-build-env/linux@sha256:34b6a614d2c27851fe6cbf88fbd1137609cefab8b10d0615aaeb6fd47975d74e" "/opt/rustwide/cargo-home/bin/cargo" "+beta-2021-08-01" "test" "--frozen" "--no-run" "--message-format=json", kill_on_drop: false }`
[INFO] [stdout] e3c237f40d65ade85da21c56853d93477c16a571e92bad4a51b855d2a2390e25
[INFO] running `Command { std: "docker" "start" "-a" "e3c237f40d65ade85da21c56853d93477c16a571e92bad4a51b855d2a2390e25", kill_on_drop: false }`
[INFO] [stderr]    Compiling crossbeam-utils v0.7.2
[INFO] [stderr]    Compiling memoffset v0.5.6
[INFO] [stderr]    Compiling crossbeam-epoch v0.8.2
[INFO] [stdout] warning: use of deprecated associated function `std::sync::atomic::AtomicBool::compare_and_swap`: Use `compare_exchange` or `compare_exchange_weak` instead
[INFO] [stdout]   --> src/mpv/events.rs:62:14
[INFO] [stdout]    |
[INFO] [stdout] 62 |             .compare_and_swap(false, true, Ordering::AcqRel)
[INFO] [stdout]    |              ^^^^^^^^^^^^^^^^
[INFO] [stdout]    |
[INFO] [stdout]    = note: `#[warn(deprecated)]` on by default
[INFO] [stdout] 
[INFO] [stdout] 
[INFO] [stdout] warning: use of deprecated associated function `std::sync::atomic::AtomicBool::compare_and_swap`: Use `compare_exchange` or `compare_exchange_weak` instead
[INFO] [stdout]   --> src/mpv/protocol.rs:44:14
[INFO] [stdout]    |
[INFO] [stdout] 44 |             .compare_and_swap(false, true, Ordering::AcqRel)
[INFO] [stdout]    |              ^^^^^^^^^^^^^^^^
[INFO] [stdout] 
[INFO] [stdout] 
[INFO] [stdout] warning: 2 warnings emitted
[INFO] [stdout] 
[INFO] [stdout] 
[INFO] [stderr]    Compiling crossbeam-channel v0.4.4
[INFO] [stderr]    Compiling crossbeam-queue v0.2.3
[INFO] [stderr]    Compiling crossbeam-deque v0.7.3
[INFO] [stderr]    Compiling crossbeam v0.7.3
[INFO] [stderr]    Compiling libmpv v2.0.1 (/opt/rustwide/workdir)
[INFO] [stdout] warning: use of deprecated associated function `std::sync::atomic::AtomicBool::compare_and_swap`: Use `compare_exchange` or `compare_exchange_weak` instead
[INFO] [stdout]   --> src/mpv/events.rs:62:14
[INFO] [stdout]    |
[INFO] [stdout] 62 |             .compare_and_swap(false, true, Ordering::AcqRel)
[INFO] [stdout]    |              ^^^^^^^^^^^^^^^^
[INFO] [stdout]    |
[INFO] [stdout]    = note: `#[warn(deprecated)]` on by default
[INFO] [stdout] 
[INFO] [stdout] 
[INFO] [stdout] warning: use of deprecated associated function `std::sync::atomic::AtomicBool::compare_and_swap`: Use `compare_exchange` or `compare_exchange_weak` instead
[INFO] [stdout]   --> src/mpv/protocol.rs:44:14
[INFO] [stdout]    |
[INFO] [stdout] 44 |             .compare_and_swap(false, true, Ordering::AcqRel)
[INFO] [stdout]    |              ^^^^^^^^^^^^^^^^
[INFO] [stdout] 
[INFO] [stdout] 
[INFO] [stdout] error: linking with `cc` failed: exit status: 1
[INFO] [stdout]   |
[INFO] [stdout]   = note: "cc" "-m64" "/opt/rustwide/target/debug/examples/protocol-62baad995236df76.protocol.788c99dc-cgu.0.rcgu.o" "/opt/rustwide/target/debug/examples/protocol-62baad995236df76.protocol.788c99dc-cgu.1.rcgu.o" "/opt/rustwide/target/debug/examples/protocol-62baad995236df76.protocol.788c99dc-cgu.10.rcgu.o" "/opt/rustwide/target/debug/examples/protocol-62baad995236df76.protocol.788c99dc-cgu.11.rcgu.o" "/opt/rustwide/target/debug/examples/protocol-62baad995236df76.protocol.788c99dc-cgu.12.rcgu.o" "/opt/rustwide/target/debug/examples/protocol-62baad995236df76.protocol.788c99dc-cgu.13.rcgu.o" "/opt/rustwide/target/debug/examples/protocol-62baad995236df76.protocol.788c99dc-cgu.14.rcgu.o" "/opt/rustwide/target/debug/examples/protocol-62baad995236df76.protocol.788c99dc-cgu.15.rcgu.o" "/opt/rustwide/target/debug/examples/protocol-62baad995236df76.protocol.788c99dc-cgu.2.rcgu.o" "/opt/rustwide/target/debug/examples/protocol-62baad995236df76.protocol.788c99dc-cgu.3.rcgu.o" "/opt/rustwide/target/debug/examples/protocol-62baad995236df76.protocol.788c99dc-cgu.4.rcgu.o" "/opt/rustwide/target/debug/examples/protocol-62baad995236df76.protocol.788c99dc-cgu.5.rcgu.o" "/opt/rustwide/target/debug/examples/protocol-62baad995236df76.protocol.788c99dc-cgu.6.rcgu.o" "/opt/rustwide/target/debug/examples/protocol-62baad995236df76.protocol.788c99dc-cgu.7.rcgu.o" "/opt/rustwide/target/debug/examples/protocol-62baad995236df76.protocol.788c99dc-cgu.8.rcgu.o" "/opt/rustwide/target/debug/examples/protocol-62baad995236df76.protocol.788c99dc-cgu.9.rcgu.o" "/opt/rustwide/target/debug/examples/protocol-62baad995236df76.27e1dgmpnp16mzl5.rcgu.o" "-Wl,--as-needed" "-L" "/opt/rustwide/target/debug/deps" "-L" "/opt/rustwide/rustup-home/toolchains/beta-2021-08-01-x86_64-unknown-linux-gnu/lib/rustlib/x86_64-unknown-linux-gnu/lib" "-Wl,-Bstatic" "/opt/rustwide/target/debug/deps/liblibmpv-b444ddef9f04de24.rlib" "/opt/rustwide/target/debug/deps/liblibmpv_sys-eff8533768a4853c.rlib" "-Wl,--start-group" "/opt/rustwide/rustup-home/toolchains/beta-2021-08-01-x86_64-unknown-linux-gnu/lib/rustlib/x86_64-unknown-linux-gnu/lib/libstd-197d933f09d9a590.rlib" "/opt/rustwide/rustup-home/toolchains/beta-2021-08-01-x86_64-unknown-linux-gnu/lib/rustlib/x86_64-unknown-linux-gnu/lib/libpanic_unwind-46a006cddfd334f0.rlib" "/opt/rustwide/rustup-home/toolchains/beta-2021-08-01-x86_64-unknown-linux-gnu/lib/rustlib/x86_64-unknown-linux-gnu/lib/libminiz_oxide-5b9870310e470b38.rlib" "/opt/rustwide/rustup-home/toolchains/beta-2021-08-01-x86_64-unknown-linux-gnu/lib/rustlib/x86_64-unknown-linux-gnu/lib/libadler-260022ba8f1ab4ee.rlib" "/opt/rustwide/rustup-home/toolchains/beta-2021-08-01-x86_64-unknown-linux-gnu/lib/rustlib/x86_64-unknown-linux-gnu/lib/libobject-71377435a799394f.rlib" "/opt/rustwide/rustup-home/toolchains/beta-2021-08-01-x86_64-unknown-linux-gnu/lib/rustlib/x86_64-unknown-linux-gnu/lib/libaddr2line-658ee5924fde57cd.rlib" "/opt/rustwide/rustup-home/toolchains/beta-2021-08-01-x86_64-unknown-linux-gnu/lib/rustlib/x86_64-unknown-linux-gnu/lib/libgimli-9e8627da6bd1b94a.rlib" "/opt/rustwide/rustup-home/toolchains/beta-2021-08-01-x86_64-unknown-linux-gnu/lib/rustlib/x86_64-unknown-linux-gnu/lib/libstd_detect-19fdaac49f59be84.rlib" "/opt/rustwide/rustup-home/toolchains/beta-2021-08-01-x86_64-unknown-linux-gnu/lib/rustlib/x86_64-unknown-linux-gnu/lib/librustc_demangle-cb00e2691ea45905.rlib" "/opt/rustwide/rustup-home/toolchains/beta-2021-08-01-x86_64-unknown-linux-gnu/lib/rustlib/x86_64-unknown-linux-gnu/lib/libhashbrown-50f6726defae5ae1.rlib" "/opt/rustwide/rustup-home/toolchains/beta-2021-08-01-x86_64-unknown-linux-gnu/lib/rustlib/x86_64-unknown-linux-gnu/lib/librustc_std_workspace_alloc-2afc16311deea26e.rlib" "/opt/rustwide/rustup-home/toolchains/beta-2021-08-01-x86_64-unknown-linux-gnu/lib/rustlib/x86_64-unknown-linux-gnu/lib/libunwind-bb5cb0fe086ee8cf.rlib" "/opt/rustwide/rustup-home/toolchains/beta-2021-08-01-x86_64-unknown-linux-gnu/lib/rustlib/x86_64-unknown-linux-gnu/lib/libcfg_if-896053247b5dfd0b.rlib" "/opt/rustwide/rustup-home/toolchains/beta-2021-08-01-x86_64-unknown-linux-gnu/lib/rustlib/x86_64-unknown-linux-gnu/lib/liblibc-735e1f2ac3cf23be.rlib" "/opt/rustwide/rustup-home/toolchains/beta-2021-08-01-x86_64-unknown-linux-gnu/lib/rustlib/x86_64-unknown-linux-gnu/lib/liballoc-9dfb6622644c732c.rlib" "/opt/rustwide/rustup-home/toolchains/beta-2021-08-01-x86_64-unknown-linux-gnu/lib/rustlib/x86_64-unknown-linux-gnu/lib/librustc_std_workspace_core-beea7d9617fe25c5.rlib" "/opt/rustwide/rustup-home/toolchains/beta-2021-08-01-x86_64-unknown-linux-gnu/lib/rustlib/x86_64-unknown-linux-gnu/lib/libcore-8ef7dd43fc671f88.rlib" "-Wl,--end-group" "/opt/rustwide/rustup-home/toolchains/beta-2021-08-01-x86_64-unknown-linux-gnu/lib/rustlib/x86_64-unknown-linux-gnu/lib/libcompiler_builtins-a9a3b2ad67977f47.rlib" "-Wl,-Bdynamic" "-lmpv" "-lgcc_s" "-lutil" "-lrt" "-lpthread" "-lm" "-ldl" "-lc" "-Wl,--eh-frame-hdr" "-Wl,-znoexecstack" "-L" "/opt/rustwide/rustup-home/toolchains/beta-2021-08-01-x86_64-unknown-linux-gnu/lib/rustlib/x86_64-unknown-linux-gnu/lib" "-o" "/opt/rustwide/target/debug/examples/protocol-62baad995236df76" "-Wl,--gc-sections" "-pie" "-Wl,-zrelro" "-Wl,-znow" "-nodefaultlibs"
[INFO] [stdout]   = note: /usr/bin/ld: cannot find -lmpv
[INFO] [stdout]           collect2: error: ld returned 1 exit status
[INFO] [stdout]           
[INFO] [stdout] 
[INFO] [stdout] 
[INFO] [stdout] error: aborting due to previous error
[INFO] [stdout] 
[INFO] [stdout] 
[INFO] [stderr] error: could not compile `libmpv` due to 2 previous errors
[INFO] [stderr] warning: build failed, waiting for other jobs to finish...
[INFO] [stdout] error: linking with `cc` failed: exit status: 1
[INFO] [stdout]   |
[INFO] [stdout]   = note: "cc" "-m64" "/opt/rustwide/target/debug/examples/events-a72cb1204f6410b4.events.fd2839ba-cgu.0.rcgu.o" "/opt/rustwide/target/debug/examples/events-a72cb1204f6410b4.events.fd2839ba-cgu.1.rcgu.o" "/opt/rustwide/target/debug/examples/events-a72cb1204f6410b4.events.fd2839ba-cgu.10.rcgu.o" "/opt/rustwide/target/debug/examples/events-a72cb1204f6410b4.events.fd2839ba-cgu.11.rcgu.o" "/opt/rustwide/target/debug/examples/events-a72cb1204f6410b4.events.fd2839ba-cgu.12.rcgu.o" "/opt/rustwide/target/debug/examples/events-a72cb1204f6410b4.events.fd2839ba-cgu.13.rcgu.o" "/opt/rustwide/target/debug/examples/events-a72cb1204f6410b4.events.fd2839ba-cgu.14.rcgu.o" "/opt/rustwide/target/debug/examples/events-a72cb1204f6410b4.events.fd2839ba-cgu.15.rcgu.o" "/opt/rustwide/target/debug/examples/events-a72cb1204f6410b4.events.fd2839ba-cgu.2.rcgu.o" "/opt/rustwide/target/debug/examples/events-a72cb1204f6410b4.events.fd2839ba-cgu.3.rcgu.o" "/opt/rustwide/target/debug/examples/events-a72cb1204f6410b4.events.fd2839ba-cgu.4.rcgu.o" "/opt/rustwide/target/debug/examples/events-a72cb1204f6410b4.events.fd2839ba-cgu.5.rcgu.o" "/opt/rustwide/target/debug/examples/events-a72cb1204f6410b4.events.fd2839ba-cgu.6.rcgu.o" "/opt/rustwide/target/debug/examples/events-a72cb1204f6410b4.events.fd2839ba-cgu.7.rcgu.o" "/opt/rustwide/target/debug/examples/events-a72cb1204f6410b4.events.fd2839ba-cgu.8.rcgu.o" "/opt/rustwide/target/debug/examples/events-a72cb1204f6410b4.events.fd2839ba-cgu.9.rcgu.o" "/opt/rustwide/target/debug/examples/events-a72cb1204f6410b4.2hyy4soawfnpklvf.rcgu.o" "-Wl,--as-needed" "-L" "/opt/rustwide/target/debug/deps" "-L" "/opt/rustwide/rustup-home/toolchains/beta-2021-08-01-x86_64-unknown-linux-gnu/lib/rustlib/x86_64-unknown-linux-gnu/lib" "-Wl,-Bstatic" "/opt/rustwide/target/debug/deps/libcrossbeam-973d02de5846bdf0.rlib" "/opt/rustwide/target/debug/deps/libcrossbeam_queue-7e820ed6f748bdf1.rlib" "/opt/rustwide/target/debug/deps/libcrossbeam_channel-f5a146f462aeea17.rlib" "/opt/rustwide/target/debug/deps/libcrossbeam_deque-731472b1adacec67.rlib" "/opt/rustwide/target/debug/deps/libcrossbeam_epoch-e969548fcbdf5d75.rlib" "/opt/rustwide/target/debug/deps/libscopeguard-77ffbe2fe379a2bf.rlib" "/opt/rustwide/target/debug/deps/libmemoffset-a12ae7293f8eed8b.rlib" "/opt/rustwide/target/debug/deps/libcrossbeam_utils-6ccdd1cb1d87c90c.rlib" "/opt/rustwide/target/debug/deps/liblazy_static-e92083d5a39a8b50.rlib" "/opt/rustwide/target/debug/deps/libmaybe_uninit-695311e2d4eb5931.rlib" "/opt/rustwide/target/debug/deps/libcfg_if-ffb7f11ad1437080.rlib" "/opt/rustwide/target/debug/deps/liblibmpv-b444ddef9f04de24.rlib" "/opt/rustwide/target/debug/deps/liblibmpv_sys-eff8533768a4853c.rlib" "-Wl,--start-group" "/opt/rustwide/rustup-home/toolchains/beta-2021-08-01-x86_64-unknown-linux-gnu/lib/rustlib/x86_64-unknown-linux-gnu/lib/libstd-197d933f09d9a590.rlib" "/opt/rustwide/rustup-home/toolchains/beta-2021-08-01-x86_64-unknown-linux-gnu/lib/rustlib/x86_64-unknown-linux-gnu/lib/libpanic_unwind-46a006cddfd334f0.rlib" "/opt/rustwide/rustup-home/toolchains/beta-2021-08-01-x86_64-unknown-linux-gnu/lib/rustlib/x86_64-unknown-linux-gnu/lib/libminiz_oxide-5b9870310e470b38.rlib" "/opt/rustwide/rustup-home/toolchains/beta-2021-08-01-x86_64-unknown-linux-gnu/lib/rustlib/x86_64-unknown-linux-gnu/lib/libadler-260022ba8f1ab4ee.rlib" "/opt/rustwide/rustup-home/toolchains/beta-2021-08-01-x86_64-unknown-linux-gnu/lib/rustlib/x86_64-unknown-linux-gnu/lib/libobject-71377435a799394f.rlib" "/opt/rustwide/rustup-home/toolchains/beta-2021-08-01-x86_64-unknown-linux-gnu/lib/rustlib/x86_64-unknown-linux-gnu/lib/libaddr2line-658ee5924fde57cd.rlib" "/opt/rustwide/rustup-home/toolchains/beta-2021-08-01-x86_64-unknown-linux-gnu/lib/rustlib/x86_64-unknown-linux-gnu/lib/libgimli-9e8627da6bd1b94a.rlib" "/opt/rustwide/rustup-home/toolchains/beta-2021-08-01-x86_64-unknown-linux-gnu/lib/rustlib/x86_64-unknown-linux-gnu/lib/libstd_detect-19fdaac49f59be84.rlib" "/opt/rustwide/rustup-home/toolchains/beta-2021-08-01-x86_64-unknown-linux-gnu/lib/rustlib/x86_64-unknown-linux-gnu/lib/librustc_demangle-cb00e2691ea45905.rlib" "/opt/rustwide/rustup-home/toolchains/beta-2021-08-01-x86_64-unknown-linux-gnu/lib/rustlib/x86_64-unknown-linux-gnu/lib/libhashbrown-50f6726defae5ae1.rlib" "/opt/rustwide/rustup-home/toolchains/beta-2021-08-01-x86_64-unknown-linux-gnu/lib/rustlib/x86_64-unknown-linux-gnu/lib/librustc_std_workspace_alloc-2afc16311deea26e.rlib" "/opt/rustwide/rustup-home/toolchains/beta-2021-08-01-x86_64-unknown-linux-gnu/lib/rustlib/x86_64-unknown-linux-gnu/lib/libunwind-bb5cb0fe086ee8cf.rlib" "/opt/rustwide/rustup-home/toolchains/beta-2021-08-01-x86_64-unknown-linux-gnu/lib/rustlib/x86_64-unknown-linux-gnu/lib/libcfg_if-896053247b5dfd0b.rlib" "/opt/rustwide/rustup-home/toolchains/beta-2021-08-01-x86_64-unknown-linux-gnu/lib/rustlib/x86_64-unknown-linux-gnu/lib/liblibc-735e1f2ac3cf23be.rlib" "/opt/rustwide/rustup-home/toolchains/beta-2021-08-01-x86_64-unknown-linux-gnu/lib/rustlib/x86_64-unknown-linux-gnu/lib/liballoc-9dfb6622644c732c.rlib" "/opt/rustwide/rustup-home/toolchains/beta-2021-08-01-x86_64-unknown-linux-gnu/lib/rustlib/x86_64-unknown-linux-gnu/lib/librustc_std_workspace_core-beea7d9617fe25c5.rlib" "/opt/rustwide/rustup-home/toolchains/beta-2021-08-01-x86_64-unknown-linux-gnu/lib/rustlib/x86_64-unknown-linux-gnu/lib/libcore-8ef7dd43fc671f88.rlib" "-Wl,--end-group" "/opt/rustwide/rustup-home/toolchains/beta-2021-08-01-x86_64-unknown-linux-gnu/lib/rustlib/x86_64-unknown-linux-gnu/lib/libcompiler_builtins-a9a3b2ad67977f47.rlib" "-Wl,-Bdynamic" "-lmpv" "-lgcc_s" "-lutil" "-lrt" "-lpthread" "-lm" "-ldl" "-lc" "-Wl,--eh-frame-hdr" "-Wl,-znoexecstack" "-L" "/opt/rustwide/rustup-home/toolchains/beta-2021-08-01-x86_64-unknown-linux-gnu/lib/rustlib/x86_64-unknown-linux-gnu/lib" "-o" "/opt/rustwide/target/debug/examples/events-a72cb1204f6410b4" "-Wl,--gc-sections" "-pie" "-Wl,-zrelro" "-Wl,-znow" "-nodefaultlibs"
[INFO] [stdout]   = note: /usr/bin/ld: cannot find -lmpv
[INFO] [stdout]           collect2: error: ld returned 1 exit status
[INFO] [stdout]           
[INFO] [stdout] 
[INFO] [stdout] 
[INFO] [stdout] error: aborting due to previous error
[INFO] [stdout] 
[INFO] [stdout] 
[INFO] [stdout] error: linking with `cc` failed: exit status: 1
[INFO] [stdout]   |
[INFO] [stdout]   = note: "cc" "-m64" "/opt/rustwide/target/debug/deps/libmpv-7e34e3a6a55b5d36.libmpv.93a2b86b-cgu.0.rcgu.o" "/opt/rustwide/target/debug/deps/libmpv-7e34e3a6a55b5d36.libmpv.93a2b86b-cgu.1.rcgu.o" "/opt/rustwide/target/debug/deps/libmpv-7e34e3a6a55b5d36.libmpv.93a2b86b-cgu.10.rcgu.o" "/opt/rustwide/target/debug/deps/libmpv-7e34e3a6a55b5d36.libmpv.93a2b86b-cgu.11.rcgu.o" "/opt/rustwide/target/debug/deps/libmpv-7e34e3a6a55b5d36.libmpv.93a2b86b-cgu.12.rcgu.o" "/opt/rustwide/target/debug/deps/libmpv-7e34e3a6a55b5d36.libmpv.93a2b86b-cgu.13.rcgu.o" "/opt/rustwide/target/debug/deps/libmpv-7e34e3a6a55b5d36.libmpv.93a2b86b-cgu.14.rcgu.o" "/opt/rustwide/target/debug/deps/libmpv-7e34e3a6a55b5d36.libmpv.93a2b86b-cgu.15.rcgu.o" "/opt/rustwide/target/debug/deps/libmpv-7e34e3a6a55b5d36.libmpv.93a2b86b-cgu.2.rcgu.o" "/opt/rustwide/target/debug/deps/libmpv-7e34e3a6a55b5d36.libmpv.93a2b86b-cgu.3.rcgu.o" "/opt/rustwide/target/debug/deps/libmpv-7e34e3a6a55b5d36.libmpv.93a2b86b-cgu.4.rcgu.o" "/opt/rustwide/target/debug/deps/libmpv-7e34e3a6a55b5d36.libmpv.93a2b86b-cgu.5.rcgu.o" "/opt/rustwide/target/debug/deps/libmpv-7e34e3a6a55b5d36.libmpv.93a2b86b-cgu.6.rcgu.o" "/opt/rustwide/target/debug/deps/libmpv-7e34e3a6a55b5d36.libmpv.93a2b86b-cgu.7.rcgu.o" "/opt/rustwide/target/debug/deps/libmpv-7e34e3a6a55b5d36.libmpv.93a2b86b-cgu.8.rcgu.o" "/opt/rustwide/target/debug/deps/libmpv-7e34e3a6a55b5d36.libmpv.93a2b86b-cgu.9.rcgu.o" "/opt/rustwide/target/debug/deps/libmpv-7e34e3a6a55b5d36.4y54if33vdz23xjv.rcgu.o" "-Wl,--as-needed" "-L" "/opt/rustwide/target/debug/deps" "-L" "/opt/rustwide/rustup-home/toolchains/beta-2021-08-01-x86_64-unknown-linux-gnu/lib/rustlib/x86_64-unknown-linux-gnu/lib" "-Wl,-Bstatic" "/opt/rustwide/rustup-home/toolchains/beta-2021-08-01-x86_64-unknown-linux-gnu/lib/rustlib/x86_64-unknown-linux-gnu/lib/libtest-6e9019ff2cdb2237.rlib" "/opt/rustwide/rustup-home/toolchains/beta-2021-08-01-x86_64-unknown-linux-gnu/lib/rustlib/x86_64-unknown-linux-gnu/lib/libgetopts-e9cc0b5f091b140c.rlib" "/opt/rustwide/rustup-home/toolchains/beta-2021-08-01-x86_64-unknown-linux-gnu/lib/rustlib/x86_64-unknown-linux-gnu/lib/libunicode_width-762dfa4479f14aad.rlib" "/opt/rustwide/rustup-home/toolchains/beta-2021-08-01-x86_64-unknown-linux-gnu/lib/rustlib/x86_64-unknown-linux-gnu/lib/librustc_std_workspace_std-2a5ac1cc0b21909c.rlib" "/opt/rustwide/target/debug/deps/liblibmpv_sys-eff8533768a4853c.rlib" "-Wl,--start-group" "/opt/rustwide/rustup-home/toolchains/beta-2021-08-01-x86_64-unknown-linux-gnu/lib/rustlib/x86_64-unknown-linux-gnu/lib/libstd-197d933f09d9a590.rlib" "/opt/rustwide/rustup-home/toolchains/beta-2021-08-01-x86_64-unknown-linux-gnu/lib/rustlib/x86_64-unknown-linux-gnu/lib/libpanic_unwind-46a006cddfd334f0.rlib" "/opt/rustwide/rustup-home/toolchains/beta-2021-08-01-x86_64-unknown-linux-gnu/lib/rustlib/x86_64-unknown-linux-gnu/lib/libminiz_oxide-5b9870310e470b38.rlib" "/opt/rustwide/rustup-home/toolchains/beta-2021-08-01-x86_64-unknown-linux-gnu/lib/rustlib/x86_64-unknown-linux-gnu/lib/libadler-260022ba8f1ab4ee.rlib" "/opt/rustwide/rustup-home/toolchains/beta-2021-08-01-x86_64-unknown-linux-gnu/lib/rustlib/x86_64-unknown-linux-gnu/lib/libobject-71377435a799394f.rlib" "/opt/rustwide/rustup-home/toolchains/beta-2021-08-01-x86_64-unknown-linux-gnu/lib/rustlib/x86_64-unknown-linux-gnu/lib/libaddr2line-658ee5924fde57cd.rlib" "/opt/rustwide/rustup-home/toolchains/beta-2021-08-01-x86_64-unknown-linux-gnu/lib/rustlib/x86_64-unknown-linux-gnu/lib/libgimli-9e8627da6bd1b94a.rlib" "/opt/rustwide/rustup-home/toolchains/beta-2021-08-01-x86_64-unknown-linux-gnu/lib/rustlib/x86_64-unknown-linux-gnu/lib/libstd_detect-19fdaac49f59be84.rlib" "/opt/rustwide/rustup-home/toolchains/beta-2021-08-01-x86_64-unknown-linux-gnu/lib/rustlib/x86_64-unknown-linux-gnu/lib/librustc_demangle-cb00e2691ea45905.rlib" "/opt/rustwide/rustup-home/toolchains/beta-2021-08-01-x86_64-unknown-linux-gnu/lib/rustlib/x86_64-unknown-linux-gnu/lib/libhashbrown-50f6726defae5ae1.rlib" "/opt/rustwide/rustup-home/toolchains/beta-2021-08-01-x86_64-unknown-linux-gnu/lib/rustlib/x86_64-unknown-linux-gnu/lib/librustc_std_workspace_alloc-2afc16311deea26e.rlib" "/opt/rustwide/rustup-home/toolchains/beta-2021-08-01-x86_64-unknown-linux-gnu/lib/rustlib/x86_64-unknown-linux-gnu/lib/libunwind-bb5cb0fe086ee8cf.rlib" "/opt/rustwide/rustup-home/toolchains/beta-2021-08-01-x86_64-unknown-linux-gnu/lib/rustlib/x86_64-unknown-linux-gnu/lib/libcfg_if-896053247b5dfd0b.rlib" "/opt/rustwide/rustup-home/toolchains/beta-2021-08-01-x86_64-unknown-linux-gnu/lib/rustlib/x86_64-unknown-linux-gnu/lib/liblibc-735e1f2ac3cf23be.rlib" "/opt/rustwide/rustup-home/toolchains/beta-2021-08-01-x86_64-unknown-linux-gnu/lib/rustlib/x86_64-unknown-linux-gnu/lib/liballoc-9dfb6622644c732c.rlib" "/opt/rustwide/rustup-home/toolchains/beta-2021-08-01-x86_64-unknown-linux-gnu/lib/rustlib/x86_64-unknown-linux-gnu/lib/librustc_std_workspace_core-beea7d9617fe25c5.rlib" "/opt/rustwide/rustup-home/toolchains/beta-2021-08-01-x86_64-unknown-linux-gnu/lib/rustlib/x86_64-unknown-linux-gnu/lib/libcore-8ef7dd43fc671f88.rlib" "-Wl,--end-group" "/opt/rustwide/rustup-home/toolchains/beta-2021-08-01-x86_64-unknown-linux-gnu/lib/rustlib/x86_64-unknown-linux-gnu/lib/libcompiler_builtins-a9a3b2ad67977f47.rlib" "-Wl,-Bdynamic" "-lmpv" "-lgcc_s" "-lutil" "-lrt" "-lpthread" "-lm" "-ldl" "-lc" "-Wl,--eh-frame-hdr" "-Wl,-znoexecstack" "-L" "/opt/rustwide/rustup-home/toolchains/beta-2021-08-01-x86_64-unknown-linux-gnu/lib/rustlib/x86_64-unknown-linux-gnu/lib" "-o" "/opt/rustwide/target/debug/deps/libmpv-7e34e3a6a55b5d36" "-Wl,--gc-sections" "-pie" "-Wl,-zrelro" "-Wl,-znow" "-nodefaultlibs"
[INFO] [stdout]   = note: /usr/bin/ld: cannot find -lmpv
[INFO] [stdout]           collect2: error: ld returned 1 exit status
[INFO] [stdout]           
[INFO] [stdout] 
[INFO] [stdout] 
[INFO] [stdout] error: aborting due to previous error; 2 warnings emitted
[INFO] [stdout] 
[INFO] [stdout] 
[INFO] [stderr] error: build failed
[INFO] running `Command { std: "docker" "inspect" "e3c237f40d65ade85da21c56853d93477c16a571e92bad4a51b855d2a2390e25", kill_on_drop: false }`
[INFO] running `Command { std: "docker" "rm" "-f" "e3c237f40d65ade85da21c56853d93477c16a571e92bad4a51b855d2a2390e25", kill_on_drop: false }`
[INFO] [stdout] e3c237f40d65ade85da21c56853d93477c16a571e92bad4a51b855d2a2390e25
