[INFO] fetching crate libdrm 0.0.2...
[INFO] testing libdrm-0.0.2 against beta-2021-08-01 for beta-1.55-1
[INFO] extracting crate libdrm 0.0.2 into /workspace/builds/worker-17/source
[INFO] validating manifest of crates.io crate libdrm 0.0.2 on toolchain beta-2021-08-01
[INFO] running `Command { std: "/workspace/cargo-home/bin/cargo" "+beta-2021-08-01" "metadata" "--manifest-path" "Cargo.toml" "--no-deps", kill_on_drop: false }`
[INFO] started tweaking crates.io crate libdrm 0.0.2
[INFO] finished tweaking crates.io crate libdrm 0.0.2
[INFO] tweaked toml for crates.io crate libdrm 0.0.2 written to /workspace/builds/worker-17/source/Cargo.toml
[INFO] running `Command { std: "/workspace/cargo-home/bin/cargo" "+beta-2021-08-01" "generate-lockfile" "--manifest-path" "Cargo.toml" "-Zno-index-update", kill_on_drop: false }`
[INFO] running `Command { std: "/workspace/cargo-home/bin/cargo" "+beta-2021-08-01" "fetch" "--manifest-path" "Cargo.toml", kill_on_drop: false }`
[INFO] [stderr]  Downloading crates ...
[INFO] [stderr]   Downloaded smallvec v0.3.4
[INFO] [stderr]   Downloaded drm-sys v0.0.3
[INFO] running `Command { std: "docker" "create" "-v" "/var/lib/crater-agent-workspace/builds/worker-17/target:/opt/rustwide/target:rw,Z" "-v" "/var/lib/crater-agent-workspace/builds/worker-17/source:/opt/rustwide/workdir:ro,Z" "-v" "/var/lib/crater-agent-workspace/cargo-home:/opt/rustwide/cargo-home:ro,Z" "-v" "/var/lib/crater-agent-workspace/rustup-home:/opt/rustwide/rustup-home:ro,Z" "-e" "SOURCE_DIR=/opt/rustwide/workdir" "-e" "CARGO_TARGET_DIR=/opt/rustwide/target" "-e" "CARGO_HOME=/opt/rustwide/cargo-home" "-e" "RUSTUP_HOME=/opt/rustwide/rustup-home" "-w" "/opt/rustwide/workdir" "-m" "1610612736" "--user" "0:0" "--network" "none" "ghcr.io/rust-lang/crates-build-env/linux@sha256:34b6a614d2c27851fe6cbf88fbd1137609cefab8b10d0615aaeb6fd47975d74e" "/opt/rustwide/cargo-home/bin/cargo" "+beta-2021-08-01" "metadata" "--no-deps" "--format-version=1", kill_on_drop: false }`
[INFO] [stdout] 37e7cbf0f9d89c7d96f209ce405f53c05ce29870bce0abe86ba6c9d1eaa26d43
[INFO] running `Command { std: "docker" "start" "-a" "37e7cbf0f9d89c7d96f209ce405f53c05ce29870bce0abe86ba6c9d1eaa26d43", kill_on_drop: false }`
[INFO] running `Command { std: "docker" "inspect" "37e7cbf0f9d89c7d96f209ce405f53c05ce29870bce0abe86ba6c9d1eaa26d43", kill_on_drop: false }`
[INFO] running `Command { std: "docker" "rm" "-f" "37e7cbf0f9d89c7d96f209ce405f53c05ce29870bce0abe86ba6c9d1eaa26d43", kill_on_drop: false }`
[INFO] [stdout] 37e7cbf0f9d89c7d96f209ce405f53c05ce29870bce0abe86ba6c9d1eaa26d43
[INFO] running `Command { std: "docker" "create" "-v" "/var/lib/crater-agent-workspace/builds/worker-17/target:/opt/rustwide/target:rw,Z" "-v" "/var/lib/crater-agent-workspace/builds/worker-17/source:/opt/rustwide/workdir:ro,Z" "-v" "/var/lib/crater-agent-workspace/cargo-home:/opt/rustwide/cargo-home:ro,Z" "-v" "/var/lib/crater-agent-workspace/rustup-home:/opt/rustwide/rustup-home:ro,Z" "-e" "SOURCE_DIR=/opt/rustwide/workdir" "-e" "CARGO_TARGET_DIR=/opt/rustwide/target" "-e" "CARGO_INCREMENTAL=0" "-e" "RUST_BACKTRACE=full" "-e" "RUSTFLAGS=--cap-lints=warn" "-e" "CARGO_HOME=/opt/rustwide/cargo-home" "-e" "RUSTUP_HOME=/opt/rustwide/rustup-home" "-w" "/opt/rustwide/workdir" "-m" "1610612736" "--user" "0:0" "--network" "none" "ghcr.io/rust-lang/crates-build-env/linux@sha256:34b6a614d2c27851fe6cbf88fbd1137609cefab8b10d0615aaeb6fd47975d74e" "/opt/rustwide/cargo-home/bin/cargo" "+beta-2021-08-01" "build" "--frozen" "--message-format=json", kill_on_drop: false }`
[INFO] [stdout] 3cec4fbfe1faa9a348179879338824f8fc9f7593756d833665f8c61096d04532
[INFO] running `Command { std: "docker" "start" "-a" "3cec4fbfe1faa9a348179879338824f8fc9f7593756d833665f8c61096d04532", kill_on_drop: false }`
[INFO] [stderr]     Blocking waiting for file lock on package cache
[INFO] [stderr]    Compiling drm-sys v0.0.3
[INFO] [stderr]    Compiling smallvec v0.3.4
[INFO] [stderr]    Compiling object v0.26.0
[INFO] [stderr]    Compiling backtrace v0.3.61
[INFO] [stderr]    Compiling error-chain v0.10.0
[INFO] [stderr]    Compiling libdrm v0.0.2 (/opt/rustwide/workdir)
[INFO] [stdout] error[E0554]: `#![feature]` may not be used on the beta release channel
[INFO] [stdout]  --> src/lib.rs:1:1
[INFO] [stdout]   |
[INFO] [stdout] 1 | #![feature(concat_idents)]
[INFO] [stdout]   | ^^^^^^^^^^^^^^^^^^^^^^^^^^
[INFO] [stdout] 
[INFO] [stdout] 
[INFO] [stdout] error[E0554]: `#![feature]` may not be used on the beta release channel
[INFO] [stdout]  --> src/lib.rs:2:1
[INFO] [stdout]   |
[INFO] [stdout] 2 | #![feature(type_ascription)]
[INFO] [stdout]   | ^^^^^^^^^^^^^^^^^^^^^^^^^^^^
[INFO] [stdout] 
[INFO] [stdout] 
[INFO] [stdout] error[E0554]: `#![feature]` may not be used on the beta release channel
[INFO] [stdout]  --> src/lib.rs:3:1
[INFO] [stdout]   |
[INFO] [stdout] 3 | #![feature(conservative_impl_trait)]
[INFO] [stdout]   | ^^^^^^^^^^^^^^^^^^^^^^^^^^^^^^^^^^^^ help: remove the attribute
[INFO] [stdout]   |
[INFO] [stdout]   = help: the feature `conservative_impl_trait` has been stable since 1.26.0 and no longer requires an attribute to enable
[INFO] [stdout] 
[INFO] [stdout] 
[INFO] [stdout] warning: unnecessary parentheses around block return value
[INFO] [stdout]    --> src/control/mod.rs:255:9
[INFO] [stdout]     |
[INFO] [stdout] 255 |         (self.width)
[INFO] [stdout]     |         ^^^^^^^^^^^^ help: remove these parentheses
[INFO] [stdout]     |
[INFO] [stdout]     = note: `#[warn(unused_parens)]` on by default
[INFO] [stdout] 
[INFO] [stdout] 
[INFO] [stdout] warning: unnecessary parentheses around block return value
[INFO] [stdout]    --> src/control/mod.rs:260:9
[INFO] [stdout]     |
[INFO] [stdout] 260 |         (self.height)
[INFO] [stdout]     |         ^^^^^^^^^^^^^ help: remove these parentheses
[INFO] [stdout] 
[INFO] [stdout] 
[INFO] [stdout] warning: use of deprecated macro `try`: use the `?` operator instead
[INFO] [stdout]    --> src/control/mod.rs:630:23
[INFO] [stdout]     |
[INFO] [stdout] 630 |                 info: try!(PropertyInfoType::load_from_device(device, raw))
[INFO] [stdout]     |                       ^^^
[INFO] [stdout]     |
[INFO] [stdout]     = note: `#[warn(deprecated)]` on by default
[INFO] [stdout] 
[INFO] [stdout] 
[INFO] [stdout] warning: use of deprecated macro `try`: use the `?` operator instead
[INFO] [stdout]    --> src/control/mod.rs:930:24
[INFO] [stdout]     |
[INFO] [stdout] 930 |             let info = try!(PropertyInfo::load_from_device(device, handle.1));
[INFO] [stdout]     |                        ^^^
[INFO] [stdout] 
[INFO] [stdout] 
[INFO] [stdout] warning: use of deprecated associated function `std::error::Error::description`: use the Display impl or to_string()
[INFO] [stdout]   --> src/result.rs:1:1
[INFO] [stdout]    |
[INFO] [stdout] 1  | / error_chain! {
[INFO] [stdout] 2  | |     foreign_links {
[INFO] [stdout] 3  | |         Io(::std::io::Error);
[INFO] [stdout] 4  | |     }
[INFO] [stdout] ...  |
[INFO] [stdout] 31 | |     }
[INFO] [stdout] 32 | | }
[INFO] [stdout]    | |_^
[INFO] [stdout]    |
[INFO] [stdout]    = note: this warning originates in the macro `error_chain_processed` (in Nightly builds, run with -Z macro-backtrace for more info)
[INFO] [stdout] 
[INFO] [stdout] 
[INFO] [stdout] warning: use of deprecated associated function `std::error::Error::cause`: replaced by Error::source, which can support downcasting
[INFO] [stdout]   --> src/result.rs:1:1
[INFO] [stdout]    |
[INFO] [stdout] 1  | / error_chain! {
[INFO] [stdout] 2  | |     foreign_links {
[INFO] [stdout] 3  | |         Io(::std::io::Error);
[INFO] [stdout] 4  | |     }
[INFO] [stdout] ...  |
[INFO] [stdout] 31 | |     }
[INFO] [stdout] 32 | | }
[INFO] [stdout]    | |_^
[INFO] [stdout]    |
[INFO] [stdout]    = note: this warning originates in the macro `error_chain_processed` (in Nightly builds, run with -Z macro-backtrace for more info)
[INFO] [stdout] 
[INFO] [stdout] 
[INFO] [stderr] error: could not compile `libdrm` due to 4 previous errors; 6 warnings emitted
[INFO] [stdout] error: aborting due to 3 previous errors; 6 warnings emitted
[INFO] [stdout] 
[INFO] [stdout] 
[INFO] [stderr] warning: build failed, waiting for other jobs to finish...
[INFO] [stdout] For more information about this error, try `rustc --explain E0554`.
[INFO] [stdout] 
[INFO] [stderr] error: build failed
[INFO] running `Command { std: "docker" "inspect" "3cec4fbfe1faa9a348179879338824f8fc9f7593756d833665f8c61096d04532", kill_on_drop: false }`
[INFO] running `Command { std: "docker" "rm" "-f" "3cec4fbfe1faa9a348179879338824f8fc9f7593756d833665f8c61096d04532", kill_on_drop: false }`
[INFO] [stdout] 3cec4fbfe1faa9a348179879338824f8fc9f7593756d833665f8c61096d04532
