[INFO] fetching crate leaky-bucket 0.11.0...
[INFO] testing leaky-bucket-0.11.0 against beta-2021-08-01 for beta-1.55-1
[INFO] extracting crate leaky-bucket 0.11.0 into /workspace/builds/worker-9/source
[INFO] validating manifest of crates.io crate leaky-bucket 0.11.0 on toolchain beta-2021-08-01
[INFO] running `Command { std: "/workspace/cargo-home/bin/cargo" "+beta-2021-08-01" "metadata" "--manifest-path" "Cargo.toml" "--no-deps", kill_on_drop: false }`
[INFO] started tweaking crates.io crate leaky-bucket 0.11.0
[INFO] finished tweaking crates.io crate leaky-bucket 0.11.0
[INFO] tweaked toml for crates.io crate leaky-bucket 0.11.0 written to /workspace/builds/worker-9/source/Cargo.toml
[INFO] crate crates.io crate leaky-bucket 0.11.0 already has a lockfile, it will not be regenerated
[INFO] running `Command { std: "/workspace/cargo-home/bin/cargo" "+beta-2021-08-01" "fetch" "--manifest-path" "Cargo.toml", kill_on_drop: false }`
[INFO] [stderr]     Blocking waiting for file lock on package cache
[INFO] [stderr]     Blocking waiting for file lock on package cache
[INFO] [stderr]  Downloading crates ...
[INFO] [stderr]   Downloaded smallvec v1.5.1
[INFO] [stderr]   Downloaded anyhow v1.0.40
[INFO] [stderr]   Downloaded tokio v1.6.1
[INFO] [stderr]   Downloaded libc v0.2.95
[INFO] running `Command { std: "docker" "create" "-v" "/var/lib/crater-agent-workspace/builds/worker-9/target:/opt/rustwide/target:rw,Z" "-v" "/var/lib/crater-agent-workspace/builds/worker-9/source:/opt/rustwide/workdir:ro,Z" "-v" "/var/lib/crater-agent-workspace/cargo-home:/opt/rustwide/cargo-home:ro,Z" "-v" "/var/lib/crater-agent-workspace/rustup-home:/opt/rustwide/rustup-home:ro,Z" "-e" "SOURCE_DIR=/opt/rustwide/workdir" "-e" "CARGO_TARGET_DIR=/opt/rustwide/target" "-e" "CARGO_HOME=/opt/rustwide/cargo-home" "-e" "RUSTUP_HOME=/opt/rustwide/rustup-home" "-w" "/opt/rustwide/workdir" "-m" "1610612736" "--user" "0:0" "--network" "none" "ghcr.io/rust-lang/crates-build-env/linux@sha256:34b6a614d2c27851fe6cbf88fbd1137609cefab8b10d0615aaeb6fd47975d74e" "/opt/rustwide/cargo-home/bin/cargo" "+beta-2021-08-01" "metadata" "--no-deps" "--format-version=1", kill_on_drop: false }`
[INFO] [stdout] a5429f7d1d24c367dcdeade834f7205727692203422cc89507e06934aef43d6a
[INFO] running `Command { std: "docker" "start" "-a" "a5429f7d1d24c367dcdeade834f7205727692203422cc89507e06934aef43d6a", kill_on_drop: false }`
[INFO] running `Command { std: "docker" "inspect" "a5429f7d1d24c367dcdeade834f7205727692203422cc89507e06934aef43d6a", kill_on_drop: false }`
[INFO] running `Command { std: "docker" "rm" "-f" "a5429f7d1d24c367dcdeade834f7205727692203422cc89507e06934aef43d6a", kill_on_drop: false }`
[INFO] [stdout] a5429f7d1d24c367dcdeade834f7205727692203422cc89507e06934aef43d6a
[INFO] running `Command { std: "docker" "create" "-v" "/var/lib/crater-agent-workspace/builds/worker-9/target:/opt/rustwide/target:rw,Z" "-v" "/var/lib/crater-agent-workspace/builds/worker-9/source:/opt/rustwide/workdir:ro,Z" "-v" "/var/lib/crater-agent-workspace/cargo-home:/opt/rustwide/cargo-home:ro,Z" "-v" "/var/lib/crater-agent-workspace/rustup-home:/opt/rustwide/rustup-home:ro,Z" "-e" "SOURCE_DIR=/opt/rustwide/workdir" "-e" "CARGO_TARGET_DIR=/opt/rustwide/target" "-e" "CARGO_INCREMENTAL=0" "-e" "RUST_BACKTRACE=full" "-e" "RUSTFLAGS=--cap-lints=warn" "-e" "CARGO_HOME=/opt/rustwide/cargo-home" "-e" "RUSTUP_HOME=/opt/rustwide/rustup-home" "-w" "/opt/rustwide/workdir" "-m" "1610612736" "--user" "0:0" "--network" "none" "ghcr.io/rust-lang/crates-build-env/linux@sha256:34b6a614d2c27851fe6cbf88fbd1137609cefab8b10d0615aaeb6fd47975d74e" "/opt/rustwide/cargo-home/bin/cargo" "+beta-2021-08-01" "build" "--frozen" "--message-format=json", kill_on_drop: false }`
[INFO] [stdout] ee79daaa408b3e23b3f2fea7092dd174188abb4725ea16a8d60573e157b60c74
[INFO] running `Command { std: "docker" "start" "-a" "ee79daaa408b3e23b3f2fea7092dd174188abb4725ea16a8d60573e157b60c74", kill_on_drop: false }`
[INFO] [stderr]     Blocking waiting for file lock on package cache
[INFO] [stderr]    Compiling proc-macro2 v1.0.24
[INFO] [stderr]    Compiling unicode-xid v0.2.1
[INFO] [stderr]    Compiling syn v1.0.56
[INFO] [stderr]    Compiling libc v0.2.95
[INFO] [stderr]    Compiling cfg-if v1.0.0
[INFO] [stderr]    Compiling autocfg v1.0.1
[INFO] [stderr]    Compiling lazy_static v1.4.0
[INFO] [stderr]    Compiling scopeguard v1.1.0
[INFO] [stderr]    Compiling smallvec v1.5.1
[INFO] [stderr]    Compiling pin-project-lite v0.2.6
[INFO] [stderr]    Compiling instant v0.1.9
[INFO] [stderr]    Compiling lock_api v0.4.2
[INFO] [stderr]    Compiling tracing-core v0.1.18
[INFO] [stderr]    Compiling tokio v1.6.1
[INFO] [stderr]    Compiling quote v1.0.8
[INFO] [stderr]    Compiling num_cpus v1.13.0
[INFO] [stderr]    Compiling parking_lot_core v0.8.2
[INFO] [stderr]    Compiling parking_lot v0.11.1
[INFO] [stderr]    Compiling tokio-macros v1.2.0
[INFO] [stderr]    Compiling tracing-attributes v0.1.15
[INFO] [stderr]    Compiling tracing v0.1.26
[INFO] [stderr]    Compiling leaky-bucket v0.11.0 (/opt/rustwide/workdir)
[INFO] [stderr]     Finished dev [unoptimized + debuginfo] target(s) in 19.63s
[INFO] running `Command { std: "docker" "inspect" "ee79daaa408b3e23b3f2fea7092dd174188abb4725ea16a8d60573e157b60c74", kill_on_drop: false }`
[INFO] running `Command { std: "docker" "rm" "-f" "ee79daaa408b3e23b3f2fea7092dd174188abb4725ea16a8d60573e157b60c74", kill_on_drop: false }`
[INFO] [stdout] ee79daaa408b3e23b3f2fea7092dd174188abb4725ea16a8d60573e157b60c74
[INFO] running `Command { std: "docker" "create" "-v" "/var/lib/crater-agent-workspace/builds/worker-9/target:/opt/rustwide/target:rw,Z" "-v" "/var/lib/crater-agent-workspace/builds/worker-9/source:/opt/rustwide/workdir:ro,Z" "-v" "/var/lib/crater-agent-workspace/cargo-home:/opt/rustwide/cargo-home:ro,Z" "-v" "/var/lib/crater-agent-workspace/rustup-home:/opt/rustwide/rustup-home:ro,Z" "-e" "SOURCE_DIR=/opt/rustwide/workdir" "-e" "CARGO_TARGET_DIR=/opt/rustwide/target" "-e" "CARGO_INCREMENTAL=0" "-e" "RUST_BACKTRACE=full" "-e" "RUSTFLAGS=--cap-lints=warn" "-e" "CARGO_HOME=/opt/rustwide/cargo-home" "-e" "RUSTUP_HOME=/opt/rustwide/rustup-home" "-w" "/opt/rustwide/workdir" "-m" "1610612736" "--user" "0:0" "--network" "none" "ghcr.io/rust-lang/crates-build-env/linux@sha256:34b6a614d2c27851fe6cbf88fbd1137609cefab8b10d0615aaeb6fd47975d74e" "/opt/rustwide/cargo-home/bin/cargo" "+beta-2021-08-01" "test" "--frozen" "--no-run" "--message-format=json", kill_on_drop: false }`
[INFO] [stdout] 2c1b477b594cde7425d5aad28f51c61da5a5b8313645e71aeb747e968cd1b742
[INFO] running `Command { std: "docker" "start" "-a" "2c1b477b594cde7425d5aad28f51c61da5a5b8313645e71aeb747e968cd1b742", kill_on_drop: false }`
[INFO] [stderr]    Compiling proc-macro-hack v0.5.19
[INFO] [stderr]    Compiling futures-core v0.3.15
[INFO] [stderr]    Compiling futures-channel v0.3.15
[INFO] [stderr]    Compiling memchr v2.4.0
[INFO] [stderr]    Compiling proc-macro-nested v0.1.7
[INFO] [stderr]    Compiling futures-task v0.3.15
[INFO] [stderr]    Compiling futures-sink v0.3.15
[INFO] [stderr]    Compiling slab v0.4.3
[INFO] [stderr]    Compiling pin-utils v0.1.0
[INFO] [stderr]    Compiling futures-io v0.3.15
[INFO] [stderr]    Compiling anyhow v1.0.40
[INFO] [stderr]    Compiling futures-macro v0.3.15
[INFO] [stderr]    Compiling futures-util v0.3.15
[INFO] [stderr]    Compiling pin-project-internal v1.0.7
[INFO] [stderr]    Compiling pin-project v1.0.7
[INFO] [stderr]    Compiling futures-executor v0.3.15
[INFO] [stderr]    Compiling futures v0.3.15
[INFO] [stderr]    Compiling leaky-bucket v0.11.0 (/opt/rustwide/workdir)
[INFO] [stdout] error[E0433]: failed to resolve: use of undeclared crate or module `helpers`
[INFO] [stdout]  --> examples/over-max.rs:6:5
[INFO] [stdout]   |
[INFO] [stdout] 6 |     helpers::init_logging();
[INFO] [stdout]   |     ^^^^^^^ use of undeclared crate or module `helpers`
[INFO] [stdout] 
[INFO] [stdout] 
[INFO] [stdout] error: aborting due to previous error
[INFO] [stdout] 
[INFO] [stdout] 
[INFO] [stdout] For more information about this error, try `rustc --explain E0433`.
[INFO] [stdout] 
[INFO] [stderr] error: could not compile `leaky-bucket` due to 2 previous errors
[INFO] [stdout] error[E0433]: failed to resolve: use of undeclared crate or module `helpers`
[INFO] [stdout]  --> examples/threaded.rs:7:5
[INFO] [stdout]   |
[INFO] [stdout] 7 |     helpers::init_logging();
[INFO] [stdout]   |     ^^^^^^^ use of undeclared crate or module `helpers`
[INFO] [stdout] 
[INFO] [stdout] 
[INFO] [stderr] warning: build failed, waiting for other jobs to finish...
[INFO] [stdout] error[E0433]: failed to resolve: use of undeclared crate or module `helpers`
[INFO] [stdout]  --> examples/basic.rs:6:5
[INFO] [stdout]   |
[INFO] [stdout] 6 |     helpers::init_logging();
[INFO] [stdout]   |     ^^^^^^^ use of undeclared crate or module `helpers`
[INFO] [stdout] 
[INFO] [stdout] 
[INFO] [stdout] error: aborting due to previous error
[INFO] [stdout] 
[INFO] [stdout] 
[INFO] [stdout] For more information about this error, try `rustc --explain E0433`.
[INFO] [stdout] 
[INFO] [stdout] error: aborting due to previous error
[INFO] [stdout] 
[INFO] [stdout] 
[INFO] [stdout] For more information about this error, try `rustc --explain E0433`.
[INFO] [stdout] 
[INFO] [stderr] error: build failed
[INFO] running `Command { std: "docker" "inspect" "2c1b477b594cde7425d5aad28f51c61da5a5b8313645e71aeb747e968cd1b742", kill_on_drop: false }`
[INFO] running `Command { std: "docker" "rm" "-f" "2c1b477b594cde7425d5aad28f51c61da5a5b8313645e71aeb747e968cd1b742", kill_on_drop: false }`
[INFO] [stdout] 2c1b477b594cde7425d5aad28f51c61da5a5b8313645e71aeb747e968cd1b742
