[INFO] fetching crate kwatch 0.1.0...
[INFO] testing kwatch-0.1.0 against beta-2021-08-01 for beta-1.55-1
[INFO] extracting crate kwatch 0.1.0 into /workspace/builds/worker-9/source
[INFO] validating manifest of crates.io crate kwatch 0.1.0 on toolchain beta-2021-08-01
[INFO] running `Command { std: "/workspace/cargo-home/bin/cargo" "+beta-2021-08-01" "metadata" "--manifest-path" "Cargo.toml" "--no-deps", kill_on_drop: false }`
[INFO] started tweaking crates.io crate kwatch 0.1.0
[INFO] finished tweaking crates.io crate kwatch 0.1.0
[INFO] tweaked toml for crates.io crate kwatch 0.1.0 written to /workspace/builds/worker-9/source/Cargo.toml
[INFO] running `Command { std: "/workspace/cargo-home/bin/cargo" "+beta-2021-08-01" "generate-lockfile" "--manifest-path" "Cargo.toml" "-Zno-index-update", kill_on_drop: false }`
[INFO] running `Command { std: "/workspace/cargo-home/bin/cargo" "+beta-2021-08-01" "fetch" "--manifest-path" "Cargo.toml", kill_on_drop: false }`
[INFO] [stderr]  Downloading crates ...
[INFO] [stderr]   Downloaded strsim v0.6.0
[INFO] [stderr]   Downloaded kqueue-sys v0.2.0
[INFO] [stderr]   Downloaded kqueue v0.2.3
[INFO] [stderr]   Downloaded docopt v0.7.0
[INFO] running `Command { std: "docker" "create" "-v" "/var/lib/crater-agent-workspace/builds/worker-9/target:/opt/rustwide/target:rw,Z" "-v" "/var/lib/crater-agent-workspace/builds/worker-9/source:/opt/rustwide/workdir:ro,Z" "-v" "/var/lib/crater-agent-workspace/cargo-home:/opt/rustwide/cargo-home:ro,Z" "-v" "/var/lib/crater-agent-workspace/rustup-home:/opt/rustwide/rustup-home:ro,Z" "-e" "SOURCE_DIR=/opt/rustwide/workdir" "-e" "CARGO_TARGET_DIR=/opt/rustwide/target" "-e" "CARGO_HOME=/opt/rustwide/cargo-home" "-e" "RUSTUP_HOME=/opt/rustwide/rustup-home" "-w" "/opt/rustwide/workdir" "-m" "1610612736" "--user" "0:0" "--network" "none" "ghcr.io/rust-lang/crates-build-env/linux@sha256:34b6a614d2c27851fe6cbf88fbd1137609cefab8b10d0615aaeb6fd47975d74e" "/opt/rustwide/cargo-home/bin/cargo" "+beta-2021-08-01" "metadata" "--no-deps" "--format-version=1", kill_on_drop: false }`
[INFO] [stdout] e1cdf01d132d987029c6d1f6ca2891fa06a9fddcabbc97f8a96ee323455f7178
[INFO] running `Command { std: "docker" "start" "-a" "e1cdf01d132d987029c6d1f6ca2891fa06a9fddcabbc97f8a96ee323455f7178", kill_on_drop: false }`
[INFO] running `Command { std: "docker" "inspect" "e1cdf01d132d987029c6d1f6ca2891fa06a9fddcabbc97f8a96ee323455f7178", kill_on_drop: false }`
[INFO] running `Command { std: "docker" "rm" "-f" "e1cdf01d132d987029c6d1f6ca2891fa06a9fddcabbc97f8a96ee323455f7178", kill_on_drop: false }`
[INFO] [stdout] e1cdf01d132d987029c6d1f6ca2891fa06a9fddcabbc97f8a96ee323455f7178
[INFO] running `Command { std: "docker" "create" "-v" "/var/lib/crater-agent-workspace/builds/worker-9/target:/opt/rustwide/target:rw,Z" "-v" "/var/lib/crater-agent-workspace/builds/worker-9/source:/opt/rustwide/workdir:ro,Z" "-v" "/var/lib/crater-agent-workspace/cargo-home:/opt/rustwide/cargo-home:ro,Z" "-v" "/var/lib/crater-agent-workspace/rustup-home:/opt/rustwide/rustup-home:ro,Z" "-e" "SOURCE_DIR=/opt/rustwide/workdir" "-e" "CARGO_TARGET_DIR=/opt/rustwide/target" "-e" "CARGO_INCREMENTAL=0" "-e" "RUST_BACKTRACE=full" "-e" "RUSTFLAGS=--cap-lints=warn" "-e" "CARGO_HOME=/opt/rustwide/cargo-home" "-e" "RUSTUP_HOME=/opt/rustwide/rustup-home" "-w" "/opt/rustwide/workdir" "-m" "1610612736" "--user" "0:0" "--network" "none" "ghcr.io/rust-lang/crates-build-env/linux@sha256:34b6a614d2c27851fe6cbf88fbd1137609cefab8b10d0615aaeb6fd47975d74e" "/opt/rustwide/cargo-home/bin/cargo" "+beta-2021-08-01" "build" "--frozen" "--message-format=json", kill_on_drop: false }`
[INFO] [stdout] b95da41a2127f19c1e04961210758d553fa03c11a208c85b66ccd2e35eb5c6b6
[INFO] running `Command { std: "docker" "start" "-a" "b95da41a2127f19c1e04961210758d553fa03c11a208c85b66ccd2e35eb5c6b6", kill_on_drop: false }`
[INFO] [stderr]    Compiling libc v0.2.98
[INFO] [stderr]    Compiling regex v0.2.11
[INFO] [stderr]    Compiling log v0.4.14
[INFO] [stderr]    Compiling ucd-util v0.1.8
[INFO] [stderr]    Compiling utf8-ranges v1.0.4
[INFO] [stderr]    Compiling bitflags v0.7.0
[INFO] [stderr]    Compiling strsim v0.6.0
[INFO] [stderr]    Compiling same-file v0.1.3
[INFO] [stderr]    Compiling lazy_static v0.2.11
[INFO] [stderr]    Compiling thread_local v0.3.6
[INFO] [stderr]    Compiling aho-corasick v0.6.10
[INFO] [stderr]    Compiling walkdir v1.0.7
[INFO] [stderr]    Compiling regex-syntax v0.5.6
[INFO] [stderr]    Compiling log v0.3.9
[INFO] [stderr]    Compiling atty v0.2.14
[INFO] [stderr]    Compiling kqueue-sys v0.2.0
[INFO] [stderr]    Compiling time v0.1.44
[INFO] [stdout] error[E0412]: cannot find type `EventFilter` in this scope
[INFO] [stdout]   --> /opt/rustwide/cargo-home/registry/src/github.com-1ecc6299db9ec823/kqueue-sys-0.2.0/src/lib.rs:25:17
[INFO] [stdout]    |
[INFO] [stdout] 25 |     pub filter: EventFilter,
[INFO] [stdout]    |                 ^^^^^^^^^^^ not found in this scope
[INFO] [stdout] 
[INFO] [stdout] 
[INFO] [stdout] error[E0412]: cannot find type `EventFlag` in this scope
[INFO] [stdout]   --> /opt/rustwide/cargo-home/registry/src/github.com-1ecc6299db9ec823/kqueue-sys-0.2.0/src/lib.rs:26:16
[INFO] [stdout]    |
[INFO] [stdout] 26 |     pub flags: EventFlag,
[INFO] [stdout]    |                ^^^^^^^^^ not found in this scope
[INFO] [stdout] 
[INFO] [stdout] 
[INFO] [stdout] error[E0412]: cannot find type `FilterFlag` in this scope
[INFO] [stdout]   --> /opt/rustwide/cargo-home/registry/src/github.com-1ecc6299db9ec823/kqueue-sys-0.2.0/src/lib.rs:27:17
[INFO] [stdout]    |
[INFO] [stdout] 27 |     pub fflags: FilterFlag,
[INFO] [stdout]    |                 ^^^^^^^^^^ not found in this scope
[INFO] [stdout] 
[INFO] [stdout] 
[INFO] [stderr]    Compiling colored v1.9.3
[INFO] [stdout] error: aborting due to 3 previous errors
[INFO] [stdout] 
[INFO] [stdout] 
[INFO] [stdout] For more information about this error, try `rustc --explain E0412`.
[INFO] [stdout] 
[INFO] [stderr] error: could not compile `kqueue-sys` due to 4 previous errors
[INFO] [stderr] warning: build failed, waiting for other jobs to finish...
[INFO] [stderr] error: build failed
[INFO] running `Command { std: "docker" "inspect" "b95da41a2127f19c1e04961210758d553fa03c11a208c85b66ccd2e35eb5c6b6", kill_on_drop: false }`
[INFO] running `Command { std: "docker" "rm" "-f" "b95da41a2127f19c1e04961210758d553fa03c11a208c85b66ccd2e35eb5c6b6", kill_on_drop: false }`
[INFO] [stdout] b95da41a2127f19c1e04961210758d553fa03c11a208c85b66ccd2e35eb5c6b6
