[INFO] fetching crate kunai 0.4.0...
[INFO] testing kunai-0.4.0 against 1.54.0 for beta-1.55-1
[INFO] extracting crate kunai 0.4.0 into /workspace/builds/worker-33/source
[INFO] validating manifest of crates.io crate kunai 0.4.0 on toolchain 1.54.0
[INFO] running `Command { std: "/workspace/cargo-home/bin/cargo" "+1.54.0" "metadata" "--manifest-path" "Cargo.toml" "--no-deps", kill_on_drop: false }`
[INFO] started tweaking crates.io crate kunai 0.4.0
[INFO] finished tweaking crates.io crate kunai 0.4.0
[INFO] tweaked toml for crates.io crate kunai 0.4.0 written to /workspace/builds/worker-33/source/Cargo.toml
[INFO] crate crates.io crate kunai 0.4.0 already has a lockfile, it will not be regenerated
[INFO] running `Command { std: "/workspace/cargo-home/bin/cargo" "+1.54.0" "fetch" "--manifest-path" "Cargo.toml", kill_on_drop: false }`
[INFO] [stderr]     Blocking waiting for file lock on package cache
[INFO] [stderr]     Blocking waiting for file lock on package cache
[INFO] [stderr]  Downloading crates ...
[INFO] [stderr]   Downloaded ena v0.13.1
[INFO] [stderr]   Downloaded rustc-hash v1.0.1
[INFO] [stderr]   Downloaded wincolor v1.0.2
[INFO] [stderr]   Downloaded term_size v0.3.1
[INFO] [stderr]   Downloaded dtoa-short v0.3.2
[INFO] [stderr]   Downloaded procedural-masquerade v0.1.6
[INFO] [stderr]   Downloaded cssparser v0.25.9
[INFO] [stderr]   Downloaded cargo_metadata v0.8.2
[INFO] [stderr]   Downloaded selectors v0.21.0
[INFO] [stderr]   Downloaded globset v0.4.4
[INFO] [stderr]   Downloaded ignore v0.4.10
[INFO] [stderr]   Downloaded structopt-derive v0.4.0
[INFO] [stderr]   Downloaded rustversion v1.0.0
[INFO] [stderr]   Downloaded proc-macro-error v0.4.4
[INFO] [stderr]   Downloaded bytecount v0.6.0
[INFO] [stderr]   Downloaded filetime v0.2.8
[INFO] [stderr]   Downloaded hex v0.4.0
[INFO] [stderr]   Downloaded rustc-rayon-core v0.3.0
[INFO] [stderr]   Downloaded opener v0.4.1
[INFO] [stderr]   Downloaded annotate-snippets v0.6.1
[INFO] [stderr]   Downloaded cc v1.0.48
[INFO] [stderr]   Downloaded git2 v0.10.2
[INFO] [stderr]   Downloaded rustfix v0.4.6
[INFO] [stderr]   Downloaded tar v0.4.26
[INFO] [stderr]   Downloaded curl v0.4.25
[INFO] [stderr]   Downloaded structopt v0.3.7
[INFO] [stderr]   Downloaded syn-mid v0.4.0
[INFO] [stderr]   Downloaded rustc-workspace-hack v1.0.0
[INFO] [stderr]   Downloaded proc-macro-error-attr v0.4.3
[INFO] [stderr]   Downloaded blake2b_simd v0.5.9
[INFO] [stderr]   Downloaded cssparser-macros v0.3.6
[INFO] [stderr]   Downloaded serde_ignored v0.1.1
[INFO] [stderr]   Downloaded fwdansi v1.1.0
[INFO] [stderr]   Downloaded crates-io v0.29.0
[INFO] [stderr]   Downloaded im-rc v13.0.0
[INFO] [stderr]   Downloaded jobserver v0.1.17
[INFO] [stderr]   Downloaded syn v1.0.11
[INFO] [stderr]   Downloaded libssh2-sys v0.2.13
[INFO] [stderr]   Downloaded rustfmt-nightly v1.4.11
[INFO] [stderr]   Downloaded toml v0.5.5
[INFO] [stderr]   Downloaded libgit2-sys v0.9.2
[INFO] [stderr]   Downloaded sized-chunks v0.3.1
[INFO] [stderr]   Downloaded libnghttp2-sys v0.1.2
[INFO] [stderr]   Downloaded curl-sys v0.4.24
[INFO] [stderr]   Downloaded rustc-ap-arena v610.0.0
[INFO] [stderr]   Downloaded rustc-ap-rustc_target v610.0.0
[INFO] [stderr]   Downloaded rustc-ap-graphviz v610.0.0
[INFO] [stderr]   Downloaded rustc-ap-syntax v610.0.0
[INFO] [stderr]   Downloaded cargo-platform v0.1.0
[INFO] [stderr]   Downloaded rustc-ap-rustc_lexer v610.0.0
[INFO] [stderr]   Downloaded home v0.5.1
[INFO] [stderr]   Downloaded rustc-ap-rustc_data_structures v610.0.0
[INFO] [stderr]   Downloaded rustc-ap-rustc_index v610.0.0
[INFO] [stderr]   Downloaded rustc-ap-serialize v610.0.0
[INFO] [stderr]   Downloaded rustfmt-config_proc_macro v0.2.0
[INFO] [stderr]   Downloaded rustc-ap-syntax_pos v610.0.0
[INFO] [stderr]   Downloaded shell-escape v0.1.4
[INFO] [stderr]   Downloaded markup5ever v0.9.0
[INFO] [stderr]   Downloaded scraper v0.11.0
[INFO] [stderr]   Downloaded git2-curl v0.11.0
[INFO] [stderr]   Downloaded rustc-ap-rustc_errors v610.0.0
[INFO] [stderr]   Downloaded rustc-rayon v0.3.0
[INFO] [stderr]   Downloaded html5ever v0.24.1
[INFO] [stderr]   Downloaded rustc-ap-rustc_macros v610.0.0
[INFO] [stderr]   Downloaded cargo v0.41.0
[INFO] running `Command { std: "docker" "create" "-v" "/var/lib/crater-agent-workspace/builds/worker-33/target:/opt/rustwide/target:rw,Z" "-v" "/var/lib/crater-agent-workspace/builds/worker-33/source:/opt/rustwide/workdir:ro,Z" "-v" "/var/lib/crater-agent-workspace/cargo-home:/opt/rustwide/cargo-home:ro,Z" "-v" "/var/lib/crater-agent-workspace/rustup-home:/opt/rustwide/rustup-home:ro,Z" "-e" "SOURCE_DIR=/opt/rustwide/workdir" "-e" "CARGO_TARGET_DIR=/opt/rustwide/target" "-e" "CARGO_HOME=/opt/rustwide/cargo-home" "-e" "RUSTUP_HOME=/opt/rustwide/rustup-home" "-w" "/opt/rustwide/workdir" "-m" "1610612736" "--user" "0:0" "--network" "none" "ghcr.io/rust-lang/crates-build-env/linux@sha256:34b6a614d2c27851fe6cbf88fbd1137609cefab8b10d0615aaeb6fd47975d74e" "/opt/rustwide/cargo-home/bin/cargo" "+1.54.0" "metadata" "--no-deps" "--format-version=1", kill_on_drop: false }`
[INFO] [stdout] 044b8b4940129c357be6ca13b973e5a1b365aa4a3ac75f0c760896eb41bfa15a
[INFO] running `Command { std: "docker" "start" "-a" "044b8b4940129c357be6ca13b973e5a1b365aa4a3ac75f0c760896eb41bfa15a", kill_on_drop: false }`
[INFO] running `Command { std: "docker" "inspect" "044b8b4940129c357be6ca13b973e5a1b365aa4a3ac75f0c760896eb41bfa15a", kill_on_drop: false }`
[INFO] running `Command { std: "docker" "rm" "-f" "044b8b4940129c357be6ca13b973e5a1b365aa4a3ac75f0c760896eb41bfa15a", kill_on_drop: false }`
[INFO] [stdout] 044b8b4940129c357be6ca13b973e5a1b365aa4a3ac75f0c760896eb41bfa15a
[INFO] running `Command { std: "docker" "create" "-v" "/var/lib/crater-agent-workspace/builds/worker-33/target:/opt/rustwide/target:rw,Z" "-v" "/var/lib/crater-agent-workspace/builds/worker-33/source:/opt/rustwide/workdir:ro,Z" "-v" "/var/lib/crater-agent-workspace/cargo-home:/opt/rustwide/cargo-home:ro,Z" "-v" "/var/lib/crater-agent-workspace/rustup-home:/opt/rustwide/rustup-home:ro,Z" "-e" "SOURCE_DIR=/opt/rustwide/workdir" "-e" "CARGO_TARGET_DIR=/opt/rustwide/target" "-e" "CARGO_INCREMENTAL=0" "-e" "RUST_BACKTRACE=full" "-e" "RUSTFLAGS=--cap-lints=warn" "-e" "CARGO_HOME=/opt/rustwide/cargo-home" "-e" "RUSTUP_HOME=/opt/rustwide/rustup-home" "-w" "/opt/rustwide/workdir" "-m" "1610612736" "--user" "0:0" "--network" "none" "ghcr.io/rust-lang/crates-build-env/linux@sha256:34b6a614d2c27851fe6cbf88fbd1137609cefab8b10d0615aaeb6fd47975d74e" "/opt/rustwide/cargo-home/bin/cargo" "+1.54.0" "build" "--frozen" "--message-format=json", kill_on_drop: false }`
[INFO] [stdout] 1fea394fb15bfac1972fa1131e9d2f7d14c85f64b0e3d65ebc67cc4b65df6189
[INFO] running `Command { std: "docker" "start" "-a" "1fea394fb15bfac1972fa1131e9d2f7d14c85f64b0e3d65ebc67cc4b65df6189", kill_on_drop: false }`
[INFO] [stderr]     Blocking waiting for file lock on package cache
[INFO] [stderr]     Blocking waiting for file lock on package cache
[INFO] [stderr]    Compiling libc v0.2.66
[INFO] [stderr]    Compiling cfg-if v0.1.10
[INFO] [stderr]    Compiling unicode-xid v0.2.0
[INFO] [stderr]    Compiling proc-macro2 v1.0.6
[INFO] [stderr]    Compiling syn v1.0.11
[INFO] [stderr]    Compiling log v0.4.8
[INFO] [stderr]    Compiling serde v1.0.104
[INFO] [stderr]    Compiling lazy_static v1.4.0
[INFO] [stderr]    Compiling pkg-config v0.3.17
[INFO] [stderr]    Compiling byteorder v1.3.2
[INFO] [stderr]    Compiling either v1.5.3
[INFO] [stderr]    Compiling itoa v0.4.4
[INFO] [stderr]    Compiling scopeguard v1.0.0
[INFO] [stderr]    Compiling siphasher v0.2.3
[INFO] [stderr]    Compiling futures v0.1.29
[INFO] [stderr]    Compiling ryu v1.0.2
[INFO] [stderr]    Compiling smallvec v1.1.0
[INFO] [stderr]    Compiling memchr v2.2.1
[INFO] [stderr]    Compiling fnv v1.0.6
[INFO] [stderr]    Compiling unicode-width v0.1.7
[INFO] [stderr]    Compiling rustc-rayon-core v0.3.0
[INFO] [stderr]    Compiling slab v0.4.2
[INFO] [stderr]    Compiling regex-syntax v0.6.12
[INFO] [stderr]    Compiling stable_deref_trait v1.1.1
[INFO] [stderr]    Compiling string_cache_shared v0.3.0
[INFO] [stderr]    Compiling failure_derive v0.1.6
[INFO] [stderr]    Compiling openssl-probe v0.1.2
[INFO] [stderr]    Compiling percent-encoding v2.1.0
[INFO] [stderr]    Compiling rustc-demangle v0.1.16
[INFO] [stderr]    Compiling rustc-ap-graphviz v610.0.0
[INFO] [stderr]    Compiling ansi_term v0.11.0
[INFO] [stderr]    Compiling version_check v0.9.1
[INFO] [stderr]    Compiling foreign-types-shared v0.1.1
[INFO] [stderr]    Compiling openssl v0.10.26
[INFO] [stderr]    Compiling getrandom v0.1.13
[INFO] [stderr]    Compiling dtoa v0.4.4
[INFO] [stderr]    Compiling termcolor v1.0.5
[INFO] [stderr]    Compiling version_check v0.1.5
[INFO] [stderr]    Compiling new_debug_unreachable v1.0.3
[INFO] [stderr]    Compiling ppv-lite86 v0.2.6
[INFO] [stderr]    Compiling precomputed-hash v0.1.1
[INFO] [stderr]    Compiling scoped-tls v1.0.0
[INFO] [stderr]    Compiling httparse v1.3.4
[INFO] [stderr]    Compiling typenum v1.11.2
[INFO] [stderr]    Compiling quick-error v1.2.2
[INFO] [stderr]    Compiling crc32fast v1.2.0
[INFO] [stderr]    Compiling curl v0.4.25
[INFO] [stderr]    Compiling mac v0.1.1
[INFO] [stderr]    Compiling strsim v0.8.0
[INFO] [stderr]    Compiling procedural-masquerade v0.1.6
[INFO] [stderr]    Compiling native-tls v0.2.3
[INFO] [stderr]    Compiling unicode-segmentation v1.6.0
[INFO] [stderr]    Compiling same-file v1.0.5
[INFO] [stderr]    Compiling vec_map v0.8.1
[INFO] [stderr]    Compiling utf-8 v0.7.5
[INFO] [stderr]    Compiling try-lock v0.2.2
[INFO] [stderr]    Compiling rustc-ap-rustc_target v610.0.0
[INFO] [stderr]    Compiling adler32 v1.0.4
[INFO] [stderr]    Compiling encoding_rs v0.8.22
[INFO] [stderr]    Compiling rustc-ap-syntax v610.0.0
[INFO] [stderr]    Compiling nodrop v0.1.14
[INFO] [stderr]    Compiling utf8parse v0.1.1
[INFO] [stderr]    Compiling hex v0.3.2
[INFO] [stderr]    Compiling remove_dir_all v0.5.2
[INFO] [stderr]    Compiling rustc-workspace-hack v1.0.0
[INFO] [stderr]    Compiling thin-slice v0.1.1
[INFO] [stderr]    Compiling rustfmt-nightly v1.4.11
[INFO] [stderr]    Compiling mime v0.3.14
[INFO] [stderr]    Compiling home v0.5.1
[INFO] [stderr]    Compiling opener v0.4.1
[INFO] [stderr]    Compiling numtoa v0.1.0
[INFO] [stderr]    Compiling shell-escape v0.1.4
[INFO] [stderr]    Compiling hex v0.4.0
[INFO] [stderr]    Compiling bytecount v0.6.0
[INFO] [stderr]    Compiling unicode_categories v0.1.1
[INFO] [stderr]    Compiling lazycell v1.2.1
[INFO] [stderr]    Compiling ego-tree v0.6.2
[INFO] [stderr]    Compiling diff v0.1.12
[INFO] [stderr]    Compiling glob v0.3.0
[INFO] [stderr]    Compiling bytesize v1.0.0
[INFO] [stderr]    Compiling crossbeam-utils v0.7.0
[INFO] [stderr]    Compiling crossbeam-epoch v0.8.0
[INFO] [stderr]    Compiling indexmap v1.3.0
[INFO] [stderr]    Compiling unicode-bidi v0.3.4
[INFO] [stderr]    Compiling smallvec v0.6.13
[INFO] [stdout] error[E0554]: `#![feature]` may not be used on the stable release channel
[INFO] [stdout]    --> /opt/rustwide/cargo-home/registry/src/github.com-1ecc6299db9ec823/rustc-ap-graphviz-610.0.0/lib.rs:277:1
[INFO] [stdout]     |
[INFO] [stdout] 277 | #![feature(rustc_private, nll)]
[INFO] [stdout]     | ^^^^^^^^^^^^^^^^^^^^^^^^^^^^^^^
[INFO] [stdout] 
[INFO] [stdout] 
[INFO] [stdout] error: aborting due to previous error
[INFO] [stdout] 
[INFO] [stdout] 
[INFO] [stdout] For more information about this error, try `rustc --explain E0554`.
[INFO] [stdout] 
[INFO] [stderr] error: could not compile `rustc-ap-graphviz`
[INFO] [stderr] 
[INFO] [stderr] To learn more, run the command again with --verbose.
[INFO] [stderr] warning: build failed, waiting for other jobs to finish...
[INFO] [stdout] error[E0554]: `#![feature]` may not be used on the stable release channel
[INFO] [stdout]   --> /opt/rustwide/cargo-home/registry/src/github.com-1ecc6299db9ec823/smallvec-0.6.13/lib.rs:32:32
[INFO] [stdout]    |
[INFO] [stdout] 32 | #![cfg_attr(feature = "union", feature(untagged_unions))]
[INFO] [stdout]    |                                ^^^^^^^^^^^^^^^^^^^^^^^^
[INFO] [stdout] 
[INFO] [stdout] 
[INFO] [stdout] error[E0554]: `#![feature]` may not be used on the stable release channel
[INFO] [stdout]   --> /opt/rustwide/cargo-home/registry/src/github.com-1ecc6299db9ec823/smallvec-0.6.13/lib.rs:34:37
[INFO] [stdout]    |
[INFO] [stdout] 34 | #![cfg_attr(feature = "may_dangle", feature(dropck_eyepatch))]
[INFO] [stdout]    |                                     ^^^^^^^^^^^^^^^^^^^^^^^^
[INFO] [stdout] 
[INFO] [stdout] 
[INFO] [stdout] error: aborting due to 2 previous errors
[INFO] [stdout] 
[INFO] [stdout] 
[INFO] [stdout] For more information about this error, try `rustc --explain E0554`.
[INFO] [stdout] 
[INFO] [stderr] error: build failed
[INFO] running `Command { std: "docker" "inspect" "1fea394fb15bfac1972fa1131e9d2f7d14c85f64b0e3d65ebc67cc4b65df6189", kill_on_drop: false }`
[INFO] running `Command { std: "docker" "rm" "-f" "1fea394fb15bfac1972fa1131e9d2f7d14c85f64b0e3d65ebc67cc4b65df6189", kill_on_drop: false }`
[INFO] [stdout] 1fea394fb15bfac1972fa1131e9d2f7d14c85f64b0e3d65ebc67cc4b65df6189
