[INFO] fetching crate kserd_derive 0.1.0...
[INFO] testing kserd_derive-0.1.0 against 1.54.0 for beta-1.55-1
[INFO] extracting crate kserd_derive 0.1.0 into /workspace/builds/worker-116/source
[INFO] validating manifest of crates.io crate kserd_derive 0.1.0 on toolchain 1.54.0
[INFO] running `Command { std: "/workspace/cargo-home/bin/cargo" "+1.54.0" "metadata" "--manifest-path" "Cargo.toml" "--no-deps", kill_on_drop: false }`
[INFO] started tweaking crates.io crate kserd_derive 0.1.0
[INFO] finished tweaking crates.io crate kserd_derive 0.1.0
[INFO] tweaked toml for crates.io crate kserd_derive 0.1.0 written to /workspace/builds/worker-116/source/Cargo.toml
[INFO] running `Command { std: "/workspace/cargo-home/bin/cargo" "+1.54.0" "generate-lockfile" "--manifest-path" "Cargo.toml" "-Zno-index-update", kill_on_drop: false }`
[INFO] running `Command { std: "/workspace/cargo-home/bin/cargo" "+1.54.0" "fetch" "--manifest-path" "Cargo.toml", kill_on_drop: false }`
[INFO] running `Command { std: "docker" "create" "-v" "/var/lib/crater-agent-workspace/builds/worker-116/target:/opt/rustwide/target:rw,Z" "-v" "/var/lib/crater-agent-workspace/builds/worker-116/source:/opt/rustwide/workdir:ro,Z" "-v" "/var/lib/crater-agent-workspace/cargo-home:/opt/rustwide/cargo-home:ro,Z" "-v" "/var/lib/crater-agent-workspace/rustup-home:/opt/rustwide/rustup-home:ro,Z" "-e" "SOURCE_DIR=/opt/rustwide/workdir" "-e" "CARGO_TARGET_DIR=/opt/rustwide/target" "-e" "CARGO_HOME=/opt/rustwide/cargo-home" "-e" "RUSTUP_HOME=/opt/rustwide/rustup-home" "-w" "/opt/rustwide/workdir" "-m" "1610612736" "--user" "0:0" "--network" "none" "ghcr.io/rust-lang/crates-build-env/linux@sha256:34b6a614d2c27851fe6cbf88fbd1137609cefab8b10d0615aaeb6fd47975d74e" "/opt/rustwide/cargo-home/bin/cargo" "+1.54.0" "metadata" "--no-deps" "--format-version=1", kill_on_drop: false }`
[INFO] [stdout] f6fce95526f7680e47225cacb82961406b5226f4e12594ebf821bb943908f025
[INFO] running `Command { std: "docker" "start" "-a" "f6fce95526f7680e47225cacb82961406b5226f4e12594ebf821bb943908f025", kill_on_drop: false }`
[INFO] running `Command { std: "docker" "inspect" "f6fce95526f7680e47225cacb82961406b5226f4e12594ebf821bb943908f025", kill_on_drop: false }`
[INFO] running `Command { std: "docker" "rm" "-f" "f6fce95526f7680e47225cacb82961406b5226f4e12594ebf821bb943908f025", kill_on_drop: false }`
[INFO] [stdout] f6fce95526f7680e47225cacb82961406b5226f4e12594ebf821bb943908f025
[INFO] running `Command { std: "docker" "create" "-v" "/var/lib/crater-agent-workspace/builds/worker-116/target:/opt/rustwide/target:rw,Z" "-v" "/var/lib/crater-agent-workspace/builds/worker-116/source:/opt/rustwide/workdir:ro,Z" "-v" "/var/lib/crater-agent-workspace/cargo-home:/opt/rustwide/cargo-home:ro,Z" "-v" "/var/lib/crater-agent-workspace/rustup-home:/opt/rustwide/rustup-home:ro,Z" "-e" "SOURCE_DIR=/opt/rustwide/workdir" "-e" "CARGO_TARGET_DIR=/opt/rustwide/target" "-e" "CARGO_INCREMENTAL=0" "-e" "RUST_BACKTRACE=full" "-e" "RUSTFLAGS=--cap-lints=warn" "-e" "CARGO_HOME=/opt/rustwide/cargo-home" "-e" "RUSTUP_HOME=/opt/rustwide/rustup-home" "-w" "/opt/rustwide/workdir" "-m" "1610612736" "--user" "0:0" "--network" "none" "ghcr.io/rust-lang/crates-build-env/linux@sha256:34b6a614d2c27851fe6cbf88fbd1137609cefab8b10d0615aaeb6fd47975d74e" "/opt/rustwide/cargo-home/bin/cargo" "+1.54.0" "build" "--frozen" "--message-format=json", kill_on_drop: false }`
[INFO] [stdout] 5557c2532456854e14b86b36f1786850891f20f10806d30902f0625344b7f982
[INFO] running `Command { std: "docker" "start" "-a" "5557c2532456854e14b86b36f1786850891f20f10806d30902f0625344b7f982", kill_on_drop: false }`
[INFO] [stderr]     Blocking waiting for file lock on package cache
[INFO] [stderr]    Compiling proc-macro2 v1.0.28
[INFO] [stderr]    Compiling syn v1.0.74
[INFO] [stderr]    Compiling quote v1.0.9
[INFO] [stderr]    Compiling kserd_derive v0.1.0 (/opt/rustwide/workdir)
[INFO] [stdout] warning: unused import: `Index`
[INFO] [stdout]   --> src/lib.rs:23:95
[INFO] [stdout]    |
[INFO] [stdout] 23 |     parse_macro_input, parse_quote, Data, DeriveInput, Fields, GenericParam, Generics, Ident, Index,
[INFO] [stdout]    |                                                                                               ^^^^^
[INFO] [stdout]    |
[INFO] [stdout]    = note: `#[warn(unused_imports)]` on by default
[INFO] [stdout] 
[INFO] [stdout] 
[INFO] [stdout] warning: unused variable: `fields`
[INFO] [stdout]   --> src/lib.rs:90:37
[INFO] [stdout]    |
[INFO] [stdout] 90 |                 Fields::Unnamed(ref fields) => {
[INFO] [stdout]    |                                     ^^^^^^ help: if this is intentional, prefix it with an underscore: `_fields`
[INFO] [stdout]    |
[INFO] [stdout]    = note: `#[warn(unused_variables)]` on by default
[INFO] [stdout] 
[INFO] [stdout] 
[INFO] [stdout] warning: 2 warnings emitted
[INFO] [stdout] 
[INFO] [stdout] 
[INFO] [stderr]     Finished dev [unoptimized + debuginfo] target(s) in 8.43s
[INFO] running `Command { std: "docker" "inspect" "5557c2532456854e14b86b36f1786850891f20f10806d30902f0625344b7f982", kill_on_drop: false }`
[INFO] running `Command { std: "docker" "rm" "-f" "5557c2532456854e14b86b36f1786850891f20f10806d30902f0625344b7f982", kill_on_drop: false }`
[INFO] [stdout] 5557c2532456854e14b86b36f1786850891f20f10806d30902f0625344b7f982
[INFO] running `Command { std: "docker" "create" "-v" "/var/lib/crater-agent-workspace/builds/worker-116/target:/opt/rustwide/target:rw,Z" "-v" "/var/lib/crater-agent-workspace/builds/worker-116/source:/opt/rustwide/workdir:ro,Z" "-v" "/var/lib/crater-agent-workspace/cargo-home:/opt/rustwide/cargo-home:ro,Z" "-v" "/var/lib/crater-agent-workspace/rustup-home:/opt/rustwide/rustup-home:ro,Z" "-e" "SOURCE_DIR=/opt/rustwide/workdir" "-e" "CARGO_TARGET_DIR=/opt/rustwide/target" "-e" "CARGO_INCREMENTAL=0" "-e" "RUST_BACKTRACE=full" "-e" "RUSTFLAGS=--cap-lints=warn" "-e" "CARGO_HOME=/opt/rustwide/cargo-home" "-e" "RUSTUP_HOME=/opt/rustwide/rustup-home" "-w" "/opt/rustwide/workdir" "-m" "1610612736" "--user" "0:0" "--network" "none" "ghcr.io/rust-lang/crates-build-env/linux@sha256:34b6a614d2c27851fe6cbf88fbd1137609cefab8b10d0615aaeb6fd47975d74e" "/opt/rustwide/cargo-home/bin/cargo" "+1.54.0" "test" "--frozen" "--no-run" "--message-format=json", kill_on_drop: false }`
[INFO] [stdout] 3c6027679aeeeae10564652d1da0a3d23fa7d7bfaa430ca7aba34488792bae78
[INFO] running `Command { std: "docker" "start" "-a" "3c6027679aeeeae10564652d1da0a3d23fa7d7bfaa430ca7aba34488792bae78", kill_on_drop: false }`
[INFO] [stderr]     Blocking waiting for file lock on package cache
[INFO] [stderr]    Compiling kserd v0.1.0
[INFO] [stdout] warning: unused import: `Index`
[INFO] [stdout]   --> src/lib.rs:23:95
[INFO] [stdout]    |
[INFO] [stdout] 23 |     parse_macro_input, parse_quote, Data, DeriveInput, Fields, GenericParam, Generics, Ident, Index,
[INFO] [stdout]    |                                                                                               ^^^^^
[INFO] [stdout]    |
[INFO] [stdout]    = note: `#[warn(unused_imports)]` on by default
[INFO] [stdout] 
[INFO] [stdout] 
[INFO] [stdout] warning: unused variable: `fields`
[INFO] [stdout]   --> src/lib.rs:90:37
[INFO] [stdout]    |
[INFO] [stdout] 90 |                 Fields::Unnamed(ref fields) => {
[INFO] [stdout]    |                                     ^^^^^^ help: if this is intentional, prefix it with an underscore: `_fields`
[INFO] [stdout]    |
[INFO] [stdout]    = note: `#[warn(unused_variables)]` on by default
[INFO] [stdout] 
[INFO] [stdout] 
[INFO] [stdout] warning: 2 warnings emitted
[INFO] [stdout] 
[INFO] [stdout] 
[INFO] [stderr]    Compiling kserd_derive v0.1.0 (/opt/rustwide/workdir)
[INFO] [stdout] error: proc-macro derive panicked
[INFO] [stdout]   --> tests/structs.rs:39:14
[INFO] [stdout]    |
[INFO] [stdout] 39 |     #[derive(AsKserd)]
[INFO] [stdout]    |              ^^^^^^^
[INFO] [stdout]    |
[INFO] [stdout]    = help: message: not implemented
[INFO] [stdout] 
[INFO] [stdout] 
[INFO] [stdout] warning: unused import: `Index`
[INFO] [stdout]   --> src/lib.rs:23:95
[INFO] [stdout]    |
[INFO] [stdout] 23 |     parse_macro_input, parse_quote, Data, DeriveInput, Fields, GenericParam, Generics, Ident, Index,
[INFO] [stdout]    |                                                                                               ^^^^^
[INFO] [stdout]    |
[INFO] [stdout]    = note: `#[warn(unused_imports)]` on by default
[INFO] [stdout] 
[INFO] [stdout] 
[INFO] [stdout] error[E0433]: failed to resolve: use of undeclared crate or module `format`
[INFO] [stdout]   --> tests/structs.rs:23:34
[INFO] [stdout]    |
[INFO] [stdout] 23 |         kserd.as_str_with_config(format::FormattingConfig::default())
[INFO] [stdout]    |                                  ^^^^^^ use of undeclared crate or module `format`
[INFO] [stdout] 
[INFO] [stdout] 
[INFO] [stdout] error[E0433]: failed to resolve: use of undeclared crate or module `format`
[INFO] [stdout]   --> tests/structs.rs:48:34
[INFO] [stdout]    |
[INFO] [stdout] 48 |         kserd.as_str_with_config(format::FormattingConfig::default())
[INFO] [stdout]    |                                  ^^^^^^ use of undeclared crate or module `format`
[INFO] [stdout] 
[INFO] [stdout] 
[INFO] [stdout] error[E0405]: cannot find trait `AsKserd` in crate `kserd`
[INFO] [stdout]   --> tests/structs.rs:8:14
[INFO] [stdout]    |
[INFO] [stdout] 8  |     #[derive(AsKserd)]
[INFO] [stdout]    |              ^^^^^^^ help: a trait with a similar name exists: `ToKserd`
[INFO] [stdout]    | 
[INFO] [stdout]   ::: /opt/rustwide/cargo-home/registry/src/github.com-1ecc6299db9ec823/kserd-0.1.0/src/to_kserd.rs:82:1
[INFO] [stdout]    |
[INFO] [stdout] 82 | pub trait ToKserd<'a> {
[INFO] [stdout]    | --------------------- similarly named trait `ToKserd` defined here
[INFO] [stdout]    |
[INFO] [stdout]    = note: this error originates in the derive macro `AsKserd` (in Nightly builds, run with -Z macro-backtrace for more info)
[INFO] [stdout] 
[INFO] [stdout] 
[INFO] [stdout] error[E0412]: cannot find type `BTreeMap` in this scope
[INFO] [stdout]  --> tests/structs.rs:8:14
[INFO] [stdout]   |
[INFO] [stdout] 8 |     #[derive(AsKserd)]
[INFO] [stdout]   |              ^^^^^^^ not found in this scope
[INFO] [stdout]   |
[INFO] [stdout]   = note: this error originates in the derive macro `AsKserd` (in Nightly builds, run with -Z macro-backtrace for more info)
[INFO] [stdout] help: consider importing this struct
[INFO] [stdout]   |
[INFO] [stdout] 4 | use std::collections::BTreeMap;
[INFO] [stdout]   |
[INFO] [stdout] 
[INFO] [stdout] 
[INFO] [stdout] error[E0412]: cannot find type `KserdStr` in crate `kserd`
[INFO] [stdout]  --> tests/structs.rs:8:14
[INFO] [stdout]   |
[INFO] [stdout] 8 |     #[derive(AsKserd)]
[INFO] [stdout]   |              ^^^^^^^ not found in `kserd`
[INFO] [stdout]   |
[INFO] [stdout]   = note: this error originates in the derive macro `AsKserd` (in Nightly builds, run with -Z macro-backtrace for more info)
[INFO] [stdout] 
[INFO] [stdout] 
[INFO] [stdout] error[E0433]: failed to resolve: use of undeclared type `BTreeMap`
[INFO] [stdout]  --> tests/structs.rs:8:14
[INFO] [stdout]   |
[INFO] [stdout] 8 |     #[derive(AsKserd)]
[INFO] [stdout]   |              ^^^^^^^ not found in this scope
[INFO] [stdout]   |
[INFO] [stdout]   = note: this error originates in the derive macro `AsKserd` (in Nightly builds, run with -Z macro-backtrace for more info)
[INFO] [stdout] help: consider importing this struct
[INFO] [stdout]   |
[INFO] [stdout] 4 | use std::collections::BTreeMap;
[INFO] [stdout]   |
[INFO] [stdout] 
[INFO] [stdout] 
[INFO] [stdout] error: aborting due to 7 previous errors
[INFO] [stdout] 
[INFO] [stdout] 
[INFO] [stdout] Some errors have detailed explanations: E0405, E0412, E0433.
[INFO] [stdout] 
[INFO] [stdout] For more information about an error, try `rustc --explain E0405`.
[INFO] [stdout] 
[INFO] [stdout] warning: unused variable: `fields`
[INFO] [stdout]   --> src/lib.rs:90:37
[INFO] [stdout]    |
[INFO] [stdout] 90 |                 Fields::Unnamed(ref fields) => {
[INFO] [stdout]    |                                     ^^^^^^ help: if this is intentional, prefix it with an underscore: `_fields`
[INFO] [stdout]    |
[INFO] [stdout]    = note: `#[warn(unused_variables)]` on by default
[INFO] [stdout] 
[INFO] [stdout] 
[INFO] [stderr] error: could not compile `kserd_derive`
[INFO] [stderr] 
[INFO] [stderr] To learn more, run the command again with --verbose.
[INFO] [stderr] warning: build failed, waiting for other jobs to finish...
[INFO] [stdout] warning: 2 warnings emitted
[INFO] [stdout] 
[INFO] [stdout] 
[INFO] [stderr] error: build failed
[INFO] running `Command { std: "docker" "inspect" "3c6027679aeeeae10564652d1da0a3d23fa7d7bfaa430ca7aba34488792bae78", kill_on_drop: false }`
[INFO] running `Command { std: "docker" "rm" "-f" "3c6027679aeeeae10564652d1da0a3d23fa7d7bfaa430ca7aba34488792bae78", kill_on_drop: false }`
[INFO] [stdout] 3c6027679aeeeae10564652d1da0a3d23fa7d7bfaa430ca7aba34488792bae78
