[INFO] fetching crate kqueue2 0.2.2...
[INFO] testing kqueue2-0.2.2 against 1.54.0 for beta-1.55-1
[INFO] extracting crate kqueue2 0.2.2 into /workspace/builds/worker-106/source
[INFO] validating manifest of crates.io crate kqueue2 0.2.2 on toolchain 1.54.0
[INFO] running `Command { std: "/workspace/cargo-home/bin/cargo" "+1.54.0" "metadata" "--manifest-path" "Cargo.toml" "--no-deps", kill_on_drop: false }`
[INFO] started tweaking crates.io crate kqueue2 0.2.2
[INFO] finished tweaking crates.io crate kqueue2 0.2.2
[INFO] tweaked toml for crates.io crate kqueue2 0.2.2 written to /workspace/builds/worker-106/source/Cargo.toml
[INFO] running `Command { std: "/workspace/cargo-home/bin/cargo" "+1.54.0" "generate-lockfile" "--manifest-path" "Cargo.toml" "-Zno-index-update", kill_on_drop: false }`
[INFO] [stderr]     Blocking waiting for file lock on package cache
[INFO] running `Command { std: "/workspace/cargo-home/bin/cargo" "+1.54.0" "fetch" "--manifest-path" "Cargo.toml", kill_on_drop: false }`
[INFO] [stderr]     Blocking waiting for file lock on package cache
[INFO] [stderr]  Downloading crates ...
[INFO] [stderr]   Downloaded kqueue2-sys v0.1.5
[INFO] running `Command { std: "docker" "create" "-v" "/var/lib/crater-agent-workspace/builds/worker-106/target:/opt/rustwide/target:rw,Z" "-v" "/var/lib/crater-agent-workspace/builds/worker-106/source:/opt/rustwide/workdir:ro,Z" "-v" "/var/lib/crater-agent-workspace/cargo-home:/opt/rustwide/cargo-home:ro,Z" "-v" "/var/lib/crater-agent-workspace/rustup-home:/opt/rustwide/rustup-home:ro,Z" "-e" "SOURCE_DIR=/opt/rustwide/workdir" "-e" "CARGO_TARGET_DIR=/opt/rustwide/target" "-e" "CARGO_HOME=/opt/rustwide/cargo-home" "-e" "RUSTUP_HOME=/opt/rustwide/rustup-home" "-w" "/opt/rustwide/workdir" "-m" "1610612736" "--user" "0:0" "--network" "none" "ghcr.io/rust-lang/crates-build-env/linux@sha256:34b6a614d2c27851fe6cbf88fbd1137609cefab8b10d0615aaeb6fd47975d74e" "/opt/rustwide/cargo-home/bin/cargo" "+1.54.0" "metadata" "--no-deps" "--format-version=1", kill_on_drop: false }`
[INFO] [stdout] b356fbcbd593649c08d9bc184017095757903406604427e298645447cf266d89
[INFO] running `Command { std: "docker" "start" "-a" "b356fbcbd593649c08d9bc184017095757903406604427e298645447cf266d89", kill_on_drop: false }`
[INFO] running `Command { std: "docker" "inspect" "b356fbcbd593649c08d9bc184017095757903406604427e298645447cf266d89", kill_on_drop: false }`
[INFO] running `Command { std: "docker" "rm" "-f" "b356fbcbd593649c08d9bc184017095757903406604427e298645447cf266d89", kill_on_drop: false }`
[INFO] [stdout] b356fbcbd593649c08d9bc184017095757903406604427e298645447cf266d89
[INFO] running `Command { std: "docker" "create" "-v" "/var/lib/crater-agent-workspace/builds/worker-106/target:/opt/rustwide/target:rw,Z" "-v" "/var/lib/crater-agent-workspace/builds/worker-106/source:/opt/rustwide/workdir:ro,Z" "-v" "/var/lib/crater-agent-workspace/cargo-home:/opt/rustwide/cargo-home:ro,Z" "-v" "/var/lib/crater-agent-workspace/rustup-home:/opt/rustwide/rustup-home:ro,Z" "-e" "SOURCE_DIR=/opt/rustwide/workdir" "-e" "CARGO_TARGET_DIR=/opt/rustwide/target" "-e" "CARGO_INCREMENTAL=0" "-e" "RUST_BACKTRACE=full" "-e" "RUSTFLAGS=--cap-lints=warn" "-e" "CARGO_HOME=/opt/rustwide/cargo-home" "-e" "RUSTUP_HOME=/opt/rustwide/rustup-home" "-w" "/opt/rustwide/workdir" "-m" "1610612736" "--user" "0:0" "--network" "none" "ghcr.io/rust-lang/crates-build-env/linux@sha256:34b6a614d2c27851fe6cbf88fbd1137609cefab8b10d0615aaeb6fd47975d74e" "/opt/rustwide/cargo-home/bin/cargo" "+1.54.0" "build" "--frozen" "--message-format=json", kill_on_drop: false }`
[INFO] [stdout] 16cbd3c7724b475d48890f364d20561032eb4ff59c0801ddb637e6fd2f0d85cd
[INFO] running `Command { std: "docker" "start" "-a" "16cbd3c7724b475d48890f364d20561032eb4ff59c0801ddb637e6fd2f0d85cd", kill_on_drop: false }`
[INFO] [stderr]    Compiling bitflags v0.7.0
[INFO] [stderr]    Compiling kqueue2-sys v0.1.5
[INFO] [stdout] error[E0412]: cannot find type `EventFilter` in this scope
[INFO] [stdout]   --> /opt/rustwide/cargo-home/registry/src/github.com-1ecc6299db9ec823/kqueue2-sys-0.1.5/src/lib.rs:25:17
[INFO] [stdout]    |
[INFO] [stdout] 25 |     pub filter: EventFilter,
[INFO] [stdout]    |                 ^^^^^^^^^^^ not found in this scope
[INFO] [stdout] 
[INFO] [stdout] 
[INFO] [stdout] error[E0412]: cannot find type `EventFlag` in this scope
[INFO] [stdout]   --> /opt/rustwide/cargo-home/registry/src/github.com-1ecc6299db9ec823/kqueue2-sys-0.1.5/src/lib.rs:26:16
[INFO] [stdout]    |
[INFO] [stdout] 26 |     pub flags: EventFlag,
[INFO] [stdout]    |                ^^^^^^^^^ not found in this scope
[INFO] [stdout] 
[INFO] [stdout] 
[INFO] [stdout] error[E0412]: cannot find type `FilterFlag` in this scope
[INFO] [stdout]   --> /opt/rustwide/cargo-home/registry/src/github.com-1ecc6299db9ec823/kqueue2-sys-0.1.5/src/lib.rs:27:17
[INFO] [stdout]    |
[INFO] [stdout] 27 |     pub fflags: FilterFlag,
[INFO] [stdout]    |                 ^^^^^^^^^^ not found in this scope
[INFO] [stdout] 
[INFO] [stdout] 
[INFO] [stdout] error: aborting due to 3 previous errors
[INFO] [stdout] 
[INFO] [stdout] 
[INFO] [stdout] For more information about this error, try `rustc --explain E0412`.
[INFO] [stdout] 
[INFO] [stderr] error: could not compile `kqueue2-sys`
[INFO] [stderr] 
[INFO] [stderr] To learn more, run the command again with --verbose.
[INFO] running `Command { std: "docker" "inspect" "16cbd3c7724b475d48890f364d20561032eb4ff59c0801ddb637e6fd2f0d85cd", kill_on_drop: false }`
[INFO] running `Command { std: "docker" "rm" "-f" "16cbd3c7724b475d48890f364d20561032eb4ff59c0801ddb637e6fd2f0d85cd", kill_on_drop: false }`
[INFO] [stdout] 16cbd3c7724b475d48890f364d20561032eb4ff59c0801ddb637e6fd2f0d85cd
