[INFO] fetching crate keynesis 1.4.0...
[INFO] testing keynesis-1.4.0 against beta-2021-08-01 for beta-1.55-1
[INFO] extracting crate keynesis 1.4.0 into /workspace/builds/worker-4/source
[INFO] validating manifest of crates.io crate keynesis 1.4.0 on toolchain beta-2021-08-01
[INFO] running `Command { std: "/workspace/cargo-home/bin/cargo" "+beta-2021-08-01" "metadata" "--manifest-path" "Cargo.toml" "--no-deps", kill_on_drop: false }`
[INFO] started tweaking crates.io crate keynesis 1.4.0
[INFO] finished tweaking crates.io crate keynesis 1.4.0
[INFO] tweaked toml for crates.io crate keynesis 1.4.0 written to /workspace/builds/worker-4/source/Cargo.toml
[INFO] running `Command { std: "/workspace/cargo-home/bin/cargo" "+beta-2021-08-01" "generate-lockfile" "--manifest-path" "Cargo.toml" "-Zno-index-update", kill_on_drop: false }`
[INFO] running `Command { std: "/workspace/cargo-home/bin/cargo" "+beta-2021-08-01" "fetch" "--manifest-path" "Cargo.toml", kill_on_drop: false }`
[INFO] [stderr]     Blocking waiting for file lock on package cache
[INFO] [stderr]     Blocking waiting for file lock on package cache
[INFO] [stderr]  Downloading crates ...
[INFO] [stderr]   Downloaded block-cipher v0.8.0
[INFO] [stderr]   Downloaded chacha20poly1305 v0.6.0
[INFO] [stderr]   Downloaded ghash v0.3.1
[INFO] [stderr]   Downloaded blake2 v0.9.1
[INFO] [stderr]   Downloaded aes-soft v0.5.0
[INFO] [stderr]   Downloaded quickcheck_macros v1.0.0
[INFO] [stderr]   Downloaded cryptoxide v0.3.3
[INFO] [stderr]   Downloaded polyval v0.4.5
[INFO] [stderr]   Downloaded aes v0.5.0
[INFO] [stderr]   Downloaded aes-gcm v0.7.0
[INFO] [stderr]   Downloaded chacha20 v0.5.0
[INFO] [stderr]   Downloaded quickcheck v1.0.3
[INFO] [stderr]   Downloaded aesni v0.8.0
[INFO] [stderr]   Downloaded stream-cipher v0.7.1
[INFO] [stderr]   Downloaded snow v0.7.2
[INFO] [stderr]   Downloaded hacl-star v0.1.0
[INFO] [stderr]   Downloaded hacl-star-sys v0.1.0
[INFO] running `Command { std: "docker" "create" "-v" "/var/lib/crater-agent-workspace/builds/worker-4/target:/opt/rustwide/target:rw,Z" "-v" "/var/lib/crater-agent-workspace/builds/worker-4/source:/opt/rustwide/workdir:ro,Z" "-v" "/var/lib/crater-agent-workspace/cargo-home:/opt/rustwide/cargo-home:ro,Z" "-v" "/var/lib/crater-agent-workspace/rustup-home:/opt/rustwide/rustup-home:ro,Z" "-e" "SOURCE_DIR=/opt/rustwide/workdir" "-e" "CARGO_TARGET_DIR=/opt/rustwide/target" "-e" "CARGO_HOME=/opt/rustwide/cargo-home" "-e" "RUSTUP_HOME=/opt/rustwide/rustup-home" "-w" "/opt/rustwide/workdir" "-m" "1610612736" "--user" "0:0" "--network" "none" "ghcr.io/rust-lang/crates-build-env/linux@sha256:34b6a614d2c27851fe6cbf88fbd1137609cefab8b10d0615aaeb6fd47975d74e" "/opt/rustwide/cargo-home/bin/cargo" "+beta-2021-08-01" "metadata" "--no-deps" "--format-version=1", kill_on_drop: false }`
[INFO] [stderr] WARNING: Your kernel does not support swap limit capabilities or the cgroup is not mounted. Memory limited without swap.
[INFO] [stdout] 6bb50e8ea8fdbb644d4c9b30254b7d837cc8638ba7b33dcd86a40ea92347fb1f
[INFO] running `Command { std: "docker" "start" "-a" "6bb50e8ea8fdbb644d4c9b30254b7d837cc8638ba7b33dcd86a40ea92347fb1f", kill_on_drop: false }`
[INFO] running `Command { std: "docker" "inspect" "6bb50e8ea8fdbb644d4c9b30254b7d837cc8638ba7b33dcd86a40ea92347fb1f", kill_on_drop: false }`
[INFO] running `Command { std: "docker" "rm" "-f" "6bb50e8ea8fdbb644d4c9b30254b7d837cc8638ba7b33dcd86a40ea92347fb1f", kill_on_drop: false }`
[INFO] [stdout] 6bb50e8ea8fdbb644d4c9b30254b7d837cc8638ba7b33dcd86a40ea92347fb1f
[INFO] running `Command { std: "docker" "create" "-v" "/var/lib/crater-agent-workspace/builds/worker-4/target:/opt/rustwide/target:rw,Z" "-v" "/var/lib/crater-agent-workspace/builds/worker-4/source:/opt/rustwide/workdir:ro,Z" "-v" "/var/lib/crater-agent-workspace/cargo-home:/opt/rustwide/cargo-home:ro,Z" "-v" "/var/lib/crater-agent-workspace/rustup-home:/opt/rustwide/rustup-home:ro,Z" "-e" "SOURCE_DIR=/opt/rustwide/workdir" "-e" "CARGO_TARGET_DIR=/opt/rustwide/target" "-e" "CARGO_INCREMENTAL=0" "-e" "RUST_BACKTRACE=full" "-e" "RUSTFLAGS=--cap-lints=warn" "-e" "CARGO_HOME=/opt/rustwide/cargo-home" "-e" "RUSTUP_HOME=/opt/rustwide/rustup-home" "-w" "/opt/rustwide/workdir" "-m" "1610612736" "--user" "0:0" "--network" "none" "ghcr.io/rust-lang/crates-build-env/linux@sha256:34b6a614d2c27851fe6cbf88fbd1137609cefab8b10d0615aaeb6fd47975d74e" "/opt/rustwide/cargo-home/bin/cargo" "+beta-2021-08-01" "build" "--frozen" "--message-format=json", kill_on_drop: false }`
[INFO] [stdout] fd077121681ba9cc37e8eaa26be265cb52233c398ffbcb6855540599347acf24
[INFO] [stderr] WARNING: Your kernel does not support swap limit capabilities or the cgroup is not mounted. Memory limited without swap.
[INFO] running `Command { std: "docker" "start" "-a" "fd077121681ba9cc37e8eaa26be265cb52233c398ffbcb6855540599347acf24", kill_on_drop: false }`
[INFO] [stderr]     Blocking waiting for file lock on package cache
[INFO] [stderr]    Compiling cryptoxide v0.3.3
[INFO] [stderr]    Compiling keynesis v1.4.0 (/opt/rustwide/workdir)
[INFO] [stderr]     Finished dev [unoptimized + debuginfo] target(s) in 5.19s
[INFO] running `Command { std: "docker" "inspect" "fd077121681ba9cc37e8eaa26be265cb52233c398ffbcb6855540599347acf24", kill_on_drop: false }`
[INFO] running `Command { std: "docker" "rm" "-f" "fd077121681ba9cc37e8eaa26be265cb52233c398ffbcb6855540599347acf24", kill_on_drop: false }`
[INFO] [stdout] fd077121681ba9cc37e8eaa26be265cb52233c398ffbcb6855540599347acf24
[INFO] running `Command { std: "docker" "create" "-v" "/var/lib/crater-agent-workspace/builds/worker-4/target:/opt/rustwide/target:rw,Z" "-v" "/var/lib/crater-agent-workspace/builds/worker-4/source:/opt/rustwide/workdir:ro,Z" "-v" "/var/lib/crater-agent-workspace/cargo-home:/opt/rustwide/cargo-home:ro,Z" "-v" "/var/lib/crater-agent-workspace/rustup-home:/opt/rustwide/rustup-home:ro,Z" "-e" "SOURCE_DIR=/opt/rustwide/workdir" "-e" "CARGO_TARGET_DIR=/opt/rustwide/target" "-e" "CARGO_INCREMENTAL=0" "-e" "RUST_BACKTRACE=full" "-e" "RUSTFLAGS=--cap-lints=warn" "-e" "CARGO_HOME=/opt/rustwide/cargo-home" "-e" "RUSTUP_HOME=/opt/rustwide/rustup-home" "-w" "/opt/rustwide/workdir" "-m" "1610612736" "--user" "0:0" "--network" "none" "ghcr.io/rust-lang/crates-build-env/linux@sha256:34b6a614d2c27851fe6cbf88fbd1137609cefab8b10d0615aaeb6fd47975d74e" "/opt/rustwide/cargo-home/bin/cargo" "+beta-2021-08-01" "test" "--frozen" "--no-run" "--message-format=json", kill_on_drop: false }`
[INFO] [stdout] 556ba60afd563731165bf7c86f6655333368155bf3eeadc08208c7c600404e02
[INFO] [stderr] WARNING: Your kernel does not support swap limit capabilities or the cgroup is not mounted. Memory limited without swap.
[INFO] running `Command { std: "docker" "start" "-a" "556ba60afd563731165bf7c86f6655333368155bf3eeadc08208c7c600404e02", kill_on_drop: false }`
[INFO] [stderr]    Compiling subtle v2.4.1
[INFO] [stderr]    Compiling rand_core v0.4.2
[INFO] [stderr]    Compiling hacl-star-sys v0.1.0
[INFO] [stderr]    Compiling snow v0.7.2
[INFO] [stderr]    Compiling block-cipher v0.8.0
[INFO] [stderr]    Compiling env_logger v0.8.4
[INFO] [stderr]    Compiling quickcheck_macros v1.0.0
[INFO] [stderr]    Compiling rand v0.8.4
[INFO] [stderr]    Compiling aes-soft v0.5.0
[INFO] [stderr]    Compiling stream-cipher v0.7.1
[INFO] [stderr]    Compiling universal-hash v0.4.1
[INFO] [stderr]    Compiling crypto-mac v0.8.0
[INFO] [stderr]    Compiling curve25519-dalek v3.2.0
[INFO] [stderr]    Compiling chacha20 v0.5.0
[INFO] [stderr]    Compiling blake2 v0.9.1
[INFO] [stderr]    Compiling aes v0.5.0
[INFO] [stderr]    Compiling polyval v0.4.5
[INFO] [stderr]    Compiling poly1305 v0.6.2
[INFO] [stderr]    Compiling ghash v0.3.1
[INFO] [stderr]    Compiling quickcheck v1.0.3
[INFO] [stderr]    Compiling aes-gcm v0.7.0
[INFO] [stderr]    Compiling chacha20poly1305 v0.6.0
[INFO] [stderr]    Compiling x25519-dalek v1.1.1
[INFO] [stderr]    Compiling hacl-star v0.1.0
[INFO] [stderr]    Compiling keynesis v1.4.0 (/opt/rustwide/workdir)
[INFO] [stdout] error[E0432]: unresolved import `noiseexplorer_ik`
[INFO] [stdout]  --> tests/ref_keynesis.rs:7:5
[INFO] [stdout]   |
[INFO] [stdout] 7 | use noiseexplorer_ik as noise;
[INFO] [stdout]   |     ^^^^^^^^^^^^^^^^^^^^^^^^^ no external crate `noiseexplorer_ik`
[INFO] [stdout] 
[INFO] [stdout] 
[INFO] [stdout] error: aborting due to previous error
[INFO] [stdout] 
[INFO] [stdout] 
[INFO] [stdout] For more information about this error, try `rustc --explain E0432`.
[INFO] [stdout] 
[INFO] [stderr] error: could not compile `keynesis` due to 2 previous errors
[INFO] [stderr] warning: build failed, waiting for other jobs to finish...
[INFO] [stdout] error[E0433]: failed to resolve: use of undeclared crate or module `noiseexplorer_ik`
[INFO] [stdout]    --> src/noise/cipher_state.rs:176:9
[INFO] [stdout]     |
[INFO] [stdout] 176 |     use noiseexplorer_ik::state::CipherState as CipherStateRef;
[INFO] [stdout]     |         ^^^^^^^^^^^^^^^^ use of undeclared crate or module `noiseexplorer_ik`
[INFO] [stdout] 
[INFO] [stdout] 
[INFO] [stdout] error[E0433]: failed to resolve: use of undeclared crate or module `noiseexplorer_ik`
[INFO] [stdout]    --> src/noise/symmetric_state.rs:247:9
[INFO] [stdout]     |
[INFO] [stdout] 247 |     use noiseexplorer_ik::state::SymmetricState as SymmetricStateRef;
[INFO] [stdout]     |         ^^^^^^^^^^^^^^^^ use of undeclared crate or module `noiseexplorer_ik`
[INFO] [stdout] 
[INFO] [stdout] 
[INFO] [stdout] error[E0433]: failed to resolve: use of undeclared type `CipherStateRef`
[INFO] [stdout]    --> src/noise/cipher_state.rs:181:26
[INFO] [stdout]     |
[INFO] [stdout] 181 |         let mut theirs = CipherStateRef::new();
[INFO] [stdout]     |                          ^^^^^^^^^^^^^^ use of undeclared type `CipherStateRef`
[INFO] [stdout] 
[INFO] [stdout] 
[INFO] [stdout] error[E0433]: failed to resolve: use of undeclared crate or module `noiseexplorer_ik`
[INFO] [stdout]    --> src/noise/cipher_state.rs:205:20
[INFO] [stdout]     |
[INFO] [stdout] 205 |         assert_eq!(noiseexplorer_ik::error::NoiseError::EmptyKeyError, err);
[INFO] [stdout]     |                    ^^^^^^^^^^^^^^^^ use of undeclared crate or module `noiseexplorer_ik`
[INFO] [stdout] 
[INFO] [stdout] 
[INFO] [stdout] error[E0433]: failed to resolve: use of undeclared type `CipherStateRef`
[INFO] [stdout]    --> src/noise/cipher_state.rs:229:26
[INFO] [stdout]     |
[INFO] [stdout] 229 |         let mut theirs = CipherStateRef::from_key(noiseexplorer_ik::types::Key::from_bytes(KEY));
[INFO] [stdout]     |                          ^^^^^^^^^^^^^^ use of undeclared type `CipherStateRef`
[INFO] [stdout] 
[INFO] [stdout] 
[INFO] [stdout] error[E0433]: failed to resolve: use of undeclared type `SymmetricStateRef`
[INFO] [stdout]    --> src/noise/symmetric_state.rs:254:26
[INFO] [stdout]     |
[INFO] [stdout] 254 |         let mut theirs = SymmetricStateRef::initialize_symmetric(PROTOCOL_NAME.as_bytes());
[INFO] [stdout]     |                          ^^^^^^^^^^^^^^^^^ use of undeclared type `SymmetricStateRef`
[INFO] [stdout] 
[INFO] [stdout] 
[INFO] [stdout] error[E0433]: failed to resolve: use of undeclared type `SymmetricStateRef`
[INFO] [stdout]    --> src/noise/symmetric_state.rs:267:26
[INFO] [stdout]     |
[INFO] [stdout] 267 |         let mut theirs = SymmetricStateRef::initialize_symmetric(&PROTOCOL_NAME);
[INFO] [stdout]     |                          ^^^^^^^^^^^^^^^^^ use of undeclared type `SymmetricStateRef`
[INFO] [stdout] 
[INFO] [stdout] 
[INFO] [stdout] error[E0433]: failed to resolve: use of undeclared type `SymmetricStateRef`
[INFO] [stdout]    --> src/noise/symmetric_state.rs:280:26
[INFO] [stdout]     |
[INFO] [stdout] 280 |         let mut theirs = SymmetricStateRef::initialize_symmetric(&PROTOCOL_NAME);
[INFO] [stdout]     |                          ^^^^^^^^^^^^^^^^^ use of undeclared type `SymmetricStateRef`
[INFO] [stdout] 
[INFO] [stdout] 
[INFO] [stdout] error[E0433]: failed to resolve: use of undeclared crate or module `noiseexplorer_ik`
[INFO] [stdout]    --> src/noise/cipher_state.rs:229:76
[INFO] [stdout]     |
[INFO] [stdout] 229 |         let mut theirs = CipherStateRef::from_key(noiseexplorer_ik::types::Key::from_bytes(KEY));
[INFO] [stdout]     |                                                                            ^^^ not found in `noiseexplorer_ik::types`
[INFO] [stdout]     |
[INFO] [stdout] help: consider importing one of these items
[INFO] [stdout]     |
[INFO] [stdout] 175 |     use hacl_star::chacha20::Key;
[INFO] [stdout]     |
[INFO] [stdout] 175 |     use hacl_star::chacha20poly1305::Key;
[INFO] [stdout]     |
[INFO] [stdout] 175 |     use hacl_star::nacl::secret::Key;
[INFO] [stdout]     |
[INFO] [stdout] 175 |     use hacl_star::salsa20::Key;
[INFO] [stdout]     |
[INFO] [stdout] 
[INFO] [stdout] 
[INFO] [stdout] error[E0412]: cannot find type `SymmetricStateRef` in this scope
[INFO] [stdout]    --> src/noise/symmetric_state.rs:288:71
[INFO] [stdout]     |
[INFO] [stdout] 8   | pub struct SymmetricState<H: Hash> {
[INFO] [stdout]     | ---------------------------------- similarly named struct `SymmetricState` defined here
[INFO] [stdout] ...
[INFO] [stdout] 288 |     fn test_mix_with(ours: &mut SymmetricState<Blake2s>, theirs: &mut SymmetricStateRef) {
[INFO] [stdout]     |                                                                       ^^^^^^^^^^^^^^^^^ help: a struct with a similar name exists: `SymmetricState`
[INFO] [stdout] 
[INFO] [stdout] 
[INFO] [stdout] error[E0412]: cannot find type `SymmetricStateRef` in this scope
[INFO] [stdout]    --> src/noise/symmetric_state.rs:302:73
[INFO] [stdout]     |
[INFO] [stdout] 8   | pub struct SymmetricState<H: Hash> {
[INFO] [stdout]     | ---------------------------------- similarly named struct `SymmetricState` defined here
[INFO] [stdout] ...
[INFO] [stdout] 302 |     fn test_encrypt_with(mut ours: SymmetricState<Blake2s>, mut theirs: SymmetricStateRef) {
[INFO] [stdout]     |                                                                         ^^^^^^^^^^^^^^^^^ help: a struct with a similar name exists: `SymmetricState`
[INFO] [stdout] 
[INFO] [stdout] 
[INFO] [stdout] error: aborting due to 11 previous errors
[INFO] [stdout] 
[INFO] [stdout] 
[INFO] [stdout] Some errors have detailed explanations: E0412, E0433.
[INFO] [stdout] 
[INFO] [stdout] For more information about an error, try `rustc --explain E0412`.
[INFO] [stdout] 
[INFO] [stderr] error: build failed
[INFO] running `Command { std: "docker" "inspect" "556ba60afd563731165bf7c86f6655333368155bf3eeadc08208c7c600404e02", kill_on_drop: false }`
[INFO] running `Command { std: "docker" "rm" "-f" "556ba60afd563731165bf7c86f6655333368155bf3eeadc08208c7c600404e02", kill_on_drop: false }`
[INFO] [stdout] 556ba60afd563731165bf7c86f6655333368155bf3eeadc08208c7c600404e02
