[INFO] fetching crate kagamijxl 0.2.8...
[INFO] testing kagamijxl-0.2.8 against 1.54.0 for beta-1.55-1
[INFO] extracting crate kagamijxl 0.2.8 into /workspace/builds/worker-5/source
[INFO] validating manifest of crates.io crate kagamijxl 0.2.8 on toolchain 1.54.0
[INFO] running `Command { std: "/workspace/cargo-home/bin/cargo" "+1.54.0" "metadata" "--manifest-path" "Cargo.toml" "--no-deps", kill_on_drop: false }`
[INFO] started tweaking crates.io crate kagamijxl 0.2.8
[INFO] finished tweaking crates.io crate kagamijxl 0.2.8
[INFO] tweaked toml for crates.io crate kagamijxl 0.2.8 written to /workspace/builds/worker-5/source/Cargo.toml
[INFO] running `Command { std: "/workspace/cargo-home/bin/cargo" "+1.54.0" "generate-lockfile" "--manifest-path" "Cargo.toml" "-Zno-index-update", kill_on_drop: false }`
[INFO] [stderr]     Blocking waiting for file lock on package cache
[INFO] running `Command { std: "/workspace/cargo-home/bin/cargo" "+1.54.0" "fetch" "--manifest-path" "Cargo.toml", kill_on_drop: false }`
[INFO] [stderr]     Blocking waiting for file lock on package cache
[INFO] running `Command { std: "docker" "create" "-v" "/var/lib/crater-agent-workspace/builds/worker-5/target:/opt/rustwide/target:rw,Z" "-v" "/var/lib/crater-agent-workspace/builds/worker-5/source:/opt/rustwide/workdir:ro,Z" "-v" "/var/lib/crater-agent-workspace/cargo-home:/opt/rustwide/cargo-home:ro,Z" "-v" "/var/lib/crater-agent-workspace/rustup-home:/opt/rustwide/rustup-home:ro,Z" "-e" "SOURCE_DIR=/opt/rustwide/workdir" "-e" "CARGO_TARGET_DIR=/opt/rustwide/target" "-e" "CARGO_HOME=/opt/rustwide/cargo-home" "-e" "RUSTUP_HOME=/opt/rustwide/rustup-home" "-w" "/opt/rustwide/workdir" "-m" "1610612736" "--user" "0:0" "--network" "none" "ghcr.io/rust-lang/crates-build-env/linux@sha256:34b6a614d2c27851fe6cbf88fbd1137609cefab8b10d0615aaeb6fd47975d74e" "/opt/rustwide/cargo-home/bin/cargo" "+1.54.0" "metadata" "--no-deps" "--format-version=1", kill_on_drop: false }`
[INFO] [stderr] WARNING: Your kernel does not support swap limit capabilities or the cgroup is not mounted. Memory limited without swap.
[INFO] [stdout] 36243281c4d9c57fda36bd3b1002ad7cd432a7363f0cad0b381e2fdd24282d62
[INFO] running `Command { std: "docker" "start" "-a" "36243281c4d9c57fda36bd3b1002ad7cd432a7363f0cad0b381e2fdd24282d62", kill_on_drop: false }`
[INFO] running `Command { std: "docker" "inspect" "36243281c4d9c57fda36bd3b1002ad7cd432a7363f0cad0b381e2fdd24282d62", kill_on_drop: false }`
[INFO] running `Command { std: "docker" "rm" "-f" "36243281c4d9c57fda36bd3b1002ad7cd432a7363f0cad0b381e2fdd24282d62", kill_on_drop: false }`
[INFO] [stdout] 36243281c4d9c57fda36bd3b1002ad7cd432a7363f0cad0b381e2fdd24282d62
[INFO] running `Command { std: "docker" "create" "-v" "/var/lib/crater-agent-workspace/builds/worker-5/target:/opt/rustwide/target:rw,Z" "-v" "/var/lib/crater-agent-workspace/builds/worker-5/source:/opt/rustwide/workdir:ro,Z" "-v" "/var/lib/crater-agent-workspace/cargo-home:/opt/rustwide/cargo-home:ro,Z" "-v" "/var/lib/crater-agent-workspace/rustup-home:/opt/rustwide/rustup-home:ro,Z" "-e" "SOURCE_DIR=/opt/rustwide/workdir" "-e" "CARGO_TARGET_DIR=/opt/rustwide/target" "-e" "CARGO_INCREMENTAL=0" "-e" "RUST_BACKTRACE=full" "-e" "RUSTFLAGS=--cap-lints=warn" "-e" "CARGO_HOME=/opt/rustwide/cargo-home" "-e" "RUSTUP_HOME=/opt/rustwide/rustup-home" "-w" "/opt/rustwide/workdir" "-m" "1610612736" "--user" "0:0" "--network" "none" "ghcr.io/rust-lang/crates-build-env/linux@sha256:34b6a614d2c27851fe6cbf88fbd1137609cefab8b10d0615aaeb6fd47975d74e" "/opt/rustwide/cargo-home/bin/cargo" "+1.54.0" "build" "--frozen" "--message-format=json", kill_on_drop: false }`
[INFO] [stderr] WARNING: Your kernel does not support swap limit capabilities or the cgroup is not mounted. Memory limited without swap.
[INFO] [stdout] 545ea9ed6a2e2559932446d997de16071ed070c67007ada7c060f32811a9dbc4
[INFO] running `Command { std: "docker" "start" "-a" "545ea9ed6a2e2559932446d997de16071ed070c67007ada7c060f32811a9dbc4", kill_on_drop: false }`
[INFO] [stderr]     Blocking waiting for file lock on package cache
[INFO] [stderr]    Compiling libjxl-src v0.3.8
[INFO] [stderr]    Compiling libjxl-sys v0.3.6
[INFO] [stderr] error: failed to run custom build command for `libjxl-sys v0.3.6`
[INFO] [stderr] 
[INFO] [stderr] Caused by:
[INFO] [stderr]   process didn't exit successfully: `/opt/rustwide/target/debug/build/libjxl-sys-31e468f7f23c22d6/build-script-build` (exit status: 101)
[INFO] [stderr]   --- stdout
[INFO] [stderr]   running: "cmake" "/opt/rustwide/cargo-home/registry/src/github.com-1ecc6299db9ec823/libjxl-src-0.3.8/submodules/libjxl" "-DJPEGXL_ENABLE_OPENEXR=OFF" "-DJPEGXL_ENABLE_BENCHMARK=OFF" "-DJPEGXL_STATIC=ON" "-DBUILD_TESTING=OFF" "-DJPEGXL_ENABLE_EXAMPLES=OFF" "-DCMAKE_INSTALL_PREFIX=/opt/rustwide/target/debug/build/libjxl-sys-64e0d0f5f35882b8/out" "-DCMAKE_C_FLAGS= -ffunction-sections -fdata-sections -fPIC -m64" "-DCMAKE_C_COMPILER=/usr/bin/cc" "-DCMAKE_CXX_FLAGS= -ffunction-sections -fdata-sections -fPIC -m64" "-DCMAKE_CXX_COMPILER=/usr/bin/c++" "-DCMAKE_ASM_FLAGS= -ffunction-sections -fdata-sections -fPIC -m64" "-DCMAKE_ASM_COMPILER=/usr/bin/cc" "-DCMAKE_BUILD_TYPE=Debug"
[INFO] [stderr]   -- The C compiler identification is GNU 9.3.0
[INFO] [stderr]   -- The CXX compiler identification is GNU 9.3.0
[INFO] [stderr]   -- Check for working C compiler: /usr/bin/cc
[INFO] [stderr]   -- Check for working C compiler: /usr/bin/cc -- works
[INFO] [stderr]   -- Detecting C compiler ABI info
[INFO] [stderr]   -- Detecting C compiler ABI info - done
[INFO] [stderr]   -- Detecting C compile features
[INFO] [stderr]   -- Detecting C compile features - done
[INFO] [stderr]   -- Check for working CXX compiler: /usr/bin/c++
[INFO] [stderr]   -- Check for working CXX compiler: /usr/bin/c++ -- works
[INFO] [stderr]   -- Detecting CXX compiler ABI info
[INFO] [stderr]   -- Detecting CXX compiler ABI info - done
[INFO] [stderr]   -- Detecting CXX compile features
[INFO] [stderr]   -- Detecting CXX compile features - done
[INFO] [stderr]   -- Performing Test JPEGXL_EMSCRIPTEN
[INFO] [stderr]   -- Performing Test JPEGXL_EMSCRIPTEN - Failed
[INFO] [stderr]   -- CMAKE_SYSTEM_PROCESSOR is x86_64
[INFO] [stderr]   -- Performing Test CXX_FUZZERS_SUPPORTED
[INFO] [stderr]   -- Performing Test CXX_FUZZERS_SUPPORTED - Failed
[INFO] [stderr]   -- Performing Test CXX_CONSTRUCTOR_ALIASES_SUPPORTED
[INFO] [stderr]   -- Performing Test CXX_CONSTRUCTOR_ALIASES_SUPPORTED - Failed
[INFO] [stderr]   -- Found PkgConfig: /usr/bin/pkg-config (found version "0.29.1") 
[INFO] [stderr]   -- tcmalloc version  -- tcmalloc 2.8.0 disabled due to https://github.com/gperftools/gperftools/issues/1204
[INFO] [stderr]   -- Compiled IDs C:GNU, C++:GNU
[INFO] [stderr]   -- Performing Test HWY_EMSCRIPTEN
[INFO] [stderr]   -- Performing Test HWY_EMSCRIPTEN - Failed
[INFO] [stderr]   -- Performing Test BROTLI_EMSCRIPTEN
[INFO] [stderr]   -- Performing Test BROTLI_EMSCRIPTEN - Failed
[INFO] [stderr]   -- Looking for log2
[INFO] [stderr]   -- Looking for log2 - not found
[INFO] [stderr]   -- Looking for log2
[INFO] [stderr]   -- Looking for log2 - found
[INFO] [stderr]   -- Performing Test CXX_WPSABI_SUPPORTED
[INFO] [stderr]   -- Performing Test CXX_WPSABI_SUPPORTED - Success
[INFO] [stderr]   -- Performing Test SJPEG_HAVE_FLAG___SSE2__
[INFO] [stderr]   -- Performing Test SJPEG_HAVE_FLAG___SSE2__ - Success
[INFO] [stderr]   -- Performing Test SJPEG_HAVE_FLAG___ARM_NEON__
[INFO] [stderr]   -- Performing Test SJPEG_HAVE_FLAG___ARM_NEON__ - Failed
[INFO] [stderr]   -- Performing Test SJPEG_HAVE_FLAG___ARM_NEON__
[INFO] [stderr]   -- Performing Test SJPEG_HAVE_FLAG___ARM_NEON__ - Failed
[INFO] [stderr]   -- Found ZLIB: /usr/lib/x86_64-linux-gnu/libz.a (found version "1.2.11") 
[INFO] [stderr]   -- Found PNG: /usr/lib/x86_64-linux-gnu/libpng.a (found version "1.6.37") 
[INFO] [stderr]   -- Found JPEG: /usr/lib/x86_64-linux-gnu/libjpeg.a (found version "80") 
[INFO] [stderr]   -- Could NOT find OpenGL (missing: OPENGL_opengl_LIBRARY OPENGL_glx_LIBRARY) 
[INFO] [stderr]   -- Could NOT find GLUT (missing: GLUT_glut_LIBRARY GLUT_INCLUDE_DIR) 
[INFO] [stderr]   -- Looking for pthread.h
[INFO] [stderr]   -- Looking for pthread.h - found
[INFO] [stderr]   -- Performing Test CMAKE_HAVE_LIBC_PTHREAD
[INFO] [stderr]   -- Performing Test CMAKE_HAVE_LIBC_PTHREAD - Failed
[INFO] [stderr]   -- Check if compiler accepts -pthread
[INFO] [stderr]   -- Check if compiler accepts -pthread - yes
[INFO] [stderr]   -- Found Threads: TRUE  
[INFO] [stderr]   -- Performing Test COMPILER_HAS_HIDDEN_VISIBILITY
[INFO] [stderr]   -- Performing Test COMPILER_HAS_HIDDEN_VISIBILITY - Success
[INFO] [stderr]   -- Performing Test COMPILER_HAS_HIDDEN_INLINE_VISIBILITY
[INFO] [stderr]   -- Performing Test COMPILER_HAS_HIDDEN_INLINE_VISIBILITY - Success
[INFO] [stderr]   -- Performing Test COMPILER_HAS_DEPRECATED_ATTR
[INFO] [stderr]   -- Performing Test COMPILER_HAS_DEPRECATED_ATTR - Success
[INFO] [stderr]   -- Could NOT find GIF (missing: GIF_LIBRARY GIF_INCLUDE_DIR) (Required is at least version "5")
[INFO] [stderr]   -- Could NOT find Doxygen (missing: DOXYGEN_EXECUTABLE) 
[INFO] [stderr]   -- Found Python: /usr/bin/python3.8 (found version "3.8.10") found components: Interpreter 
[INFO] [stderr]   -- Configuring done
[INFO] [stderr]   -- Generating done
[INFO] [stderr]   -- Build files have been written to: /opt/rustwide/target/debug/build/libjxl-sys-64e0d0f5f35882b8/out/build
[INFO] [stderr]   running: "cmake" "--build" "." "--target" "install" "--config" "Debug" "--"
[INFO] [stderr]   Scanning dependencies of target skcms
[INFO] [stderr]   Scanning dependencies of target lodepng
[INFO] [stderr]   Scanning dependencies of target hwy_contrib
[INFO] [stderr]   [  0%] Building CXX object third_party/CMakeFiles/skcms.dir/skcms/skcms.cc.o
[INFO] [stderr]   Scanning dependencies of target hwy_list_targets
[INFO] [stderr]   Scanning dependencies of target jxl_threads-static
[INFO] [stderr]   [  1%] Building CXX object third_party/highway/CMakeFiles/hwy_contrib.dir/hwy/contrib/image/image.cc.o
[INFO] [stderr]   [  1%] Building CXX object third_party/CMakeFiles/lodepng.dir/lodepng/lodepng.cpp.o
[INFO] [stderr]   [  1%] Building CXX object third_party/highway/CMakeFiles/hwy_list_targets.dir/hwy/tests/list_targets.cc.o
[INFO] [stderr]   Scanning dependencies of target brotlicommon-static
[INFO] [stderr]   [  1%] Building CXX object lib/CMakeFiles/jxl_threads-static.dir/threads/resizable_parallel_runner.cc.o
[INFO] [stderr]   Scanning dependencies of target sjpeg
[INFO] [stderr]   [  2%] Building CXX object lib/CMakeFiles/jxl_threads-static.dir/threads/thread_parallel_runner.cc.o
[INFO] [stderr]   [  2%] Building CXX object lib/CMakeFiles/jxl_threads-static.dir/threads/thread_parallel_runner_internal.cc.o
[INFO] [stderr]   [  2%] Building CXX object third_party/sjpeg/CMakeFiles/sjpeg.dir/src/bit_writer.cc.o
[INFO] [stderr]   [  3%] Building C object third_party/brotli/CMakeFiles/brotlicommon-static.dir/c/common/dictionary.c.o
[INFO] [stderr]   [  3%] Building C object third_party/brotli/CMakeFiles/brotlicommon-static.dir/c/common/transform.c.o
[INFO] [stderr]   Scanning dependencies of target jxl_dec-obj
[INFO] [stderr]   [  3%] Building CXX object third_party/sjpeg/CMakeFiles/sjpeg.dir/src/fdct.cc.o
[INFO] [stderr]   [  5%] Building CXX object third_party/sjpeg/CMakeFiles/sjpeg.dir/src/colors_rgb.cc.o
[INFO] [stderr]   [  6%] Building CXX object third_party/sjpeg/CMakeFiles/sjpeg.dir/src/enc.cc.o
[INFO] [stderr]   [  6%] Building CXX object third_party/sjpeg/CMakeFiles/sjpeg.dir/src/dichotomy.cc.o
[INFO] [stderr]   [  7%] Building CXX object lib/CMakeFiles/jxl_dec-obj.dir/jxl/ac_strategy.cc.o
[INFO] [stderr]   [  7%] Building CXX object third_party/sjpeg/CMakeFiles/sjpeg.dir/src/headers.cc.o
[INFO] [stderr]   Scanning dependencies of target jxl_enc-obj
[INFO] [stderr]   [  8%] Building CXX object lib/CMakeFiles/jxl_enc-obj.dir/jxl/butteraugli/butteraugli.cc.o
[INFO] [stderr]   [  8%] Linking C static library libbrotlicommon-static.a
[INFO] [stderr]   [ 10%] Linking CXX executable hwy_list_targets
[INFO] [stderr]   [ 10%] Built target brotlicommon-static
[INFO] [stderr]   Scanning dependencies of target brotlidec-static
[INFO] [stderr]   [ 10%] Built target hwy_list_targets
[INFO] [stderr]   Scanning dependencies of target brotlienc-static
[INFO] [stderr]   [ 11%] Building C object third_party/brotli/CMakeFiles/brotlidec-static.dir/c/dec/bit_reader.c.o
[INFO] [stderr]   [ 11%] Building C object third_party/brotli/CMakeFiles/brotlienc-static.dir/c/enc/backward_references.c.o
[INFO] [stderr]   [ 11%] Building C object third_party/brotli/CMakeFiles/brotlidec-static.dir/c/dec/decode.c.o
[INFO] [stderr]   [ 11%] Building C object third_party/brotli/CMakeFiles/brotlienc-static.dir/c/enc/backward_references_hq.c.o
[INFO] [stderr]   [ 12%] Building CXX object third_party/sjpeg/CMakeFiles/sjpeg.dir/src/jpeg_tools.cc.o
[INFO] [stderr]   [ 12%] Building C object third_party/brotli/CMakeFiles/brotlidec-static.dir/c/dec/huffman.c.o
[INFO] [stderr]   [ 12%] Building CXX object third_party/sjpeg/CMakeFiles/sjpeg.dir/src/score_7.cc.o
[INFO] [stderr]   [ 13%] Building CXX object third_party/sjpeg/CMakeFiles/sjpeg.dir/src/yuv_convert.cc.o
[INFO] [stderr]   [ 13%] Building CXX object lib/CMakeFiles/jxl_dec-obj.dir/jxl/alpha.cc.o
[INFO] [stderr]   [ 15%] Building C object third_party/brotli/CMakeFiles/brotlidec-static.dir/c/dec/state.c.o
[INFO] [stderr]   [ 15%] Building CXX object lib/CMakeFiles/jxl_dec-obj.dir/jxl/ans_common.cc.o
[INFO] [stderr]   [ 16%] Building C object third_party/brotli/CMakeFiles/brotlienc-static.dir/c/enc/bit_cost.c.o
[INFO] [stderr]   [ 16%] Building C object third_party/brotli/CMakeFiles/brotlienc-static.dir/c/enc/block_splitter.c.o
[INFO] [stderr]   [ 16%] Linking CXX static library libjxl_threads.a
[INFO] [stderr]   [ 17%] Building CXX object lib/CMakeFiles/jxl_dec-obj.dir/jxl/aux_out.cc.o
[INFO] [stderr]   [ 17%] Built target jxl_threads-static
[INFO] [stderr]   Scanning dependencies of target hwy
[INFO] [stderr]   [ 18%] Building CXX object third_party/highway/CMakeFiles/hwy.dir/hwy/aligned_allocator.cc.o
[INFO] [stderr]   [ 20%] Linking CXX static library liblodepng.a
[INFO] [stderr]   [ 20%] Building CXX object third_party/highway/CMakeFiles/hwy.dir/hwy/nanobenchmark.cc.o
[INFO] [stderr]   [ 20%] Building CXX object lib/CMakeFiles/jxl_dec-obj.dir/jxl/base/cache_aligned.cc.o
[INFO] [stderr]   [ 20%] Built target lodepng
[INFO] [stderr]   [ 21%] Building CXX object lib/CMakeFiles/jxl_dec-obj.dir/jxl/base/data_parallel.cc.o
[INFO] [stderr]   [ 21%] Building CXX object lib/CMakeFiles/jxl_enc-obj.dir/jxl/butteraugli_wrapper.cc.o
[INFO] [stderr]   [ 21%] Building CXX object lib/CMakeFiles/jxl_dec-obj.dir/jxl/base/descriptive_statistics.cc.o
[INFO] [stderr]   [ 21%] Building CXX object lib/CMakeFiles/jxl_dec-obj.dir/jxl/base/padded_bytes.cc.o
[INFO] [stderr]   [ 22%] Building C object third_party/brotli/CMakeFiles/brotlienc-static.dir/c/enc/brotli_bit_stream.c.o
[INFO] [stderr]   [ 22%] Linking C static library libbrotlidec-static.a
[INFO] [stderr]   [ 22%] Building C object third_party/brotli/CMakeFiles/brotlienc-static.dir/c/enc/cluster.c.o
[INFO] [stderr]   [ 24%] Building CXX object third_party/highway/CMakeFiles/hwy.dir/hwy/targets.cc.o
[INFO] [stderr]   [ 24%] Building C object third_party/brotli/CMakeFiles/brotlienc-static.dir/c/enc/compress_fragment.c.o
[INFO] [stderr]   [ 24%] Built target brotlidec-static
[INFO] [stderr]   [ 25%] Building C object third_party/brotli/CMakeFiles/brotlienc-static.dir/c/enc/compress_fragment_two_pass.c.o
[INFO] [stderr]   [ 26%] Building CXX object lib/CMakeFiles/jxl_dec-obj.dir/jxl/base/status.cc.o
[INFO] [stderr]   [ 26%] Building CXX object lib/CMakeFiles/jxl_dec-obj.dir/jxl/blending.cc.o
[INFO] [stderr]   [ 27%] Building CXX object lib/CMakeFiles/jxl_dec-obj.dir/jxl/chroma_from_luma.cc.o
[INFO] [stderr]   [ 27%] Building CXX object lib/CMakeFiles/jxl_dec-obj.dir/jxl/coeff_order.cc.o
[INFO] [stderr]   [ 27%] Building CXX object lib/CMakeFiles/jxl_dec-obj.dir/jxl/color_encoding_internal.cc.o
[INFO] [stderr]   [ 27%] Linking CXX static library libsjpeg.a
[INFO] [stderr]   [ 27%] Built target sjpeg
[INFO] [stderr]   [ 27%] Building C object third_party/brotli/CMakeFiles/brotlienc-static.dir/c/enc/dictionary_hash.c.o
[INFO] [stderr]   [ 27%] Building C object third_party/brotli/CMakeFiles/brotlienc-static.dir/c/enc/encode.c.o
[INFO] [stderr]   [ 29%] Building C object third_party/brotli/CMakeFiles/brotlienc-static.dir/c/enc/encoder_dict.c.o
[INFO] [stderr]   [ 29%] Building C object third_party/brotli/CMakeFiles/brotlienc-static.dir/c/enc/entropy_encode.c.o
[INFO] [stderr]   [ 29%] Linking CXX static library libhwy_contrib.a
[INFO] [stderr]   [ 29%] Linking CXX static library libhwy.a
[INFO] [stderr]   [ 30%] Building C object third_party/brotli/CMakeFiles/brotlienc-static.dir/c/enc/histogram.c.o
[INFO] [stderr]   [ 30%] Built target hwy_contrib
[INFO] [stderr]   [ 30%] Building C object third_party/brotli/CMakeFiles/brotlienc-static.dir/c/enc/literal_cost.c.o
[INFO] [stderr]   [ 30%] Built target hwy
[INFO] [stderr]   [ 30%] Building C object third_party/brotli/CMakeFiles/brotlienc-static.dir/c/enc/memory.c.o
[INFO] [stderr]   [ 31%] Building C object third_party/brotli/CMakeFiles/brotlienc-static.dir/c/enc/metablock.c.o
[INFO] [stderr]   [ 31%] Building C object third_party/brotli/CMakeFiles/brotlienc-static.dir/c/enc/static_dict.c.o
[INFO] [stderr]   [ 32%] Building C object third_party/brotli/CMakeFiles/brotlienc-static.dir/c/enc/utf8_util.c.o
[INFO] [stderr]   Scanning dependencies of target hwy_benchmark
[INFO] [stderr]   [ 34%] Building CXX object lib/CMakeFiles/jxl_dec-obj.dir/jxl/color_management.cc.o
[INFO] [stderr]   [ 34%] Building CXX object lib/CMakeFiles/jxl_dec-obj.dir/jxl/compressed_dc.cc.o
[INFO] [stderr]   [ 34%] Building CXX object third_party/highway/CMakeFiles/hwy_benchmark.dir/hwy/examples/benchmark.cc.o
[INFO] [stderr]   [ 35%] Building CXX object third_party/highway/CMakeFiles/hwy_benchmark.dir/hwy/nanobenchmark.cc.o
[INFO] [stderr]   [ 35%] Building CXX object lib/CMakeFiles/jxl_dec-obj.dir/jxl/convolve.cc.o
[INFO] [stderr]   [ 35%] Building CXX object lib/CMakeFiles/jxl_enc-obj.dir/jxl/enc_ac_strategy.cc.o
[INFO] [stderr]   [ 36%] Building CXX object lib/CMakeFiles/jxl_enc-obj.dir/jxl/dec_file.cc.o
[INFO] [stderr]   [ 36%] Building CXX object lib/CMakeFiles/jxl_enc-obj.dir/jxl/enc_adaptive_quantization.cc.o
[INFO] [stderr]   [ 37%] Building CXX object lib/CMakeFiles/jxl_enc-obj.dir/jxl/enc_ans.cc.o
[INFO] [stderr]   [ 37%] Linking C static library libbrotlienc-static.a
[INFO] [stderr]   [ 39%] Building CXX object lib/CMakeFiles/jxl_dec-obj.dir/jxl/dct_scales.cc.o
[INFO] [stderr]   [ 40%] Building CXX object lib/CMakeFiles/jxl_dec-obj.dir/jxl/dec_cache.cc.o
[INFO] [stderr]   [ 40%] Building CXX object lib/CMakeFiles/jxl_dec-obj.dir/jxl/dec_ans.cc.o
[INFO] [stderr]   [ 40%] Built target brotlienc-static
[INFO] [stderr]   Scanning dependencies of target jxl_profiler
[INFO] [stderr]   [ 41%] Linking CXX static library libskcms.a
[INFO] [stderr]   [ 41%] Building CXX object lib/CMakeFiles/jxl_profiler.dir/profiler/profiler.cc.o
[INFO] [stderr]   [ 41%] Built target skcms
[INFO] [stderr]   [ 41%] Building CXX object lib/CMakeFiles/jxl_dec-obj.dir/jxl/dec_context_map.cc.o
[INFO] [stderr]   [ 41%] Building CXX object lib/CMakeFiles/jxl_dec-obj.dir/jxl/dec_external_image.cc.o
[INFO] [stderr]   [ 43%] Building CXX object lib/CMakeFiles/jxl_dec-obj.dir/jxl/dec_frame.cc.o
[INFO] [stderr]   [ 43%] Building CXX object lib/CMakeFiles/jxl_dec-obj.dir/jxl/dec_group.cc.o
[INFO] [stderr]   [ 43%] Linking CXX executable examples/hwy_benchmark
[INFO] [stderr]   [ 43%] Built target hwy_benchmark
[INFO] [stderr]   [ 44%] Linking CXX static library libjxl_profiler.a
[INFO] [stderr]   [ 44%] Built target jxl_profiler
[INFO] [stderr] 
[INFO] [stderr]   --- stderr
[INFO] [stderr]   -- Compiler is not EMSCRIPTEN
[INFO] [stderr]   CMake Warning at CMakeLists.txt:302 (message):
[INFO] [stderr]     asciidoc was not found, the man pages will not be installed.
[INFO] [stderr] 
[INFO] [stderr] 
[INFO] [stderr]   CMake Warning:
[INFO] [stderr]     Manually-specified variables were not used by the project:
[INFO] [stderr] 
[INFO] [stderr]       CMAKE_ASM_COMPILER
[INFO] [stderr]       CMAKE_ASM_FLAGS
[INFO] [stderr] 
[INFO] [stderr] 
[INFO] [stderr]   Compiled HWY_TARGETS: AVX3 AVX2 SSE4 Scalar
[INFO] [stderr]   HWY_BASELINE_TARGETS: Scalar
[INFO] [stderr]   c++: fatal error: Killed signal terminated program cc1plus
[INFO] [stderr]   compilation terminated.
[INFO] [stderr]   make[2]: *** [lib/CMakeFiles/jxl_enc-obj.dir/build.make:63: lib/CMakeFiles/jxl_enc-obj.dir/jxl/butteraugli/butteraugli.cc.o] Error 1
[INFO] [stderr]   make[2]: *** Waiting for unfinished jobs....
[INFO] [stderr]   c++: fatal error: Killed signal terminated program cc1plus
[INFO] [stderr]   compilation terminated.
[INFO] [stderr]   make[2]: *** [lib/CMakeFiles/jxl_enc-obj.dir/build.make:102: lib/CMakeFiles/jxl_enc-obj.dir/jxl/enc_ac_strategy.cc.o] Error 1
[INFO] [stderr]   c++: fatal error: Killed signal terminated program cc1plus
[INFO] [stderr]   compilation terminated.
[INFO] [stderr]   make[2]: *** [lib/CMakeFiles/jxl_dec-obj.dir/build.make:180: lib/CMakeFiles/jxl_dec-obj.dir/jxl/blending.cc.o] Error 1
[INFO] [stderr]   make[2]: *** Waiting for unfinished jobs....
[INFO] [stderr]   c++: fatal error: Killed signal terminated program cc1plus
[INFO] [stderr]   compilation terminated.
[INFO] [stderr]   c++: fatal error: Killed signal terminated program cc1plus
[INFO] [stderr]   compilation terminated.
[INFO] [stderr]   make[2]: *** [lib/CMakeFiles/jxl_enc-obj.dir/build.make:89: lib/CMakeFiles/jxl_enc-obj.dir/jxl/dec_file.cc.o] Error 1
[INFO] [stderr]   make[2]: *** [lib/CMakeFiles/jxl_enc-obj.dir/build.make:115: lib/CMakeFiles/jxl_enc-obj.dir/jxl/enc_adaptive_quantization.cc.o] Error 1
[INFO] [stderr]   c++: fatal error: Killed signal terminated program cc1plus
[INFO] [stderr]   compilation terminated.
[INFO] [stderr]   make[2]: *** [lib/CMakeFiles/jxl_dec-obj.dir/build.make:258: lib/CMakeFiles/jxl_dec-obj.dir/jxl/convolve.cc.o] Error 1
[INFO] [stderr]   make[1]: *** [CMakeFiles/Makefile2:773: lib/CMakeFiles/jxl_enc-obj.dir/all] Error 2
[INFO] [stderr]   make[1]: *** Waiting for unfinished jobs....
[INFO] [stderr]   make[1]: *** [CMakeFiles/Makefile2:719: lib/CMakeFiles/jxl_dec-obj.dir/all] Error 2
[INFO] [stderr]   make: *** [Makefile:141: all] Error 2
[INFO] [stderr]   thread 'main' panicked at '
[INFO] [stderr]   command did not execute successfully, got: exit status: 2
[INFO] [stderr] 
[INFO] [stderr]   build script failed, must exit now', /opt/rustwide/cargo-home/registry/src/github.com-1ecc6299db9ec823/cmake-0.1.45/src/lib.rs:894:5
[INFO] [stderr]   stack backtrace:
[INFO] [stderr]      0:     0x5567058cc210 - std::backtrace_rs::backtrace::libunwind::trace::h34055254b57d8e79
[INFO] [stderr]                                  at /rustc/a178d0322ce20e33eac124758e837cbd80a6f633/library/std/src/../../backtrace/src/backtrace/libunwind.rs:90:5
[INFO] [stderr]      1:     0x5567058cc210 - std::backtrace_rs::backtrace::trace_unsynchronized::h8f1e3fbd9afff6ec
[INFO] [stderr]                                  at /rustc/a178d0322ce20e33eac124758e837cbd80a6f633/library/std/src/../../backtrace/src/backtrace/mod.rs:66:5
[INFO] [stderr]      2:     0x5567058cc210 - std::sys_common::backtrace::_print_fmt::h3a99a796b770c360
[INFO] [stderr]                                  at /rustc/a178d0322ce20e33eac124758e837cbd80a6f633/library/std/src/sys_common/backtrace.rs:67:5
[INFO] [stderr]      3:     0x5567058cc210 - <std::sys_common::backtrace::_print::DisplayBacktrace as core::fmt::Display>::fmt::h32d1f94a80615d18
[INFO] [stderr]                                  at /rustc/a178d0322ce20e33eac124758e837cbd80a6f633/library/std/src/sys_common/backtrace.rs:46:22
[INFO] [stderr]      4:     0x5567058f1f0c - core::fmt::write::h306731c068f7162c
[INFO] [stderr]                                  at /rustc/a178d0322ce20e33eac124758e837cbd80a6f633/library/core/src/fmt/mod.rs:1110:17
[INFO] [stderr]      5:     0x5567058c8cd5 - std::io::Write::write_fmt::hd2fa90334eee2a21
[INFO] [stderr]                                  at /rustc/a178d0322ce20e33eac124758e837cbd80a6f633/library/std/src/io/mod.rs:1588:15
[INFO] [stderr]      6:     0x5567058ce97b - std::sys_common::backtrace::_print::h5abaa2601a852287
[INFO] [stderr]                                  at /rustc/a178d0322ce20e33eac124758e837cbd80a6f633/library/std/src/sys_common/backtrace.rs:49:5
[INFO] [stderr]      7:     0x5567058ce97b - std::sys_common::backtrace::print::h8d81445442bb638f
[INFO] [stderr]                                  at /rustc/a178d0322ce20e33eac124758e837cbd80a6f633/library/std/src/sys_common/backtrace.rs:36:9
[INFO] [stderr]      8:     0x5567058ce97b - std::panicking::default_hook::{{closure}}::hcfe804496a9fa747
[INFO] [stderr]                                  at /rustc/a178d0322ce20e33eac124758e837cbd80a6f633/library/std/src/panicking.rs:208:50
[INFO] [stderr]      9:     0x5567058ce451 - std::panicking::default_hook::hbea8e3ccf2ba8901
[INFO] [stderr]                                  at /rustc/a178d0322ce20e33eac124758e837cbd80a6f633/library/std/src/panicking.rs:225:9
[INFO] [stderr]     10:     0x5567058cf044 - std::panicking::rust_panic_with_hook::h7ee9e1a2d0f8975a
[INFO] [stderr]                                  at /rustc/a178d0322ce20e33eac124758e837cbd80a6f633/library/std/src/panicking.rs:622:17
[INFO] [stderr]     11:     0x5567058ceb27 - std::panicking::begin_panic_handler::{{closure}}::h8ab3b4491718b2c7
[INFO] [stderr]                                  at /rustc/a178d0322ce20e33eac124758e837cbd80a6f633/library/std/src/panicking.rs:519:13
[INFO] [stderr]     12:     0x5567058cc70c - std::sys_common::backtrace::__rust_end_short_backtrace::hd489062ffa586a9f
[INFO] [stderr]                                  at /rustc/a178d0322ce20e33eac124758e837cbd80a6f633/library/std/src/sys_common/backtrace.rs:141:18
[INFO] [stderr]     13:     0x5567058cea89 - rust_begin_unwind
[INFO] [stderr]                                  at /rustc/a178d0322ce20e33eac124758e837cbd80a6f633/library/std/src/panicking.rs:515:5
[INFO] [stderr]     14:     0x556705346beb - std::panicking::begin_panic_fmt::h5479575e112541f8
[INFO] [stderr]                                  at /rustc/a178d0322ce20e33eac124758e837cbd80a6f633/library/std/src/panicking.rs:457:5
[INFO] [stderr]     15:     0x556705354023 - cmake::fail::ha1cc8d11909fbc7e
[INFO] [stderr]                                  at /opt/rustwide/cargo-home/registry/src/github.com-1ecc6299db9ec823/cmake-0.1.45/src/lib.rs:894:5
[INFO] [stderr]     16:     0x556705353a31 - cmake::run::hdc59bf284b822c8e
[INFO] [stderr]                                  at /opt/rustwide/cargo-home/registry/src/github.com-1ecc6299db9ec823/cmake-0.1.45/src/lib.rs:872:9
[INFO] [stderr]     17:     0x556705351461 - cmake::Config::build::hf6738867fda55e0d
[INFO] [stderr]                                  at /opt/rustwide/cargo-home/registry/src/github.com-1ecc6299db9ec823/cmake-0.1.45/src/lib.rs:778:9
[INFO] [stderr]     18:     0x55670534b3de - libjxl_src::build::build::h5e74db811b77abc8
[INFO] [stderr]                                  at /opt/rustwide/cargo-home/registry/src/github.com-1ecc6299db9ec823/libjxl-src-0.3.8/src/build.rs:21:5
[INFO] [stderr]     19:     0x55670534a5bb - build_script_build::main::h0a6043c1d43de16d
[INFO] [stderr]                                  at /opt/rustwide/cargo-home/registry/src/github.com-1ecc6299db9ec823/libjxl-sys-0.3.6/build.rs:7:5
[INFO] [stderr]     20:     0x55670534aefb - core::ops::function::FnOnce::call_once::h44900a29f8f0c745
[INFO] [stderr]                                  at /rustc/a178d0322ce20e33eac124758e837cbd80a6f633/library/core/src/ops/function.rs:227:5
[INFO] [stderr]     21:     0x55670534950e - std::sys_common::backtrace::__rust_begin_short_backtrace::h8f3406ff5bd91f74
[INFO] [stderr]                                  at /rustc/a178d0322ce20e33eac124758e837cbd80a6f633/library/std/src/sys_common/backtrace.rs:125:18
[INFO] [stderr]     22:     0x556705349af1 - std::rt::lang_start::{{closure}}::h67ceccb2972d37aa
[INFO] [stderr]                                  at /rustc/a178d0322ce20e33eac124758e837cbd80a6f633/library/std/src/rt.rs:49:18
[INFO] [stderr]     23:     0x5567058cf549 - core::ops::function::impls::<impl core::ops::function::FnOnce<A> for &F>::call_once::h2aabc384aab89b7b
[INFO] [stderr]                                  at /rustc/a178d0322ce20e33eac124758e837cbd80a6f633/library/core/src/ops/function.rs:259:13
[INFO] [stderr]     24:     0x5567058cf549 - std::panicking::try::do_call::hc5fcacb7a85fc7b1
[INFO] [stderr]                                  at /rustc/a178d0322ce20e33eac124758e837cbd80a6f633/library/std/src/panicking.rs:401:40
[INFO] [stderr]     25:     0x5567058cf549 - std::panicking::try::hb5d9603af3abbe3a
[INFO] [stderr]                                  at /rustc/a178d0322ce20e33eac124758e837cbd80a6f633/library/std/src/panicking.rs:365:19
[INFO] [stderr]     26:     0x5567058cf549 - std::panic::catch_unwind::h98fe6ac3925e64b4
[INFO] [stderr]                                  at /rustc/a178d0322ce20e33eac124758e837cbd80a6f633/library/std/src/panic.rs:434:14
[INFO] [stderr]     27:     0x5567058cf549 - std::rt::lang_start_internal::h22ac7383c516f93e
[INFO] [stderr]                                  at /rustc/a178d0322ce20e33eac124758e837cbd80a6f633/library/std/src/rt.rs:34:21
[INFO] [stderr]     28:     0x556705349ad0 - std::rt::lang_start::h23bfb2392487a003
[INFO] [stderr]                                  at /rustc/a178d0322ce20e33eac124758e837cbd80a6f633/library/std/src/rt.rs:48:5
[INFO] [stderr]     29:     0x55670534ab5c - main
[INFO] [stderr]     30:     0x7f870ff900b3 - __libc_start_main
[INFO] [stderr]     31:     0x55670534806e - _start
[INFO] [stderr]     32:                0x0 - <unknown>
[INFO] running `Command { std: "docker" "inspect" "545ea9ed6a2e2559932446d997de16071ed070c67007ada7c060f32811a9dbc4", kill_on_drop: false }`
[INFO] running `Command { std: "docker" "rm" "-f" "545ea9ed6a2e2559932446d997de16071ed070c67007ada7c060f32811a9dbc4", kill_on_drop: false }`
[INFO] [stdout] 545ea9ed6a2e2559932446d997de16071ed070c67007ada7c060f32811a9dbc4
