[INFO] fetching crate k4a-sys-temp 0.2.3...
[INFO] testing k4a-sys-temp-0.2.3 against beta-2021-08-01 for beta-1.55-1
[INFO] extracting crate k4a-sys-temp 0.2.3 into /workspace/builds/worker-2/source
[INFO] validating manifest of crates.io crate k4a-sys-temp 0.2.3 on toolchain beta-2021-08-01
[INFO] running `Command { std: "/workspace/cargo-home/bin/cargo" "+beta-2021-08-01" "metadata" "--manifest-path" "Cargo.toml" "--no-deps", kill_on_drop: false }`
[INFO] started tweaking crates.io crate k4a-sys-temp 0.2.3
[INFO] finished tweaking crates.io crate k4a-sys-temp 0.2.3
[INFO] tweaked toml for crates.io crate k4a-sys-temp 0.2.3 written to /workspace/builds/worker-2/source/Cargo.toml
[INFO] crate crates.io crate k4a-sys-temp 0.2.3 already has a lockfile, it will not be regenerated
[INFO] running `Command { std: "/workspace/cargo-home/bin/cargo" "+beta-2021-08-01" "fetch" "--manifest-path" "Cargo.toml", kill_on_drop: false }`
[INFO] running `Command { std: "docker" "create" "-v" "/var/lib/crater-agent-workspace/builds/worker-2/target:/opt/rustwide/target:rw,Z" "-v" "/var/lib/crater-agent-workspace/builds/worker-2/source:/opt/rustwide/workdir:ro,Z" "-v" "/var/lib/crater-agent-workspace/cargo-home:/opt/rustwide/cargo-home:ro,Z" "-v" "/var/lib/crater-agent-workspace/rustup-home:/opt/rustwide/rustup-home:ro,Z" "-e" "SOURCE_DIR=/opt/rustwide/workdir" "-e" "CARGO_TARGET_DIR=/opt/rustwide/target" "-e" "CARGO_HOME=/opt/rustwide/cargo-home" "-e" "RUSTUP_HOME=/opt/rustwide/rustup-home" "-w" "/opt/rustwide/workdir" "-m" "1610612736" "--user" "0:0" "--network" "none" "ghcr.io/rust-lang/crates-build-env/linux@sha256:34b6a614d2c27851fe6cbf88fbd1137609cefab8b10d0615aaeb6fd47975d74e" "/opt/rustwide/cargo-home/bin/cargo" "+beta-2021-08-01" "metadata" "--no-deps" "--format-version=1", kill_on_drop: false }`
[INFO] [stdout] fc78d34bad209fe36f878900e41dfede7ffbd4b96af8058b486977539994a64e
[INFO] [stderr] WARNING: Your kernel does not support swap limit capabilities or the cgroup is not mounted. Memory limited without swap.
[INFO] running `Command { std: "docker" "start" "-a" "fc78d34bad209fe36f878900e41dfede7ffbd4b96af8058b486977539994a64e", kill_on_drop: false }`
[INFO] running `Command { std: "docker" "inspect" "fc78d34bad209fe36f878900e41dfede7ffbd4b96af8058b486977539994a64e", kill_on_drop: false }`
[INFO] running `Command { std: "docker" "rm" "-f" "fc78d34bad209fe36f878900e41dfede7ffbd4b96af8058b486977539994a64e", kill_on_drop: false }`
[INFO] [stdout] fc78d34bad209fe36f878900e41dfede7ffbd4b96af8058b486977539994a64e
[INFO] running `Command { std: "docker" "create" "-v" "/var/lib/crater-agent-workspace/builds/worker-2/target:/opt/rustwide/target:rw,Z" "-v" "/var/lib/crater-agent-workspace/builds/worker-2/source:/opt/rustwide/workdir:ro,Z" "-v" "/var/lib/crater-agent-workspace/cargo-home:/opt/rustwide/cargo-home:ro,Z" "-v" "/var/lib/crater-agent-workspace/rustup-home:/opt/rustwide/rustup-home:ro,Z" "-e" "SOURCE_DIR=/opt/rustwide/workdir" "-e" "CARGO_TARGET_DIR=/opt/rustwide/target" "-e" "CARGO_INCREMENTAL=0" "-e" "RUST_BACKTRACE=full" "-e" "RUSTFLAGS=--cap-lints=warn" "-e" "CARGO_HOME=/opt/rustwide/cargo-home" "-e" "RUSTUP_HOME=/opt/rustwide/rustup-home" "-w" "/opt/rustwide/workdir" "-m" "1610612736" "--user" "0:0" "--network" "none" "ghcr.io/rust-lang/crates-build-env/linux@sha256:34b6a614d2c27851fe6cbf88fbd1137609cefab8b10d0615aaeb6fd47975d74e" "/opt/rustwide/cargo-home/bin/cargo" "+beta-2021-08-01" "build" "--frozen" "--message-format=json", kill_on_drop: false }`
[INFO] [stdout] 97b06e9e55b4b6e8ac4823f69d2b251d480ba546b959ce5006e9c5772d7d7d6f
[INFO] [stderr] WARNING: Your kernel does not support swap limit capabilities or the cgroup is not mounted. Memory limited without swap.
[INFO] running `Command { std: "docker" "start" "-a" "97b06e9e55b4b6e8ac4823f69d2b251d480ba546b959ce5006e9c5772d7d7d6f", kill_on_drop: false }`
[INFO] [stderr]    Compiling bindgen v0.52.0
[INFO] [stderr]    Compiling libloading v0.5.2
[INFO] [stderr]    Compiling nom v4.2.3
[INFO] [stderr]    Compiling regex v1.4.3
[INFO] [stderr]    Compiling cexpr v0.3.6
[INFO] [stderr]    Compiling clang-sys v0.28.1
[INFO] [stderr]    Compiling env_logger v0.7.1
[INFO] [stderr]    Compiling k4a-sys-temp v0.2.3 (/opt/rustwide/workdir)
[INFO] [stderr]     Finished dev [unoptimized + debuginfo] target(s) in 24.95s
[INFO] running `Command { std: "docker" "inspect" "97b06e9e55b4b6e8ac4823f69d2b251d480ba546b959ce5006e9c5772d7d7d6f", kill_on_drop: false }`
[INFO] running `Command { std: "docker" "rm" "-f" "97b06e9e55b4b6e8ac4823f69d2b251d480ba546b959ce5006e9c5772d7d7d6f", kill_on_drop: false }`
[INFO] [stdout] 97b06e9e55b4b6e8ac4823f69d2b251d480ba546b959ce5006e9c5772d7d7d6f
[INFO] running `Command { std: "docker" "create" "-v" "/var/lib/crater-agent-workspace/builds/worker-2/target:/opt/rustwide/target:rw,Z" "-v" "/var/lib/crater-agent-workspace/builds/worker-2/source:/opt/rustwide/workdir:ro,Z" "-v" "/var/lib/crater-agent-workspace/cargo-home:/opt/rustwide/cargo-home:ro,Z" "-v" "/var/lib/crater-agent-workspace/rustup-home:/opt/rustwide/rustup-home:ro,Z" "-e" "SOURCE_DIR=/opt/rustwide/workdir" "-e" "CARGO_TARGET_DIR=/opt/rustwide/target" "-e" "CARGO_INCREMENTAL=0" "-e" "RUST_BACKTRACE=full" "-e" "RUSTFLAGS=--cap-lints=warn" "-e" "CARGO_HOME=/opt/rustwide/cargo-home" "-e" "RUSTUP_HOME=/opt/rustwide/rustup-home" "-w" "/opt/rustwide/workdir" "-m" "1610612736" "--user" "0:0" "--network" "none" "ghcr.io/rust-lang/crates-build-env/linux@sha256:34b6a614d2c27851fe6cbf88fbd1137609cefab8b10d0615aaeb6fd47975d74e" "/opt/rustwide/cargo-home/bin/cargo" "+beta-2021-08-01" "test" "--frozen" "--no-run" "--message-format=json", kill_on_drop: false }`
[INFO] [stdout] ce094d14bfe3b9ffaf70d0fc3638397c8ecc5a29ab028a518b040c077f5230eb
[INFO] [stderr] WARNING: Your kernel does not support swap limit capabilities or the cgroup is not mounted. Memory limited without swap.
[INFO] running `Command { std: "docker" "start" "-a" "ce094d14bfe3b9ffaf70d0fc3638397c8ecc5a29ab028a518b040c077f5230eb", kill_on_drop: false }`
[INFO] [stderr]    Compiling k4a-sys-temp v0.2.3 (/opt/rustwide/workdir)
[INFO] [stdout] error[E0463]: can't find crate for `k4a_sys`
[INFO] [stdout]  --> examples/enumerate.rs:1:1
[INFO] [stdout]   |
[INFO] [stdout] 1 | extern crate k4a_sys;
[INFO] [stdout]   | ^^^^^^^^^^^^^^^^^^^^^ can't find crate
[INFO] [stdout] 
[INFO] [stdout] 
[INFO] [stdout] error[E0463]: can't find crate for `k4a_sys`
[INFO] [stdout]  --> examples/streaming.rs:2:1
[INFO] [stdout]   |
[INFO] [stdout] 2 | extern crate k4a_sys;
[INFO] [stdout]   | ^^^^^^^^^^^^^^^^^^^^^ can't find crate
[INFO] [stdout] 
[INFO] [stdout] 
[INFO] [stdout] error: aborting due to previous error
[INFO] [stdout] 
[INFO] [stdout] 
[INFO] [stdout] For more information about this error, try `rustc --explain E0463`.
[INFO] [stdout] 
[INFO] [stdout] error: aborting due to previous error
[INFO] [stdout] 
[INFO] [stdout] 
[INFO] [stdout] For more information about this error, try `rustc --explain E0463`.
[INFO] [stdout] 
[INFO] [stderr] error: could not compile `k4a-sys-temp` due to 2 previous errors
[INFO] [stderr] warning: build failed, waiting for other jobs to finish...
[INFO] [stdout] warning: dereferencing a null pointer
[INFO] [stdout]  --> /opt/rustwide/target/debug/build/k4a-sys-temp-a0b323e96def7629/out/bindings.rs:3:1078
[INFO] [stdout]   |
[INFO] [stdout] 3 | ...q ! (unsafe { & (* (:: std :: ptr :: null :: < _k4a_device_t > ())) . _rsvd as * const _ as usize } , 0usize , concat ! ("Offset of fi...
[INFO] [stdout]   |                    ^^^^^^^^^^^^^^^^^^^^^^^^^^^^^^^^^^^^^^^^^^^^^^^^^^^ this code causes undefined behavior when executed
[INFO] [stdout]   |
[INFO] [stdout]   = note: `#[warn(deref_nullptr)]` on by default
[INFO] [stdout] 
[INFO] [stdout] 
[INFO] [stdout] warning: dereferencing a null pointer
[INFO] [stdout]  --> /opt/rustwide/target/debug/build/k4a-sys-temp-a0b323e96def7629/out/bindings.rs:3:1754
[INFO] [stdout]   |
[INFO] [stdout] 3 | ...q ! (unsafe { & (* (:: std :: ptr :: null :: < _k4a_capture_t > ())) . _rsvd as * const _ as usize } , 0usize , concat ! ("Offset of f...
[INFO] [stdout]   |                    ^^^^^^^^^^^^^^^^^^^^^^^^^^^^^^^^^^^^^^^^^^^^^^^^^^^^ this code causes undefined behavior when executed
[INFO] [stdout] 
[INFO] [stdout] 
[INFO] [stdout] warning: dereferencing a null pointer
[INFO] [stdout]  --> /opt/rustwide/target/debug/build/k4a-sys-temp-a0b323e96def7629/out/bindings.rs:3:2422
[INFO] [stdout]   |
[INFO] [stdout] 3 | ...eq ! (unsafe { & (* (:: std :: ptr :: null :: < _k4a_image_t > ())) . _rsvd as * const _ as usize } , 0usize , concat ! ("Offset of fi...
[INFO] [stdout]   |                     ^^^^^^^^^^^^^^^^^^^^^^^^^^^^^^^^^^^^^^^^^^^^^^^^^^ this code causes undefined behavior when executed
[INFO] [stdout] 
[INFO] [stdout] 
[INFO] [stdout] warning: dereferencing a null pointer
[INFO] [stdout]  --> /opt/rustwide/target/debug/build/k4a-sys-temp-a0b323e96def7629/out/bindings.rs:3:3136
[INFO] [stdout]   |
[INFO] [stdout] 3 | ...(unsafe { & (* (:: std :: ptr :: null :: < _k4a_transformation_t > ())) . _rsvd as * const _ as usize } , 0usize , concat ! ("Offset o...
[INFO] [stdout]   |                ^^^^^^^^^^^^^^^^^^^^^^^^^^^^^^^^^^^^^^^^^^^^^^^^^^^^^^^^^^^ this code causes undefined behavior when executed
[INFO] [stdout] 
[INFO] [stdout] 
[INFO] [stdout] warning: dereferencing a null pointer
[INFO] [stdout]  --> /opt/rustwide/target/debug/build/k4a-sys-temp-a0b323e96def7629/out/bindings.rs:3:34806
[INFO] [stdout]   |
[INFO] [stdout] 3 | ...safe { & (* (:: std :: ptr :: null :: < _k4a_device_configuration_t > ())) . color_format as * const _ as usize } , 0usize , concat ! ...
[INFO] [stdout]   |             ^^^^^^^^^^^^^^^^^^^^^^^^^^^^^^^^^^^^^^^^^^^^^^^^^^^^^^^^^^^^^^^^^ this code causes undefined behavior when executed
[INFO] [stdout] 
[INFO] [stdout] 
[INFO] [stdout] warning: dereferencing a null pointer
[INFO] [stdout]  --> /opt/rustwide/target/debug/build/k4a-sys-temp-a0b323e96def7629/out/bindings.rs:3:35060
[INFO] [stdout]   |
[INFO] [stdout] 3 | ...safe { & (* (:: std :: ptr :: null :: < _k4a_device_configuration_t > ())) . color_resolution as * const _ as usize } , 4usize , conca...
[INFO] [stdout]   |             ^^^^^^^^^^^^^^^^^^^^^^^^^^^^^^^^^^^^^^^^^^^^^^^^^^^^^^^^^^^^^^^^^ this code causes undefined behavior when executed
[INFO] [stdout] 
[INFO] [stdout] 
[INFO] [stdout] warning: dereferencing a null pointer
[INFO] [stdout]  --> /opt/rustwide/target/debug/build/k4a-sys-temp-a0b323e96def7629/out/bindings.rs:3:35322
[INFO] [stdout]   |
[INFO] [stdout] 3 | ...safe { & (* (:: std :: ptr :: null :: < _k4a_device_configuration_t > ())) . depth_mode as * const _ as usize } , 8usize , concat ! ("...
[INFO] [stdout]   |             ^^^^^^^^^^^^^^^^^^^^^^^^^^^^^^^^^^^^^^^^^^^^^^^^^^^^^^^^^^^^^^^^^ this code causes undefined behavior when executed
[INFO] [stdout] 
[INFO] [stdout] 
[INFO] [stdout] warning: dereferencing a null pointer
[INFO] [stdout]  --> /opt/rustwide/target/debug/build/k4a-sys-temp-a0b323e96def7629/out/bindings.rs:3:35572
[INFO] [stdout]   |
[INFO] [stdout] 3 | ...safe { & (* (:: std :: ptr :: null :: < _k4a_device_configuration_t > ())) . camera_fps as * const _ as usize } , 12usize , concat ! (...
[INFO] [stdout]   |             ^^^^^^^^^^^^^^^^^^^^^^^^^^^^^^^^^^^^^^^^^^^^^^^^^^^^^^^^^^^^^^^^^ this code causes undefined behavior when executed
[INFO] [stdout] 
[INFO] [stdout] 
[INFO] [stdout] warning: dereferencing a null pointer
[INFO] [stdout]  --> /opt/rustwide/target/debug/build/k4a-sys-temp-a0b323e96def7629/out/bindings.rs:3:35823
[INFO] [stdout]   |
[INFO] [stdout] 3 | ...safe { & (* (:: std :: ptr :: null :: < _k4a_device_configuration_t > ())) . synchronized_images_only as * const _ as usize } , 16usiz...
[INFO] [stdout]   |             ^^^^^^^^^^^^^^^^^^^^^^^^^^^^^^^^^^^^^^^^^^^^^^^^^^^^^^^^^^^^^^^^^ this code causes undefined behavior when executed
[INFO] [stdout] 
[INFO] [stdout] 
[INFO] [stdout] warning: dereferencing a null pointer
[INFO] [stdout]  --> /opt/rustwide/target/debug/build/k4a-sys-temp-a0b323e96def7629/out/bindings.rs:3:36102
[INFO] [stdout]   |
[INFO] [stdout] 3 | ...safe { & (* (:: std :: ptr :: null :: < _k4a_device_configuration_t > ())) . depth_delay_off_color_usec as * const _ as usize } , 20us...
[INFO] [stdout]   |             ^^^^^^^^^^^^^^^^^^^^^^^^^^^^^^^^^^^^^^^^^^^^^^^^^^^^^^^^^^^^^^^^^ this code causes undefined behavior when executed
[INFO] [stdout] 
[INFO] [stdout] 
[INFO] [stdout] warning: dereferencing a null pointer
[INFO] [stdout]  --> /opt/rustwide/target/debug/build/k4a-sys-temp-a0b323e96def7629/out/bindings.rs:3:36385
[INFO] [stdout]   |
[INFO] [stdout] 3 | ...safe { & (* (:: std :: ptr :: null :: < _k4a_device_configuration_t > ())) . wired_sync_mode as * const _ as usize } , 24usize , conca...
[INFO] [stdout]   |             ^^^^^^^^^^^^^^^^^^^^^^^^^^^^^^^^^^^^^^^^^^^^^^^^^^^^^^^^^^^^^^^^^ this code causes undefined behavior when executed
[INFO] [stdout] 
[INFO] [stdout] 
[INFO] [stdout] warning: dereferencing a null pointer
[INFO] [stdout]  --> /opt/rustwide/target/debug/build/k4a-sys-temp-a0b323e96def7629/out/bindings.rs:3:36646
[INFO] [stdout]   |
[INFO] [stdout] 3 | ...safe { & (* (:: std :: ptr :: null :: < _k4a_device_configuration_t > ())) . subordinate_delay_off_master_usec as * const _ as usize }...
[INFO] [stdout]   |             ^^^^^^^^^^^^^^^^^^^^^^^^^^^^^^^^^^^^^^^^^^^^^^^^^^^^^^^^^^^^^^^^^ this code causes undefined behavior when executed
[INFO] [stdout] 
[INFO] [stdout] 
[INFO] [stdout] warning: dereferencing a null pointer
[INFO] [stdout]  --> /opt/rustwide/target/debug/build/k4a-sys-temp-a0b323e96def7629/out/bindings.rs:3:36943
[INFO] [stdout]   |
[INFO] [stdout] 3 | ...safe { & (* (:: std :: ptr :: null :: < _k4a_device_configuration_t > ())) . disable_streaming_indicator as * const _ as usize } , 32u...
[INFO] [stdout]   |             ^^^^^^^^^^^^^^^^^^^^^^^^^^^^^^^^^^^^^^^^^^^^^^^^^^^^^^^^^^^^^^^^^ this code causes undefined behavior when executed
[INFO] [stdout] 
[INFO] [stdout] 
[INFO] [stdout] warning: dereferencing a null pointer
[INFO] [stdout]  --> /opt/rustwide/target/debug/build/k4a-sys-temp-a0b323e96def7629/out/bindings.rs:3:38822
[INFO] [stdout]   |
[INFO] [stdout] 3 | ...afe { & (* (:: std :: ptr :: null :: < _k4a_calibration_extrinsics_t > ())) . rotation as * const _ as usize } , 0usize , concat ! ("O...
[INFO] [stdout]   |            ^^^^^^^^^^^^^^^^^^^^^^^^^^^^^^^^^^^^^^^^^^^^^^^^^^^^^^^^^^^^^^^^^^^ this code causes undefined behavior when executed
[INFO] [stdout] 
[INFO] [stdout] 
[INFO] [stdout] warning: dereferencing a null pointer
[INFO] [stdout]  --> /opt/rustwide/target/debug/build/k4a-sys-temp-a0b323e96def7629/out/bindings.rs:3:39072
[INFO] [stdout]   |
[INFO] [stdout] 3 | ...afe { & (* (:: std :: ptr :: null :: < _k4a_calibration_extrinsics_t > ())) . translation as * const _ as usize } , 36usize , concat !...
[INFO] [stdout]   |            ^^^^^^^^^^^^^^^^^^^^^^^^^^^^^^^^^^^^^^^^^^^^^^^^^^^^^^^^^^^^^^^^^^^ this code causes undefined behavior when executed
[INFO] [stdout] 
[INFO] [stdout] 
[INFO] [stdout] warning: dereferencing a null pointer
[INFO] [stdout]  --> /opt/rustwide/target/debug/build/k4a-sys-temp-a0b323e96def7629/out/bindings.rs:3:42408
[INFO] [stdout]   |
[INFO] [stdout] 3 | ...ert_eq ! (unsafe { & (* (:: std :: ptr :: null :: < k4a_calibration_intrinsic_parameters_t__param > ())) . cx as * const _ as usize } ...
[INFO] [stdout]   |                         ^^^^^^^^^^^^^^^^^^^^^^^^^^^^^^^^^^^^^^^^^^^^^^^^^^^^^^^^^^^^^^^^^^^^^^^^^^^^^^^^^^^ this code causes undefined behavior when executed
[INFO] [stdout] 
[INFO] [stdout] 
[INFO] [stdout] warning: dereferencing a null pointer
[INFO] [stdout]  --> /opt/rustwide/target/debug/build/k4a-sys-temp-a0b323e96def7629/out/bindings.rs:3:42678
[INFO] [stdout]   |
[INFO] [stdout] 3 | ...ert_eq ! (unsafe { & (* (:: std :: ptr :: null :: < k4a_calibration_intrinsic_parameters_t__param > ())) . cy as * const _ as usize } ...
[INFO] [stdout]   |                         ^^^^^^^^^^^^^^^^^^^^^^^^^^^^^^^^^^^^^^^^^^^^^^^^^^^^^^^^^^^^^^^^^^^^^^^^^^^^^^^^^^^ this code causes undefined behavior when executed
[INFO] [stdout] 
[INFO] [stdout] 
[INFO] [stdout] warning: dereferencing a null pointer
[INFO] [stdout]  --> /opt/rustwide/target/debug/build/k4a-sys-temp-a0b323e96def7629/out/bindings.rs:3:42948
[INFO] [stdout]   |
[INFO] [stdout] 3 | ...ert_eq ! (unsafe { & (* (:: std :: ptr :: null :: < k4a_calibration_intrinsic_parameters_t__param > ())) . fx as * const _ as usize } ...
[INFO] [stdout]   |                         ^^^^^^^^^^^^^^^^^^^^^^^^^^^^^^^^^^^^^^^^^^^^^^^^^^^^^^^^^^^^^^^^^^^^^^^^^^^^^^^^^^^ this code causes undefined behavior when executed
[INFO] [stdout] 
[INFO] [stdout] 
[INFO] [stdout] warning: dereferencing a null pointer
[INFO] [stdout]  --> /opt/rustwide/target/debug/build/k4a-sys-temp-a0b323e96def7629/out/bindings.rs:3:43218
[INFO] [stdout]   |
[INFO] [stdout] 3 | ...ert_eq ! (unsafe { & (* (:: std :: ptr :: null :: < k4a_calibration_intrinsic_parameters_t__param > ())) . fy as * const _ as usize } ...
[INFO] [stdout]   |                         ^^^^^^^^^^^^^^^^^^^^^^^^^^^^^^^^^^^^^^^^^^^^^^^^^^^^^^^^^^^^^^^^^^^^^^^^^^^^^^^^^^^ this code causes undefined behavior when executed
[INFO] [stdout] 
[INFO] [stdout] 
[INFO] [stdout] warning: dereferencing a null pointer
[INFO] [stdout]  --> /opt/rustwide/target/debug/build/k4a-sys-temp-a0b323e96def7629/out/bindings.rs:3:43489
[INFO] [stdout]   |
[INFO] [stdout] 3 | ...ert_eq ! (unsafe { & (* (:: std :: ptr :: null :: < k4a_calibration_intrinsic_parameters_t__param > ())) . k1 as * const _ as usize } ...
[INFO] [stdout]   |                         ^^^^^^^^^^^^^^^^^^^^^^^^^^^^^^^^^^^^^^^^^^^^^^^^^^^^^^^^^^^^^^^^^^^^^^^^^^^^^^^^^^^ this code causes undefined behavior when executed
[INFO] [stdout] 
[INFO] [stdout] 
[INFO] [stdout] warning: dereferencing a null pointer
[INFO] [stdout]  --> /opt/rustwide/target/debug/build/k4a-sys-temp-a0b323e96def7629/out/bindings.rs:3:43760
[INFO] [stdout]   |
[INFO] [stdout] 3 | ...ert_eq ! (unsafe { & (* (:: std :: ptr :: null :: < k4a_calibration_intrinsic_parameters_t__param > ())) . k2 as * const _ as usize } ...
[INFO] [stdout]   |                         ^^^^^^^^^^^^^^^^^^^^^^^^^^^^^^^^^^^^^^^^^^^^^^^^^^^^^^^^^^^^^^^^^^^^^^^^^^^^^^^^^^^ this code causes undefined behavior when executed
[INFO] [stdout] 
[INFO] [stdout] 
[INFO] [stdout] warning: dereferencing a null pointer
[INFO] [stdout]  --> /opt/rustwide/target/debug/build/k4a-sys-temp-a0b323e96def7629/out/bindings.rs:3:44031
[INFO] [stdout]   |
[INFO] [stdout] 3 | ...ert_eq ! (unsafe { & (* (:: std :: ptr :: null :: < k4a_calibration_intrinsic_parameters_t__param > ())) . k3 as * const _ as usize } ...
[INFO] [stdout]   |                         ^^^^^^^^^^^^^^^^^^^^^^^^^^^^^^^^^^^^^^^^^^^^^^^^^^^^^^^^^^^^^^^^^^^^^^^^^^^^^^^^^^^ this code causes undefined behavior when executed
[INFO] [stdout] 
[INFO] [stdout] 
[INFO] [stdout] warning: dereferencing a null pointer
[INFO] [stdout]  --> /opt/rustwide/target/debug/build/k4a-sys-temp-a0b323e96def7629/out/bindings.rs:3:44302
[INFO] [stdout]   |
[INFO] [stdout] 3 | ...ert_eq ! (unsafe { & (* (:: std :: ptr :: null :: < k4a_calibration_intrinsic_parameters_t__param > ())) . k4 as * const _ as usize } ...
[INFO] [stdout]   |                         ^^^^^^^^^^^^^^^^^^^^^^^^^^^^^^^^^^^^^^^^^^^^^^^^^^^^^^^^^^^^^^^^^^^^^^^^^^^^^^^^^^^ this code causes undefined behavior when executed
[INFO] [stdout] 
[INFO] [stdout] 
[INFO] [stdout] warning: dereferencing a null pointer
[INFO] [stdout]  --> /opt/rustwide/target/debug/build/k4a-sys-temp-a0b323e96def7629/out/bindings.rs:3:44573
[INFO] [stdout]   |
[INFO] [stdout] 3 | ...ert_eq ! (unsafe { & (* (:: std :: ptr :: null :: < k4a_calibration_intrinsic_parameters_t__param > ())) . k5 as * const _ as usize } ...
[INFO] [stdout]   |                         ^^^^^^^^^^^^^^^^^^^^^^^^^^^^^^^^^^^^^^^^^^^^^^^^^^^^^^^^^^^^^^^^^^^^^^^^^^^^^^^^^^^ this code causes undefined behavior when executed
[INFO] [stdout] 
[INFO] [stdout] 
[INFO] [stdout] warning: dereferencing a null pointer
[INFO] [stdout]  --> /opt/rustwide/target/debug/build/k4a-sys-temp-a0b323e96def7629/out/bindings.rs:3:44844
[INFO] [stdout]   |
[INFO] [stdout] 3 | ...ert_eq ! (unsafe { & (* (:: std :: ptr :: null :: < k4a_calibration_intrinsic_parameters_t__param > ())) . k6 as * const _ as usize } ...
[INFO] [stdout]   |                         ^^^^^^^^^^^^^^^^^^^^^^^^^^^^^^^^^^^^^^^^^^^^^^^^^^^^^^^^^^^^^^^^^^^^^^^^^^^^^^^^^^^ this code causes undefined behavior when executed
[INFO] [stdout] 
[INFO] [stdout] 
[INFO] [stdout] warning: dereferencing a null pointer
[INFO] [stdout]  --> /opt/rustwide/target/debug/build/k4a-sys-temp-a0b323e96def7629/out/bindings.rs:3:45115
[INFO] [stdout]   |
[INFO] [stdout] 3 | ...ert_eq ! (unsafe { & (* (:: std :: ptr :: null :: < k4a_calibration_intrinsic_parameters_t__param > ())) . codx as * const _ as usize ...
[INFO] [stdout]   |                         ^^^^^^^^^^^^^^^^^^^^^^^^^^^^^^^^^^^^^^^^^^^^^^^^^^^^^^^^^^^^^^^^^^^^^^^^^^^^^^^^^^^ this code causes undefined behavior when executed
[INFO] [stdout] 
[INFO] [stdout] 
[INFO] [stdout] warning: dereferencing a null pointer
[INFO] [stdout]  --> /opt/rustwide/target/debug/build/k4a-sys-temp-a0b323e96def7629/out/bindings.rs:3:45390
[INFO] [stdout]   |
[INFO] [stdout] 3 | ...ert_eq ! (unsafe { & (* (:: std :: ptr :: null :: < k4a_calibration_intrinsic_parameters_t__param > ())) . cody as * const _ as usize ...
[INFO] [stdout]   |                         ^^^^^^^^^^^^^^^^^^^^^^^^^^^^^^^^^^^^^^^^^^^^^^^^^^^^^^^^^^^^^^^^^^^^^^^^^^^^^^^^^^^ this code causes undefined behavior when executed
[INFO] [stdout] 
[INFO] [stdout] 
[INFO] [stdout] warning: dereferencing a null pointer
[INFO] [stdout]  --> /opt/rustwide/target/debug/build/k4a-sys-temp-a0b323e96def7629/out/bindings.rs:3:45665
[INFO] [stdout]   |
[INFO] [stdout] 3 | ...ert_eq ! (unsafe { & (* (:: std :: ptr :: null :: < k4a_calibration_intrinsic_parameters_t__param > ())) . p2 as * const _ as usize } ...
[INFO] [stdout]   |                         ^^^^^^^^^^^^^^^^^^^^^^^^^^^^^^^^^^^^^^^^^^^^^^^^^^^^^^^^^^^^^^^^^^^^^^^^^^^^^^^^^^^ this code causes undefined behavior when executed
[INFO] [stdout] 
[INFO] [stdout] 
[INFO] [stdout] warning: dereferencing a null pointer
[INFO] [stdout]  --> /opt/rustwide/target/debug/build/k4a-sys-temp-a0b323e96def7629/out/bindings.rs:3:45936
[INFO] [stdout]   |
[INFO] [stdout] 3 | ...ert_eq ! (unsafe { & (* (:: std :: ptr :: null :: < k4a_calibration_intrinsic_parameters_t__param > ())) . p1 as * const _ as usize } ...
[INFO] [stdout]   |                         ^^^^^^^^^^^^^^^^^^^^^^^^^^^^^^^^^^^^^^^^^^^^^^^^^^^^^^^^^^^^^^^^^^^^^^^^^^^^^^^^^^^ this code causes undefined behavior when executed
[INFO] [stdout] 
[INFO] [stdout] 
[INFO] [stdout] warning: dereferencing a null pointer
[INFO] [stdout]  --> /opt/rustwide/target/debug/build/k4a-sys-temp-a0b323e96def7629/out/bindings.rs:3:46207
[INFO] [stdout]   |
[INFO] [stdout] 3 | ...ert_eq ! (unsafe { & (* (:: std :: ptr :: null :: < k4a_calibration_intrinsic_parameters_t__param > ())) . metric_radius as * const _ ...
[INFO] [stdout]   |                         ^^^^^^^^^^^^^^^^^^^^^^^^^^^^^^^^^^^^^^^^^^^^^^^^^^^^^^^^^^^^^^^^^^^^^^^^^^^^^^^^^^^ this code causes undefined behavior when executed
[INFO] [stdout] 
[INFO] [stdout] 
[INFO] [stdout] warning: dereferencing a null pointer
[INFO] [stdout]  --> /opt/rustwide/target/debug/build/k4a-sys-temp-a0b323e96def7629/out/bindings.rs:3:46942
[INFO] [stdout]   |
[INFO] [stdout] 3 | ...{ & (* (:: std :: ptr :: null :: < k4a_calibration_intrinsic_parameters_t > ())) . param as * const _ as usize } , 0usize , concat ! (...
[INFO] [stdout]   |        ^^^^^^^^^^^^^^^^^^^^^^^^^^^^^^^^^^^^^^^^^^^^^^^^^^^^^^^^^^^^^^^^^^^^^^^^^^^^ this code causes undefined behavior when executed
[INFO] [stdout] 
[INFO] [stdout] 
[INFO] [stdout] warning: dereferencing a null pointer
[INFO] [stdout]  --> /opt/rustwide/target/debug/build/k4a-sys-temp-a0b323e96def7629/out/bindings.rs:3:47204
[INFO] [stdout]   |
[INFO] [stdout] 3 | ...{ & (* (:: std :: ptr :: null :: < k4a_calibration_intrinsic_parameters_t > ())) . v as * const _ as usize } , 0usize , concat ! ("Off...
[INFO] [stdout]   |        ^^^^^^^^^^^^^^^^^^^^^^^^^^^^^^^^^^^^^^^^^^^^^^^^^^^^^^^^^^^^^^^^^^^^^^^^^^^^ this code causes undefined behavior when executed
[INFO] [stdout] 
[INFO] [stdout] 
[INFO] [stdout] warning: dereferencing a null pointer
[INFO] [stdout]  --> /opt/rustwide/target/debug/build/k4a-sys-temp-a0b323e96def7629/out/bindings.rs:3:48831
[INFO] [stdout]   |
[INFO] [stdout] 3 | ...afe { & (* (:: std :: ptr :: null :: < _k4a_calibration_intrinsics_t > ())) . type_ as * const _ as usize } , 0usize , concat ! ("Offs...
[INFO] [stdout]   |            ^^^^^^^^^^^^^^^^^^^^^^^^^^^^^^^^^^^^^^^^^^^^^^^^^^^^^^^^^^^^^^^^^^^ this code causes undefined behavior when executed
[INFO] [stdout] 
[INFO] [stdout] 
[INFO] [stdout] warning: dereferencing a null pointer
[INFO] [stdout]  --> /opt/rustwide/target/debug/build/k4a-sys-temp-a0b323e96def7629/out/bindings.rs:3:49075
[INFO] [stdout]   |
[INFO] [stdout] 3 | ...afe { & (* (:: std :: ptr :: null :: < _k4a_calibration_intrinsics_t > ())) . parameter_count as * const _ as usize } , 4usize , conca...
[INFO] [stdout]   |            ^^^^^^^^^^^^^^^^^^^^^^^^^^^^^^^^^^^^^^^^^^^^^^^^^^^^^^^^^^^^^^^^^^^ this code causes undefined behavior when executed
[INFO] [stdout] 
[INFO] [stdout] 
[INFO] [stdout] warning: dereferencing a null pointer
[INFO] [stdout]  --> /opt/rustwide/target/debug/build/k4a-sys-temp-a0b323e96def7629/out/bindings.rs:3:49339
[INFO] [stdout]   |
[INFO] [stdout] 3 | ...afe { & (* (:: std :: ptr :: null :: < _k4a_calibration_intrinsics_t > ())) . parameters as * const _ as usize } , 8usize , concat ! (...
[INFO] [stdout]   |            ^^^^^^^^^^^^^^^^^^^^^^^^^^^^^^^^^^^^^^^^^^^^^^^^^^^^^^^^^^^^^^^^^^^ this code causes undefined behavior when executed
[INFO] [stdout] 
[INFO] [stdout] 
[INFO] [stdout] warning: dereferencing a null pointer
[INFO] [stdout]  --> /opt/rustwide/target/debug/build/k4a-sys-temp-a0b323e96def7629/out/bindings.rs:3:51567
[INFO] [stdout]   |
[INFO] [stdout] 3 | ...nsafe { & (* (:: std :: ptr :: null :: < _k4a_calibration_camera_t > ())) . extrinsics as * const _ as usize } , 0usize , concat ! ("O...
[INFO] [stdout]   |              ^^^^^^^^^^^^^^^^^^^^^^^^^^^^^^^^^^^^^^^^^^^^^^^^^^^^^^^^^^^^^^^ this code causes undefined behavior when executed
[INFO] [stdout] 
[INFO] [stdout] 
[INFO] [stdout] warning: dereferencing a null pointer
[INFO] [stdout]  --> /opt/rustwide/target/debug/build/k4a-sys-temp-a0b323e96def7629/out/bindings.rs:3:51813
[INFO] [stdout]   |
[INFO] [stdout] 3 | ...nsafe { & (* (:: std :: ptr :: null :: < _k4a_calibration_camera_t > ())) . intrinsics as * const _ as usize } , 48usize , concat ! ("...
[INFO] [stdout]   |              ^^^^^^^^^^^^^^^^^^^^^^^^^^^^^^^^^^^^^^^^^^^^^^^^^^^^^^^^^^^^^^^ this code causes undefined behavior when executed
[INFO] [stdout] 
[INFO] [stdout] 
[INFO] [stdout] warning: dereferencing a null pointer
[INFO] [stdout]  --> /opt/rustwide/target/debug/build/k4a-sys-temp-a0b323e96def7629/out/bindings.rs:3:52060
[INFO] [stdout]   |
[INFO] [stdout] 3 | ...nsafe { & (* (:: std :: ptr :: null :: < _k4a_calibration_camera_t > ())) . resolution_width as * const _ as usize } , 116usize , conc...
[INFO] [stdout]   |              ^^^^^^^^^^^^^^^^^^^^^^^^^^^^^^^^^^^^^^^^^^^^^^^^^^^^^^^^^^^^^^^ this code causes undefined behavior when executed
[INFO] [stdout] 
[INFO] [stdout] 
[INFO] [stdout] warning: dereferencing a null pointer
[INFO] [stdout]  --> /opt/rustwide/target/debug/build/k4a-sys-temp-a0b323e96def7629/out/bindings.rs:3:52320
[INFO] [stdout]   |
[INFO] [stdout] 3 | ...nsafe { & (* (:: std :: ptr :: null :: < _k4a_calibration_camera_t > ())) . resolution_height as * const _ as usize } , 120usize , con...
[INFO] [stdout]   |              ^^^^^^^^^^^^^^^^^^^^^^^^^^^^^^^^^^^^^^^^^^^^^^^^^^^^^^^^^^^^^^^ this code causes undefined behavior when executed
[INFO] [stdout] 
[INFO] [stdout] 
[INFO] [stdout] warning: dereferencing a null pointer
[INFO] [stdout]  --> /opt/rustwide/target/debug/build/k4a-sys-temp-a0b323e96def7629/out/bindings.rs:3:52582
[INFO] [stdout]   |
[INFO] [stdout] 3 | ...nsafe { & (* (:: std :: ptr :: null :: < _k4a_calibration_camera_t > ())) . metric_radius as * const _ as usize } , 124usize , concat ...
[INFO] [stdout]   |              ^^^^^^^^^^^^^^^^^^^^^^^^^^^^^^^^^^^^^^^^^^^^^^^^^^^^^^^^^^^^^^^ this code causes undefined behavior when executed
[INFO] [stdout] 
[INFO] [stdout] 
[INFO] [stdout] warning: dereferencing a null pointer
[INFO] [stdout]  --> /opt/rustwide/target/debug/build/k4a-sys-temp-a0b323e96def7629/out/bindings.rs:3:54807
[INFO] [stdout]   |
[INFO] [stdout] 3 | ...! (unsafe { & (* (:: std :: ptr :: null :: < _k4a_calibration_t > ())) . depth_camera_calibration as * const _ as usize } , 0usize , c...
[INFO] [stdout]   |                  ^^^^^^^^^^^^^^^^^^^^^^^^^^^^^^^^^^^^^^^^^^^^^^^^^^^^^^^^ this code causes undefined behavior when executed
[INFO] [stdout] 
[INFO] [stdout] 
[INFO] [stdout] warning: dereferencing a null pointer
[INFO] [stdout]  --> /opt/rustwide/target/debug/build/k4a-sys-temp-a0b323e96def7629/out/bindings.rs:3:55067
[INFO] [stdout]   |
[INFO] [stdout] 3 | ...! (unsafe { & (* (:: std :: ptr :: null :: < _k4a_calibration_t > ())) . color_camera_calibration as * const _ as usize } , 128usize ,...
[INFO] [stdout]   |                  ^^^^^^^^^^^^^^^^^^^^^^^^^^^^^^^^^^^^^^^^^^^^^^^^^^^^^^^^ this code causes undefined behavior when executed
[INFO] [stdout] 
[INFO] [stdout] 
[INFO] [stdout] warning: dereferencing a null pointer
[INFO] [stdout]  --> /opt/rustwide/target/debug/build/k4a-sys-temp-a0b323e96def7629/out/bindings.rs:3:55329
[INFO] [stdout]   |
[INFO] [stdout] 3 | ...! (unsafe { & (* (:: std :: ptr :: null :: < _k4a_calibration_t > ())) . extrinsics as * const _ as usize } , 256usize , concat ! ("Of...
[INFO] [stdout]   |                  ^^^^^^^^^^^^^^^^^^^^^^^^^^^^^^^^^^^^^^^^^^^^^^^^^^^^^^^^ this code causes undefined behavior when executed
[INFO] [stdout] 
[INFO] [stdout] 
[INFO] [stdout] warning: dereferencing a null pointer
[INFO] [stdout]  --> /opt/rustwide/target/debug/build/k4a-sys-temp-a0b323e96def7629/out/bindings.rs:3:55563
[INFO] [stdout]   |
[INFO] [stdout] 3 | ...! (unsafe { & (* (:: std :: ptr :: null :: < _k4a_calibration_t > ())) . depth_mode as * const _ as usize } , 1024usize , concat ! ("O...
[INFO] [stdout]   |                  ^^^^^^^^^^^^^^^^^^^^^^^^^^^^^^^^^^^^^^^^^^^^^^^^^^^^^^^^ this code causes undefined behavior when executed
[INFO] [stdout] 
[INFO] [stdout] 
[INFO] [stdout] warning: dereferencing a null pointer
[INFO] [stdout]  --> /opt/rustwide/target/debug/build/k4a-sys-temp-a0b323e96def7629/out/bindings.rs:3:55798
[INFO] [stdout]   |
[INFO] [stdout] 3 | ...! (unsafe { & (* (:: std :: ptr :: null :: < _k4a_calibration_t > ())) . color_resolution as * const _ as usize } , 1028usize , concat...
[INFO] [stdout]   |                  ^^^^^^^^^^^^^^^^^^^^^^^^^^^^^^^^^^^^^^^^^^^^^^^^^^^^^^^^ this code causes undefined behavior when executed
[INFO] [stdout] 
[INFO] [stdout] 
[INFO] [stdout] warning: dereferencing a null pointer
[INFO] [stdout]  --> /opt/rustwide/target/debug/build/k4a-sys-temp-a0b323e96def7629/out/bindings.rs:3:57280
[INFO] [stdout]   |
[INFO] [stdout] 3 | ...q ! (unsafe { & (* (:: std :: ptr :: null :: < _k4a_version_t > ())) . major as * const _ as usize } , 0usize , concat ! ("Offset of f...
[INFO] [stdout]   |                    ^^^^^^^^^^^^^^^^^^^^^^^^^^^^^^^^^^^^^^^^^^^^^^^^^^^^ this code causes undefined behavior when executed
[INFO] [stdout] 
[INFO] [stdout] 
[INFO] [stdout] warning: dereferencing a null pointer
[INFO] [stdout]  --> /opt/rustwide/target/debug/build/k4a-sys-temp-a0b323e96def7629/out/bindings.rs:3:57494
[INFO] [stdout]   |
[INFO] [stdout] 3 | ...q ! (unsafe { & (* (:: std :: ptr :: null :: < _k4a_version_t > ())) . minor as * const _ as usize } , 4usize , concat ! ("Offset of f...
[INFO] [stdout]   |                    ^^^^^^^^^^^^^^^^^^^^^^^^^^^^^^^^^^^^^^^^^^^^^^^^^^^^ this code causes undefined behavior when executed
[INFO] [stdout] 
[INFO] [stdout] 
[INFO] [stdout] warning: dereferencing a null pointer
[INFO] [stdout]  --> /opt/rustwide/target/debug/build/k4a-sys-temp-a0b323e96def7629/out/bindings.rs:3:57708
[INFO] [stdout]   |
[INFO] [stdout] 3 | ...q ! (unsafe { & (* (:: std :: ptr :: null :: < _k4a_version_t > ())) . iteration as * const _ as usize } , 8usize , concat ! ("Offset ...
[INFO] [stdout]   |                    ^^^^^^^^^^^^^^^^^^^^^^^^^^^^^^^^^^^^^^^^^^^^^^^^^^^^ this code causes undefined behavior when executed
[INFO] [stdout] 
[INFO] [stdout] 
[INFO] [stdout] warning: dereferencing a null pointer
[INFO] [stdout]  --> /opt/rustwide/target/debug/build/k4a-sys-temp-a0b323e96def7629/out/bindings.rs:3:59416
[INFO] [stdout]   |
[INFO] [stdout] 3 | ...unsafe { & (* (:: std :: ptr :: null :: < _k4a_hardware_version_t > ())) . rgb as * const _ as usize } , 0usize , concat ! ("Offset of...
[INFO] [stdout]   |               ^^^^^^^^^^^^^^^^^^^^^^^^^^^^^^^^^^^^^^^^^^^^^^^^^^^^^^^^^^^^^ this code causes undefined behavior when executed
[INFO] [stdout] 
[INFO] [stdout] 
[INFO] [stdout] warning: dereferencing a null pointer
[INFO] [stdout]  --> /opt/rustwide/target/debug/build/k4a-sys-temp-a0b323e96def7629/out/bindings.rs:3:59644
[INFO] [stdout]   |
[INFO] [stdout] 3 | ...unsafe { & (* (:: std :: ptr :: null :: < _k4a_hardware_version_t > ())) . depth as * const _ as usize } , 12usize , concat ! ("Offset...
[INFO] [stdout]   |               ^^^^^^^^^^^^^^^^^^^^^^^^^^^^^^^^^^^^^^^^^^^^^^^^^^^^^^^^^^^^^ this code causes undefined behavior when executed
[INFO] [stdout] 
[INFO] [stdout] 
[INFO] [stdout] warning: dereferencing a null pointer
[INFO] [stdout]  --> /opt/rustwide/target/debug/build/k4a-sys-temp-a0b323e96def7629/out/bindings.rs:3:59877
[INFO] [stdout]   |
[INFO] [stdout] 3 | ...unsafe { & (* (:: std :: ptr :: null :: < _k4a_hardware_version_t > ())) . audio as * const _ as usize } , 24usize , concat ! ("Offset...
[INFO] [stdout]   |               ^^^^^^^^^^^^^^^^^^^^^^^^^^^^^^^^^^^^^^^^^^^^^^^^^^^^^^^^^^^^^ this code causes undefined behavior when executed
[INFO] [stdout] 
[INFO] [stdout] 
[INFO] [stdout] warning: dereferencing a null pointer
[INFO] [stdout]  --> /opt/rustwide/target/debug/build/k4a-sys-temp-a0b323e96def7629/out/bindings.rs:3:60110
[INFO] [stdout]   |
[INFO] [stdout] 3 | ...unsafe { & (* (:: std :: ptr :: null :: < _k4a_hardware_version_t > ())) . depth_sensor as * const _ as usize } , 36usize , concat ! (...
[INFO] [stdout]   |               ^^^^^^^^^^^^^^^^^^^^^^^^^^^^^^^^^^^^^^^^^^^^^^^^^^^^^^^^^^^^^ this code causes undefined behavior when executed
[INFO] [stdout] 
[INFO] [stdout] 
[INFO] [stdout] warning: dereferencing a null pointer
[INFO] [stdout]  --> /opt/rustwide/target/debug/build/k4a-sys-temp-a0b323e96def7629/out/bindings.rs:3:60357
[INFO] [stdout]   |
[INFO] [stdout] 3 | ...unsafe { & (* (:: std :: ptr :: null :: < _k4a_hardware_version_t > ())) . firmware_build as * const _ as usize } , 48usize , concat !...
[INFO] [stdout]   |               ^^^^^^^^^^^^^^^^^^^^^^^^^^^^^^^^^^^^^^^^^^^^^^^^^^^^^^^^^^^^^ this code causes undefined behavior when executed
[INFO] [stdout] 
[INFO] [stdout] 
[INFO] [stdout] warning: dereferencing a null pointer
[INFO] [stdout]  --> /opt/rustwide/target/debug/build/k4a-sys-temp-a0b323e96def7629/out/bindings.rs:3:60608
[INFO] [stdout]   |
[INFO] [stdout] 3 | ...unsafe { & (* (:: std :: ptr :: null :: < _k4a_hardware_version_t > ())) . firmware_signature as * const _ as usize } , 52usize , conc...
[INFO] [stdout]   |               ^^^^^^^^^^^^^^^^^^^^^^^^^^^^^^^^^^^^^^^^^^^^^^^^^^^^^^^^^^^^^ this code causes undefined behavior when executed
[INFO] [stdout] 
[INFO] [stdout] 
[INFO] [stdout] warning: dereferencing a null pointer
[INFO] [stdout]  --> /opt/rustwide/target/debug/build/k4a-sys-temp-a0b323e96def7629/out/bindings.rs:3:62262
[INFO] [stdout]   |
[INFO] [stdout] 3 | ... ! (unsafe { & (* (:: std :: ptr :: null :: < k4a_float2_t__xy > ())) . x as * const _ as usize } , 0usize , concat ! ("Offset of fiel...
[INFO] [stdout]   |                   ^^^^^^^^^^^^^^^^^^^^^^^^^^^^^^^^^^^^^^^^^^^^^^^^^^^^^^ this code causes undefined behavior when executed
[INFO] [stdout] 
[INFO] [stdout] 
[INFO] [stdout] warning: dereferencing a null pointer
[INFO] [stdout]  --> /opt/rustwide/target/debug/build/k4a-sys-temp-a0b323e96def7629/out/bindings.rs:3:62472
[INFO] [stdout]   |
[INFO] [stdout] 3 | ... ! (unsafe { & (* (:: std :: ptr :: null :: < k4a_float2_t__xy > ())) . y as * const _ as usize } , 4usize , concat ! ("Offset of fiel...
[INFO] [stdout]   |                   ^^^^^^^^^^^^^^^^^^^^^^^^^^^^^^^^^^^^^^^^^^^^^^^^^^^^^^ this code causes undefined behavior when executed
[INFO] [stdout] 
[INFO] [stdout] 
[INFO] [stdout] warning: dereferencing a null pointer
[INFO] [stdout]  --> /opt/rustwide/target/debug/build/k4a-sys-temp-a0b323e96def7629/out/bindings.rs:3:62993
[INFO] [stdout]   |
[INFO] [stdout] 3 | ...eq ! (unsafe { & (* (:: std :: ptr :: null :: < k4a_float2_t > ())) . xy as * const _ as usize } , 0usize , concat ! ("Offset of field...
[INFO] [stdout]   |                     ^^^^^^^^^^^^^^^^^^^^^^^^^^^^^^^^^^^^^^^^^^^^^^^^^^ this code causes undefined behavior when executed
[INFO] [stdout] 
[INFO] [stdout] 
[INFO] [stdout] warning: dereferencing a null pointer
[INFO] [stdout]  --> /opt/rustwide/target/debug/build/k4a-sys-temp-a0b323e96def7629/out/bindings.rs:3:63197
[INFO] [stdout]   |
[INFO] [stdout] 3 | ...eq ! (unsafe { & (* (:: std :: ptr :: null :: < k4a_float2_t > ())) . v as * const _ as usize } , 0usize , concat ! ("Offset of field:...
[INFO] [stdout]   |                     ^^^^^^^^^^^^^^^^^^^^^^^^^^^^^^^^^^^^^^^^^^^^^^^^^^ this code causes undefined behavior when executed
[INFO] [stdout] 
[INFO] [stdout] 
[INFO] [stdout] warning: dereferencing a null pointer
[INFO] [stdout]  --> /opt/rustwide/target/debug/build/k4a-sys-temp-a0b323e96def7629/out/bindings.rs:3:64548
[INFO] [stdout]   |
[INFO] [stdout] 3 | ...! (unsafe { & (* (:: std :: ptr :: null :: < k4a_float3_t__xyz > ())) . x as * const _ as usize } , 0usize , concat ! ("Offset of fiel...
[INFO] [stdout]   |                  ^^^^^^^^^^^^^^^^^^^^^^^^^^^^^^^^^^^^^^^^^^^^^^^^^^^^^^^ this code causes undefined behavior when executed
[INFO] [stdout] 
[INFO] [stdout] 
[INFO] [stdout] warning: dereferencing a null pointer
[INFO] [stdout]  --> /opt/rustwide/target/debug/build/k4a-sys-temp-a0b323e96def7629/out/bindings.rs:3:64760
[INFO] [stdout]   |
[INFO] [stdout] 3 | ...! (unsafe { & (* (:: std :: ptr :: null :: < k4a_float3_t__xyz > ())) . y as * const _ as usize } , 4usize , concat ! ("Offset of fiel...
[INFO] [stdout]   |                  ^^^^^^^^^^^^^^^^^^^^^^^^^^^^^^^^^^^^^^^^^^^^^^^^^^^^^^^ this code causes undefined behavior when executed
[INFO] [stdout] 
[INFO] [stdout] 
[INFO] [stdout] warning: dereferencing a null pointer
[INFO] [stdout]  --> /opt/rustwide/target/debug/build/k4a-sys-temp-a0b323e96def7629/out/bindings.rs:3:64972
[INFO] [stdout]   |
[INFO] [stdout] 3 | ...! (unsafe { & (* (:: std :: ptr :: null :: < k4a_float3_t__xyz > ())) . z as * const _ as usize } , 8usize , concat ! ("Offset of fiel...
[INFO] [stdout]   |                  ^^^^^^^^^^^^^^^^^^^^^^^^^^^^^^^^^^^^^^^^^^^^^^^^^^^^^^^ this code causes undefined behavior when executed
[INFO] [stdout] 
[INFO] [stdout] 
[INFO] [stdout] warning: dereferencing a null pointer
[INFO] [stdout]  --> /opt/rustwide/target/debug/build/k4a-sys-temp-a0b323e96def7629/out/bindings.rs:3:65496
[INFO] [stdout]   |
[INFO] [stdout] 3 | ...eq ! (unsafe { & (* (:: std :: ptr :: null :: < k4a_float3_t > ())) . xyz as * const _ as usize } , 0usize , concat ! ("Offset of fiel...
[INFO] [stdout]   |                     ^^^^^^^^^^^^^^^^^^^^^^^^^^^^^^^^^^^^^^^^^^^^^^^^^^ this code causes undefined behavior when executed
[INFO] [stdout] 
[INFO] [stdout] 
[INFO] [stdout] warning: dereferencing a null pointer
[INFO] [stdout]  --> /opt/rustwide/target/debug/build/k4a-sys-temp-a0b323e96def7629/out/bindings.rs:3:65702
[INFO] [stdout]   |
[INFO] [stdout] 3 | ...eq ! (unsafe { & (* (:: std :: ptr :: null :: < k4a_float3_t > ())) . v as * const _ as usize } , 0usize , concat ! ("Offset of field:...
[INFO] [stdout]   |                     ^^^^^^^^^^^^^^^^^^^^^^^^^^^^^^^^^^^^^^^^^^^^^^^^^^ this code causes undefined behavior when executed
[INFO] [stdout] 
[INFO] [stdout] 
[INFO] [stdout] warning: dereferencing a null pointer
[INFO] [stdout]  --> /opt/rustwide/target/debug/build/k4a-sys-temp-a0b323e96def7629/out/bindings.rs:3:66991
[INFO] [stdout]   |
[INFO] [stdout] 3 | ...! (unsafe { & (* (:: std :: ptr :: null :: < _k4a_imu_sample_t > ())) . temperature as * const _ as usize } , 0usize , concat ! ("Offs...
[INFO] [stdout]   |                  ^^^^^^^^^^^^^^^^^^^^^^^^^^^^^^^^^^^^^^^^^^^^^^^^^^^^^^^ this code causes undefined behavior when executed
[INFO] [stdout] 
[INFO] [stdout] 
[INFO] [stdout] warning: dereferencing a null pointer
[INFO] [stdout]  --> /opt/rustwide/target/debug/build/k4a-sys-temp-a0b323e96def7629/out/bindings.rs:3:67223
[INFO] [stdout]   |
[INFO] [stdout] 3 | ...! (unsafe { & (* (:: std :: ptr :: null :: < _k4a_imu_sample_t > ())) . acc_sample as * const _ as usize } , 4usize , concat ! ("Offse...
[INFO] [stdout]   |                  ^^^^^^^^^^^^^^^^^^^^^^^^^^^^^^^^^^^^^^^^^^^^^^^^^^^^^^^ this code causes undefined behavior when executed
[INFO] [stdout] 
[INFO] [stdout] 
[INFO] [stdout] warning: dereferencing a null pointer
[INFO] [stdout]  --> /opt/rustwide/target/debug/build/k4a-sys-temp-a0b323e96def7629/out/bindings.rs:3:67453
[INFO] [stdout]   |
[INFO] [stdout] 3 | ...! (unsafe { & (* (:: std :: ptr :: null :: < _k4a_imu_sample_t > ())) . acc_timestamp_usec as * const _ as usize } , 16usize , concat ...
[INFO] [stdout]   |                  ^^^^^^^^^^^^^^^^^^^^^^^^^^^^^^^^^^^^^^^^^^^^^^^^^^^^^^^ this code causes undefined behavior when executed
[INFO] [stdout] 
[INFO] [stdout] 
[INFO] [stdout] warning: dereferencing a null pointer
[INFO] [stdout]  --> /opt/rustwide/target/debug/build/k4a-sys-temp-a0b323e96def7629/out/bindings.rs:3:67700
[INFO] [stdout]   |
[INFO] [stdout] 3 | ...! (unsafe { & (* (:: std :: ptr :: null :: < _k4a_imu_sample_t > ())) . gyro_sample as * const _ as usize } , 24usize , concat ! ("Off...
[INFO] [stdout]   |                  ^^^^^^^^^^^^^^^^^^^^^^^^^^^^^^^^^^^^^^^^^^^^^^^^^^^^^^^ this code causes undefined behavior when executed
[INFO] [stdout] 
[INFO] [stdout] 
[INFO] [stdout] warning: dereferencing a null pointer
[INFO] [stdout]  --> /opt/rustwide/target/debug/build/k4a-sys-temp-a0b323e96def7629/out/bindings.rs:3:67933
[INFO] [stdout]   |
[INFO] [stdout] 3 | ...! (unsafe { & (* (:: std :: ptr :: null :: < _k4a_imu_sample_t > ())) . gyro_timestamp_usec as * const _ as usize } , 40usize , concat...
[INFO] [stdout]   |                  ^^^^^^^^^^^^^^^^^^^^^^^^^^^^^^^^^^^^^^^^^^^^^^^^^^^^^^^ this code causes undefined behavior when executed
[INFO] [stdout] 
[INFO] [stdout] 
[INFO] [stdout] error: linking with `cc` failed: exit status: 1
[INFO] [stdout]   |
[INFO] [stdout]   = note: "cc" "-m64" "/opt/rustwide/target/debug/deps/k4a_sys_temp-705a96923449732f.k4a_sys_temp.aab85a4d-cgu.0.rcgu.o" "/opt/rustwide/target/debug/deps/k4a_sys_temp-705a96923449732f.k4a_sys_temp.aab85a4d-cgu.1.rcgu.o" "/opt/rustwide/target/debug/deps/k4a_sys_temp-705a96923449732f.k4a_sys_temp.aab85a4d-cgu.10.rcgu.o" "/opt/rustwide/target/debug/deps/k4a_sys_temp-705a96923449732f.k4a_sys_temp.aab85a4d-cgu.11.rcgu.o" "/opt/rustwide/target/debug/deps/k4a_sys_temp-705a96923449732f.k4a_sys_temp.aab85a4d-cgu.12.rcgu.o" "/opt/rustwide/target/debug/deps/k4a_sys_temp-705a96923449732f.k4a_sys_temp.aab85a4d-cgu.13.rcgu.o" "/opt/rustwide/target/debug/deps/k4a_sys_temp-705a96923449732f.k4a_sys_temp.aab85a4d-cgu.2.rcgu.o" "/opt/rustwide/target/debug/deps/k4a_sys_temp-705a96923449732f.k4a_sys_temp.aab85a4d-cgu.3.rcgu.o" "/opt/rustwide/target/debug/deps/k4a_sys_temp-705a96923449732f.k4a_sys_temp.aab85a4d-cgu.4.rcgu.o" "/opt/rustwide/target/debug/deps/k4a_sys_temp-705a96923449732f.k4a_sys_temp.aab85a4d-cgu.5.rcgu.o" "/opt/rustwide/target/debug/deps/k4a_sys_temp-705a96923449732f.k4a_sys_temp.aab85a4d-cgu.6.rcgu.o" "/opt/rustwide/target/debug/deps/k4a_sys_temp-705a96923449732f.k4a_sys_temp.aab85a4d-cgu.7.rcgu.o" "/opt/rustwide/target/debug/deps/k4a_sys_temp-705a96923449732f.k4a_sys_temp.aab85a4d-cgu.8.rcgu.o" "/opt/rustwide/target/debug/deps/k4a_sys_temp-705a96923449732f.k4a_sys_temp.aab85a4d-cgu.9.rcgu.o" "/opt/rustwide/target/debug/deps/k4a_sys_temp-705a96923449732f.4ji218ggd2histdb.rcgu.o" "-Wl,--as-needed" "-L" "/opt/rustwide/target/debug/deps" "-L" "/opt/rustwide/rustup-home/toolchains/beta-2021-08-01-x86_64-unknown-linux-gnu/lib/rustlib/x86_64-unknown-linux-gnu/lib" "-lk4a" "-Wl,-Bstatic" "/opt/rustwide/rustup-home/toolchains/beta-2021-08-01-x86_64-unknown-linux-gnu/lib/rustlib/x86_64-unknown-linux-gnu/lib/libtest-6e9019ff2cdb2237.rlib" "/opt/rustwide/rustup-home/toolchains/beta-2021-08-01-x86_64-unknown-linux-gnu/lib/rustlib/x86_64-unknown-linux-gnu/lib/libgetopts-e9cc0b5f091b140c.rlib" "/opt/rustwide/rustup-home/toolchains/beta-2021-08-01-x86_64-unknown-linux-gnu/lib/rustlib/x86_64-unknown-linux-gnu/lib/libunicode_width-762dfa4479f14aad.rlib" "/opt/rustwide/rustup-home/toolchains/beta-2021-08-01-x86_64-unknown-linux-gnu/lib/rustlib/x86_64-unknown-linux-gnu/lib/librustc_std_workspace_std-2a5ac1cc0b21909c.rlib" "-Wl,--start-group" "/opt/rustwide/rustup-home/toolchains/beta-2021-08-01-x86_64-unknown-linux-gnu/lib/rustlib/x86_64-unknown-linux-gnu/lib/libstd-197d933f09d9a590.rlib" "/opt/rustwide/rustup-home/toolchains/beta-2021-08-01-x86_64-unknown-linux-gnu/lib/rustlib/x86_64-unknown-linux-gnu/lib/libpanic_unwind-46a006cddfd334f0.rlib" "/opt/rustwide/rustup-home/toolchains/beta-2021-08-01-x86_64-unknown-linux-gnu/lib/rustlib/x86_64-unknown-linux-gnu/lib/libminiz_oxide-5b9870310e470b38.rlib" "/opt/rustwide/rustup-home/toolchains/beta-2021-08-01-x86_64-unknown-linux-gnu/lib/rustlib/x86_64-unknown-linux-gnu/lib/libadler-260022ba8f1ab4ee.rlib" "/opt/rustwide/rustup-home/toolchains/beta-2021-08-01-x86_64-unknown-linux-gnu/lib/rustlib/x86_64-unknown-linux-gnu/lib/libobject-71377435a799394f.rlib" "/opt/rustwide/rustup-home/toolchains/beta-2021-08-01-x86_64-unknown-linux-gnu/lib/rustlib/x86_64-unknown-linux-gnu/lib/libaddr2line-658ee5924fde57cd.rlib" "/opt/rustwide/rustup-home/toolchains/beta-2021-08-01-x86_64-unknown-linux-gnu/lib/rustlib/x86_64-unknown-linux-gnu/lib/libgimli-9e8627da6bd1b94a.rlib" "/opt/rustwide/rustup-home/toolchains/beta-2021-08-01-x86_64-unknown-linux-gnu/lib/rustlib/x86_64-unknown-linux-gnu/lib/libstd_detect-19fdaac49f59be84.rlib" "/opt/rustwide/rustup-home/toolchains/beta-2021-08-01-x86_64-unknown-linux-gnu/lib/rustlib/x86_64-unknown-linux-gnu/lib/librustc_demangle-cb00e2691ea45905.rlib" "/opt/rustwide/rustup-home/toolchains/beta-2021-08-01-x86_64-unknown-linux-gnu/lib/rustlib/x86_64-unknown-linux-gnu/lib/libhashbrown-50f6726defae5ae1.rlib" "/opt/rustwide/rustup-home/toolchains/beta-2021-08-01-x86_64-unknown-linux-gnu/lib/rustlib/x86_64-unknown-linux-gnu/lib/librustc_std_workspace_alloc-2afc16311deea26e.rlib" "/opt/rustwide/rustup-home/toolchains/beta-2021-08-01-x86_64-unknown-linux-gnu/lib/rustlib/x86_64-unknown-linux-gnu/lib/libunwind-bb5cb0fe086ee8cf.rlib" "/opt/rustwide/rustup-home/toolchains/beta-2021-08-01-x86_64-unknown-linux-gnu/lib/rustlib/x86_64-unknown-linux-gnu/lib/libcfg_if-896053247b5dfd0b.rlib" "/opt/rustwide/rustup-home/toolchains/beta-2021-08-01-x86_64-unknown-linux-gnu/lib/rustlib/x86_64-unknown-linux-gnu/lib/liblibc-735e1f2ac3cf23be.rlib" "/opt/rustwide/rustup-home/toolchains/beta-2021-08-01-x86_64-unknown-linux-gnu/lib/rustlib/x86_64-unknown-linux-gnu/lib/liballoc-9dfb6622644c732c.rlib" "/opt/rustwide/rustup-home/toolchains/beta-2021-08-01-x86_64-unknown-linux-gnu/lib/rustlib/x86_64-unknown-linux-gnu/lib/librustc_std_workspace_core-beea7d9617fe25c5.rlib" "/opt/rustwide/rustup-home/toolchains/beta-2021-08-01-x86_64-unknown-linux-gnu/lib/rustlib/x86_64-unknown-linux-gnu/lib/libcore-8ef7dd43fc671f88.rlib" "-Wl,--end-group" "/opt/rustwide/rustup-home/toolchains/beta-2021-08-01-x86_64-unknown-linux-gnu/lib/rustlib/x86_64-unknown-linux-gnu/lib/libcompiler_builtins-a9a3b2ad67977f47.rlib" "-Wl,-Bdynamic" "-lgcc_s" "-lutil" "-lrt" "-lpthread" "-lm" "-ldl" "-lc" "-Wl,--eh-frame-hdr" "-Wl,-znoexecstack" "-L" "/opt/rustwide/rustup-home/toolchains/beta-2021-08-01-x86_64-unknown-linux-gnu/lib/rustlib/x86_64-unknown-linux-gnu/lib" "-o" "/opt/rustwide/target/debug/deps/k4a_sys_temp-705a96923449732f" "-Wl,--gc-sections" "-pie" "-Wl,-zrelro" "-Wl,-znow" "-nodefaultlibs"
[INFO] [stdout]   = note: /usr/bin/ld: cannot find -lk4a
[INFO] [stdout]           collect2: error: ld returned 1 exit status
[INFO] [stdout]           
[INFO] [stdout] 
[INFO] [stdout] 
[INFO] [stdout] error: aborting due to previous error; 68 warnings emitted
[INFO] [stdout] 
[INFO] [stdout] 
[INFO] [stderr] error: build failed
[INFO] running `Command { std: "docker" "inspect" "ce094d14bfe3b9ffaf70d0fc3638397c8ecc5a29ab028a518b040c077f5230eb", kill_on_drop: false }`
[INFO] running `Command { std: "docker" "rm" "-f" "ce094d14bfe3b9ffaf70d0fc3638397c8ecc5a29ab028a518b040c077f5230eb", kill_on_drop: false }`
[INFO] [stdout] ce094d14bfe3b9ffaf70d0fc3638397c8ecc5a29ab028a518b040c077f5230eb
