[INFO] fetching crate jsonrpsee-ws-client 0.3.0...
[INFO] testing jsonrpsee-ws-client-0.3.0 against beta-2021-08-01 for beta-1.55-1
[INFO] extracting crate jsonrpsee-ws-client 0.3.0 into /workspace/builds/worker-1/source
[INFO] validating manifest of crates.io crate jsonrpsee-ws-client 0.3.0 on toolchain beta-2021-08-01
[INFO] running `Command { std: "/workspace/cargo-home/bin/cargo" "+beta-2021-08-01" "metadata" "--manifest-path" "Cargo.toml" "--no-deps", kill_on_drop: false }`
[INFO] started tweaking crates.io crate jsonrpsee-ws-client 0.3.0
[INFO] finished tweaking crates.io crate jsonrpsee-ws-client 0.3.0
[INFO] tweaked toml for crates.io crate jsonrpsee-ws-client 0.3.0 written to /workspace/builds/worker-1/source/Cargo.toml
[INFO] running `Command { std: "/workspace/cargo-home/bin/cargo" "+beta-2021-08-01" "generate-lockfile" "--manifest-path" "Cargo.toml" "-Zno-index-update", kill_on_drop: false }`
[INFO] running `Command { std: "/workspace/cargo-home/bin/cargo" "+beta-2021-08-01" "fetch" "--manifest-path" "Cargo.toml", kill_on_drop: false }`
[INFO] [stderr]  Downloading crates ...
[INFO] [stderr]   Downloaded tokio-rustls v0.15.0
[INFO] running `Command { std: "docker" "create" "-v" "/var/lib/crater-agent-workspace/builds/worker-1/target:/opt/rustwide/target:rw,Z" "-v" "/var/lib/crater-agent-workspace/builds/worker-1/source:/opt/rustwide/workdir:ro,Z" "-v" "/var/lib/crater-agent-workspace/cargo-home:/opt/rustwide/cargo-home:ro,Z" "-v" "/var/lib/crater-agent-workspace/rustup-home:/opt/rustwide/rustup-home:ro,Z" "-e" "SOURCE_DIR=/opt/rustwide/workdir" "-e" "CARGO_TARGET_DIR=/opt/rustwide/target" "-e" "CARGO_HOME=/opt/rustwide/cargo-home" "-e" "RUSTUP_HOME=/opt/rustwide/rustup-home" "-w" "/opt/rustwide/workdir" "-m" "1610612736" "--user" "0:0" "--network" "none" "ghcr.io/rust-lang/crates-build-env/linux@sha256:34b6a614d2c27851fe6cbf88fbd1137609cefab8b10d0615aaeb6fd47975d74e" "/opt/rustwide/cargo-home/bin/cargo" "+beta-2021-08-01" "metadata" "--no-deps" "--format-version=1", kill_on_drop: false }`
[INFO] [stderr] WARNING: Your kernel does not support swap limit capabilities or the cgroup is not mounted. Memory limited without swap.
[INFO] [stdout] 82fe08f560d34a2e105d9ddb6fc4552898a20bb8f1485eeff6d9ef7ac94c2c8c
[INFO] running `Command { std: "docker" "start" "-a" "82fe08f560d34a2e105d9ddb6fc4552898a20bb8f1485eeff6d9ef7ac94c2c8c", kill_on_drop: false }`
[INFO] running `Command { std: "docker" "inspect" "82fe08f560d34a2e105d9ddb6fc4552898a20bb8f1485eeff6d9ef7ac94c2c8c", kill_on_drop: false }`
[INFO] running `Command { std: "docker" "rm" "-f" "82fe08f560d34a2e105d9ddb6fc4552898a20bb8f1485eeff6d9ef7ac94c2c8c", kill_on_drop: false }`
[INFO] [stdout] 82fe08f560d34a2e105d9ddb6fc4552898a20bb8f1485eeff6d9ef7ac94c2c8c
[INFO] running `Command { std: "docker" "create" "-v" "/var/lib/crater-agent-workspace/builds/worker-1/target:/opt/rustwide/target:rw,Z" "-v" "/var/lib/crater-agent-workspace/builds/worker-1/source:/opt/rustwide/workdir:ro,Z" "-v" "/var/lib/crater-agent-workspace/cargo-home:/opt/rustwide/cargo-home:ro,Z" "-v" "/var/lib/crater-agent-workspace/rustup-home:/opt/rustwide/rustup-home:ro,Z" "-e" "SOURCE_DIR=/opt/rustwide/workdir" "-e" "CARGO_TARGET_DIR=/opt/rustwide/target" "-e" "CARGO_INCREMENTAL=0" "-e" "RUST_BACKTRACE=full" "-e" "RUSTFLAGS=--cap-lints=warn" "-e" "CARGO_HOME=/opt/rustwide/cargo-home" "-e" "RUSTUP_HOME=/opt/rustwide/rustup-home" "-w" "/opt/rustwide/workdir" "-m" "1610612736" "--user" "0:0" "--network" "none" "ghcr.io/rust-lang/crates-build-env/linux@sha256:34b6a614d2c27851fe6cbf88fbd1137609cefab8b10d0615aaeb6fd47975d74e" "/opt/rustwide/cargo-home/bin/cargo" "+beta-2021-08-01" "build" "--frozen" "--message-format=json", kill_on_drop: false }`
[INFO] [stderr] WARNING: Your kernel does not support swap limit capabilities or the cgroup is not mounted. Memory limited without swap.
[INFO] [stdout] 9d41dee40d74eaa1a06c76682ebf8c2fb808584dfda7403c29ddbe83c3dbe761
[INFO] running `Command { std: "docker" "start" "-a" "9d41dee40d74eaa1a06c76682ebf8c2fb808584dfda7403c29ddbe83c3dbe761", kill_on_drop: false }`
[INFO] [stderr]    Compiling futures-core v0.3.16
[INFO] [stderr]    Compiling futures-channel v0.3.16
[INFO] [stderr]    Compiling futures-task v0.3.16
[INFO] [stderr]    Compiling futures-io v0.3.16
[INFO] [stderr]    Compiling base64 v0.13.0
[INFO] [stderr]    Compiling serde_json v1.0.66
[INFO] [stderr]    Compiling tokio v1.9.0
[INFO] [stderr]    Compiling futures-util v0.3.16
[INFO] [stderr]    Compiling tokio-macros v1.3.0
[INFO] [stderr]    Compiling thiserror-impl v1.0.26
[INFO] [stderr]    Compiling serde v1.0.127
[INFO] [stderr]    Compiling sha-1 v0.9.7
[INFO] [stderr]    Compiling rand v0.8.4
[INFO] [stderr]    Compiling rustls v0.19.1
[INFO] [stderr]    Compiling thiserror v1.0.26
[INFO] [stderr]    Compiling rustls-native-certs v0.5.0
[INFO] [stderr]    Compiling beef v0.5.1
[INFO] [stderr]    Compiling futures v0.3.16
[INFO] [stderr]    Compiling soketto v0.6.0
[INFO] [stderr]    Compiling tokio-util v0.6.7
[INFO] [stderr]    Compiling tokio-rustls v0.22.0
[INFO] [stderr]    Compiling hyper v0.14.11
[INFO] [stderr]    Compiling jsonrpsee-types v0.3.0
[INFO] [stderr]    Compiling jsonrpsee-ws-client v0.3.0 (/opt/rustwide/workdir)
[INFO] [stderr]     Finished dev [unoptimized + debuginfo] target(s) in 22.60s
[INFO] running `Command { std: "docker" "inspect" "9d41dee40d74eaa1a06c76682ebf8c2fb808584dfda7403c29ddbe83c3dbe761", kill_on_drop: false }`
[INFO] running `Command { std: "docker" "rm" "-f" "9d41dee40d74eaa1a06c76682ebf8c2fb808584dfda7403c29ddbe83c3dbe761", kill_on_drop: false }`
[INFO] [stdout] 9d41dee40d74eaa1a06c76682ebf8c2fb808584dfda7403c29ddbe83c3dbe761
[INFO] running `Command { std: "docker" "create" "-v" "/var/lib/crater-agent-workspace/builds/worker-1/target:/opt/rustwide/target:rw,Z" "-v" "/var/lib/crater-agent-workspace/builds/worker-1/source:/opt/rustwide/workdir:ro,Z" "-v" "/var/lib/crater-agent-workspace/cargo-home:/opt/rustwide/cargo-home:ro,Z" "-v" "/var/lib/crater-agent-workspace/rustup-home:/opt/rustwide/rustup-home:ro,Z" "-e" "SOURCE_DIR=/opt/rustwide/workdir" "-e" "CARGO_TARGET_DIR=/opt/rustwide/target" "-e" "CARGO_INCREMENTAL=0" "-e" "RUST_BACKTRACE=full" "-e" "RUSTFLAGS=--cap-lints=warn" "-e" "CARGO_HOME=/opt/rustwide/cargo-home" "-e" "RUSTUP_HOME=/opt/rustwide/rustup-home" "-w" "/opt/rustwide/workdir" "-m" "1610612736" "--user" "0:0" "--network" "none" "ghcr.io/rust-lang/crates-build-env/linux@sha256:34b6a614d2c27851fe6cbf88fbd1137609cefab8b10d0615aaeb6fd47975d74e" "/opt/rustwide/cargo-home/bin/cargo" "+beta-2021-08-01" "test" "--frozen" "--no-run" "--message-format=json", kill_on_drop: false }`
[INFO] [stdout] 6ffe9c972851565f71616c10abd8850a8f63c72150b6191fee08b55a6b483c6d
[INFO] [stderr] WARNING: Your kernel does not support swap limit capabilities or the cgroup is not mounted. Memory limited without swap.
[INFO] running `Command { std: "docker" "start" "-a" "6ffe9c972851565f71616c10abd8850a8f63c72150b6191fee08b55a6b483c6d", kill_on_drop: false }`
[INFO] [stderr]    Compiling rustls v0.19.1
[INFO] [stderr]    Compiling env_logger v0.8.4
[INFO] [stderr]    Compiling tokio v1.9.0
[INFO] [stderr]    Compiling soketto v0.6.0
[INFO] [stderr]    Compiling rustls-native-certs v0.5.0
[INFO] [stderr]    Compiling tokio-rustls v0.22.0
[INFO] [stderr]    Compiling tokio-util v0.6.7
[INFO] [stderr]    Compiling hyper v0.14.11
[INFO] [stderr]    Compiling jsonrpsee-types v0.3.0
[INFO] [stderr]    Compiling jsonrpsee-ws-client v0.3.0 (/opt/rustwide/workdir)
[INFO] [stdout] error[E0433]: failed to resolve: use of undeclared crate or module `jsonrpsee_test_utils`
[INFO] [stdout]   --> src/tests.rs:37:5
[INFO] [stdout]    |
[INFO] [stdout] 37 | use jsonrpsee_test_utils::helpers::*;
[INFO] [stdout]    |     ^^^^^^^^^^^^^^^^^^^^ use of undeclared crate or module `jsonrpsee_test_utils`
[INFO] [stdout] 
[INFO] [stdout] 
[INFO] [stdout] error[E0433]: failed to resolve: use of undeclared crate or module `jsonrpsee_test_utils`
[INFO] [stdout]   --> src/tests.rs:38:5
[INFO] [stdout]    |
[INFO] [stdout] 38 | use jsonrpsee_test_utils::types::{Id, WebSocketTestServer};
[INFO] [stdout]    |     ^^^^^^^^^^^^^^^^^^^^ use of undeclared crate or module `jsonrpsee_test_utils`
[INFO] [stdout] 
[INFO] [stdout] 
[INFO] [stdout] error[E0432]: unresolved imports `jsonrpsee_test_utils::types::Id`, `jsonrpsee_test_utils::types::WebSocketTestServer`, `jsonrpsee_test_utils`
[INFO] [stdout]   --> src/tests.rs:38:35
[INFO] [stdout]    |
[INFO] [stdout] 38 | use jsonrpsee_test_utils::types::{Id, WebSocketTestServer};
[INFO] [stdout]    |                                   ^^  ^^^^^^^^^^^^^^^^^^^
[INFO] [stdout] 39 | use jsonrpsee_test_utils::TimeoutFutureExt;
[INFO] [stdout]    |     ^^^^^^^^^^^^^^^^^^^^ use of undeclared crate or module `jsonrpsee_test_utils`
[INFO] [stdout] 
[INFO] [stdout] 
[INFO] [stdout] error[E0433]: failed to resolve: use of undeclared type `WebSocketTestServer`
[INFO] [stdout]   --> src/tests.rs:57:15
[INFO] [stdout]    |
[INFO] [stdout] 57 |     let server = WebSocketTestServer::with_hardcoded_response("127.0.0.1:0".parse().unwrap(), String::new())
[INFO] [stdout]    |                  ^^^^^^^^^^^^^^^^^^^ use of undeclared type `WebSocketTestServer`
[INFO] [stdout] 
[INFO] [stdout] 
[INFO] [stdout] error[E0433]: failed to resolve: use of undeclared type `WebSocketTestServer`
[INFO] [stdout]    --> src/tests.rs:112:15
[INFO] [stdout]     |
[INFO] [stdout] 112 |     let server = WebSocketTestServer::with_hardcoded_subscription(
[INFO] [stdout]     |                  ^^^^^^^^^^^^^^^^^^^ use of undeclared type `WebSocketTestServer`
[INFO] [stdout] 
[INFO] [stdout] 
[INFO] [stdout] error[E0433]: failed to resolve: use of undeclared type `WebSocketTestServer`
[INFO] [stdout]    --> src/tests.rs:136:15
[INFO] [stdout]     |
[INFO] [stdout] 136 |     let server = WebSocketTestServer::with_hardcoded_notification(
[INFO] [stdout]     |                  ^^^^^^^^^^^^^^^^^^^ use of undeclared type `WebSocketTestServer`
[INFO] [stdout] 
[INFO] [stdout] 
[INFO] [stdout] error[E0433]: failed to resolve: use of undeclared type `WebSocketTestServer`
[INFO] [stdout]    --> src/tests.rs:156:15
[INFO] [stdout]     |
[INFO] [stdout] 156 |     let server = WebSocketTestServer::with_hardcoded_notification(
[INFO] [stdout]     |                  ^^^^^^^^^^^^^^^^^^^ use of undeclared type `WebSocketTestServer`
[INFO] [stdout] 
[INFO] [stdout] 
[INFO] [stdout] error[E0433]: failed to resolve: use of undeclared type `WebSocketTestServer`
[INFO] [stdout]    --> src/tests.rs:223:15
[INFO] [stdout]     |
[INFO] [stdout] 223 |     let server = WebSocketTestServer::with_hardcoded_response(
[INFO] [stdout]     |                  ^^^^^^^^^^^^^^^^^^^ use of undeclared type `WebSocketTestServer`
[INFO] [stdout] 
[INFO] [stdout] 
[INFO] [stdout] error[E0433]: failed to resolve: use of undeclared type `WebSocketTestServer`
[INFO] [stdout]    --> src/tests.rs:243:15
[INFO] [stdout]     |
[INFO] [stdout] 243 |     let server = WebSocketTestServer::with_hardcoded_response("127.0.0.1:0".parse().unwrap(), response)
[INFO] [stdout]     |                  ^^^^^^^^^^^^^^^^^^^ use of undeclared type `WebSocketTestServer`
[INFO] [stdout] 
[INFO] [stdout] 
[INFO] [stdout] error[E0433]: failed to resolve: use of undeclared type `WebSocketTestServer`
[INFO] [stdout]    --> src/tests.rs:253:15
[INFO] [stdout]     |
[INFO] [stdout] 253 |     let server = WebSocketTestServer::with_hardcoded_response("127.0.0.1:0".parse().unwrap(), response)
[INFO] [stdout]     |                  ^^^^^^^^^^^^^^^^^^^ use of undeclared type `WebSocketTestServer`
[INFO] [stdout] 
[INFO] [stdout] 
[INFO] [stdout] error[E0425]: cannot find function `ok_response` in this scope
[INFO] [stdout]   --> src/tests.rs:46:41
[INFO] [stdout]    |
[INFO] [stdout] 46 |     let result = run_request_with_response(ok_response("hello".into(), Id::Num(0)))
[INFO] [stdout]    |                                            ^^^^^^^^^^^ not found in this scope
[INFO] [stdout] 
[INFO] [stdout] 
[INFO] [stdout] error[E0433]: failed to resolve: use of undeclared type `Id`
[INFO] [stdout]   --> src/tests.rs:46:69
[INFO] [stdout]    |
[INFO] [stdout] 46 |     let result = run_request_with_response(ok_response("hello".into(), Id::Num(0)))
[INFO] [stdout]    |                                                                        ^^ not found in this scope
[INFO] [stdout]    |
[INFO] [stdout] help: consider importing one of these items
[INFO] [stdout]    |
[INFO] [stdout] 28 | use crate::types::v2::params::Id;
[INFO] [stdout]    |
[INFO] [stdout] 28 | use jsonrpsee_types::v2::params::Id;
[INFO] [stdout]    |
[INFO] [stdout] 
[INFO] [stdout] 
[INFO] [stdout] error[E0425]: cannot find function `to_ws_uri_string` in this scope
[INFO] [stdout]   --> src/tests.rs:61:12
[INFO] [stdout]    |
[INFO] [stdout] 61 |     let uri = to_ws_uri_string(server.local_addr());
[INFO] [stdout]    |               ^^^^^^^^^^^^^^^^ not found in this scope
[INFO] [stdout] 
[INFO] [stdout] 
[INFO] [stdout] error[E0425]: cannot find function `ok_response` in this scope
[INFO] [stdout]   --> src/tests.rs:68:38
[INFO] [stdout]    |
[INFO] [stdout] 68 |     let err = run_request_with_response(ok_response("hello".into(), Id::Num(99)))
[INFO] [stdout]    |                                         ^^^^^^^^^^^ not found in this scope
[INFO] [stdout] 
[INFO] [stdout] 
[INFO] [stdout] error[E0433]: failed to resolve: use of undeclared type `Id`
[INFO] [stdout]   --> src/tests.rs:68:66
[INFO] [stdout]    |
[INFO] [stdout] 68 |     let err = run_request_with_response(ok_response("hello".into(), Id::Num(99)))
[INFO] [stdout]    |                                                                     ^^ not found in this scope
[INFO] [stdout]    |
[INFO] [stdout] help: consider importing one of these items
[INFO] [stdout]    |
[INFO] [stdout] 28 | use crate::types::v2::params::Id;
[INFO] [stdout]    |
[INFO] [stdout] 28 | use jsonrpsee_types::v2::params::Id;
[INFO] [stdout]    |
[INFO] [stdout] 
[INFO] [stdout] 
[INFO] [stdout] error[E0425]: cannot find function `method_not_found` in this scope
[INFO] [stdout]   --> src/tests.rs:79:29
[INFO] [stdout]    |
[INFO] [stdout] 79 |         run_request_with_response(method_not_found(Id::Num(0))).with_default_timeout().await.unwrap().unwrap_err();
[INFO] [stdout]    |                                   ^^^^^^^^^^^^^^^^ not found in this scope
[INFO] [stdout] 
[INFO] [stdout] 
[INFO] [stdout] error[E0433]: failed to resolve: use of undeclared type `Id`
[INFO] [stdout]   --> src/tests.rs:79:46
[INFO] [stdout]    |
[INFO] [stdout] 79 |         run_request_with_response(method_not_found(Id::Num(0))).with_default_timeout().await.unwrap().unwrap_err();
[INFO] [stdout]    |                                                    ^^ not found in this scope
[INFO] [stdout]    |
[INFO] [stdout] help: consider importing one of these items
[INFO] [stdout]    |
[INFO] [stdout] 28 | use crate::types::v2::params::Id;
[INFO] [stdout]    |
[INFO] [stdout] 28 | use jsonrpsee_types::v2::params::Id;
[INFO] [stdout]    |
[INFO] [stdout] 
[INFO] [stdout] 
[INFO] [stdout] error[E0425]: cannot find function `parse_error` in this scope
[INFO] [stdout]   --> src/tests.rs:85:38
[INFO] [stdout]    |
[INFO] [stdout] 85 |     let err = run_request_with_response(parse_error(Id::Num(0))).with_default_timeout().await.unwrap().unwrap_err();
[INFO] [stdout]    |                                         ^^^^^^^^^^^ not found in this scope
[INFO] [stdout] 
[INFO] [stdout] 
[INFO] [stdout] error[E0433]: failed to resolve: use of undeclared type `Id`
[INFO] [stdout]   --> src/tests.rs:85:50
[INFO] [stdout]    |
[INFO] [stdout] 85 |     let err = run_request_with_response(parse_error(Id::Num(0))).with_default_timeout().await.unwrap().unwrap_err();
[INFO] [stdout]    |                                                     ^^ not found in this scope
[INFO] [stdout]    |
[INFO] [stdout] help: consider importing one of these items
[INFO] [stdout]    |
[INFO] [stdout] 28 | use crate::types::v2::params::Id;
[INFO] [stdout]    |
[INFO] [stdout] 28 | use jsonrpsee_types::v2::params::Id;
[INFO] [stdout]    |
[INFO] [stdout] 
[INFO] [stdout] 
[INFO] [stdout] error[E0425]: cannot find function `invalid_request` in this scope
[INFO] [stdout]   --> src/tests.rs:92:29
[INFO] [stdout]    |
[INFO] [stdout] 92 |         run_request_with_response(invalid_request(Id::Num(0_u64))).with_default_timeout().await.unwrap().unwrap_err();
[INFO] [stdout]    |                                   ^^^^^^^^^^^^^^^ not found in this scope
[INFO] [stdout] 
[INFO] [stdout] 
[INFO] [stdout] error[E0433]: failed to resolve: use of undeclared type `Id`
[INFO] [stdout]   --> src/tests.rs:92:45
[INFO] [stdout]    |
[INFO] [stdout] 92 |         run_request_with_response(invalid_request(Id::Num(0_u64))).with_default_timeout().await.unwrap().unwrap_err();
[INFO] [stdout]    |                                                   ^^ not found in this scope
[INFO] [stdout]    |
[INFO] [stdout] help: consider importing one of these items
[INFO] [stdout]    |
[INFO] [stdout] 28 | use crate::types::v2::params::Id;
[INFO] [stdout]    |
[INFO] [stdout] 28 | use jsonrpsee_types::v2::params::Id;
[INFO] [stdout]    |
[INFO] [stdout] 
[INFO] [stdout] 
[INFO] [stdout] error[E0425]: cannot find function `invalid_params` in this scope
[INFO] [stdout]   --> src/tests.rs:99:29
[INFO] [stdout]    |
[INFO] [stdout] 99 |         run_request_with_response(invalid_params(Id::Num(0_u64))).with_default_timeout().await.unwrap().unwrap_err();
[INFO] [stdout]    |                                   ^^^^^^^^^^^^^^ not found in this scope
[INFO] [stdout] 
[INFO] [stdout] 
[INFO] [stdout] error[E0433]: failed to resolve: use of undeclared type `Id`
[INFO] [stdout]   --> src/tests.rs:99:44
[INFO] [stdout]    |
[INFO] [stdout] 99 |         run_request_with_response(invalid_params(Id::Num(0_u64))).with_default_timeout().await.unwrap().unwrap_err();
[INFO] [stdout]    |                                                  ^^ not found in this scope
[INFO] [stdout]    |
[INFO] [stdout] help: consider importing one of these items
[INFO] [stdout]    |
[INFO] [stdout] 28 | use crate::types::v2::params::Id;
[INFO] [stdout]    |
[INFO] [stdout] 28 | use jsonrpsee_types::v2::params::Id;
[INFO] [stdout]    |
[INFO] [stdout] 
[INFO] [stdout] 
[INFO] [stdout] error[E0425]: cannot find function `internal_error` in this scope
[INFO] [stdout]    --> src/tests.rs:106:29
[INFO] [stdout]     |
[INFO] [stdout] 106 |         run_request_with_response(internal_error(Id::Num(0_u64))).with_default_timeout().await.unwrap().unwrap_err();
[INFO] [stdout]     |                                   ^^^^^^^^^^^^^^ not found in this scope
[INFO] [stdout] 
[INFO] [stdout] 
[INFO] [stdout] error[E0433]: failed to resolve: use of undeclared type `Id`
[INFO] [stdout]    --> src/tests.rs:106:44
[INFO] [stdout]     |
[INFO] [stdout] 106 |         run_request_with_response(internal_error(Id::Num(0_u64))).with_default_timeout().await.unwrap().unwrap_err();
[INFO] [stdout]     |                                                  ^^ not found in this scope
[INFO] [stdout]     |
[INFO] [stdout] help: consider importing one of these items
[INFO] [stdout]     |
[INFO] [stdout] 28  | use crate::types::v2::params::Id;
[INFO] [stdout]     |
[INFO] [stdout] 28  | use jsonrpsee_types::v2::params::Id;
[INFO] [stdout]     |
[INFO] [stdout] 
[INFO] [stdout] 
[INFO] [stdout] error[E0425]: cannot find function `server_subscription_id_response` in this scope
[INFO] [stdout]    --> src/tests.rs:114:3
[INFO] [stdout]     |
[INFO] [stdout] 114 |         server_subscription_id_response(Id::Num(0)),
[INFO] [stdout]     |         ^^^^^^^^^^^^^^^^^^^^^^^^^^^^^^^ not found in this scope
[INFO] [stdout] 
[INFO] [stdout] 
[INFO] [stdout] error[E0433]: failed to resolve: use of undeclared type `Id`
[INFO] [stdout]    --> src/tests.rs:114:35
[INFO] [stdout]     |
[INFO] [stdout] 114 |         server_subscription_id_response(Id::Num(0)),
[INFO] [stdout]     |                                         ^^ not found in this scope
[INFO] [stdout]     |
[INFO] [stdout] help: consider importing one of these items
[INFO] [stdout]     |
[INFO] [stdout] 28  | use crate::types::v2::params::Id;
[INFO] [stdout]     |
[INFO] [stdout] 28  | use jsonrpsee_types::v2::params::Id;
[INFO] [stdout]     |
[INFO] [stdout] 
[INFO] [stdout] 
[INFO] [stdout] error[E0425]: cannot find function `server_subscription_response` in this scope
[INFO] [stdout]    --> src/tests.rs:115:3
[INFO] [stdout]     |
[INFO] [stdout] 115 |         server_subscription_response(JsonValue::String("hello my friend".to_owned())),
[INFO] [stdout]     |         ^^^^^^^^^^^^^^^^^^^^^^^^^^^^ not found in this scope
[INFO] [stdout] 
[INFO] [stdout] 
[INFO] [stdout] error[E0425]: cannot find function `to_ws_uri_string` in this scope
[INFO] [stdout]    --> src/tests.rs:120:12
[INFO] [stdout]     |
[INFO] [stdout] 120 |     let uri = to_ws_uri_string(server.local_addr());
[INFO] [stdout]     |               ^^^^^^^^^^^^^^^^ not found in this scope
[INFO] [stdout] 
[INFO] [stdout] 
[INFO] [stdout] error[E0425]: cannot find function `server_notification` in this scope
[INFO] [stdout]    --> src/tests.rs:138:3
[INFO] [stdout]     |
[INFO] [stdout] 138 |         server_notification("test", "server originated notification works".into()),
[INFO] [stdout]     |         ^^^^^^^^^^^^^^^^^^^ not found in this scope
[INFO] [stdout] 
[INFO] [stdout] 
[INFO] [stdout] error[E0425]: cannot find function `to_ws_uri_string` in this scope
[INFO] [stdout]    --> src/tests.rs:144:12
[INFO] [stdout]     |
[INFO] [stdout] 144 |     let uri = to_ws_uri_string(server.local_addr());
[INFO] [stdout]     |               ^^^^^^^^^^^^^^^^ not found in this scope
[INFO] [stdout] 
[INFO] [stdout] 
[INFO] [stdout] error[E0425]: cannot find function `server_notification` in this scope
[INFO] [stdout]    --> src/tests.rs:158:3
[INFO] [stdout]     |
[INFO] [stdout] 158 |         server_notification("test", "server originated notification".into()),
[INFO] [stdout]     |         ^^^^^^^^^^^^^^^^^^^ not found in this scope
[INFO] [stdout] 
[INFO] [stdout] 
[INFO] [stdout] error[E0425]: cannot find function `to_ws_uri_string` in this scope
[INFO] [stdout]    --> src/tests.rs:164:12
[INFO] [stdout]     |
[INFO] [stdout] 164 |     let uri = to_ws_uri_string(server.local_addr());
[INFO] [stdout]     |               ^^^^^^^^^^^^^^^^ not found in this scope
[INFO] [stdout] 
[INFO] [stdout] 
[INFO] [stdout] error[E0425]: cannot find function `ok_response` in this scope
[INFO] [stdout]    --> src/tests.rs:225:3
[INFO] [stdout]     |
[INFO] [stdout] 225 |         ok_response(JsonValue::String("foo".into()), Id::Num(99_u64)),
[INFO] [stdout]     |         ^^^^^^^^^^^ not found in this scope
[INFO] [stdout] 
[INFO] [stdout] 
[INFO] [stdout] error[E0433]: failed to resolve: use of undeclared type `Id`
[INFO] [stdout]    --> src/tests.rs:225:48
[INFO] [stdout]     |
[INFO] [stdout] 225 |         ok_response(JsonValue::String("foo".into()), Id::Num(99_u64)),
[INFO] [stdout]     |                                                      ^^ not found in this scope
[INFO] [stdout]     |
[INFO] [stdout] help: consider importing one of these items
[INFO] [stdout]     |
[INFO] [stdout] 28  | use crate::types::v2::params::Id;
[INFO] [stdout]     |
[INFO] [stdout] 28  | use jsonrpsee_types::v2::params::Id;
[INFO] [stdout]     |
[INFO] [stdout] 
[INFO] [stdout] 
[INFO] [stdout] error[E0425]: cannot find function `to_ws_uri_string` in this scope
[INFO] [stdout]    --> src/tests.rs:230:12
[INFO] [stdout]     |
[INFO] [stdout] 230 |     let uri = to_ws_uri_string(server.local_addr());
[INFO] [stdout]     |               ^^^^^^^^^^^^^^^^ not found in this scope
[INFO] [stdout] 
[INFO] [stdout] 
[INFO] [stdout] error[E0425]: cannot find function `to_ws_uri_string` in this scope
[INFO] [stdout]    --> src/tests.rs:247:12
[INFO] [stdout]     |
[INFO] [stdout] 247 |     let uri = to_ws_uri_string(server.local_addr());
[INFO] [stdout]     |               ^^^^^^^^^^^^^^^^ not found in this scope
[INFO] [stdout] 
[INFO] [stdout] 
[INFO] [stdout] error[E0599]: no method named `with_default_timeout` found for opaque type `impl futures::Future` in the current scope
[INFO] [stdout]    --> src/tests.rs:248:54
[INFO] [stdout]     |
[INFO] [stdout] 248 |     let client = WsClientBuilder::default().build(&uri).with_default_timeout().await.unwrap().unwrap();
[INFO] [stdout]     |                                                         ^^^^^^^^^^^^^^^^^^^^ method not found in `impl futures::Future`
[INFO] [stdout] 
[INFO] [stdout] 
[INFO] [stdout] error[E0599]: no method named `with_default_timeout` found for opaque type `impl futures::Future` in the current scope
[INFO] [stdout]    --> src/tests.rs:258:54
[INFO] [stdout]     |
[INFO] [stdout] 258 |     let client = WsClientBuilder::default().build(&uri).with_default_timeout().await.unwrap().unwrap();
[INFO] [stdout]     |                                                         ^^^^^^^^^^^^^^^^^^^^ method not found in `impl futures::Future`
[INFO] [stdout] 
[INFO] [stdout] 
[INFO] [stdout] error[E0599]: no method named `with_default_timeout` found for opaque type `impl futures::Future` in the current scope
[INFO] [stdout]   --> src/tests.rs:47:4
[INFO] [stdout]    |
[INFO] [stdout] 47 |         .with_default_timeout()
[INFO] [stdout]    |          ^^^^^^^^^^^^^^^^^^^^ method not found in `impl futures::Future`
[INFO] [stdout] 
[INFO] [stdout] 
[INFO] [stdout] error[E0599]: no method named `with_default_timeout` found for opaque type `impl futures::Future` in the current scope
[INFO] [stdout]   --> src/tests.rs:62:54
[INFO] [stdout]    |
[INFO] [stdout] 62 |     let client = WsClientBuilder::default().build(&uri).with_default_timeout().await.unwrap().unwrap();
[INFO] [stdout]    |                                                         ^^^^^^^^^^^^^^^^^^^^ method not found in `impl futures::Future`
[INFO] [stdout] 
[INFO] [stdout] 
[INFO] [stdout] error[E0599]: no method named `with_default_timeout` found for opaque type `impl futures::Future` in the current scope
[INFO] [stdout]   --> src/tests.rs:69:4
[INFO] [stdout]    |
[INFO] [stdout] 69 |         .with_default_timeout()
[INFO] [stdout]    |          ^^^^^^^^^^^^^^^^^^^^ method not found in `impl futures::Future`
[INFO] [stdout] 
[INFO] [stdout] 
[INFO] [stdout] error[E0599]: no method named `with_default_timeout` found for opaque type `impl futures::Future` in the current scope
[INFO] [stdout]   --> src/tests.rs:79:59
[INFO] [stdout]    |
[INFO] [stdout] 79 |         run_request_with_response(method_not_found(Id::Num(0))).with_default_timeout().await.unwrap().unwrap_err();
[INFO] [stdout]    |                                                                 ^^^^^^^^^^^^^^^^^^^^ method not found in `impl futures::Future`
[INFO] [stdout] 
[INFO] [stdout] 
[INFO] [stdout] error[E0599]: no method named `with_default_timeout` found for opaque type `impl futures::Future` in the current scope
[INFO] [stdout]   --> src/tests.rs:85:63
[INFO] [stdout]    |
[INFO] [stdout] 85 |     let err = run_request_with_response(parse_error(Id::Num(0))).with_default_timeout().await.unwrap().unwrap_err();
[INFO] [stdout]    |                                                                  ^^^^^^^^^^^^^^^^^^^^ method not found in `impl futures::Future`
[INFO] [stdout] 
[INFO] [stdout] 
[INFO] [stdout] error[E0599]: no method named `with_default_timeout` found for opaque type `impl futures::Future` in the current scope
[INFO] [stdout]   --> src/tests.rs:92:62
[INFO] [stdout]    |
[INFO] [stdout] 92 |         run_request_with_response(invalid_request(Id::Num(0_u64))).with_default_timeout().await.unwrap().unwrap_err();
[INFO] [stdout]    |                                                                    ^^^^^^^^^^^^^^^^^^^^ method not found in `impl futures::Future`
[INFO] [stdout] 
[INFO] [stdout] 
[INFO] [stdout] error[E0599]: no method named `with_default_timeout` found for opaque type `impl futures::Future` in the current scope
[INFO] [stdout]   --> src/tests.rs:99:61
[INFO] [stdout]    |
[INFO] [stdout] 99 |         run_request_with_response(invalid_params(Id::Num(0_u64))).with_default_timeout().await.unwrap().unwrap_err();
[INFO] [stdout]    |                                                                   ^^^^^^^^^^^^^^^^^^^^ method not found in `impl futures::Future`
[INFO] [stdout] 
[INFO] [stdout] 
[INFO] [stdout] error[E0599]: no method named `with_default_timeout` found for opaque type `impl futures::Future` in the current scope
[INFO] [stdout]    --> src/tests.rs:106:61
[INFO] [stdout]     |
[INFO] [stdout] 106 |         run_request_with_response(internal_error(Id::Num(0_u64))).with_default_timeout().await.unwrap().unwrap_err();
[INFO] [stdout]     |                                                                   ^^^^^^^^^^^^^^^^^^^^ method not found in `impl futures::Future`
[INFO] [stdout] 
[INFO] [stdout] 
[INFO] [stdout] error[E0599]: no method named `with_default_timeout` found for opaque type `impl futures::Future` in the current scope
[INFO] [stdout]    --> src/tests.rs:121:54
[INFO] [stdout]     |
[INFO] [stdout] 121 |     let client = WsClientBuilder::default().build(&uri).with_default_timeout().await.unwrap().unwrap();
[INFO] [stdout]     |                                                         ^^^^^^^^^^^^^^^^^^^^ method not found in `impl futures::Future`
[INFO] [stdout] 
[INFO] [stdout] 
[INFO] [stdout] error[E0599]: no method named `with_default_timeout` found for opaque type `impl futures::Future` in the current scope
[INFO] [stdout]    --> src/tests.rs:129:37
[INFO] [stdout]     |
[INFO] [stdout] 129 |         let response: String = sub.next().with_default_timeout().await.unwrap().unwrap().unwrap();
[INFO] [stdout]     |                                           ^^^^^^^^^^^^^^^^^^^^ method not found in `impl futures::Future`
[INFO] [stdout] 
[INFO] [stdout] 
[INFO] [stdout] error[E0599]: no method named `with_default_timeout` found for opaque type `impl futures::Future` in the current scope
[INFO] [stdout]    --> src/tests.rs:145:54
[INFO] [stdout]     |
[INFO] [stdout] 145 |     let client = WsClientBuilder::default().build(&uri).with_default_timeout().await.unwrap().unwrap();
[INFO] [stdout]     |                                                         ^^^^^^^^^^^^^^^^^^^^ method not found in `impl futures::Future`
[INFO] [stdout] 
[INFO] [stdout] 
[INFO] [stdout] error[E0599]: no method named `with_default_timeout` found for opaque type `impl futures::Future` in the current scope
[INFO] [stdout]    --> src/tests.rs:149:36
[INFO] [stdout]     |
[INFO] [stdout] 149 |         let response: String = nh.next().with_default_timeout().await.unwrap().unwrap().unwrap();
[INFO] [stdout]     |                                          ^^^^^^^^^^^^^^^^^^^^ method not found in `impl futures::Future`
[INFO] [stdout] 
[INFO] [stdout] 
[INFO] [stdout] error[E0599]: no method named `with_default_timeout` found for opaque type `impl futures::Future` in the current scope
[INFO] [stdout]    --> src/tests.rs:168:4
[INFO] [stdout]     |
[INFO] [stdout] 168 |         .with_default_timeout()
[INFO] [stdout]     |          ^^^^^^^^^^^^^^^^^^^^ method not found in `impl futures::Future`
[INFO] [stdout] 
[INFO] [stdout] 
[INFO] [stdout] error[E0599]: no method named `with_default_timeout` found for opaque type `impl futures::Future` in the current scope
[INFO] [stdout]    --> src/tests.rs:180:21
[INFO] [stdout]     |
[INFO] [stdout] 180 |         assert!(nh.next().with_default_timeout().await.unwrap().unwrap().is_some());
[INFO] [stdout]     |                           ^^^^^^^^^^^^^^^^^^^^ method not found in `impl futures::Future`
[INFO] [stdout] 
[INFO] [stdout] 
[INFO] [stdout] error[E0599]: no method named `with_default_timeout` found for opaque type `impl futures::Future` in the current scope
[INFO] [stdout]    --> src/tests.rs:184:20
[INFO] [stdout]     |
[INFO] [stdout] 184 |     assert!(nh.next().with_default_timeout().await.unwrap().unwrap().is_none());
[INFO] [stdout]     |                       ^^^^^^^^^^^^^^^^^^^^ method not found in `impl futures::Future`
[INFO] [stdout] 
[INFO] [stdout] 
[INFO] [stdout] error[E0599]: no method named `with_default_timeout` found for opaque type `impl futures::Future` in the current scope
[INFO] [stdout]    --> src/tests.rs:191:26
[INFO] [stdout]     |
[INFO] [stdout] 191 |     assert!(other_nh.next().with_default_timeout().await.unwrap().unwrap().is_some());
[INFO] [stdout]     |                             ^^^^^^^^^^^^^^^^^^^^ method not found in `impl futures::Future`
[INFO] [stdout] 
[INFO] [stdout] 
[INFO] [stdout] error[E0599]: no method named `with_default_timeout` found for opaque type `impl futures::Future` in the current scope
[INFO] [stdout]    --> src/tests.rs:204:67
[INFO] [stdout]     |
[INFO] [stdout] 204 |         run_batch_request_with_response(batch_request, server_response).with_default_timeout().await.unwrap().unwrap();
[INFO] [stdout]     |                                                                         ^^^^^^^^^^^^^^^^^^^^ method not found in `impl futures::Future`
[INFO] [stdout] 
[INFO] [stdout] 
[INFO] [stdout] error[E0599]: no method named `with_default_timeout` found for opaque type `impl futures::Future` in the current scope
[INFO] [stdout]    --> src/tests.rs:217:67
[INFO] [stdout]     |
[INFO] [stdout] 217 |         run_batch_request_with_response(batch_request, server_response).with_default_timeout().await.unwrap().unwrap();
[INFO] [stdout]     |                                                                         ^^^^^^^^^^^^^^^^^^^^ method not found in `impl futures::Future`
[INFO] [stdout] 
[INFO] [stdout] 
[INFO] [stdout] error[E0599]: no method named `with_default_timeout` found for opaque type `impl futures::Future` in the current scope
[INFO] [stdout]    --> src/tests.rs:231:54
[INFO] [stdout]     |
[INFO] [stdout] 231 |     let client = WsClientBuilder::default().build(&uri).with_default_timeout().await.unwrap().unwrap();
[INFO] [stdout]     |                                                         ^^^^^^^^^^^^^^^^^^^^ method not found in `impl futures::Future`
[INFO] [stdout] 
[INFO] [stdout] 
[INFO] [stdout] warning: unused import: `Client`
[INFO] [stdout]   --> src/tests.rs:29:11
[INFO] [stdout]    |
[INFO] [stdout] 29 |     traits::{Client, SubscriptionClient},
[INFO] [stdout]    |              ^^^^^^
[INFO] [stdout]    |
[INFO] [stdout]    = note: `#[warn(unused_imports)]` on by default
[INFO] [stdout] 
[INFO] [stdout] 
[INFO] [stdout] warning: unused import: `SubscriptionClient`
[INFO] [stdout]   --> src/tests.rs:29:19
[INFO] [stdout]    |
[INFO] [stdout] 29 |     traits::{Client, SubscriptionClient},
[INFO] [stdout]    |                      ^^^^^^^^^^^^^^^^^^
[INFO] [stdout] 
[INFO] [stdout] 
[INFO] [stdout] error: aborting due to 58 previous errors; 2 warnings emitted
[INFO] [stdout] 
[INFO] [stdout] 
[INFO] [stdout] Some errors have detailed explanations: E0425, E0432, E0433, E0599.
[INFO] [stdout] 
[INFO] [stdout] For more information about an error, try `rustc --explain E0425`.
[INFO] [stdout] 
[INFO] [stderr] error: could not compile `jsonrpsee-ws-client` due to 59 previous errors; 2 warnings emitted
[INFO] running `Command { std: "docker" "inspect" "6ffe9c972851565f71616c10abd8850a8f63c72150b6191fee08b55a6b483c6d", kill_on_drop: false }`
[INFO] running `Command { std: "docker" "rm" "-f" "6ffe9c972851565f71616c10abd8850a8f63c72150b6191fee08b55a6b483c6d", kill_on_drop: false }`
[INFO] [stdout] 6ffe9c972851565f71616c10abd8850a8f63c72150b6191fee08b55a6b483c6d
