[INFO] fetching crate jsonrpsee-http-client 0.3.0...
[INFO] testing jsonrpsee-http-client-0.3.0 against 1.54.0 for beta-1.55-1
[INFO] extracting crate jsonrpsee-http-client 0.3.0 into /workspace/builds/worker-4/source
[INFO] validating manifest of crates.io crate jsonrpsee-http-client 0.3.0 on toolchain 1.54.0
[INFO] running `Command { std: "/workspace/cargo-home/bin/cargo" "+1.54.0" "metadata" "--manifest-path" "Cargo.toml" "--no-deps", kill_on_drop: false }`
[INFO] started tweaking crates.io crate jsonrpsee-http-client 0.3.0
[INFO] finished tweaking crates.io crate jsonrpsee-http-client 0.3.0
[INFO] tweaked toml for crates.io crate jsonrpsee-http-client 0.3.0 written to /workspace/builds/worker-4/source/Cargo.toml
[INFO] running `Command { std: "/workspace/cargo-home/bin/cargo" "+1.54.0" "generate-lockfile" "--manifest-path" "Cargo.toml" "-Zno-index-update", kill_on_drop: false }`
[INFO] running `Command { std: "/workspace/cargo-home/bin/cargo" "+1.54.0" "fetch" "--manifest-path" "Cargo.toml", kill_on_drop: false }`
[INFO] running `Command { std: "docker" "create" "-v" "/var/lib/crater-agent-workspace/builds/worker-4/target:/opt/rustwide/target:rw,Z" "-v" "/var/lib/crater-agent-workspace/builds/worker-4/source:/opt/rustwide/workdir:ro,Z" "-v" "/var/lib/crater-agent-workspace/cargo-home:/opt/rustwide/cargo-home:ro,Z" "-v" "/var/lib/crater-agent-workspace/rustup-home:/opt/rustwide/rustup-home:ro,Z" "-e" "SOURCE_DIR=/opt/rustwide/workdir" "-e" "CARGO_TARGET_DIR=/opt/rustwide/target" "-e" "CARGO_HOME=/opt/rustwide/cargo-home" "-e" "RUSTUP_HOME=/opt/rustwide/rustup-home" "-w" "/opt/rustwide/workdir" "-m" "1610612736" "--user" "0:0" "--network" "none" "ghcr.io/rust-lang/crates-build-env/linux@sha256:34b6a614d2c27851fe6cbf88fbd1137609cefab8b10d0615aaeb6fd47975d74e" "/opt/rustwide/cargo-home/bin/cargo" "+1.54.0" "metadata" "--no-deps" "--format-version=1", kill_on_drop: false }`
[INFO] [stdout] cd7d29bc4db1ad0d49e8c25a1be47c50c0b353f38cba1460abae01d4625b15d6
[INFO] [stderr] WARNING: Your kernel does not support swap limit capabilities or the cgroup is not mounted. Memory limited without swap.
[INFO] running `Command { std: "docker" "start" "-a" "cd7d29bc4db1ad0d49e8c25a1be47c50c0b353f38cba1460abae01d4625b15d6", kill_on_drop: false }`
[INFO] running `Command { std: "docker" "inspect" "cd7d29bc4db1ad0d49e8c25a1be47c50c0b353f38cba1460abae01d4625b15d6", kill_on_drop: false }`
[INFO] running `Command { std: "docker" "rm" "-f" "cd7d29bc4db1ad0d49e8c25a1be47c50c0b353f38cba1460abae01d4625b15d6", kill_on_drop: false }`
[INFO] [stdout] cd7d29bc4db1ad0d49e8c25a1be47c50c0b353f38cba1460abae01d4625b15d6
[INFO] running `Command { std: "docker" "create" "-v" "/var/lib/crater-agent-workspace/builds/worker-4/target:/opt/rustwide/target:rw,Z" "-v" "/var/lib/crater-agent-workspace/builds/worker-4/source:/opt/rustwide/workdir:ro,Z" "-v" "/var/lib/crater-agent-workspace/cargo-home:/opt/rustwide/cargo-home:ro,Z" "-v" "/var/lib/crater-agent-workspace/rustup-home:/opt/rustwide/rustup-home:ro,Z" "-e" "SOURCE_DIR=/opt/rustwide/workdir" "-e" "CARGO_TARGET_DIR=/opt/rustwide/target" "-e" "CARGO_INCREMENTAL=0" "-e" "RUST_BACKTRACE=full" "-e" "RUSTFLAGS=--cap-lints=warn" "-e" "CARGO_HOME=/opt/rustwide/cargo-home" "-e" "RUSTUP_HOME=/opt/rustwide/rustup-home" "-w" "/opt/rustwide/workdir" "-m" "1610612736" "--user" "0:0" "--network" "none" "ghcr.io/rust-lang/crates-build-env/linux@sha256:34b6a614d2c27851fe6cbf88fbd1137609cefab8b10d0615aaeb6fd47975d74e" "/opt/rustwide/cargo-home/bin/cargo" "+1.54.0" "build" "--frozen" "--message-format=json", kill_on_drop: false }`
[INFO] [stderr] WARNING: Your kernel does not support swap limit capabilities or the cgroup is not mounted. Memory limited without swap.
[INFO] [stdout] ee85941c130a91640a2f4e7c279b6bd26585378cc942a3fae2bc9565157a8230
[INFO] running `Command { std: "docker" "start" "-a" "ee85941c130a91640a2f4e7c279b6bd26585378cc942a3fae2bc9565157a8230", kill_on_drop: false }`
[INFO] [stderr]    Compiling futures-core v0.3.16
[INFO] [stderr]    Compiling base64 v0.13.0
[INFO] [stderr]    Compiling serde_json v1.0.66
[INFO] [stderr]    Compiling futures-util v0.3.16
[INFO] [stderr]    Compiling tokio v1.9.0
[INFO] [stderr]    Compiling rand v0.8.4
[INFO] [stderr]    Compiling rustls v0.19.1
[INFO] [stderr]    Compiling futures-channel v0.3.16
[INFO] [stderr]    Compiling rustls-native-certs v0.5.0
[INFO] [stderr]    Compiling tokio-util v0.6.7
[INFO] [stderr]    Compiling tokio-rustls v0.22.0
[INFO] [stderr]    Compiling futures v0.3.16
[INFO] [stderr]    Compiling soketto v0.6.0
[INFO] [stderr]    Compiling h2 v0.3.3
[INFO] [stderr]    Compiling hyper v0.14.11
[INFO] [stderr]    Compiling jsonrpsee-types v0.3.0
[INFO] [stderr]    Compiling hyper-rustls v0.22.1
[INFO] [stderr]    Compiling jsonrpsee-utils v0.3.0
[INFO] [stderr]    Compiling jsonrpsee-http-client v0.3.0 (/opt/rustwide/workdir)
[INFO] [stderr]     Finished dev [unoptimized + debuginfo] target(s) in 23.93s
[INFO] running `Command { std: "docker" "inspect" "ee85941c130a91640a2f4e7c279b6bd26585378cc942a3fae2bc9565157a8230", kill_on_drop: false }`
[INFO] running `Command { std: "docker" "rm" "-f" "ee85941c130a91640a2f4e7c279b6bd26585378cc942a3fae2bc9565157a8230", kill_on_drop: false }`
[INFO] [stdout] ee85941c130a91640a2f4e7c279b6bd26585378cc942a3fae2bc9565157a8230
[INFO] running `Command { std: "docker" "create" "-v" "/var/lib/crater-agent-workspace/builds/worker-4/target:/opt/rustwide/target:rw,Z" "-v" "/var/lib/crater-agent-workspace/builds/worker-4/source:/opt/rustwide/workdir:ro,Z" "-v" "/var/lib/crater-agent-workspace/cargo-home:/opt/rustwide/cargo-home:ro,Z" "-v" "/var/lib/crater-agent-workspace/rustup-home:/opt/rustwide/rustup-home:ro,Z" "-e" "SOURCE_DIR=/opt/rustwide/workdir" "-e" "CARGO_TARGET_DIR=/opt/rustwide/target" "-e" "CARGO_INCREMENTAL=0" "-e" "RUST_BACKTRACE=full" "-e" "RUSTFLAGS=--cap-lints=warn" "-e" "CARGO_HOME=/opt/rustwide/cargo-home" "-e" "RUSTUP_HOME=/opt/rustwide/rustup-home" "-w" "/opt/rustwide/workdir" "-m" "1610612736" "--user" "0:0" "--network" "none" "ghcr.io/rust-lang/crates-build-env/linux@sha256:34b6a614d2c27851fe6cbf88fbd1137609cefab8b10d0615aaeb6fd47975d74e" "/opt/rustwide/cargo-home/bin/cargo" "+1.54.0" "test" "--frozen" "--no-run" "--message-format=json", kill_on_drop: false }`
[INFO] [stdout] a44f61e66c3a2eb970931a18f721b6d113aee8c96a3b737212de8a079c5e7972
[INFO] [stderr] WARNING: Your kernel does not support swap limit capabilities or the cgroup is not mounted. Memory limited without swap.
[INFO] running `Command { std: "docker" "start" "-a" "a44f61e66c3a2eb970931a18f721b6d113aee8c96a3b737212de8a079c5e7972", kill_on_drop: false }`
[INFO] [stderr]     Blocking waiting for file lock on package cache
[INFO] [stderr]    Compiling tokio v1.9.0
[INFO] [stderr]    Compiling tokio-macros v1.3.0
[INFO] [stderr]    Compiling tokio-util v0.6.7
[INFO] [stderr]    Compiling tokio-rustls v0.22.0
[INFO] [stderr]    Compiling h2 v0.3.3
[INFO] [stderr]    Compiling hyper v0.14.11
[INFO] [stderr]    Compiling jsonrpsee-types v0.3.0
[INFO] [stderr]    Compiling hyper-rustls v0.22.1
[INFO] [stderr]    Compiling jsonrpsee-utils v0.3.0
[INFO] [stderr]    Compiling jsonrpsee-http-client v0.3.0 (/opt/rustwide/workdir)
[INFO] [stdout] error[E0433]: failed to resolve: use of undeclared crate or module `jsonrpsee_test_utils`
[INFO] [stdout]   --> src/tests.rs:36:5
[INFO] [stdout]    |
[INFO] [stdout] 36 | use jsonrpsee_test_utils::helpers::*;
[INFO] [stdout]    |     ^^^^^^^^^^^^^^^^^^^^ use of undeclared crate or module `jsonrpsee_test_utils`
[INFO] [stdout] 
[INFO] [stdout] 
[INFO] [stdout] error[E0433]: failed to resolve: use of undeclared crate or module `jsonrpsee_test_utils`
[INFO] [stdout]   --> src/tests.rs:37:5
[INFO] [stdout]    |
[INFO] [stdout] 37 | use jsonrpsee_test_utils::types::Id;
[INFO] [stdout]    |     ^^^^^^^^^^^^^^^^^^^^ use of undeclared crate or module `jsonrpsee_test_utils`
[INFO] [stdout] 
[INFO] [stdout] 
[INFO] [stdout] error[E0432]: unresolved imports `jsonrpsee_test_utils::types::Id`, `jsonrpsee_test_utils`
[INFO] [stdout]   --> src/tests.rs:37:5
[INFO] [stdout]    |
[INFO] [stdout] 37 | use jsonrpsee_test_utils::types::Id;
[INFO] [stdout]    |     ^^^^^^^^^^^^^^^^^^^^^^^^^^^^^^^
[INFO] [stdout] 38 | use jsonrpsee_test_utils::TimeoutFutureExt;
[INFO] [stdout]    |     ^^^^^^^^^^^^^^^^^^^^ use of undeclared crate or module `jsonrpsee_test_utils`
[INFO] [stdout] 
[INFO] [stdout] 
[INFO] [stdout] error[E0425]: cannot find function `ok_response` in this scope
[INFO] [stdout]   --> src/tests.rs:42:41
[INFO] [stdout]    |
[INFO] [stdout] 42 |     let result = run_request_with_response(ok_response("hello".into(), Id::Num(0)))
[INFO] [stdout]    |                                            ^^^^^^^^^^^ not found in this scope
[INFO] [stdout] 
[INFO] [stdout] 
[INFO] [stdout] error[E0433]: failed to resolve: use of undeclared type `Id`
[INFO] [stdout]   --> src/tests.rs:42:69
[INFO] [stdout]    |
[INFO] [stdout] 42 |     let result = run_request_with_response(ok_response("hello".into(), Id::Num(0)))
[INFO] [stdout]    |                                                                        ^^ not found in this scope
[INFO] [stdout]    |
[INFO] [stdout] help: consider importing one of these items
[INFO] [stdout]    |
[INFO] [stdout] 27 | use crate::types::v2::params::Id;
[INFO] [stdout]    |
[INFO] [stdout] 27 | use jsonrpsee_types::v2::params::Id;
[INFO] [stdout]    |
[INFO] [stdout] 
[INFO] [stdout] 
[INFO] [stdout] error[E0425]: cannot find function `http_server_with_hardcoded_response` in this scope
[INFO] [stdout]   --> src/tests.rs:52:20
[INFO] [stdout]    |
[INFO] [stdout] 52 |     let server_addr = http_server_with_hardcoded_response(String::new()).with_default_timeout().await.unwrap();
[INFO] [stdout]    |                       ^^^^^^^^^^^^^^^^^^^^^^^^^^^^^^^^^^^ not found in this scope
[INFO] [stdout] 
[INFO] [stdout] 
[INFO] [stdout] error[E0425]: cannot find function `ok_response` in this scope
[INFO] [stdout]   --> src/tests.rs:65:38
[INFO] [stdout]    |
[INFO] [stdout] 65 |     let err = run_request_with_response(ok_response("hello".into(), Id::Num(99)))
[INFO] [stdout]    |                                         ^^^^^^^^^^^ not found in this scope
[INFO] [stdout] 
[INFO] [stdout] 
[INFO] [stdout] error[E0433]: failed to resolve: use of undeclared type `Id`
[INFO] [stdout]   --> src/tests.rs:65:66
[INFO] [stdout]    |
[INFO] [stdout] 65 |     let err = run_request_with_response(ok_response("hello".into(), Id::Num(99)))
[INFO] [stdout]    |                                                                     ^^ not found in this scope
[INFO] [stdout]    |
[INFO] [stdout] help: consider importing one of these items
[INFO] [stdout]    |
[INFO] [stdout] 27 | use crate::types::v2::params::Id;
[INFO] [stdout]    |
[INFO] [stdout] 27 | use jsonrpsee_types::v2::params::Id;
[INFO] [stdout]    |
[INFO] [stdout] 
[INFO] [stdout] 
[INFO] [stdout] error[E0425]: cannot find function `method_not_found` in this scope
[INFO] [stdout]   --> src/tests.rs:76:29
[INFO] [stdout]    |
[INFO] [stdout] 76 |         run_request_with_response(method_not_found(Id::Num(0))).with_default_timeout().await.unwrap().unwrap_err();
[INFO] [stdout]    |                                   ^^^^^^^^^^^^^^^^ not found in this scope
[INFO] [stdout] 
[INFO] [stdout] 
[INFO] [stdout] error[E0433]: failed to resolve: use of undeclared type `Id`
[INFO] [stdout]   --> src/tests.rs:76:46
[INFO] [stdout]    |
[INFO] [stdout] 76 |         run_request_with_response(method_not_found(Id::Num(0))).with_default_timeout().await.unwrap().unwrap_err();
[INFO] [stdout]    |                                                    ^^ not found in this scope
[INFO] [stdout]    |
[INFO] [stdout] help: consider importing one of these items
[INFO] [stdout]    |
[INFO] [stdout] 27 | use crate::types::v2::params::Id;
[INFO] [stdout]    |
[INFO] [stdout] 27 | use jsonrpsee_types::v2::params::Id;
[INFO] [stdout]    |
[INFO] [stdout] 
[INFO] [stdout] 
[INFO] [stdout] error[E0425]: cannot find function `parse_error` in this scope
[INFO] [stdout]   --> src/tests.rs:82:38
[INFO] [stdout]    |
[INFO] [stdout] 82 |     let err = run_request_with_response(parse_error(Id::Num(0))).with_default_timeout().await.unwrap().unwrap_err();
[INFO] [stdout]    |                                         ^^^^^^^^^^^ not found in this scope
[INFO] [stdout] 
[INFO] [stdout] 
[INFO] [stdout] error[E0433]: failed to resolve: use of undeclared type `Id`
[INFO] [stdout]   --> src/tests.rs:82:50
[INFO] [stdout]    |
[INFO] [stdout] 82 |     let err = run_request_with_response(parse_error(Id::Num(0))).with_default_timeout().await.unwrap().unwrap_err();
[INFO] [stdout]    |                                                     ^^ not found in this scope
[INFO] [stdout]    |
[INFO] [stdout] help: consider importing one of these items
[INFO] [stdout]    |
[INFO] [stdout] 27 | use crate::types::v2::params::Id;
[INFO] [stdout]    |
[INFO] [stdout] 27 | use jsonrpsee_types::v2::params::Id;
[INFO] [stdout]    |
[INFO] [stdout] 
[INFO] [stdout] 
[INFO] [stdout] error[E0425]: cannot find function `invalid_request` in this scope
[INFO] [stdout]   --> src/tests.rs:89:29
[INFO] [stdout]    |
[INFO] [stdout] 89 |         run_request_with_response(invalid_request(Id::Num(0_u64))).with_default_timeout().await.unwrap().unwrap_err();
[INFO] [stdout]    |                                   ^^^^^^^^^^^^^^^ not found in this scope
[INFO] [stdout] 
[INFO] [stdout] 
[INFO] [stdout] error[E0433]: failed to resolve: use of undeclared type `Id`
[INFO] [stdout]   --> src/tests.rs:89:45
[INFO] [stdout]    |
[INFO] [stdout] 89 |         run_request_with_response(invalid_request(Id::Num(0_u64))).with_default_timeout().await.unwrap().unwrap_err();
[INFO] [stdout]    |                                                   ^^ not found in this scope
[INFO] [stdout]    |
[INFO] [stdout] help: consider importing one of these items
[INFO] [stdout]    |
[INFO] [stdout] 27 | use crate::types::v2::params::Id;
[INFO] [stdout]    |
[INFO] [stdout] 27 | use jsonrpsee_types::v2::params::Id;
[INFO] [stdout]    |
[INFO] [stdout] 
[INFO] [stdout] 
[INFO] [stdout] error[E0425]: cannot find function `invalid_params` in this scope
[INFO] [stdout]   --> src/tests.rs:96:29
[INFO] [stdout]    |
[INFO] [stdout] 96 |         run_request_with_response(invalid_params(Id::Num(0_u64))).with_default_timeout().await.unwrap().unwrap_err();
[INFO] [stdout]    |                                   ^^^^^^^^^^^^^^ not found in this scope
[INFO] [stdout] 
[INFO] [stdout] 
[INFO] [stdout] error[E0433]: failed to resolve: use of undeclared type `Id`
[INFO] [stdout]   --> src/tests.rs:96:44
[INFO] [stdout]    |
[INFO] [stdout] 96 |         run_request_with_response(invalid_params(Id::Num(0_u64))).with_default_timeout().await.unwrap().unwrap_err();
[INFO] [stdout]    |                                                  ^^ not found in this scope
[INFO] [stdout]    |
[INFO] [stdout] help: consider importing one of these items
[INFO] [stdout]    |
[INFO] [stdout] 27 | use crate::types::v2::params::Id;
[INFO] [stdout]    |
[INFO] [stdout] 27 | use jsonrpsee_types::v2::params::Id;
[INFO] [stdout]    |
[INFO] [stdout] 
[INFO] [stdout] 
[INFO] [stdout] error[E0425]: cannot find function `internal_error` in this scope
[INFO] [stdout]    --> src/tests.rs:103:29
[INFO] [stdout]     |
[INFO] [stdout] 103 |         run_request_with_response(internal_error(Id::Num(0_u64))).with_default_timeout().await.unwrap().unwrap_err();
[INFO] [stdout]     |                                   ^^^^^^^^^^^^^^ not found in this scope
[INFO] [stdout] 
[INFO] [stdout] 
[INFO] [stdout] error[E0433]: failed to resolve: use of undeclared type `Id`
[INFO] [stdout]    --> src/tests.rs:103:44
[INFO] [stdout]     |
[INFO] [stdout] 103 |         run_request_with_response(internal_error(Id::Num(0_u64))).with_default_timeout().await.unwrap().unwrap_err();
[INFO] [stdout]     |                                                  ^^ not found in this scope
[INFO] [stdout]     |
[INFO] [stdout] help: consider importing one of these items
[INFO] [stdout]     |
[INFO] [stdout] 27  | use crate::types::v2::params::Id;
[INFO] [stdout]     |
[INFO] [stdout] 27  | use jsonrpsee_types::v2::params::Id;
[INFO] [stdout]     |
[INFO] [stdout] 
[INFO] [stdout] 
[INFO] [stdout] error[E0425]: cannot find function `http_server_with_hardcoded_response` in this scope
[INFO] [stdout]    --> src/tests.rs:144:20
[INFO] [stdout]     |
[INFO] [stdout] 144 |     let server_addr = http_server_with_hardcoded_response(response).with_default_timeout().await.unwrap();
[INFO] [stdout]     |                       ^^^^^^^^^^^^^^^^^^^^^^^^^^^^^^^^^^^ not found in this scope
[INFO] [stdout] 
[INFO] [stdout] 
[INFO] [stdout] error[E0425]: cannot find function `http_server_with_hardcoded_response` in this scope
[INFO] [stdout]    --> src/tests.rs:151:20
[INFO] [stdout]     |
[INFO] [stdout] 151 |     let server_addr = http_server_with_hardcoded_response(response).with_default_timeout().await.unwrap();
[INFO] [stdout]     |                       ^^^^^^^^^^^^^^^^^^^^^^^^^^^^^^^^^^^ not found in this scope
[INFO] [stdout] 
[INFO] [stdout] 
[INFO] [stdout] error[E0599]: no method named `with_default_timeout` found for struct `Pin<Box<dyn Future<Output = Result<Vec<_>, jsonrpsee_types::Error>> + Send>>` in the current scope
[INFO] [stdout]    --> src/tests.rs:147:30
[INFO] [stdout]     |
[INFO] [stdout] 147 |     client.batch_request(batch).with_default_timeout().await.unwrap()
[INFO] [stdout]     |                                 ^^^^^^^^^^^^^^^^^^^^ method not found in `Pin<Box<dyn Future<Output = Result<Vec<_>, jsonrpsee_types::Error>> + Send>>`
[INFO] [stdout] 
[INFO] [stdout] 
[INFO] [stdout] error[E0599]: no method named `with_default_timeout` found for struct `Pin<Box<dyn Future<Output = Result<_, jsonrpsee_types::Error>> + Send>>` in the current scope
[INFO] [stdout]    --> src/tests.rs:154:55
[INFO] [stdout]     |
[INFO] [stdout] 154 |     client.request("say_hello", JsonRpcParams::NoParams).with_default_timeout().await.unwrap()
[INFO] [stdout]     |                                                          ^^^^^^^^^^^^^^^^^^^^ method not found in `Pin<Box<dyn Future<Output = Result<_, jsonrpsee_types::Error>> + Send>>`
[INFO] [stdout] 
[INFO] [stdout] 
[INFO] [stdout] error[E0599]: no method named `with_default_timeout` found for opaque type `impl Future` in the current scope
[INFO] [stdout]   --> src/tests.rs:43:4
[INFO] [stdout]    |
[INFO] [stdout] 43 |         .with_default_timeout()
[INFO] [stdout]    |          ^^^^^^^^^^^^^^^^^^^^ method not found in `impl Future`
[INFO] [stdout] 
[INFO] [stdout] 
[INFO] [stdout] error[E0599]: no method named `with_default_timeout` found for struct `Pin<Box<dyn Future<Output = Result<(), jsonrpsee_types::Error>> + Send>>` in the current scope
[INFO] [stdout]   --> src/tests.rs:57:4
[INFO] [stdout]    |
[INFO] [stdout] 57 |         .with_default_timeout()
[INFO] [stdout]    |          ^^^^^^^^^^^^^^^^^^^^ method not found in `Pin<Box<dyn Future<Output = Result<(), jsonrpsee_types::Error>> + Send>>`
[INFO] [stdout] 
[INFO] [stdout] 
[INFO] [stdout] error[E0599]: no method named `with_default_timeout` found for opaque type `impl Future` in the current scope
[INFO] [stdout]   --> src/tests.rs:66:4
[INFO] [stdout]    |
[INFO] [stdout] 66 |         .with_default_timeout()
[INFO] [stdout]    |          ^^^^^^^^^^^^^^^^^^^^ method not found in `impl Future`
[INFO] [stdout] 
[INFO] [stdout] 
[INFO] [stdout] error[E0599]: no method named `with_default_timeout` found for opaque type `impl Future` in the current scope
[INFO] [stdout]   --> src/tests.rs:76:59
[INFO] [stdout]    |
[INFO] [stdout] 76 |         run_request_with_response(method_not_found(Id::Num(0))).with_default_timeout().await.unwrap().unwrap_err();
[INFO] [stdout]    |                                                                 ^^^^^^^^^^^^^^^^^^^^ method not found in `impl Future`
[INFO] [stdout] 
[INFO] [stdout] 
[INFO] [stdout] error[E0599]: no method named `with_default_timeout` found for opaque type `impl Future` in the current scope
[INFO] [stdout]   --> src/tests.rs:82:63
[INFO] [stdout]    |
[INFO] [stdout] 82 |     let err = run_request_with_response(parse_error(Id::Num(0))).with_default_timeout().await.unwrap().unwrap_err();
[INFO] [stdout]    |                                                                  ^^^^^^^^^^^^^^^^^^^^ method not found in `impl Future`
[INFO] [stdout] 
[INFO] [stdout] 
[INFO] [stdout] error[E0599]: no method named `with_default_timeout` found for opaque type `impl Future` in the current scope
[INFO] [stdout]   --> src/tests.rs:89:62
[INFO] [stdout]    |
[INFO] [stdout] 89 |         run_request_with_response(invalid_request(Id::Num(0_u64))).with_default_timeout().await.unwrap().unwrap_err();
[INFO] [stdout]    |                                                                    ^^^^^^^^^^^^^^^^^^^^ method not found in `impl Future`
[INFO] [stdout] 
[INFO] [stdout] 
[INFO] [stdout] error[E0599]: no method named `with_default_timeout` found for opaque type `impl Future` in the current scope
[INFO] [stdout]   --> src/tests.rs:96:61
[INFO] [stdout]    |
[INFO] [stdout] 96 |         run_request_with_response(invalid_params(Id::Num(0_u64))).with_default_timeout().await.unwrap().unwrap_err();
[INFO] [stdout]    |                                                                   ^^^^^^^^^^^^^^^^^^^^ method not found in `impl Future`
[INFO] [stdout] 
[INFO] [stdout] 
[INFO] [stdout] error[E0599]: no method named `with_default_timeout` found for opaque type `impl Future` in the current scope
[INFO] [stdout]    --> src/tests.rs:103:61
[INFO] [stdout]     |
[INFO] [stdout] 103 |         run_request_with_response(internal_error(Id::Num(0_u64))).with_default_timeout().await.unwrap().unwrap_err();
[INFO] [stdout]     |                                                                   ^^^^^^^^^^^^^^^^^^^^ method not found in `impl Future`
[INFO] [stdout] 
[INFO] [stdout] 
[INFO] [stdout] error[E0599]: no method named `with_default_timeout` found for opaque type `impl Future` in the current scope
[INFO] [stdout]    --> src/tests.rs:110:43
[INFO] [stdout]     |
[INFO] [stdout] 110 |     let err = run_request_with_response(req).with_default_timeout().await.unwrap().unwrap_err();
[INFO] [stdout]     |                                              ^^^^^^^^^^^^^^^^^^^^ method not found in `impl Future`
[INFO] [stdout] 
[INFO] [stdout] 
[INFO] [stdout] error[E0599]: no method named `with_default_timeout` found for opaque type `impl Future` in the current scope
[INFO] [stdout]    --> src/tests.rs:123:67
[INFO] [stdout]     |
[INFO] [stdout] 123 |         run_batch_request_with_response(batch_request, server_response).with_default_timeout().await.unwrap().unwrap();
[INFO] [stdout]     |                                                                         ^^^^^^^^^^^^^^^^^^^^ method not found in `impl Future`
[INFO] [stdout] 
[INFO] [stdout] 
[INFO] [stdout] error[E0599]: no method named `with_default_timeout` found for opaque type `impl Future` in the current scope
[INFO] [stdout]    --> src/tests.rs:136:67
[INFO] [stdout]     |
[INFO] [stdout] 136 |         run_batch_request_with_response(batch_request, server_response).with_default_timeout().await.unwrap().unwrap();
[INFO] [stdout]     |                                                                         ^^^^^^^^^^^^^^^^^^^^ method not found in `impl Future`
[INFO] [stdout] 
[INFO] [stdout] 
[INFO] [stdout] error: aborting due to 33 previous errors
[INFO] [stdout] 
[INFO] [stdout] 
[INFO] [stdout] Some errors have detailed explanations: E0425, E0432, E0433, E0599.
[INFO] [stdout] 
[INFO] [stdout] For more information about an error, try `rustc --explain E0425`.
[INFO] [stdout] 
[INFO] [stderr] error: could not compile `jsonrpsee-http-client`
[INFO] [stderr] 
[INFO] [stderr] To learn more, run the command again with --verbose.
[INFO] [stderr] warning: build failed, waiting for other jobs to finish...
[INFO] [stderr] error: build failed
[INFO] running `Command { std: "docker" "inspect" "a44f61e66c3a2eb970931a18f721b6d113aee8c96a3b737212de8a079c5e7972", kill_on_drop: false }`
[INFO] running `Command { std: "docker" "rm" "-f" "a44f61e66c3a2eb970931a18f721b6d113aee8c96a3b737212de8a079c5e7972", kill_on_drop: false }`
[INFO] [stdout] a44f61e66c3a2eb970931a18f721b6d113aee8c96a3b737212de8a079c5e7972
