[INFO] fetching crate jrk-g2-rs 1.0.1...
[INFO] testing jrk-g2-rs-1.0.1 against beta-2021-08-01 for beta-1.55-1
[INFO] extracting crate jrk-g2-rs 1.0.1 into /workspace/builds/worker-2/source
[INFO] validating manifest of crates.io crate jrk-g2-rs 1.0.1 on toolchain beta-2021-08-01
[INFO] running `Command { std: "/workspace/cargo-home/bin/cargo" "+beta-2021-08-01" "metadata" "--manifest-path" "Cargo.toml" "--no-deps", kill_on_drop: false }`
[INFO] started tweaking crates.io crate jrk-g2-rs 1.0.1
[INFO] finished tweaking crates.io crate jrk-g2-rs 1.0.1
[INFO] tweaked toml for crates.io crate jrk-g2-rs 1.0.1 written to /workspace/builds/worker-2/source/Cargo.toml
[INFO] crate crates.io crate jrk-g2-rs 1.0.1 already has a lockfile, it will not be regenerated
[INFO] running `Command { std: "/workspace/cargo-home/bin/cargo" "+beta-2021-08-01" "fetch" "--manifest-path" "Cargo.toml", kill_on_drop: false }`
[INFO] [stderr]  Downloading crates ...
[INFO] [stderr]   Downloaded embedded-dma v0.1.2
[INFO] [stderr]   Downloaded embedded-hal v0.2.4
[INFO] [stderr]   Downloaded serial-unix v0.4.0
[INFO] [stderr]   Downloaded termios v0.2.2
[INFO] [stderr]   Downloaded sysfs_gpio v0.5.4
[INFO] [stderr]   Downloaded ioctl-rs v0.1.6
[INFO] [stderr]   Downloaded serial-core v0.4.0
[INFO] [stderr]   Downloaded spidev v0.4.0
[INFO] [stderr]   Downloaded i2cdev v0.4.4
[INFO] [stderr]   Downloaded linux-embedded-hal v0.3.0
[INFO] [stderr]   Downloaded stm32f1 v0.11.0
[INFO] [stderr]   Downloaded syn v1.0.56
[INFO] [stderr]   Downloaded ufmt v0.1.0
[INFO] [stderr]   Downloaded stm32f1xx-hal v0.7.0
[INFO] [stderr]   Downloaded cortex-m v0.6.4
[INFO] [stderr]   Downloaded as-slice v0.1.4
[INFO] [stderr]   Downloaded panic-halt v0.2.0
[INFO] [stderr]   Downloaded cortex-m-rt v0.6.13
[INFO] [stderr]   Downloaded ufmt-macros v0.1.1
[INFO] [stderr]   Downloaded aligned v0.3.4
[INFO] running `Command { std: "docker" "create" "-v" "/var/lib/crater-agent-workspace/builds/worker-2/target:/opt/rustwide/target:rw,Z" "-v" "/var/lib/crater-agent-workspace/builds/worker-2/source:/opt/rustwide/workdir:ro,Z" "-v" "/var/lib/crater-agent-workspace/cargo-home:/opt/rustwide/cargo-home:ro,Z" "-v" "/var/lib/crater-agent-workspace/rustup-home:/opt/rustwide/rustup-home:ro,Z" "-e" "SOURCE_DIR=/opt/rustwide/workdir" "-e" "CARGO_TARGET_DIR=/opt/rustwide/target" "-e" "CARGO_HOME=/opt/rustwide/cargo-home" "-e" "RUSTUP_HOME=/opt/rustwide/rustup-home" "-w" "/opt/rustwide/workdir" "-m" "1610612736" "--user" "0:0" "--network" "none" "ghcr.io/rust-lang/crates-build-env/linux@sha256:34b6a614d2c27851fe6cbf88fbd1137609cefab8b10d0615aaeb6fd47975d74e" "/opt/rustwide/cargo-home/bin/cargo" "+beta-2021-08-01" "metadata" "--no-deps" "--format-version=1", kill_on_drop: false }`
[INFO] [stdout] 9de2e2314a34239ee76ade24f02e6ffc20ab1b72342166f91bd1d67f674b6efd
[INFO] [stderr] WARNING: Your kernel does not support swap limit capabilities or the cgroup is not mounted. Memory limited without swap.
[INFO] running `Command { std: "docker" "start" "-a" "9de2e2314a34239ee76ade24f02e6ffc20ab1b72342166f91bd1d67f674b6efd", kill_on_drop: false }`
[INFO] running `Command { std: "docker" "inspect" "9de2e2314a34239ee76ade24f02e6ffc20ab1b72342166f91bd1d67f674b6efd", kill_on_drop: false }`
[INFO] running `Command { std: "docker" "rm" "-f" "9de2e2314a34239ee76ade24f02e6ffc20ab1b72342166f91bd1d67f674b6efd", kill_on_drop: false }`
[INFO] [stdout] 9de2e2314a34239ee76ade24f02e6ffc20ab1b72342166f91bd1d67f674b6efd
[INFO] running `Command { std: "docker" "create" "-v" "/var/lib/crater-agent-workspace/builds/worker-2/target:/opt/rustwide/target:rw,Z" "-v" "/var/lib/crater-agent-workspace/builds/worker-2/source:/opt/rustwide/workdir:ro,Z" "-v" "/var/lib/crater-agent-workspace/cargo-home:/opt/rustwide/cargo-home:ro,Z" "-v" "/var/lib/crater-agent-workspace/rustup-home:/opt/rustwide/rustup-home:ro,Z" "-e" "SOURCE_DIR=/opt/rustwide/workdir" "-e" "CARGO_TARGET_DIR=/opt/rustwide/target" "-e" "CARGO_INCREMENTAL=0" "-e" "RUST_BACKTRACE=full" "-e" "RUSTFLAGS=--cap-lints=warn" "-e" "CARGO_HOME=/opt/rustwide/cargo-home" "-e" "RUSTUP_HOME=/opt/rustwide/rustup-home" "-w" "/opt/rustwide/workdir" "-m" "1610612736" "--user" "0:0" "--network" "none" "ghcr.io/rust-lang/crates-build-env/linux@sha256:34b6a614d2c27851fe6cbf88fbd1137609cefab8b10d0615aaeb6fd47975d74e" "/opt/rustwide/cargo-home/bin/cargo" "+beta-2021-08-01" "build" "--frozen" "--message-format=json", kill_on_drop: false }`
[INFO] [stdout] ebbf5aa17192c743a36faa89eebbcde2dd95d4207a3f6656654847bb36b821e1
[INFO] [stderr] WARNING: Your kernel does not support swap limit capabilities or the cgroup is not mounted. Memory limited without swap.
[INFO] running `Command { std: "docker" "start" "-a" "ebbf5aa17192c743a36faa89eebbcde2dd95d4207a3f6656654847bb36b821e1", kill_on_drop: false }`
[INFO] [stderr]    Compiling syn v1.0.56
[INFO] [stderr]    Compiling ufmt-write v0.1.0
[INFO] [stderr]    Compiling embedded-hal v0.2.4
[INFO] [stderr]    Compiling ufmt-macros v0.1.1
[INFO] [stderr]    Compiling ufmt v0.1.0
[INFO] [stderr]    Compiling jrk-g2-rs v1.0.1 (/opt/rustwide/workdir)
[INFO] [stderr]     Finished dev [unoptimized + debuginfo] target(s) in 11.52s
[INFO] running `Command { std: "docker" "inspect" "ebbf5aa17192c743a36faa89eebbcde2dd95d4207a3f6656654847bb36b821e1", kill_on_drop: false }`
[INFO] running `Command { std: "docker" "rm" "-f" "ebbf5aa17192c743a36faa89eebbcde2dd95d4207a3f6656654847bb36b821e1", kill_on_drop: false }`
[INFO] [stdout] ebbf5aa17192c743a36faa89eebbcde2dd95d4207a3f6656654847bb36b821e1
[INFO] running `Command { std: "docker" "create" "-v" "/var/lib/crater-agent-workspace/builds/worker-2/target:/opt/rustwide/target:rw,Z" "-v" "/var/lib/crater-agent-workspace/builds/worker-2/source:/opt/rustwide/workdir:ro,Z" "-v" "/var/lib/crater-agent-workspace/cargo-home:/opt/rustwide/cargo-home:ro,Z" "-v" "/var/lib/crater-agent-workspace/rustup-home:/opt/rustwide/rustup-home:ro,Z" "-e" "SOURCE_DIR=/opt/rustwide/workdir" "-e" "CARGO_TARGET_DIR=/opt/rustwide/target" "-e" "CARGO_INCREMENTAL=0" "-e" "RUST_BACKTRACE=full" "-e" "RUSTFLAGS=--cap-lints=warn" "-e" "CARGO_HOME=/opt/rustwide/cargo-home" "-e" "RUSTUP_HOME=/opt/rustwide/rustup-home" "-w" "/opt/rustwide/workdir" "-m" "1610612736" "--user" "0:0" "--network" "none" "ghcr.io/rust-lang/crates-build-env/linux@sha256:34b6a614d2c27851fe6cbf88fbd1137609cefab8b10d0615aaeb6fd47975d74e" "/opt/rustwide/cargo-home/bin/cargo" "+beta-2021-08-01" "test" "--frozen" "--no-run" "--message-format=json", kill_on_drop: false }`
[INFO] [stderr] WARNING: Your kernel does not support swap limit capabilities or the cgroup is not mounted. Memory limited without swap.
[INFO] [stdout] c715a700b82f5ce4e9c3ce561e77d424e6d47583f2ffe9f22ce739f6435d7812
[INFO] running `Command { std: "docker" "start" "-a" "c715a700b82f5ce4e9c3ce561e77d424e6d47583f2ffe9f22ce739f6435d7812", kill_on_drop: false }`
[INFO] [stderr]    Compiling jrk-g2-rs v1.0.1 (/opt/rustwide/workdir)
[INFO] [stdout] error[E0432]: unresolved import `linux_embedded_hal`
[INFO] [stdout]  --> examples/rpi-serial.rs:1:5
[INFO] [stdout]   |
[INFO] [stdout] 1 | use linux_embedded_hal::Serial;
[INFO] [stdout]   |     ^^^^^^^^^^^^^^^^^^ use of undeclared crate or module `linux_embedded_hal`
[INFO] [stdout] 
[INFO] [stdout] 
[INFO] [stdout] error: aborting due to previous error
[INFO] [stdout] 
[INFO] [stdout] 
[INFO] [stdout] error[E0433]: failed to resolve: use of undeclared crate or module `stm32f1xx_hal`
[INFO] [stdout]   --> examples/stm32-i2c.rs:16:5
[INFO] [stdout]    |
[INFO] [stdout] 16 | use stm32f1xx_hal::{i2c, pac, prelude::*, serial, timer::Timer};
[INFO] [stdout]    |     ^^^^^^^^^^^^^ use of undeclared crate or module `stm32f1xx_hal`
[INFO] [stdout] 
[INFO] [stdout] 
[INFO] [stdout] error[E0432]: unresolved import `cortex_m_rt`
[INFO] [stdout]   --> examples/stm32-i2c.rs:13:5
[INFO] [stdout]    |
[INFO] [stdout] 13 | use cortex_m_rt::entry;
[INFO] [stdout]    |     ^^^^^^^^^^^ use of undeclared crate or module `cortex_m_rt`
[INFO] [stdout] 
[INFO] [stdout] 
[INFO] [stdout] error[E0432]: unresolved import `panic_halt`
[INFO] [stdout]   --> examples/stm32-i2c.rs:15:5
[INFO] [stdout]    |
[INFO] [stdout] 15 | use panic_halt as _;
[INFO] [stdout]    |     ^^^^^^^^^^^^^^^ no external crate `panic_halt`
[INFO] [stdout] 
[INFO] [stdout] 
[INFO] [stdout] error[E0432]: unresolved imports `stm32f1xx_hal`, `stm32f1xx_hal::timer::Timer`
[INFO] [stdout]   --> examples/stm32-i2c.rs:16:5
[INFO] [stdout]    |
[INFO] [stdout] 16 | use stm32f1xx_hal::{i2c, pac, prelude::*, serial, timer::Timer};
[INFO] [stdout]    |     ^^^^^^^^^^^^^                                 ^^^^^^^^^^^^
[INFO] [stdout]    |     |
[INFO] [stdout]    |     use of undeclared crate or module `stm32f1xx_hal`
[INFO] [stdout] 
[INFO] [stdout] 
[INFO] [stdout] error: cannot determine resolution for the attribute macro `entry`
[INFO] [stdout]   --> examples/stm32-i2c.rs:20:3
[INFO] [stdout]    |
[INFO] [stdout] 20 | #[entry]
[INFO] [stdout]    |   ^^^^^
[INFO] [stdout]    |
[INFO] [stdout]    = note: import resolution is stuck, try simplifying macro imports
[INFO] [stdout] 
[INFO] [stdout] 
[INFO] [stdout] For more information about this error, try `rustc --explain E0432`.
[INFO] [stdout] 
[INFO] [stderr] error: could not compile `jrk-g2-rs` due to 2 previous errors
[INFO] [stderr] warning: build failed, waiting for other jobs to finish...
[INFO] [stdout] error[E0433]: failed to resolve: use of undeclared crate or module `cortex_m`
[INFO] [stdout]   --> examples/stm32-i2c.rs:22:14
[INFO] [stdout]    |
[INFO] [stdout] 22 |     let cp = cortex_m::Peripherals::take().unwrap();
[INFO] [stdout]    |              ^^^^^^^^ use of undeclared crate or module `cortex_m`
[INFO] [stdout] 
[INFO] [stdout] 
[INFO] [stdout] error[E0433]: failed to resolve: use of undeclared type `Timer`
[INFO] [stdout]   --> examples/stm32-i2c.rs:30:21
[INFO] [stdout]    |
[INFO] [stdout] 30 |     let mut timer = Timer::syst(cp.SYST, &clocks).start_count_down(1.hz());
[INFO] [stdout]    |                     ^^^^^ use of undeclared type `Timer`
[INFO] [stdout] 
[INFO] [stdout] 
[INFO] [stdout] error: language item required, but not found: `eh_personality`
[INFO] [stdout] 
[INFO] [stdout] 
[INFO] [stdout] error: `#[panic_handler]` function required, but not found
[INFO] [stdout] 
[INFO] [stdout] 
[INFO] [stdout] error[E0599]: no method named `hz` found for type `{integer}` in the current scope
[INFO] [stdout]   --> examples/stm32-i2c.rs:30:70
[INFO] [stdout]    |
[INFO] [stdout] 30 |     let mut timer = Timer::syst(cp.SYST, &clocks).start_count_down(1.hz());
[INFO] [stdout]    |                                                                      ^^ method not found in `{integer}`
[INFO] [stdout] 
[INFO] [stdout] 
[INFO] [stdout] error[E0599]: no method named `bps` found for type `{integer}` in the current scope
[INFO] [stdout]   --> examples/stm32-i2c.rs:43:52
[INFO] [stdout]    |
[INFO] [stdout] 43 |         serial::Config::default().baudrate(115_200.bps()),
[INFO] [stdout]    |                                                    ^^^ method not found in `{integer}`
[INFO] [stdout] 
[INFO] [stdout] 
[INFO] [stdout] error[E0433]: failed to resolve: use of undeclared crate or module `stm32f1xx_hal`
[INFO] [stdout]   --> examples/stm32-serial.rs:16:5
[INFO] [stdout]    |
[INFO] [stdout] 16 | use stm32f1xx_hal::{i2c, pac, prelude::*, serial, timer::Timer};
[INFO] [stdout]    |     ^^^^^^^^^^^^^ use of undeclared crate or module `stm32f1xx_hal`
[INFO] [stdout] 
[INFO] [stdout] 
[INFO] [stdout] error[E0432]: unresolved import `cortex_m_rt`
[INFO] [stdout]   --> examples/stm32-serial.rs:13:5
[INFO] [stdout]    |
[INFO] [stdout] 13 | use cortex_m_rt::entry;
[INFO] [stdout]    |     ^^^^^^^^^^^ use of undeclared crate or module `cortex_m_rt`
[INFO] [stdout] 
[INFO] [stdout] 
[INFO] [stdout] error[E0432]: unresolved import `panic_halt`
[INFO] [stdout]   --> examples/stm32-serial.rs:15:5
[INFO] [stdout]    |
[INFO] [stdout] 15 | use panic_halt as _;
[INFO] [stdout]    |     ^^^^^^^^^^^^^^^ no external crate `panic_halt`
[INFO] [stdout] 
[INFO] [stdout] 
[INFO] [stdout] error[E0432]: unresolved imports `stm32f1xx_hal`, `stm32f1xx_hal::timer::Timer`
[INFO] [stdout]   --> examples/stm32-serial.rs:16:5
[INFO] [stdout]    |
[INFO] [stdout] 16 | use stm32f1xx_hal::{i2c, pac, prelude::*, serial, timer::Timer};
[INFO] [stdout]    |     ^^^^^^^^^^^^^                                 ^^^^^^^^^^^^
[INFO] [stdout]    |     |
[INFO] [stdout]    |     use of undeclared crate or module `stm32f1xx_hal`
[INFO] [stdout] 
[INFO] [stdout] 
[INFO] [stdout] error: cannot determine resolution for the attribute macro `entry`
[INFO] [stdout]   --> examples/stm32-serial.rs:20:3
[INFO] [stdout]    |
[INFO] [stdout] 20 | #[entry]
[INFO] [stdout]    |   ^^^^^
[INFO] [stdout]    |
[INFO] [stdout]    = note: import resolution is stuck, try simplifying macro imports
[INFO] [stdout] 
[INFO] [stdout] 
[INFO] [stdout] error[E0599]: no method named `hz` found for type `{integer}` in the current scope
[INFO] [stdout]   --> examples/stm32-i2c.rs:61:32
[INFO] [stdout]    |
[INFO] [stdout] 61 |             frequency: 400_000.hz(),
[INFO] [stdout]    |                                ^^ method not found in `{integer}`
[INFO] [stdout] 
[INFO] [stdout] 
[INFO] [stdout] error[E0599]: no method named `bps` found for type `{integer}` in the current scope
[INFO] [stdout]   --> examples/stm32-i2c.rs:76:50
[INFO] [stdout]    |
[INFO] [stdout] 76 |         serial::Config::default().baudrate(9_600.bps()),
[INFO] [stdout]    |                                                  ^^^ method not found in `{integer}`
[INFO] [stdout] 
[INFO] [stdout] 
[INFO] [stdout] warning: unused import: `core::fmt::Write`
[INFO] [stdout]   --> examples/stm32-i2c.rs:12:5
[INFO] [stdout]    |
[INFO] [stdout] 12 | use core::fmt::Write;
[INFO] [stdout]    |     ^^^^^^^^^^^^^^^^
[INFO] [stdout]    |
[INFO] [stdout]    = note: `#[warn(unused_imports)]` on by default
[INFO] [stdout] 
[INFO] [stdout] 
[INFO] [stdout] error: aborting due to 13 previous errors; 1 warning emitted
[INFO] [stdout] 
[INFO] [stdout] 
[INFO] [stdout] Some errors have detailed explanations: E0432, E0433, E0599.
[INFO] [stdout] 
[INFO] [stdout] For more information about an error, try `rustc --explain E0432`.
[INFO] [stdout] 
[INFO] [stdout] error[E0433]: failed to resolve: use of undeclared crate or module `cortex_m`
[INFO] [stdout]   --> examples/stm32-serial.rs:22:14
[INFO] [stdout]    |
[INFO] [stdout] 22 |     let cp = cortex_m::Peripherals::take().unwrap();
[INFO] [stdout]    |              ^^^^^^^^ use of undeclared crate or module `cortex_m`
[INFO] [stdout] 
[INFO] [stdout] 
[INFO] [stdout] error[E0433]: failed to resolve: use of undeclared type `Timer`
[INFO] [stdout]   --> examples/stm32-serial.rs:30:21
[INFO] [stdout]    |
[INFO] [stdout] 30 |     let mut timer = Timer::syst(cp.SYST, &clocks).start_count_down(1.hz());
[INFO] [stdout]    |                     ^^^^^ use of undeclared type `Timer`
[INFO] [stdout] 
[INFO] [stdout] 
[INFO] [stdout] error: language item required, but not found: `eh_personality`
[INFO] [stdout] 
[INFO] [stdout] 
[INFO] [stdout] error: `#[panic_handler]` function required, but not found
[INFO] [stdout] 
[INFO] [stdout] 
[INFO] [stdout] error[E0432]: unresolved import `linux_embedded_hal`
[INFO] [stdout]  --> examples/rpi-i2c.rs:1:5
[INFO] [stdout]   |
[INFO] [stdout] 1 | use linux_embedded_hal::I2cdev;
[INFO] [stdout]   |     ^^^^^^^^^^^^^^^^^^ use of undeclared crate or module `linux_embedded_hal`
[INFO] [stdout] 
[INFO] [stdout] 
[INFO] [stdout] error: aborting due to previous error
[INFO] [stdout] 
[INFO] [stdout] 
[INFO] [stdout] For more information about this error, try `rustc --explain E0432`.
[INFO] [stdout] 
[INFO] [stdout] error[E0599]: no method named `hz` found for type `{integer}` in the current scope
[INFO] [stdout]   --> examples/stm32-serial.rs:30:70
[INFO] [stdout]    |
[INFO] [stdout] 30 |     let mut timer = Timer::syst(cp.SYST, &clocks).start_count_down(1.hz());
[INFO] [stdout]    |                                                                      ^^ method not found in `{integer}`
[INFO] [stdout] 
[INFO] [stdout] 
[INFO] [stdout] error[E0599]: no method named `bps` found for type `{integer}` in the current scope
[INFO] [stdout]   --> examples/stm32-serial.rs:43:52
[INFO] [stdout]    |
[INFO] [stdout] 43 |         serial::Config::default().baudrate(115_200.bps()),
[INFO] [stdout]    |                                                    ^^^ method not found in `{integer}`
[INFO] [stdout] 
[INFO] [stdout] 
[INFO] [stdout] error[E0599]: no method named `hz` found for type `{integer}` in the current scope
[INFO] [stdout]   --> examples/stm32-serial.rs:61:32
[INFO] [stdout]    |
[INFO] [stdout] 61 |             frequency: 400_000.hz(),
[INFO] [stdout]    |                                ^^ method not found in `{integer}`
[INFO] [stdout] 
[INFO] [stdout] 
[INFO] [stdout] error[E0599]: no method named `bps` found for type `{integer}` in the current scope
[INFO] [stdout]   --> examples/stm32-serial.rs:76:50
[INFO] [stdout]    |
[INFO] [stdout] 76 |         serial::Config::default().baudrate(9_600.bps()),
[INFO] [stdout]    |                                                  ^^^ method not found in `{integer}`
[INFO] [stdout] 
[INFO] [stdout] 
[INFO] [stdout] warning: unused import: `core::fmt::Write`
[INFO] [stdout]   --> examples/stm32-serial.rs:12:5
[INFO] [stdout]    |
[INFO] [stdout] 12 | use core::fmt::Write;
[INFO] [stdout]    |     ^^^^^^^^^^^^^^^^
[INFO] [stdout]    |
[INFO] [stdout]    = note: `#[warn(unused_imports)]` on by default
[INFO] [stdout] 
[INFO] [stdout] 
[INFO] [stdout] error: aborting due to 13 previous errors; 1 warning emitted
[INFO] [stdout] 
[INFO] [stdout] 
[INFO] [stdout] Some errors have detailed explanations: E0432, E0433, E0599.
[INFO] [stdout] 
[INFO] [stdout] For more information about an error, try `rustc --explain E0432`.
[INFO] [stdout] 
[INFO] [stderr] error: build failed
[INFO] running `Command { std: "docker" "inspect" "c715a700b82f5ce4e9c3ce561e77d424e6d47583f2ffe9f22ce739f6435d7812", kill_on_drop: false }`
[INFO] running `Command { std: "docker" "rm" "-f" "c715a700b82f5ce4e9c3ce561e77d424e6d47583f2ffe9f22ce739f6435d7812", kill_on_drop: false }`
[INFO] [stdout] c715a700b82f5ce4e9c3ce561e77d424e6d47583f2ffe9f22ce739f6435d7812
