[INFO] fetching crate is_prime 1.0.5...
[INFO] testing is_prime-1.0.5 against beta-2021-08-01 for beta-1.55-1
[INFO] extracting crate is_prime 1.0.5 into /workspace/builds/worker-108/source
[INFO] validating manifest of crates.io crate is_prime 1.0.5 on toolchain beta-2021-08-01
[INFO] running `Command { std: "/workspace/cargo-home/bin/cargo" "+beta-2021-08-01" "metadata" "--manifest-path" "Cargo.toml" "--no-deps", kill_on_drop: false }`
[INFO] started tweaking crates.io crate is_prime 1.0.5
[INFO] finished tweaking crates.io crate is_prime 1.0.5
[INFO] tweaked toml for crates.io crate is_prime 1.0.5 written to /workspace/builds/worker-108/source/Cargo.toml
[INFO] running `Command { std: "/workspace/cargo-home/bin/cargo" "+beta-2021-08-01" "generate-lockfile" "--manifest-path" "Cargo.toml" "-Zno-index-update", kill_on_drop: false }`
[INFO] running `Command { std: "/workspace/cargo-home/bin/cargo" "+beta-2021-08-01" "fetch" "--manifest-path" "Cargo.toml", kill_on_drop: false }`
[INFO] [stderr]     Blocking waiting for file lock on package cache
[INFO] [stderr]  Downloading crates ...
[INFO] [stderr]   Downloaded ieee754 v0.2.6
[INFO] [stderr]   Downloaded hamming v0.1.3
[INFO] [stderr]   Downloaded rustc-cfg v0.2.0
[INFO] [stderr]   Downloaded ramp v0.5.9
[INFO] running `Command { std: "docker" "create" "-v" "/var/lib/crater-agent-workspace/builds/worker-108/target:/opt/rustwide/target:rw,Z" "-v" "/var/lib/crater-agent-workspace/builds/worker-108/source:/opt/rustwide/workdir:ro,Z" "-v" "/var/lib/crater-agent-workspace/cargo-home:/opt/rustwide/cargo-home:ro,Z" "-v" "/var/lib/crater-agent-workspace/rustup-home:/opt/rustwide/rustup-home:ro,Z" "-e" "SOURCE_DIR=/opt/rustwide/workdir" "-e" "CARGO_TARGET_DIR=/opt/rustwide/target" "-e" "CARGO_HOME=/opt/rustwide/cargo-home" "-e" "RUSTUP_HOME=/opt/rustwide/rustup-home" "-w" "/opt/rustwide/workdir" "-m" "1610612736" "--user" "0:0" "--network" "none" "ghcr.io/rust-lang/crates-build-env/linux@sha256:34b6a614d2c27851fe6cbf88fbd1137609cefab8b10d0615aaeb6fd47975d74e" "/opt/rustwide/cargo-home/bin/cargo" "+beta-2021-08-01" "metadata" "--no-deps" "--format-version=1", kill_on_drop: false }`
[INFO] [stdout] fd1d702295a0a56ddfcf0b8e7554ff705cdbd63d9a3157fd6c47cd2d98b2e347
[INFO] running `Command { std: "docker" "start" "-a" "fd1d702295a0a56ddfcf0b8e7554ff705cdbd63d9a3157fd6c47cd2d98b2e347", kill_on_drop: false }`
[INFO] running `Command { std: "docker" "inspect" "fd1d702295a0a56ddfcf0b8e7554ff705cdbd63d9a3157fd6c47cd2d98b2e347", kill_on_drop: false }`
[INFO] running `Command { std: "docker" "rm" "-f" "fd1d702295a0a56ddfcf0b8e7554ff705cdbd63d9a3157fd6c47cd2d98b2e347", kill_on_drop: false }`
[INFO] [stdout] fd1d702295a0a56ddfcf0b8e7554ff705cdbd63d9a3157fd6c47cd2d98b2e347
[INFO] running `Command { std: "docker" "create" "-v" "/var/lib/crater-agent-workspace/builds/worker-108/target:/opt/rustwide/target:rw,Z" "-v" "/var/lib/crater-agent-workspace/builds/worker-108/source:/opt/rustwide/workdir:ro,Z" "-v" "/var/lib/crater-agent-workspace/cargo-home:/opt/rustwide/cargo-home:ro,Z" "-v" "/var/lib/crater-agent-workspace/rustup-home:/opt/rustwide/rustup-home:ro,Z" "-e" "SOURCE_DIR=/opt/rustwide/workdir" "-e" "CARGO_TARGET_DIR=/opt/rustwide/target" "-e" "CARGO_INCREMENTAL=0" "-e" "RUST_BACKTRACE=full" "-e" "RUSTFLAGS=--cap-lints=warn" "-e" "CARGO_HOME=/opt/rustwide/cargo-home" "-e" "RUSTUP_HOME=/opt/rustwide/rustup-home" "-w" "/opt/rustwide/workdir" "-m" "1610612736" "--user" "0:0" "--network" "none" "ghcr.io/rust-lang/crates-build-env/linux@sha256:34b6a614d2c27851fe6cbf88fbd1137609cefab8b10d0615aaeb6fd47975d74e" "/opt/rustwide/cargo-home/bin/cargo" "+beta-2021-08-01" "build" "--frozen" "--message-format=json", kill_on_drop: false }`
[INFO] [stdout] 099a839e1532b4a9aeb03f4e500e03a101579bc45b52e8aa5febe3740cd8797f
[INFO] running `Command { std: "docker" "start" "-a" "099a839e1532b4a9aeb03f4e500e03a101579bc45b52e8aa5febe3740cd8797f", kill_on_drop: false }`
[INFO] [stderr]    Compiling rustc-cfg v0.2.0
[INFO] [stderr]    Compiling hamming v0.1.3
[INFO] [stderr]    Compiling ieee754 v0.2.6
[INFO] [stderr]    Compiling num-traits v0.2.14
[INFO] [stderr]    Compiling num-integer v0.1.44
[INFO] [stderr]    Compiling rand_core v0.3.1
[INFO] [stderr]    Compiling rand v0.5.6
[INFO] [stderr]    Compiling num-traits v0.1.43
[INFO] [stderr]    Compiling num-bigint v0.1.44
[INFO] [stderr]    Compiling ramp v0.5.9
[INFO] [stdout] error[E0554]: `#![feature]` may not be used on the beta release channel
[INFO] [stdout]   --> /opt/rustwide/cargo-home/registry/src/github.com-1ecc6299db9ec823/ramp-0.5.9/src/lib.rs:17:1
[INFO] [stdout]    |
[INFO] [stdout] 17 | #![feature(core_intrinsics, asm, allocator_api)]
[INFO] [stdout]    | ^^^^^^^^^^^^^^^^^^^^^^^^^^^^^^^^^^^^^^^^^^^^^^^^
[INFO] [stdout] 
[INFO] [stdout] 
[INFO] [stdout] error[E0554]: `#![feature]` may not be used on the beta release channel
[INFO] [stdout]   --> /opt/rustwide/cargo-home/registry/src/github.com-1ecc6299db9ec823/ramp-0.5.9/src/lib.rs:18:1
[INFO] [stdout]    |
[INFO] [stdout] 18 | #![feature(step_trait, step_trait_ext, ptr_internals, raw_vec_internals)]
[INFO] [stdout]    | ^^^^^^^^^^^^^^^^^^^^^^^^^^^^^^^^^^^^^^^^^^^^^^^^^^^^^^^^^^^^^^^^^^^^^^^^^
[INFO] [stdout] 
[INFO] [stdout] 
[INFO] [stdout] error[E0199]: implementing the trait `Step` is not unsafe
[INFO] [stdout]     --> /opt/rustwide/cargo-home/registry/src/github.com-1ecc6299db9ec823/ramp-0.5.9/src/int.rs:3697:1
[INFO] [stdout]      |
[INFO] [stdout] 3697 | / unsafe impl std::iter::Step for Int {
[INFO] [stdout] 3698 | |     fn steps_between(start: &Int, end: &Int) -> Option<usize> {
[INFO] [stdout] 3699 | |         let diff = (start - end).abs();
[INFO] [stdout] 3700 | |
[INFO] [stdout] ...    |
[INFO] [stdout] 3715 | |     }
[INFO] [stdout] 3716 | | }
[INFO] [stdout]      | |_^
[INFO] [stdout] 
[INFO] [stdout] 
[INFO] [stdout] error: aborting due to 3 previous errors
[INFO] [stdout] 
[INFO] [stdout] 
[INFO] [stdout] Some errors have detailed explanations: E0199, E0554.
[INFO] [stdout] 
[INFO] [stdout] For more information about an error, try `rustc --explain E0199`.
[INFO] [stdout] 
[INFO] [stderr] error: could not compile `ramp` due to 4 previous errors
[INFO] running `Command { std: "docker" "inspect" "099a839e1532b4a9aeb03f4e500e03a101579bc45b52e8aa5febe3740cd8797f", kill_on_drop: false }`
[INFO] running `Command { std: "docker" "rm" "-f" "099a839e1532b4a9aeb03f4e500e03a101579bc45b52e8aa5febe3740cd8797f", kill_on_drop: false }`
[INFO] [stdout] 099a839e1532b4a9aeb03f4e500e03a101579bc45b52e8aa5febe3740cd8797f
