[INFO] fetching crate interoptopus_backend_csharp 0.5.2...
[INFO] testing interoptopus_backend_csharp-0.5.2 against 1.54.0 for beta-1.55-1
[INFO] extracting crate interoptopus_backend_csharp 0.5.2 into /workspace/builds/worker-64/source
[INFO] validating manifest of crates.io crate interoptopus_backend_csharp 0.5.2 on toolchain 1.54.0
[INFO] running `Command { std: "/workspace/cargo-home/bin/cargo" "+1.54.0" "metadata" "--manifest-path" "Cargo.toml" "--no-deps", kill_on_drop: false }`
[INFO] started tweaking crates.io crate interoptopus_backend_csharp 0.5.2
[INFO] finished tweaking crates.io crate interoptopus_backend_csharp 0.5.2
[INFO] tweaked toml for crates.io crate interoptopus_backend_csharp 0.5.2 written to /workspace/builds/worker-64/source/Cargo.toml
[INFO] running `Command { std: "/workspace/cargo-home/bin/cargo" "+1.54.0" "generate-lockfile" "--manifest-path" "Cargo.toml" "-Zno-index-update", kill_on_drop: false }`
[INFO] running `Command { std: "/workspace/cargo-home/bin/cargo" "+1.54.0" "fetch" "--manifest-path" "Cargo.toml", kill_on_drop: false }`
[INFO] [stderr]     Blocking waiting for file lock on package cache
[INFO] running `Command { std: "docker" "create" "-v" "/var/lib/crater-agent-workspace/builds/worker-64/target:/opt/rustwide/target:rw,Z" "-v" "/var/lib/crater-agent-workspace/builds/worker-64/source:/opt/rustwide/workdir:ro,Z" "-v" "/var/lib/crater-agent-workspace/cargo-home:/opt/rustwide/cargo-home:ro,Z" "-v" "/var/lib/crater-agent-workspace/rustup-home:/opt/rustwide/rustup-home:ro,Z" "-e" "SOURCE_DIR=/opt/rustwide/workdir" "-e" "CARGO_TARGET_DIR=/opt/rustwide/target" "-e" "CARGO_HOME=/opt/rustwide/cargo-home" "-e" "RUSTUP_HOME=/opt/rustwide/rustup-home" "-w" "/opt/rustwide/workdir" "-m" "1610612736" "--user" "0:0" "--network" "none" "ghcr.io/rust-lang/crates-build-env/linux@sha256:34b6a614d2c27851fe6cbf88fbd1137609cefab8b10d0615aaeb6fd47975d74e" "/opt/rustwide/cargo-home/bin/cargo" "+1.54.0" "metadata" "--no-deps" "--format-version=1", kill_on_drop: false }`
[INFO] [stdout] 836f8b8a0d80e72b4c77e4aaf351bb3db1c0dc2f0d5aac694185337599484ab1
[INFO] running `Command { std: "docker" "start" "-a" "836f8b8a0d80e72b4c77e4aaf351bb3db1c0dc2f0d5aac694185337599484ab1", kill_on_drop: false }`
[INFO] running `Command { std: "docker" "inspect" "836f8b8a0d80e72b4c77e4aaf351bb3db1c0dc2f0d5aac694185337599484ab1", kill_on_drop: false }`
[INFO] running `Command { std: "docker" "rm" "-f" "836f8b8a0d80e72b4c77e4aaf351bb3db1c0dc2f0d5aac694185337599484ab1", kill_on_drop: false }`
[INFO] [stdout] 836f8b8a0d80e72b4c77e4aaf351bb3db1c0dc2f0d5aac694185337599484ab1
[INFO] running `Command { std: "docker" "create" "-v" "/var/lib/crater-agent-workspace/builds/worker-64/target:/opt/rustwide/target:rw,Z" "-v" "/var/lib/crater-agent-workspace/builds/worker-64/source:/opt/rustwide/workdir:ro,Z" "-v" "/var/lib/crater-agent-workspace/cargo-home:/opt/rustwide/cargo-home:ro,Z" "-v" "/var/lib/crater-agent-workspace/rustup-home:/opt/rustwide/rustup-home:ro,Z" "-e" "SOURCE_DIR=/opt/rustwide/workdir" "-e" "CARGO_TARGET_DIR=/opt/rustwide/target" "-e" "CARGO_INCREMENTAL=0" "-e" "RUST_BACKTRACE=full" "-e" "RUSTFLAGS=--cap-lints=warn" "-e" "CARGO_HOME=/opt/rustwide/cargo-home" "-e" "RUSTUP_HOME=/opt/rustwide/rustup-home" "-w" "/opt/rustwide/workdir" "-m" "1610612736" "--user" "0:0" "--network" "none" "ghcr.io/rust-lang/crates-build-env/linux@sha256:34b6a614d2c27851fe6cbf88fbd1137609cefab8b10d0615aaeb6fd47975d74e" "/opt/rustwide/cargo-home/bin/cargo" "+1.54.0" "build" "--frozen" "--message-format=json", kill_on_drop: false }`
[INFO] [stdout] 308bfd2936af3e360c2a9ce5492d0e2d81e69f6d8de309d6f201a6a02212ebf3
[INFO] running `Command { std: "docker" "start" "-a" "308bfd2936af3e360c2a9ce5492d0e2d81e69f6d8de309d6f201a6a02212ebf3", kill_on_drop: false }`
[INFO] [stderr]     Blocking waiting for file lock on package cache
[INFO] [stderr]    Compiling interoptopus v0.5.2
[INFO] [stderr]    Compiling interoptopus_backend_csharp v0.5.2 (/opt/rustwide/workdir)
[INFO] [stderr]     Finished dev [unoptimized + debuginfo] target(s) in 2.49s
[INFO] running `Command { std: "docker" "inspect" "308bfd2936af3e360c2a9ce5492d0e2d81e69f6d8de309d6f201a6a02212ebf3", kill_on_drop: false }`
[INFO] running `Command { std: "docker" "rm" "-f" "308bfd2936af3e360c2a9ce5492d0e2d81e69f6d8de309d6f201a6a02212ebf3", kill_on_drop: false }`
[INFO] [stdout] 308bfd2936af3e360c2a9ce5492d0e2d81e69f6d8de309d6f201a6a02212ebf3
[INFO] running `Command { std: "docker" "create" "-v" "/var/lib/crater-agent-workspace/builds/worker-64/target:/opt/rustwide/target:rw,Z" "-v" "/var/lib/crater-agent-workspace/builds/worker-64/source:/opt/rustwide/workdir:ro,Z" "-v" "/var/lib/crater-agent-workspace/cargo-home:/opt/rustwide/cargo-home:ro,Z" "-v" "/var/lib/crater-agent-workspace/rustup-home:/opt/rustwide/rustup-home:ro,Z" "-e" "SOURCE_DIR=/opt/rustwide/workdir" "-e" "CARGO_TARGET_DIR=/opt/rustwide/target" "-e" "CARGO_INCREMENTAL=0" "-e" "RUST_BACKTRACE=full" "-e" "RUSTFLAGS=--cap-lints=warn" "-e" "CARGO_HOME=/opt/rustwide/cargo-home" "-e" "RUSTUP_HOME=/opt/rustwide/rustup-home" "-w" "/opt/rustwide/workdir" "-m" "1610612736" "--user" "0:0" "--network" "none" "ghcr.io/rust-lang/crates-build-env/linux@sha256:34b6a614d2c27851fe6cbf88fbd1137609cefab8b10d0615aaeb6fd47975d74e" "/opt/rustwide/cargo-home/bin/cargo" "+1.54.0" "test" "--frozen" "--no-run" "--message-format=json", kill_on_drop: false }`
[INFO] [stdout] ae22594cb9cbcb51ce4fcccee03d9710781d41aa633d3e08b9588dc9f7eabd60
[INFO] running `Command { std: "docker" "start" "-a" "ae22594cb9cbcb51ce4fcccee03d9710781d41aa633d3e08b9588dc9f7eabd60", kill_on_drop: false }`
[INFO] [stderr]    Compiling interoptopus_backend_csharp v0.5.2 (/opt/rustwide/workdir)
[INFO] [stdout] error[E0433]: failed to resolve: could not find `testing` in `interoptopus`
[INFO] [stdout]  --> tests/backend_csharp_ui.rs:2:19
[INFO] [stdout]   |
[INFO] [stdout] 2 | use interoptopus::testing::csharp::run_dotnet_command_if_installed;
[INFO] [stdout]   |                   ^^^^^^^ could not find `testing` in `interoptopus`
[INFO] [stdout] 
[INFO] [stdout] 
[INFO] [stdout] error[E0432]: unresolved import `interoptopus::testing`
[INFO] [stdout]  --> tests/backend_csharp_ui.rs:1:19
[INFO] [stdout]   |
[INFO] [stdout] 1 | use interoptopus::testing::assert_file_matches_generated;
[INFO] [stdout]   |                   ^^^^^^^ could not find `testing` in `interoptopus`
[INFO] [stdout] 
[INFO] [stdout] 
[INFO] [stdout] error[E0433]: failed to resolve: use of undeclared crate or module `interoptopus_reference_project`
[INFO] [stdout]   --> tests/backend_csharp_ui.rs:10:19
[INFO] [stdout]    |
[INFO] [stdout] 10 |     let library = interoptopus_reference_project::ffi_inventory();
[INFO] [stdout]    |                   ^^^^^^^^^^^^^^^^^^^^^^^^^^^^^^ use of undeclared crate or module `interoptopus_reference_project`
[INFO] [stdout] 
[INFO] [stdout] 
[INFO] [stdout] error[E0433]: failed to resolve: use of undeclared crate or module `interoptopus_reference_project`
[INFO] [stdout]   --> tests/backend_csharp_ui.rs:31:40
[INFO] [stdout]    |
[INFO] [stdout] 31 |         Generator::new(config.clone(), interoptopus_reference_project::ffi_inventory()).write_file(file_name)?;
[INFO] [stdout]    |                                        ^^^^^^^^^^^^^^^^^^^^^^^^^^^^^^ use of undeclared crate or module `interoptopus_reference_project`
[INFO] [stdout] 
[INFO] [stdout] 
[INFO] [stdout] error[E0425]: cannot find function `run_dotnet_command_if_installed` in this scope
[INFO] [stdout]   --> tests/backend_csharp_ui.rs:53:5
[INFO] [stdout]    |
[INFO] [stdout] 53 |     run_dotnet_command_if_installed("tests/output/", "build")?;
[INFO] [stdout]    |     ^^^^^^^^^^^^^^^^^^^^^^^^^^^^^^^ not found in this scope
[INFO] [stdout] 
[INFO] [stdout] 
[INFO] [stdout] error: aborting due to 5 previous errors
[INFO] [stdout] 
[INFO] [stdout] 
[INFO] [stdout] Some errors have detailed explanations: E0425, E0432, E0433.
[INFO] [stdout] 
[INFO] [stdout] For more information about an error, try `rustc --explain E0425`.
[INFO] [stdout] 
[INFO] [stderr] error: could not compile `interoptopus_backend_csharp`
[INFO] [stderr] 
[INFO] [stderr] To learn more, run the command again with --verbose.
[INFO] [stderr] warning: build failed, waiting for other jobs to finish...
[INFO] [stderr] error: build failed
[INFO] running `Command { std: "docker" "inspect" "ae22594cb9cbcb51ce4fcccee03d9710781d41aa633d3e08b9588dc9f7eabd60", kill_on_drop: false }`
[INFO] running `Command { std: "docker" "rm" "-f" "ae22594cb9cbcb51ce4fcccee03d9710781d41aa633d3e08b9588dc9f7eabd60", kill_on_drop: false }`
[INFO] [stdout] ae22594cb9cbcb51ce4fcccee03d9710781d41aa633d3e08b9588dc9f7eabd60
