[INFO] fetching crate interoptopus_backend_cpython_cffi 0.5.1...
[INFO] testing interoptopus_backend_cpython_cffi-0.5.1 against 1.54.0 for beta-1.55-1
[INFO] extracting crate interoptopus_backend_cpython_cffi 0.5.1 into /workspace/builds/worker-24/source
[INFO] validating manifest of crates.io crate interoptopus_backend_cpython_cffi 0.5.1 on toolchain 1.54.0
[INFO] running `Command { std: "/workspace/cargo-home/bin/cargo" "+1.54.0" "metadata" "--manifest-path" "Cargo.toml" "--no-deps", kill_on_drop: false }`
[INFO] started tweaking crates.io crate interoptopus_backend_cpython_cffi 0.5.1
[INFO] finished tweaking crates.io crate interoptopus_backend_cpython_cffi 0.5.1
[INFO] tweaked toml for crates.io crate interoptopus_backend_cpython_cffi 0.5.1 written to /workspace/builds/worker-24/source/Cargo.toml
[INFO] running `Command { std: "/workspace/cargo-home/bin/cargo" "+1.54.0" "generate-lockfile" "--manifest-path" "Cargo.toml" "-Zno-index-update", kill_on_drop: false }`
[INFO] running `Command { std: "/workspace/cargo-home/bin/cargo" "+1.54.0" "fetch" "--manifest-path" "Cargo.toml", kill_on_drop: false }`
[INFO] [stderr]     Blocking waiting for file lock on package cache
[INFO] [stderr]  Downloading crates ...
[INFO] [stderr]   Downloaded interoptopus_backend_c v0.5.1
[INFO] running `Command { std: "docker" "create" "-v" "/var/lib/crater-agent-workspace/builds/worker-24/target:/opt/rustwide/target:rw,Z" "-v" "/var/lib/crater-agent-workspace/builds/worker-24/source:/opt/rustwide/workdir:ro,Z" "-v" "/var/lib/crater-agent-workspace/cargo-home:/opt/rustwide/cargo-home:ro,Z" "-v" "/var/lib/crater-agent-workspace/rustup-home:/opt/rustwide/rustup-home:ro,Z" "-e" "SOURCE_DIR=/opt/rustwide/workdir" "-e" "CARGO_TARGET_DIR=/opt/rustwide/target" "-e" "CARGO_HOME=/opt/rustwide/cargo-home" "-e" "RUSTUP_HOME=/opt/rustwide/rustup-home" "-w" "/opt/rustwide/workdir" "-m" "1610612736" "--user" "0:0" "--network" "none" "ghcr.io/rust-lang/crates-build-env/linux@sha256:34b6a614d2c27851fe6cbf88fbd1137609cefab8b10d0615aaeb6fd47975d74e" "/opt/rustwide/cargo-home/bin/cargo" "+1.54.0" "metadata" "--no-deps" "--format-version=1", kill_on_drop: false }`
[INFO] [stdout] eddd70bba7b41cb27e925048c5c30d638c131cba619a298b9734250d0ee97bc9
[INFO] running `Command { std: "docker" "start" "-a" "eddd70bba7b41cb27e925048c5c30d638c131cba619a298b9734250d0ee97bc9", kill_on_drop: false }`
[INFO] running `Command { std: "docker" "inspect" "eddd70bba7b41cb27e925048c5c30d638c131cba619a298b9734250d0ee97bc9", kill_on_drop: false }`
[INFO] running `Command { std: "docker" "rm" "-f" "eddd70bba7b41cb27e925048c5c30d638c131cba619a298b9734250d0ee97bc9", kill_on_drop: false }`
[INFO] [stdout] eddd70bba7b41cb27e925048c5c30d638c131cba619a298b9734250d0ee97bc9
[INFO] running `Command { std: "docker" "create" "-v" "/var/lib/crater-agent-workspace/builds/worker-24/target:/opt/rustwide/target:rw,Z" "-v" "/var/lib/crater-agent-workspace/builds/worker-24/source:/opt/rustwide/workdir:ro,Z" "-v" "/var/lib/crater-agent-workspace/cargo-home:/opt/rustwide/cargo-home:ro,Z" "-v" "/var/lib/crater-agent-workspace/rustup-home:/opt/rustwide/rustup-home:ro,Z" "-e" "SOURCE_DIR=/opt/rustwide/workdir" "-e" "CARGO_TARGET_DIR=/opt/rustwide/target" "-e" "CARGO_INCREMENTAL=0" "-e" "RUST_BACKTRACE=full" "-e" "RUSTFLAGS=--cap-lints=warn" "-e" "CARGO_HOME=/opt/rustwide/cargo-home" "-e" "RUSTUP_HOME=/opt/rustwide/rustup-home" "-w" "/opt/rustwide/workdir" "-m" "1610612736" "--user" "0:0" "--network" "none" "ghcr.io/rust-lang/crates-build-env/linux@sha256:34b6a614d2c27851fe6cbf88fbd1137609cefab8b10d0615aaeb6fd47975d74e" "/opt/rustwide/cargo-home/bin/cargo" "+1.54.0" "build" "--frozen" "--message-format=json", kill_on_drop: false }`
[INFO] [stdout] 67a8fbfa36b56d9f312fadcbc48c031b2a49f3dc78e6566dd4933be3cb2a2a99
[INFO] running `Command { std: "docker" "start" "-a" "67a8fbfa36b56d9f312fadcbc48c031b2a49f3dc78e6566dd4933be3cb2a2a99", kill_on_drop: false }`
[INFO] [stderr]     Blocking waiting for file lock on package cache
[INFO] [stderr]    Compiling interoptopus v0.5.2
[INFO] [stderr]    Compiling interoptopus_backend_c v0.5.1
[INFO] [stderr]    Compiling interoptopus_backend_cpython_cffi v0.5.1 (/opt/rustwide/workdir)
[INFO] [stderr]     Finished dev [unoptimized + debuginfo] target(s) in 4.72s
[INFO] running `Command { std: "docker" "inspect" "67a8fbfa36b56d9f312fadcbc48c031b2a49f3dc78e6566dd4933be3cb2a2a99", kill_on_drop: false }`
[INFO] running `Command { std: "docker" "rm" "-f" "67a8fbfa36b56d9f312fadcbc48c031b2a49f3dc78e6566dd4933be3cb2a2a99", kill_on_drop: false }`
[INFO] [stdout] 67a8fbfa36b56d9f312fadcbc48c031b2a49f3dc78e6566dd4933be3cb2a2a99
[INFO] running `Command { std: "docker" "create" "-v" "/var/lib/crater-agent-workspace/builds/worker-24/target:/opt/rustwide/target:rw,Z" "-v" "/var/lib/crater-agent-workspace/builds/worker-24/source:/opt/rustwide/workdir:ro,Z" "-v" "/var/lib/crater-agent-workspace/cargo-home:/opt/rustwide/cargo-home:ro,Z" "-v" "/var/lib/crater-agent-workspace/rustup-home:/opt/rustwide/rustup-home:ro,Z" "-e" "SOURCE_DIR=/opt/rustwide/workdir" "-e" "CARGO_TARGET_DIR=/opt/rustwide/target" "-e" "CARGO_INCREMENTAL=0" "-e" "RUST_BACKTRACE=full" "-e" "RUSTFLAGS=--cap-lints=warn" "-e" "CARGO_HOME=/opt/rustwide/cargo-home" "-e" "RUSTUP_HOME=/opt/rustwide/rustup-home" "-w" "/opt/rustwide/workdir" "-m" "1610612736" "--user" "0:0" "--network" "none" "ghcr.io/rust-lang/crates-build-env/linux@sha256:34b6a614d2c27851fe6cbf88fbd1137609cefab8b10d0615aaeb6fd47975d74e" "/opt/rustwide/cargo-home/bin/cargo" "+1.54.0" "test" "--frozen" "--no-run" "--message-format=json", kill_on_drop: false }`
[INFO] [stdout] 9135d19253a90c1454fa1e40d989fa53b1842c1b298260395bdee3fbebedebcd
[INFO] running `Command { std: "docker" "start" "-a" "9135d19253a90c1454fa1e40d989fa53b1842c1b298260395bdee3fbebedebcd", kill_on_drop: false }`
[INFO] [stderr]    Compiling interoptopus_backend_cpython_cffi v0.5.1 (/opt/rustwide/workdir)
[INFO] [stdout] error[E0433]: failed to resolve: could not find `testing` in `interoptopus`
[INFO] [stdout]  --> tests/backend_cpython_cffi_ui.rs:2:19
[INFO] [stdout]   |
[INFO] [stdout] 2 | use interoptopus::testing::python::run_python_if_installed;
[INFO] [stdout]   |                   ^^^^^^^ could not find `testing` in `interoptopus`
[INFO] [stdout] 
[INFO] [stdout] 
[INFO] [stdout] error[E0432]: unresolved import `interoptopus::testing`
[INFO] [stdout]  --> tests/backend_cpython_cffi_ui.rs:1:19
[INFO] [stdout]   |
[INFO] [stdout] 1 | use interoptopus::testing::assert_file_matches_generated;
[INFO] [stdout]   |                   ^^^^^^^ could not find `testing` in `interoptopus`
[INFO] [stdout] 
[INFO] [stdout] 
[INFO] [stdout] error[E0433]: failed to resolve: use of undeclared crate or module `interoptopus_reference_project`
[INFO] [stdout]  --> tests/backend_cpython_cffi_ui.rs:9:39
[INFO] [stdout]   |
[INFO] [stdout] 9 |     Generator::new(Config::default(), interoptopus_reference_project::ffi_inventory()).write_file(output)
[INFO] [stdout]   |                                       ^^^^^^^^^^^^^^^^^^^^^^^^^^^^^^ use of undeclared crate or module `interoptopus_reference_project`
[INFO] [stdout] 
[INFO] [stdout] 
[INFO] [stdout] error[E0425]: cannot find function `run_python_if_installed` in this scope
[INFO] [stdout]   --> tests/backend_cpython_cffi_ui.rs:27:18
[INFO] [stdout]    |
[INFO] [stdout] 27 |     let output = run_python_if_installed("tests/output/", "tests.py")?;
[INFO] [stdout]    |                  ^^^^^^^^^^^^^^^^^^^^^^^ not found in this scope
[INFO] [stdout] 
[INFO] [stdout] 
[INFO] [stdout] error: aborting due to 4 previous errors
[INFO] [stdout] 
[INFO] [stdout] 
[INFO] [stdout] Some errors have detailed explanations: E0425, E0432, E0433.
[INFO] [stdout] 
[INFO] [stdout] For more information about an error, try `rustc --explain E0425`.
[INFO] [stdout] 
[INFO] [stderr] error: could not compile `interoptopus_backend_cpython_cffi`
[INFO] [stderr] 
[INFO] [stderr] To learn more, run the command again with --verbose.
[INFO] [stderr] warning: build failed, waiting for other jobs to finish...
[INFO] [stderr] error: build failed
[INFO] running `Command { std: "docker" "inspect" "9135d19253a90c1454fa1e40d989fa53b1842c1b298260395bdee3fbebedebcd", kill_on_drop: false }`
[INFO] running `Command { std: "docker" "rm" "-f" "9135d19253a90c1454fa1e40d989fa53b1842c1b298260395bdee3fbebedebcd", kill_on_drop: false }`
[INFO] [stdout] 9135d19253a90c1454fa1e40d989fa53b1842c1b298260395bdee3fbebedebcd
