[INFO] fetching crate interoptopus_backend_c 0.5.1...
[INFO] testing interoptopus_backend_c-0.5.1 against beta-2021-08-01 for beta-1.55-1
[INFO] extracting crate interoptopus_backend_c 0.5.1 into /workspace/builds/worker-13/source
[INFO] validating manifest of crates.io crate interoptopus_backend_c 0.5.1 on toolchain beta-2021-08-01
[INFO] running `Command { std: "/workspace/cargo-home/bin/cargo" "+beta-2021-08-01" "metadata" "--manifest-path" "Cargo.toml" "--no-deps", kill_on_drop: false }`
[INFO] started tweaking crates.io crate interoptopus_backend_c 0.5.1
[INFO] finished tweaking crates.io crate interoptopus_backend_c 0.5.1
[INFO] tweaked toml for crates.io crate interoptopus_backend_c 0.5.1 written to /workspace/builds/worker-13/source/Cargo.toml
[INFO] running `Command { std: "/workspace/cargo-home/bin/cargo" "+beta-2021-08-01" "generate-lockfile" "--manifest-path" "Cargo.toml" "-Zno-index-update", kill_on_drop: false }`
[INFO] running `Command { std: "/workspace/cargo-home/bin/cargo" "+beta-2021-08-01" "fetch" "--manifest-path" "Cargo.toml", kill_on_drop: false }`
[INFO] [stderr]     Blocking waiting for file lock on package cache
[INFO] [stderr]     Blocking waiting for file lock on package cache
[INFO] running `Command { std: "docker" "create" "-v" "/var/lib/crater-agent-workspace/builds/worker-13/target:/opt/rustwide/target:rw,Z" "-v" "/var/lib/crater-agent-workspace/builds/worker-13/source:/opt/rustwide/workdir:ro,Z" "-v" "/var/lib/crater-agent-workspace/cargo-home:/opt/rustwide/cargo-home:ro,Z" "-v" "/var/lib/crater-agent-workspace/rustup-home:/opt/rustwide/rustup-home:ro,Z" "-e" "SOURCE_DIR=/opt/rustwide/workdir" "-e" "CARGO_TARGET_DIR=/opt/rustwide/target" "-e" "CARGO_HOME=/opt/rustwide/cargo-home" "-e" "RUSTUP_HOME=/opt/rustwide/rustup-home" "-w" "/opt/rustwide/workdir" "-m" "1610612736" "--user" "0:0" "--network" "none" "ghcr.io/rust-lang/crates-build-env/linux@sha256:34b6a614d2c27851fe6cbf88fbd1137609cefab8b10d0615aaeb6fd47975d74e" "/opt/rustwide/cargo-home/bin/cargo" "+beta-2021-08-01" "metadata" "--no-deps" "--format-version=1", kill_on_drop: false }`
[INFO] [stdout] ce6e41e8144b128f1a5363125c64e6f803e563656e0797c559e4afd2c90ffae7
[INFO] running `Command { std: "docker" "start" "-a" "ce6e41e8144b128f1a5363125c64e6f803e563656e0797c559e4afd2c90ffae7", kill_on_drop: false }`
[INFO] running `Command { std: "docker" "inspect" "ce6e41e8144b128f1a5363125c64e6f803e563656e0797c559e4afd2c90ffae7", kill_on_drop: false }`
[INFO] running `Command { std: "docker" "rm" "-f" "ce6e41e8144b128f1a5363125c64e6f803e563656e0797c559e4afd2c90ffae7", kill_on_drop: false }`
[INFO] [stdout] ce6e41e8144b128f1a5363125c64e6f803e563656e0797c559e4afd2c90ffae7
[INFO] running `Command { std: "docker" "create" "-v" "/var/lib/crater-agent-workspace/builds/worker-13/target:/opt/rustwide/target:rw,Z" "-v" "/var/lib/crater-agent-workspace/builds/worker-13/source:/opt/rustwide/workdir:ro,Z" "-v" "/var/lib/crater-agent-workspace/cargo-home:/opt/rustwide/cargo-home:ro,Z" "-v" "/var/lib/crater-agent-workspace/rustup-home:/opt/rustwide/rustup-home:ro,Z" "-e" "SOURCE_DIR=/opt/rustwide/workdir" "-e" "CARGO_TARGET_DIR=/opt/rustwide/target" "-e" "CARGO_INCREMENTAL=0" "-e" "RUST_BACKTRACE=full" "-e" "RUSTFLAGS=--cap-lints=warn" "-e" "CARGO_HOME=/opt/rustwide/cargo-home" "-e" "RUSTUP_HOME=/opt/rustwide/rustup-home" "-w" "/opt/rustwide/workdir" "-m" "1610612736" "--user" "0:0" "--network" "none" "ghcr.io/rust-lang/crates-build-env/linux@sha256:34b6a614d2c27851fe6cbf88fbd1137609cefab8b10d0615aaeb6fd47975d74e" "/opt/rustwide/cargo-home/bin/cargo" "+beta-2021-08-01" "build" "--frozen" "--message-format=json", kill_on_drop: false }`
[INFO] [stdout] bb3bf6bb81f0e60dfc2e8fdc65bc57617ab36b3b799a5ff2d90f33510093d59f
[INFO] running `Command { std: "docker" "start" "-a" "bb3bf6bb81f0e60dfc2e8fdc65bc57617ab36b3b799a5ff2d90f33510093d59f", kill_on_drop: false }`
[INFO] [stderr]     Blocking waiting for file lock on package cache
[INFO] [stderr]    Compiling interoptopus v0.5.2
[INFO] [stderr]    Compiling interoptopus_backend_c v0.5.1 (/opt/rustwide/workdir)
[INFO] [stderr]     Finished dev [unoptimized + debuginfo] target(s) in 4.04s
[INFO] running `Command { std: "docker" "inspect" "bb3bf6bb81f0e60dfc2e8fdc65bc57617ab36b3b799a5ff2d90f33510093d59f", kill_on_drop: false }`
[INFO] running `Command { std: "docker" "rm" "-f" "bb3bf6bb81f0e60dfc2e8fdc65bc57617ab36b3b799a5ff2d90f33510093d59f", kill_on_drop: false }`
[INFO] [stdout] bb3bf6bb81f0e60dfc2e8fdc65bc57617ab36b3b799a5ff2d90f33510093d59f
[INFO] running `Command { std: "docker" "create" "-v" "/var/lib/crater-agent-workspace/builds/worker-13/target:/opt/rustwide/target:rw,Z" "-v" "/var/lib/crater-agent-workspace/builds/worker-13/source:/opt/rustwide/workdir:ro,Z" "-v" "/var/lib/crater-agent-workspace/cargo-home:/opt/rustwide/cargo-home:ro,Z" "-v" "/var/lib/crater-agent-workspace/rustup-home:/opt/rustwide/rustup-home:ro,Z" "-e" "SOURCE_DIR=/opt/rustwide/workdir" "-e" "CARGO_TARGET_DIR=/opt/rustwide/target" "-e" "CARGO_INCREMENTAL=0" "-e" "RUST_BACKTRACE=full" "-e" "RUSTFLAGS=--cap-lints=warn" "-e" "CARGO_HOME=/opt/rustwide/cargo-home" "-e" "RUSTUP_HOME=/opt/rustwide/rustup-home" "-w" "/opt/rustwide/workdir" "-m" "1610612736" "--user" "0:0" "--network" "none" "ghcr.io/rust-lang/crates-build-env/linux@sha256:34b6a614d2c27851fe6cbf88fbd1137609cefab8b10d0615aaeb6fd47975d74e" "/opt/rustwide/cargo-home/bin/cargo" "+beta-2021-08-01" "test" "--frozen" "--no-run" "--message-format=json", kill_on_drop: false }`
[INFO] [stdout] 8e9afc7846678540e6a03acf9d9248e286e813f536f13c5b8176948d13d57950
[INFO] running `Command { std: "docker" "start" "-a" "8e9afc7846678540e6a03acf9d9248e286e813f536f13c5b8176948d13d57950", kill_on_drop: false }`
[INFO] [stderr]    Compiling interoptopus_backend_c v0.5.1 (/opt/rustwide/workdir)
[INFO] [stdout] error[E0433]: failed to resolve: could not find `testing` in `interoptopus`
[INFO] [stdout]  --> tests/backend_c_ui.rs:2:19
[INFO] [stdout]   |
[INFO] [stdout] 2 | use interoptopus::testing::c::compile_c_app_if_installed;
[INFO] [stdout]   |                   ^^^^^^^ could not find `testing` in `interoptopus`
[INFO] [stdout] 
[INFO] [stdout] 
[INFO] [stdout] error[E0432]: unresolved import `interoptopus::testing`
[INFO] [stdout]  --> tests/backend_c_ui.rs:1:19
[INFO] [stdout]   |
[INFO] [stdout] 1 | use interoptopus::testing::assert_file_matches_generated;
[INFO] [stdout]   |                   ^^^^^^^ could not find `testing` in `interoptopus`
[INFO] [stdout] 
[INFO] [stdout] 
[INFO] [stdout] error[E0433]: failed to resolve: use of undeclared crate or module `interoptopus_reference_project`
[INFO] [stdout]   --> tests/backend_c_ui.rs:14:28
[INFO] [stdout]    |
[INFO] [stdout] 14 |     Generator::new(config, interoptopus_reference_project::ffi_inventory()).write_file(output)
[INFO] [stdout]    |                            ^^^^^^^^^^^^^^^^^^^^^^^^^^^^^^ use of undeclared crate or module `interoptopus_reference_project`
[INFO] [stdout] 
[INFO] [stdout] 
[INFO] [stdout] error[E0425]: cannot find function `compile_c_app_if_installed` in this scope
[INFO] [stdout]   --> tests/backend_c_ui.rs:31:5
[INFO] [stdout]    |
[INFO] [stdout] 31 |     compile_c_app_if_installed("tests/output/", "tests/output/app.c")?;
[INFO] [stdout]    |     ^^^^^^^^^^^^^^^^^^^^^^^^^^ not found in this scope
[INFO] [stdout] 
[INFO] [stdout] 
[INFO] [stdout] error: aborting due to 4 previous errors
[INFO] [stdout] 
[INFO] [stdout] 
[INFO] [stdout] Some errors have detailed explanations: E0425, E0432, E0433.
[INFO] [stdout] 
[INFO] [stdout] For more information about an error, try `rustc --explain E0425`.
[INFO] [stdout] 
[INFO] [stderr] error: could not compile `interoptopus_backend_c` due to 5 previous errors
[INFO] [stderr] warning: build failed, waiting for other jobs to finish...
[INFO] [stderr] error: build failed
[INFO] running `Command { std: "docker" "inspect" "8e9afc7846678540e6a03acf9d9248e286e813f536f13c5b8176948d13d57950", kill_on_drop: false }`
[INFO] running `Command { std: "docker" "rm" "-f" "8e9afc7846678540e6a03acf9d9248e286e813f536f13c5b8176948d13d57950", kill_on_drop: false }`
[INFO] [stdout] 8e9afc7846678540e6a03acf9d9248e286e813f536f13c5b8176948d13d57950
