[INFO] fetching crate indigo-structopt 0.3.21...
[INFO] testing indigo-structopt-0.3.21 against beta-2021-08-01 for beta-1.55-1
[INFO] extracting crate indigo-structopt 0.3.21 into /workspace/builds/worker-5/source
[INFO] validating manifest of crates.io crate indigo-structopt 0.3.21 on toolchain beta-2021-08-01
[INFO] running `Command { std: "/workspace/cargo-home/bin/cargo" "+beta-2021-08-01" "metadata" "--manifest-path" "Cargo.toml" "--no-deps", kill_on_drop: false }`
[INFO] started tweaking crates.io crate indigo-structopt 0.3.21
[INFO] finished tweaking crates.io crate indigo-structopt 0.3.21
[INFO] tweaked toml for crates.io crate indigo-structopt 0.3.21 written to /workspace/builds/worker-5/source/Cargo.toml
[INFO] crate crates.io crate indigo-structopt 0.3.21 already has a lockfile, it will not be regenerated
[INFO] running `Command { std: "/workspace/cargo-home/bin/cargo" "+beta-2021-08-01" "fetch" "--manifest-path" "Cargo.toml", kill_on_drop: false }`
[INFO] [stderr]  Downloading crates ...
[INFO] [stderr]   Downloaded yaml-rust v0.3.5
[INFO] [stderr]   Downloaded term_size v0.3.2
[INFO] [stderr]   Downloaded getrandom v0.1.15
[INFO] [stderr]   Downloaded libc v0.2.81
[INFO] [stderr]   Downloaded rustversion v1.0.4
[INFO] [stderr]   Downloaded serde_json v1.0.60
[INFO] [stderr]   Downloaded trybuild v1.0.38
[INFO] [stderr]   Downloaded indigo-structopt-derive v0.4.14
[INFO] running `Command { std: "docker" "create" "-v" "/var/lib/crater-agent-workspace/builds/worker-5/target:/opt/rustwide/target:rw,Z" "-v" "/var/lib/crater-agent-workspace/builds/worker-5/source:/opt/rustwide/workdir:ro,Z" "-v" "/var/lib/crater-agent-workspace/cargo-home:/opt/rustwide/cargo-home:ro,Z" "-v" "/var/lib/crater-agent-workspace/rustup-home:/opt/rustwide/rustup-home:ro,Z" "-e" "SOURCE_DIR=/opt/rustwide/workdir" "-e" "CARGO_TARGET_DIR=/opt/rustwide/target" "-e" "CARGO_HOME=/opt/rustwide/cargo-home" "-e" "RUSTUP_HOME=/opt/rustwide/rustup-home" "-w" "/opt/rustwide/workdir" "-m" "1610612736" "--user" "0:0" "--network" "none" "ghcr.io/rust-lang/crates-build-env/linux@sha256:34b6a614d2c27851fe6cbf88fbd1137609cefab8b10d0615aaeb6fd47975d74e" "/opt/rustwide/cargo-home/bin/cargo" "+beta-2021-08-01" "metadata" "--no-deps" "--format-version=1", kill_on_drop: false }`
[INFO] [stdout] b495fd319246ab8828a113947f713c35cef2c550b525431ae5151b46d8cd89b3
[INFO] [stderr] WARNING: Your kernel does not support swap limit capabilities or the cgroup is not mounted. Memory limited without swap.
[INFO] running `Command { std: "docker" "start" "-a" "b495fd319246ab8828a113947f713c35cef2c550b525431ae5151b46d8cd89b3", kill_on_drop: false }`
[INFO] running `Command { std: "docker" "inspect" "b495fd319246ab8828a113947f713c35cef2c550b525431ae5151b46d8cd89b3", kill_on_drop: false }`
[INFO] running `Command { std: "docker" "rm" "-f" "b495fd319246ab8828a113947f713c35cef2c550b525431ae5151b46d8cd89b3", kill_on_drop: false }`
[INFO] [stdout] b495fd319246ab8828a113947f713c35cef2c550b525431ae5151b46d8cd89b3
[INFO] running `Command { std: "docker" "create" "-v" "/var/lib/crater-agent-workspace/builds/worker-5/target:/opt/rustwide/target:rw,Z" "-v" "/var/lib/crater-agent-workspace/builds/worker-5/source:/opt/rustwide/workdir:ro,Z" "-v" "/var/lib/crater-agent-workspace/cargo-home:/opt/rustwide/cargo-home:ro,Z" "-v" "/var/lib/crater-agent-workspace/rustup-home:/opt/rustwide/rustup-home:ro,Z" "-e" "SOURCE_DIR=/opt/rustwide/workdir" "-e" "CARGO_TARGET_DIR=/opt/rustwide/target" "-e" "CARGO_INCREMENTAL=0" "-e" "RUST_BACKTRACE=full" "-e" "RUSTFLAGS=--cap-lints=warn" "-e" "CARGO_HOME=/opt/rustwide/cargo-home" "-e" "RUSTUP_HOME=/opt/rustwide/rustup-home" "-w" "/opt/rustwide/workdir" "-m" "1610612736" "--user" "0:0" "--network" "none" "ghcr.io/rust-lang/crates-build-env/linux@sha256:34b6a614d2c27851fe6cbf88fbd1137609cefab8b10d0615aaeb6fd47975d74e" "/opt/rustwide/cargo-home/bin/cargo" "+beta-2021-08-01" "build" "--frozen" "--message-format=json", kill_on_drop: false }`
[INFO] [stdout] ca5b629585b0f8f4bb2f1081edb22fb54d66f1ef8bfeb1e22325429e717611df
[INFO] [stderr] WARNING: Your kernel does not support swap limit capabilities or the cgroup is not mounted. Memory limited without swap.
[INFO] running `Command { std: "docker" "start" "-a" "ca5b629585b0f8f4bb2f1081edb22fb54d66f1ef8bfeb1e22325429e717611df", kill_on_drop: false }`
[INFO] [stderr]    Compiling syn v1.0.54
[INFO] [stderr]    Compiling libc v0.2.81
[INFO] [stderr]    Compiling atty v0.2.14
[INFO] [stderr]    Compiling clap v2.33.3
[INFO] [stderr]    Compiling proc-macro-error v1.0.4
[INFO] [stderr]    Compiling indigo-structopt-derive v0.4.14
[INFO] [stderr]    Compiling indigo-structopt v0.3.21 (/opt/rustwide/workdir)
[INFO] [stderr]     Finished dev [unoptimized + debuginfo] target(s) in 30.24s
[INFO] running `Command { std: "docker" "inspect" "ca5b629585b0f8f4bb2f1081edb22fb54d66f1ef8bfeb1e22325429e717611df", kill_on_drop: false }`
[INFO] running `Command { std: "docker" "rm" "-f" "ca5b629585b0f8f4bb2f1081edb22fb54d66f1ef8bfeb1e22325429e717611df", kill_on_drop: false }`
[INFO] [stdout] ca5b629585b0f8f4bb2f1081edb22fb54d66f1ef8bfeb1e22325429e717611df
[INFO] running `Command { std: "docker" "create" "-v" "/var/lib/crater-agent-workspace/builds/worker-5/target:/opt/rustwide/target:rw,Z" "-v" "/var/lib/crater-agent-workspace/builds/worker-5/source:/opt/rustwide/workdir:ro,Z" "-v" "/var/lib/crater-agent-workspace/cargo-home:/opt/rustwide/cargo-home:ro,Z" "-v" "/var/lib/crater-agent-workspace/rustup-home:/opt/rustwide/rustup-home:ro,Z" "-e" "SOURCE_DIR=/opt/rustwide/workdir" "-e" "CARGO_TARGET_DIR=/opt/rustwide/target" "-e" "CARGO_INCREMENTAL=0" "-e" "RUST_BACKTRACE=full" "-e" "RUSTFLAGS=--cap-lints=warn" "-e" "CARGO_HOME=/opt/rustwide/cargo-home" "-e" "RUSTUP_HOME=/opt/rustwide/rustup-home" "-w" "/opt/rustwide/workdir" "-m" "1610612736" "--user" "0:0" "--network" "none" "ghcr.io/rust-lang/crates-build-env/linux@sha256:34b6a614d2c27851fe6cbf88fbd1137609cefab8b10d0615aaeb6fd47975d74e" "/opt/rustwide/cargo-home/bin/cargo" "+beta-2021-08-01" "test" "--frozen" "--no-run" "--message-format=json", kill_on_drop: false }`
[INFO] [stdout] 8cf4ff593033d7bb2bbe9707b77ff5870afd895c6b4b94b7c3bd85e41954e21b
[INFO] [stderr] WARNING: Your kernel does not support swap limit capabilities or the cgroup is not mounted. Memory limited without swap.
[INFO] running `Command { std: "docker" "start" "-a" "8cf4ff593033d7bb2bbe9707b77ff5870afd895c6b4b94b7c3bd85e41954e21b", kill_on_drop: false }`
[INFO] [stderr]    Compiling trybuild v1.0.38
[INFO] [stderr]    Compiling rustversion v1.0.4
[INFO] [stderr]    Compiling dissimilar v1.0.2
[INFO] [stderr]    Compiling serde_derive v1.0.118
[INFO] [stderr]    Compiling serde v1.0.118
[INFO] [stderr]    Compiling serde_json v1.0.60
[INFO] [stderr]    Compiling toml v0.5.8
[INFO] [stderr]    Compiling indigo-structopt v0.3.21 (/opt/rustwide/workdir)
[INFO] [stdout] error[E0432]: unresolved import `structopt`
[INFO] [stdout]  --> examples/basic.rs:4:5
[INFO] [stdout]   |
[INFO] [stdout] 4 | use structopt::StructOpt;
[INFO] [stdout]   |     ^^^^^^^^^ use of undeclared crate or module `structopt`
[INFO] [stdout] 
[INFO] [stdout] 
[INFO] [stdout] error: cannot determine resolution for the derive macro `StructOpt`
[INFO] [stdout]  --> examples/basic.rs:7:10
[INFO] [stdout]   |
[INFO] [stdout] 7 | #[derive(StructOpt, Debug)]
[INFO] [stdout]   |          ^^^^^^^^^
[INFO] [stdout]   |
[INFO] [stdout]   = note: import resolution is stuck, try simplifying macro imports
[INFO] [stdout] 
[INFO] [stdout] 
[INFO] [stdout] error[E0432]: unresolved import `structopt`
[INFO] [stdout]   --> examples/deny_missing_docs.rs:16:5
[INFO] [stdout]    |
[INFO] [stdout] 16 | use structopt::StructOpt;
[INFO] [stdout]    |     ^^^^^^^^^ use of undeclared crate or module `structopt`
[INFO] [stdout] 
[INFO] [stdout] 
[INFO] [stdout] error: cannot determine resolution for the derive macro `StructOpt`
[INFO] [stdout]   --> examples/deny_missing_docs.rs:19:10
[INFO] [stdout]    |
[INFO] [stdout] 19 | #[derive(StructOpt, Debug, PartialEq)]
[INFO] [stdout]    |          ^^^^^^^^^
[INFO] [stdout]    |
[INFO] [stdout]    = note: import resolution is stuck, try simplifying macro imports
[INFO] [stdout] 
[INFO] [stdout] 
[INFO] [stdout] error: cannot find attribute `structopt` in this scope
[INFO] [stdout]   --> examples/deny_missing_docs.rs:21:7
[INFO] [stdout]    |
[INFO] [stdout] 21 |     #[structopt(short)]
[INFO] [stdout]    |       ^^^^^^^^^
[INFO] [stdout] 
[INFO] [stdout] 
[INFO] [stdout] error: cannot find attribute `structopt` in this scope
[INFO] [stdout]   --> examples/deny_missing_docs.rs:23:7
[INFO] [stdout]    |
[INFO] [stdout] 23 |     #[structopt(subcommand)]
[INFO] [stdout]    |       ^^^^^^^^^
[INFO] [stdout] 
[INFO] [stdout] 
[INFO] [stdout] error: cannot determine resolution for the derive macro `StructOpt`
[INFO] [stdout]   --> examples/deny_missing_docs.rs:28:10
[INFO] [stdout]    |
[INFO] [stdout] 28 | #[derive(StructOpt, Debug, PartialEq)]
[INFO] [stdout]    |          ^^^^^^^^^
[INFO] [stdout]    |
[INFO] [stdout]    = note: import resolution is stuck, try simplifying macro imports
[INFO] [stdout] 
[INFO] [stdout] 
[INFO] [stdout] error: cannot find attribute `structopt` in this scope
[INFO] [stdout]   --> examples/deny_missing_docs.rs:35:11
[INFO] [stdout]    |
[INFO] [stdout] 35 |         #[structopt(short)]
[INFO] [stdout]    |           ^^^^^^^^^
[INFO] [stdout] 
[INFO] [stdout] 
[INFO] [stdout] error: cannot determine resolution for the derive macro `StructOpt`
[INFO] [stdout]   --> examples/deny_missing_docs.rs:43:10
[INFO] [stdout]    |
[INFO] [stdout] 43 | #[derive(StructOpt, Debug, PartialEq)]
[INFO] [stdout]    |          ^^^^^^^^^
[INFO] [stdout]    |
[INFO] [stdout]    = note: import resolution is stuck, try simplifying macro imports
[INFO] [stdout] 
[INFO] [stdout] 
[INFO] [stdout] error: cannot find attribute `structopt` in this scope
[INFO] [stdout]   --> examples/deny_missing_docs.rs:45:7
[INFO] [stdout]    |
[INFO] [stdout] 45 |     #[structopt(short)]
[INFO] [stdout]    |       ^^^^^^^^^
[INFO] [stdout] 
[INFO] [stdout] 
[INFO] [stdout] error: cannot find attribute `structopt` in this scope
[INFO] [stdout]  --> examples/basic.rs:8:3
[INFO] [stdout]   |
[INFO] [stdout] 8 | #[structopt(name = "basic")]
[INFO] [stdout]   |   ^^^^^^^^^
[INFO] [stdout] 
[INFO] [stdout] 
[INFO] [stdout] error: cannot find attribute `structopt` in this scope
[INFO] [stdout]   --> examples/basic.rs:14:7
[INFO] [stdout]    |
[INFO] [stdout] 14 |     #[structopt(short, long)]
[INFO] [stdout]    |       ^^^^^^^^^
[INFO] [stdout] 
[INFO] [stdout] 
[INFO] [stdout] error[E0432]: unresolved import `structopt`
[INFO] [stdout]  --> examples/git.rs:6:5
[INFO] [stdout]   |
[INFO] [stdout] 6 | use structopt::StructOpt;
[INFO] [stdout]   |     ^^^^^^^^^ use of undeclared crate or module `structopt`
[INFO] [stdout] 
[INFO] [stdout] 
[INFO] [stdout] error: cannot find attribute `structopt` in this scope
[INFO] [stdout]   --> examples/basic.rs:19:7
[INFO] [stdout]    |
[INFO] [stdout] 19 |     #[structopt(short, long, parse(from_occurrences))]
[INFO] [stdout]    |       ^^^^^^^^^
[INFO] [stdout] 
[INFO] [stdout] 
[INFO] [stdout] error: cannot find attribute `structopt` in this scope
[INFO] [stdout]   --> examples/basic.rs:23:7
[INFO] [stdout]    |
[INFO] [stdout] 23 |     #[structopt(short, long, default_value = "42")]
[INFO] [stdout]    |       ^^^^^^^^^
[INFO] [stdout] 
[INFO] [stdout] 
[INFO] [stdout] error: cannot find attribute `structopt` in this scope
[INFO] [stdout]   --> examples/basic.rs:27:7
[INFO] [stdout]    |
[INFO] [stdout] 27 |     #[structopt(short, long, parse(from_os_str))]
[INFO] [stdout]    |       ^^^^^^^^^
[INFO] [stdout] 
[INFO] [stdout] 
[INFO] [stdout] error: cannot find attribute `structopt` in this scope
[INFO] [stdout]   --> examples/basic.rs:33:7
[INFO] [stdout]    |
[INFO] [stdout] 33 |     #[structopt(short = "c", long)]
[INFO] [stdout]    |       ^^^^^^^^^
[INFO] [stdout] 
[INFO] [stdout] 
[INFO] [stdout] error: cannot determine resolution for the derive macro `StructOpt`
[INFO] [stdout]  --> examples/git.rs:8:10
[INFO] [stdout]   |
[INFO] [stdout] 8 | #[derive(StructOpt, Debug)]
[INFO] [stdout]   |          ^^^^^^^^^
[INFO] [stdout]   |
[INFO] [stdout]   = note: import resolution is stuck, try simplifying macro imports
[INFO] [stdout] 
[INFO] [stdout] 
[INFO] [stdout] error: cannot find attribute `structopt` in this scope
[INFO] [stdout]   --> examples/basic.rs:37:7
[INFO] [stdout]    |
[INFO] [stdout] 37 |     #[structopt(short, long)]
[INFO] [stdout]    |       ^^^^^^^^^
[INFO] [stdout] 
[INFO] [stdout] 
[INFO] [stdout] error: cannot find attribute `structopt` in this scope
[INFO] [stdout]   --> examples/basic.rs:41:7
[INFO] [stdout]    |
[INFO] [stdout] 41 |     #[structopt(name = "FILE", parse(from_os_str))]
[INFO] [stdout]    |       ^^^^^^^^^
[INFO] [stdout] 
[INFO] [stdout] 
[INFO] [stdout] error: cannot find attribute `structopt` in this scope
[INFO] [stdout]  --> examples/git.rs:9:3
[INFO] [stdout]   |
[INFO] [stdout] 9 | #[structopt(name = "git")]
[INFO] [stdout]   |   ^^^^^^^^^
[INFO] [stdout] 
[INFO] [stdout] 
[INFO] [stdout] error: cannot find attribute `structopt` in this scope
[INFO] [stdout]   --> examples/git.rs:14:11
[INFO] [stdout]    |
[INFO] [stdout] 14 |         #[structopt(long)]
[INFO] [stdout]    |           ^^^^^^^^^
[INFO] [stdout] 
[INFO] [stdout] 
[INFO] [stdout] error: cannot find attribute `structopt` in this scope
[INFO] [stdout]   --> examples/git.rs:16:11
[INFO] [stdout]    |
[INFO] [stdout] 16 |         #[structopt(long)]
[INFO] [stdout]    |           ^^^^^^^^^
[INFO] [stdout] 
[INFO] [stdout] 
[INFO] [stdout] error: cannot find attribute `structopt` in this scope
[INFO] [stdout]   --> examples/git.rs:18:11
[INFO] [stdout]    |
[INFO] [stdout] 18 |         #[structopt(default_value = "origin")]
[INFO] [stdout]    |           ^^^^^^^^^
[INFO] [stdout] 
[INFO] [stdout] 
[INFO] [stdout] error: cannot find attribute `structopt` in this scope
[INFO] [stdout]   --> examples/git.rs:21:7
[INFO] [stdout]    |
[INFO] [stdout] 21 |     #[structopt(help = "add files to the staging area")]
[INFO] [stdout]    |       ^^^^^^^^^
[INFO] [stdout] 
[INFO] [stdout] 
[INFO] [stdout] error: cannot find attribute `structopt` in this scope
[INFO] [stdout]   --> examples/git.rs:23:11
[INFO] [stdout]    |
[INFO] [stdout] 23 |         #[structopt(short)]
[INFO] [stdout]    |           ^^^^^^^^^
[INFO] [stdout] 
[INFO] [stdout] 
[INFO] [stdout] error: cannot find attribute `structopt` in this scope
[INFO] [stdout]   --> examples/git.rs:25:11
[INFO] [stdout]    |
[INFO] [stdout] 25 |         #[structopt(short)]
[INFO] [stdout]    |           ^^^^^^^^^
[INFO] [stdout] 
[INFO] [stdout] 
[INFO] [stdout] error[E0433]: failed to resolve: use of undeclared crate or module `structopt`
[INFO] [stdout]  --> examples/no_version.rs:3:5
[INFO] [stdout]   |
[INFO] [stdout] 3 | use structopt::clap::AppSettings;
[INFO] [stdout]   |     ^^^^^^^^^ use of undeclared crate or module `structopt`
[INFO] [stdout] 
[INFO] [stdout] 
[INFO] [stdout] error[E0432]: unresolved import `structopt`
[INFO] [stdout]  --> tests/special_types.rs:3:5
[INFO] [stdout]   |
[INFO] [stdout] 3 | use structopt::StructOpt;
[INFO] [stdout]   |     ^^^^^^^^^ use of undeclared crate or module `structopt`
[INFO] [stdout] 
[INFO] [stdout] 
[INFO] [stdout] error: cannot determine resolution for the derive macro `StructOpt`
[INFO] [stdout]   --> tests/special_types.rs:22:14
[INFO] [stdout]    |
[INFO] [stdout] 22 |     #[derive(StructOpt, PartialEq, Debug)]
[INFO] [stdout]    |              ^^^^^^^^^
[INFO] [stdout]    |
[INFO] [stdout]    = note: import resolution is stuck, try simplifying macro imports
[INFO] [stdout] 
[INFO] [stdout] 
[INFO] [stdout] error: cannot determine resolution for the derive macro `StructOpt`
[INFO] [stdout]   --> tests/special_types.rs:41:14
[INFO] [stdout]    |
[INFO] [stdout] 41 |     #[derive(StructOpt, PartialEq, Debug)]
[INFO] [stdout]    |              ^^^^^^^^^
[INFO] [stdout]    |
[INFO] [stdout]    = note: import resolution is stuck, try simplifying macro imports
[INFO] [stdout] 
[INFO] [stdout] 
[INFO] [stdout] error[E0432]: unresolved import `structopt`
[INFO] [stdout]   --> tests/deny-warnings.rs:11:5
[INFO] [stdout]    |
[INFO] [stdout] 11 | use structopt::StructOpt;
[INFO] [stdout]    |     ^^^^^^^^^ use of undeclared crate or module `structopt`
[INFO] [stdout] 
[INFO] [stdout] 
[INFO] [stdout] error: cannot determine resolution for the derive macro `StructOpt`
[INFO] [stdout]   --> tests/deny-warnings.rs:19:32
[INFO] [stdout]    |
[INFO] [stdout] 19 |     #[derive(Debug, PartialEq, StructOpt)]
[INFO] [stdout]    |                                ^^^^^^^^^
[INFO] [stdout]    |
[INFO] [stdout]    = note: import resolution is stuck, try simplifying macro imports
[INFO] [stdout] 
[INFO] [stdout] 
[INFO] [stdout] error[E0432]: unresolved import `structopt`
[INFO] [stdout]  --> examples/negative_flag.rs:4:5
[INFO] [stdout]   |
[INFO] [stdout] 4 | use structopt::StructOpt;
[INFO] [stdout]   |     ^^^^^^^^^ use of undeclared crate or module `structopt`
[INFO] [stdout] 
[INFO] [stdout] 
[INFO] [stdout] error: cannot determine resolution for the derive macro `StructOpt`
[INFO] [stdout]  --> examples/negative_flag.rs:6:17
[INFO] [stdout]   |
[INFO] [stdout] 6 | #[derive(Debug, StructOpt)]
[INFO] [stdout]   |                 ^^^^^^^^^
[INFO] [stdout]   |
[INFO] [stdout]   = note: import resolution is stuck, try simplifying macro imports
[INFO] [stdout] 
[INFO] [stdout] 
[INFO] [stdout] error[E0432]: unresolved import `structopt`
[INFO] [stdout]  --> tests/arguments.rs:9:5
[INFO] [stdout]   |
[INFO] [stdout] 9 | use structopt::clap;
[INFO] [stdout]   |     ^^^^^^^^^ use of undeclared crate or module `structopt`
[INFO] [stdout] 
[INFO] [stdout] 
[INFO] [stdout] error[E0432]: unresolved import `structopt`
[INFO] [stdout]   --> tests/arguments.rs:10:5
[INFO] [stdout]    |
[INFO] [stdout] 10 | use structopt::StructOpt;
[INFO] [stdout]    |     ^^^^^^^^^ use of undeclared crate or module `structopt`
[INFO] [stdout] 
[INFO] [stdout] 
[INFO] [stdout] error: cannot determine resolution for the derive macro `StructOpt`
[INFO] [stdout]   --> tests/arguments.rs:14:14
[INFO] [stdout]    |
[INFO] [stdout] 14 |     #[derive(StructOpt, PartialEq, Debug)]
[INFO] [stdout]    |              ^^^^^^^^^
[INFO] [stdout]    |
[INFO] [stdout]    = note: import resolution is stuck, try simplifying macro imports
[INFO] [stdout] 
[INFO] [stdout] 
[INFO] [stdout] error: cannot determine resolution for the derive macro `StructOpt`
[INFO] [stdout]   --> tests/arguments.rs:27:14
[INFO] [stdout]    |
[INFO] [stdout] 27 |     #[derive(StructOpt, PartialEq, Debug)]
[INFO] [stdout]    |              ^^^^^^^^^
[INFO] [stdout]    |
[INFO] [stdout]    = note: import resolution is stuck, try simplifying macro imports
[INFO] [stdout] 
[INFO] [stdout] 
[INFO] [stdout] error: cannot determine resolution for the derive macro `StructOpt`
[INFO] [stdout]   --> tests/arguments.rs:40:14
[INFO] [stdout]    |
[INFO] [stdout] 40 |     #[derive(StructOpt, PartialEq, Debug)]
[INFO] [stdout]    |              ^^^^^^^^^
[INFO] [stdout]    |
[INFO] [stdout]    = note: import resolution is stuck, try simplifying macro imports
[INFO] [stdout] 
[INFO] [stdout] 
[INFO] [stdout] error: cannot find attribute `structopt` in this scope
[INFO] [stdout]   --> tests/deny-warnings.rs:21:11
[INFO] [stdout]    |
[INFO] [stdout] 21 |         #[structopt(parse(try_from_str = try_str))]
[INFO] [stdout]    |           ^^^^^^^^^
[INFO] [stdout] 
[INFO] [stdout] 
[INFO] [stdout] error: cannot determine resolution for the derive macro `StructOpt`
[INFO] [stdout]   --> tests/deny-warnings.rs:34:32
[INFO] [stdout]    |
[INFO] [stdout] 34 |     #[derive(Debug, PartialEq, StructOpt)]
[INFO] [stdout]    |                                ^^^^^^^^^
[INFO] [stdout]    |
[INFO] [stdout]    = note: import resolution is stuck, try simplifying macro imports
[INFO] [stdout] 
[INFO] [stdout] 
[INFO] [stdout] error: cannot find attribute `structopt` in this scope
[INFO] [stdout]   --> tests/deny-warnings.rs:37:15
[INFO] [stdout]    |
[INFO] [stdout] 37 |             #[structopt(parse(try_from_str = try_str))]
[INFO] [stdout]    |               ^^^^^^^^^
[INFO] [stdout] 
[INFO] [stdout] 
[INFO] [stdout] error[E0432]: unresolved import `structopt`
[INFO] [stdout]   --> examples/rename_all.rs:25:5
[INFO] [stdout]    |
[INFO] [stdout] 25 | use structopt::StructOpt;
[INFO] [stdout]    |     ^^^^^^^^^ use of undeclared crate or module `structopt`
[INFO] [stdout] 
[INFO] [stdout] 
[INFO] [stdout] error[E0432]: unresolved import `structopt`
[INFO] [stdout]  --> tests/utils.rs:3:5
[INFO] [stdout]   |
[INFO] [stdout] 3 | use structopt::StructOpt;
[INFO] [stdout]   |     ^^^^^^^^^ use of undeclared crate or module `structopt`
[INFO] [stdout] 
[INFO] [stdout] 
[INFO] [stdout] error: cannot determine resolution for the derive macro `StructOpt`
[INFO] [stdout]   --> examples/rename_all.rs:27:10
[INFO] [stdout]    |
[INFO] [stdout] 27 | #[derive(StructOpt, Debug)]
[INFO] [stdout]    |          ^^^^^^^^^
[INFO] [stdout]    |
[INFO] [stdout]    = note: import resolution is stuck, try simplifying macro imports
[INFO] [stdout] 
[INFO] [stdout] 
[INFO] [stdout] error[E0432]: unresolved import `structopt`
[INFO] [stdout]  --> tests/explicit_name_no_renaming.rs:3:5
[INFO] [stdout]   |
[INFO] [stdout] 3 | use structopt::StructOpt;
[INFO] [stdout]   |     ^^^^^^^^^ use of undeclared crate or module `structopt`
[INFO] [stdout] 
[INFO] [stdout] 
[INFO] [stdout] error: cannot determine resolution for the derive macro `StructOpt`
[INFO] [stdout]  --> tests/explicit_name_no_renaming.rs:8:14
[INFO] [stdout]   |
[INFO] [stdout] 8 |     #[derive(StructOpt, PartialEq, Debug)]
[INFO] [stdout]   |              ^^^^^^^^^
[INFO] [stdout]   |
[INFO] [stdout]   = note: import resolution is stuck, try simplifying macro imports
[INFO] [stdout] 
[INFO] [stdout] 
[INFO] [stdout] error[E0432]: unresolved import `structopt`
[INFO] [stdout]  --> tests/utils.rs:3:5
[INFO] [stdout]   |
[INFO] [stdout] 3 | use structopt::StructOpt;
[INFO] [stdout]   |     ^^^^^^^^^ use of undeclared crate or module `structopt`
[INFO] [stdout] 
[INFO] [stdout] 
[INFO] [stdout] error: cannot find attribute `structopt` in this scope
[INFO] [stdout]  --> examples/negative_flag.rs:8:7
[INFO] [stdout]   |
[INFO] [stdout] 8 |     #[structopt(long = "no-verbose", parse(from_flag = std::ops::Not::not))]
[INFO] [stdout]   |       ^^^^^^^^^
[INFO] [stdout] 
[INFO] [stdout] 
[INFO] [stdout] error[E0432]: unresolved import `structopt`
[INFO] [stdout]   --> tests/author_version_about.rs:11:5
[INFO] [stdout]    |
[INFO] [stdout] 11 | use structopt::StructOpt;
[INFO] [stdout]    |     ^^^^^^^^^ use of undeclared crate or module `structopt`
[INFO] [stdout] 
[INFO] [stdout] 
[INFO] [stdout] error: cannot determine resolution for the derive macro `StructOpt`
[INFO] [stdout]   --> tests/author_version_about.rs:16:14
[INFO] [stdout]    |
[INFO] [stdout] 16 |     #[derive(StructOpt, PartialEq, Debug)]
[INFO] [stdout]    |              ^^^^^^^^^
[INFO] [stdout]    |
[INFO] [stdout]    = note: import resolution is stuck, try simplifying macro imports
[INFO] [stdout] 
[INFO] [stdout] 
[INFO] [stdout] error: cannot find attribute `structopt` in this scope
[INFO] [stdout]   --> tests/special_types.rs:43:11
[INFO] [stdout]    |
[INFO] [stdout] 43 |         #[structopt(parse(from_str = parser))]
[INFO] [stdout]    |           ^^^^^^^^^
[INFO] [stdout] 
[INFO] [stdout] 
[INFO] [stdout] error: cannot determine resolution for the derive macro `StructOpt`
[INFO] [stdout]   --> tests/special_types.rs:61:14
[INFO] [stdout]    |
[INFO] [stdout] 61 |     #[derive(StructOpt, PartialEq, Debug)]
[INFO] [stdout]    |              ^^^^^^^^^
[INFO] [stdout]    |
[INFO] [stdout]    = note: import resolution is stuck, try simplifying macro imports
[INFO] [stdout] 
[INFO] [stdout] 
[INFO] [stdout] error: cannot find attribute `structopt` in this scope
[INFO] [stdout]   --> tests/special_types.rs:63:11
[INFO] [stdout]    |
[INFO] [stdout] 63 |         #[structopt(parse(from_str = parser))]
[INFO] [stdout]    |           ^^^^^^^^^
[INFO] [stdout] 
[INFO] [stdout] 
[INFO] [stdout] error: cannot find attribute `structopt` in this scope
[INFO] [stdout]   --> tests/arguments.rs:42:11
[INFO] [stdout]    |
[INFO] [stdout] 42 |         #[structopt(default_value = "42")]
[INFO] [stdout]    |           ^^^^^^^^^
[INFO] [stdout] 
[INFO] [stdout] 
[INFO] [stdout] error[E0432]: unresolved import `structopt`
[INFO] [stdout]  --> tests/argument_naming.rs:1:5
[INFO] [stdout]   |
[INFO] [stdout] 1 | use structopt::StructOpt;
[INFO] [stdout]   |     ^^^^^^^^^ use of undeclared crate or module `structopt`
[INFO] [stdout] 
[INFO] [stdout] 
[INFO] [stdout] error[E0432]: unresolved import `structopt`
[INFO] [stdout]  --> tests/we_need_syn_full.rs:3:5
[INFO] [stdout]   |
[INFO] [stdout] 3 | use structopt::StructOpt;
[INFO] [stdout]   |     ^^^^^^^^^ use of undeclared crate or module `structopt`
[INFO] [stdout] 
[INFO] [stdout] 
[INFO] [stdout] error: cannot determine resolution for the derive macro `StructOpt`
[INFO] [stdout]  --> tests/argument_naming.rs:5:14
[INFO] [stdout]   |
[INFO] [stdout] 5 |     #[derive(StructOpt, Debug, PartialEq)]
[INFO] [stdout]   |              ^^^^^^^^^
[INFO] [stdout]   |
[INFO] [stdout]   = note: import resolution is stuck, try simplifying macro imports
[INFO] [stdout] 
[INFO] [stdout] 
[INFO] [stdout] error: cannot determine resolution for the derive macro `StructOpt`
[INFO] [stdout]   --> tests/argument_naming.rs:18:14
[INFO] [stdout]    |
[INFO] [stdout] 18 |     #[derive(StructOpt, Debug, PartialEq)]
[INFO] [stdout]    |              ^^^^^^^^^
[INFO] [stdout]    |
[INFO] [stdout]    = note: import resolution is stuck, try simplifying macro imports
[INFO] [stdout] 
[INFO] [stdout] 
[INFO] [stdout] error: cannot determine resolution for the derive macro `StructOpt`
[INFO] [stdout]   --> tests/argument_naming.rs:31:14
[INFO] [stdout]    |
[INFO] [stdout] 31 |     #[derive(StructOpt, Debug, PartialEq)]
[INFO] [stdout]    |              ^^^^^^^^^
[INFO] [stdout]    |
[INFO] [stdout]    = note: import resolution is stuck, try simplifying macro imports
[INFO] [stdout] 
[INFO] [stdout] 
[INFO] [stdout] error: cannot determine resolution for the derive macro `StructOpt`
[INFO] [stdout]  --> tests/we_need_syn_full.rs:8:21
[INFO] [stdout]   |
[INFO] [stdout] 8 |     #[derive(Debug, StructOpt, Clone)]
[INFO] [stdout]   |                     ^^^^^^^^^
[INFO] [stdout]   |
[INFO] [stdout]   = note: import resolution is stuck, try simplifying macro imports
[INFO] [stdout] 
[INFO] [stdout] 
[INFO] [stdout] error: cannot determine resolution for the derive macro `StructOpt`
[INFO] [stdout]   --> tests/arguments.rs:54:14
[INFO] [stdout]    |
[INFO] [stdout] 54 |     #[derive(StructOpt, PartialEq, Debug)]
[INFO] [stdout]    |              ^^^^^^^^^
[INFO] [stdout]    |
[INFO] [stdout]    = note: import resolution is stuck, try simplifying macro imports
[INFO] [stdout] 
[INFO] [stdout] 
[INFO] [stdout] error: cannot determine resolution for the derive macro `StructOpt`
[INFO] [stdout]   --> tests/arguments.rs:68:14
[INFO] [stdout]    |
[INFO] [stdout] 68 |     #[derive(StructOpt, PartialEq, Debug)]
[INFO] [stdout]    |              ^^^^^^^^^
[INFO] [stdout]    |
[INFO] [stdout]    = note: import resolution is stuck, try simplifying macro imports
[INFO] [stdout] 
[INFO] [stdout] 
[INFO] [stdout] warning: unnecessary trailing semicolon
[INFO] [stdout]   --> tests/special_types.rs:20:6
[INFO] [stdout]    |
[INFO] [stdout] 20 |     };
[INFO] [stdout]    |      ^ help: remove this semicolon
[INFO] [stdout]    |
[INFO] [stdout]    = note: `#[warn(redundant_semicolons)]` on by default
[INFO] [stdout] 
[INFO] [stdout] 
[INFO] [stdout] error: cannot find attribute `structopt` in this scope
[INFO] [stdout]   --> tests/explicit_name_no_renaming.rs:10:11
[INFO] [stdout]    |
[INFO] [stdout] 10 |         #[structopt(short = ".", long = ".foo")]
[INFO] [stdout]    |           ^^^^^^^^^
[INFO] [stdout] 
[INFO] [stdout] 
[INFO] [stdout] error: cannot determine resolution for the derive macro `StructOpt`
[INFO] [stdout]   --> tests/explicit_name_no_renaming.rs:24:14
[INFO] [stdout]    |
[INFO] [stdout] 24 |     #[derive(StructOpt, PartialEq, Debug)]
[INFO] [stdout]    |              ^^^^^^^^^
[INFO] [stdout]    |
[INFO] [stdout]    = note: import resolution is stuck, try simplifying macro imports
[INFO] [stdout] 
[INFO] [stdout] 
[INFO] [stdout] error: cannot find attribute `structopt` in this scope
[INFO] [stdout]   --> tests/explicit_name_no_renaming.rs:26:11
[INFO] [stdout]    |
[INFO] [stdout] 26 |         #[structopt(name = ".options")]
[INFO] [stdout]    |           ^^^^^^^^^
[INFO] [stdout] 
[INFO] [stdout] 
[INFO] [stdout] error: cannot find attribute `structopt` in this scope
[INFO] [stdout]   --> examples/rename_all.rs:28:3
[INFO] [stdout]    |
[INFO] [stdout] 28 | #[structopt(name = "rename_all", rename_all = "screaming_snake_case")]
[INFO] [stdout]    |   ^^^^^^^^^
[INFO] [stdout] 
[INFO] [stdout] 
[INFO] [stdout] error: aborting due to 6 previous errors
[INFO] [stdout] 
[INFO] [stdout] 
[INFO] [stdout] For more information about this error, try `rustc --explain E0432`.
[INFO] [stdout] 
[INFO] [stdout] error: cannot find attribute `structopt` in this scope
[INFO] [stdout]   --> tests/author_version_about.rs:17:7
[INFO] [stdout]    |
[INFO] [stdout] 17 |     #[structopt(name = "foo", no_version)]
[INFO] [stdout]    |       ^^^^^^^^^
[INFO] [stdout] 
[INFO] [stdout] 
[INFO] [stdout] error: cannot determine resolution for the derive macro `StructOpt`
[INFO] [stdout]   --> tests/author_version_about.rs:26:14
[INFO] [stdout]    |
[INFO] [stdout] 26 |     #[derive(StructOpt, PartialEq, Debug)]
[INFO] [stdout]    |              ^^^^^^^^^
[INFO] [stdout]    |
[INFO] [stdout]    = note: import resolution is stuck, try simplifying macro imports
[INFO] [stdout] 
[INFO] [stdout] 
[INFO] [stdout] error[E0432]: unresolved import `structopt`
[INFO] [stdout]  --> examples/no_version.rs:4:5
[INFO] [stdout]   |
[INFO] [stdout] 4 | use structopt::StructOpt;
[INFO] [stdout]   |     ^^^^^^^^^ use of undeclared crate or module `structopt`
[INFO] [stdout] 
[INFO] [stdout] 
[INFO] [stdout] error: cannot find attribute `structopt` in this scope
[INFO] [stdout]   --> tests/author_version_about.rs:27:7
[INFO] [stdout]    |
[INFO] [stdout] 27 |     #[structopt(author, about)]
[INFO] [stdout]    |       ^^^^^^^^^
[INFO] [stdout] 
[INFO] [stdout] 
[INFO] [stdout] error: cannot determine resolution for the derive macro `StructOpt`
[INFO] [stdout]  --> examples/no_version.rs:6:10
[INFO] [stdout]   |
[INFO] [stdout] 6 | #[derive(StructOpt, Debug)]
[INFO] [stdout]   |          ^^^^^^^^^
[INFO] [stdout]   |
[INFO] [stdout]   = note: import resolution is stuck, try simplifying macro imports
[INFO] [stdout] 
[INFO] [stdout] 
[INFO] [stdout] error: cannot determine resolution for the derive macro `StructOpt`
[INFO] [stdout]   --> tests/author_version_about.rs:40:14
[INFO] [stdout]    |
[INFO] [stdout] 40 |     #[derive(StructOpt)]
[INFO] [stdout]    |              ^^^^^^^^^
[INFO] [stdout]    |
[INFO] [stdout]    = note: import resolution is stuck, try simplifying macro imports
[INFO] [stdout] 
[INFO] [stdout] 
[INFO] [stdout] error[E0432]: unresolved import `structopt`
[INFO] [stdout]  --> examples/at_least_two.rs:4:5
[INFO] [stdout]   |
[INFO] [stdout] 4 | use structopt::StructOpt;
[INFO] [stdout]   |     ^^^^^^^^^ use of undeclared crate or module `structopt`
[INFO] [stdout] 
[INFO] [stdout] 
[INFO] [stdout] error: cannot find attribute `structopt` in this scope
[INFO] [stdout]   --> tests/author_version_about.rs:41:7
[INFO] [stdout]    |
[INFO] [stdout] 41 |     #[structopt(version = VERSION)]
[INFO] [stdout]    |       ^^^^^^^^^
[INFO] [stdout] 
[INFO] [stdout] 
[INFO] [stdout] error: cannot determine resolution for the derive macro `StructOpt`
[INFO] [stdout]   --> tests/author_version_about.rs:50:14
[INFO] [stdout]    |
[INFO] [stdout] 50 |     #[derive(StructOpt, PartialEq, Debug)]
[INFO] [stdout]    |              ^^^^^^^^^
[INFO] [stdout]    |
[INFO] [stdout]    = note: import resolution is stuck, try simplifying macro imports
[INFO] [stdout] 
[INFO] [stdout] 
[INFO] [stderr] error: could not compile `indigo-structopt` due to 7 previous errors
[INFO] [stdout] error: cannot find attribute `structopt` in this scope
[INFO] [stdout]   --> examples/rename_all.rs:36:11
[INFO] [stdout]    |
[INFO] [stdout] 36 |         #[structopt(long, short)]
[INFO] [stdout]    |           ^^^^^^^^^
[INFO] [stdout] 
[INFO] [stdout] 
[INFO] [stderr] warning: build failed, waiting for other jobs to finish...
[INFO] [stdout] error: cannot find attribute `structopt` in this scope
[INFO] [stdout]   --> examples/rename_all.rs:43:7
[INFO] [stdout]    |
[INFO] [stdout] 43 |     #[structopt(rename_all = "pascal_case")]
[INFO] [stdout]    |       ^^^^^^^^^
[INFO] [stdout] 
[INFO] [stdout] 
[INFO] [stdout] error: cannot find attribute `structopt` in this scope
[INFO] [stdout]   --> tests/author_version_about.rs:51:7
[INFO] [stdout]    |
[INFO] [stdout] 51 |     #[structopt(no_version)]
[INFO] [stdout]    |       ^^^^^^^^^
[INFO] [stdout] 
[INFO] [stdout] 
[INFO] [stdout] error: cannot find attribute `structopt` in this scope
[INFO] [stdout]   --> examples/rename_all.rs:47:11
[INFO] [stdout]    |
[INFO] [stdout] 47 |         #[structopt(rename_all = "snake_case", long)]
[INFO] [stdout]    |           ^^^^^^^^^
[INFO] [stdout] 
[INFO] [stdout] 
[INFO] [stdout] error: cannot determine resolution for the derive macro `StructOpt`
[INFO] [stdout]  --> examples/at_least_two.rs:6:10
[INFO] [stdout]   |
[INFO] [stdout] 6 | #[derive(StructOpt, Debug)]
[INFO] [stdout]   |          ^^^^^^^^^
[INFO] [stdout]   |
[INFO] [stdout]   = note: import resolution is stuck, try simplifying macro imports
[INFO] [stdout] 
[INFO] [stdout] 
[INFO] [stdout] error: cannot find attribute `structopt` in this scope
[INFO] [stdout]   --> examples/rename_all.rs:53:11
[INFO] [stdout]    |
[INFO] [stdout] 53 |         #[structopt(subcommand)]
[INFO] [stdout]    |           ^^^^^^^^^
[INFO] [stdout] 
[INFO] [stdout] 
[INFO] [stdout] error: cannot find attribute `structopt` in this scope
[INFO] [stdout]   --> tests/we_need_syn_full.rs:10:11
[INFO] [stdout]    |
[INFO] [stdout] 10 |         #[structopt(
[INFO] [stdout]    |           ^^^^^^^^^
[INFO] [stdout] 
[INFO] [stdout] 
[INFO] [stdout] error: cannot find attribute `structopt` in this scope
[INFO] [stdout]   --> examples/rename_all.rs:57:11
[INFO] [stdout]    |
[INFO] [stdout] 57 |         #[structopt(flatten)]
[INFO] [stdout]    |           ^^^^^^^^^
[INFO] [stdout] 
[INFO] [stdout] 
[INFO] [stdout] error: aborting due to 10 previous errors
[INFO] [stdout] 
[INFO] [stdout] 
[INFO] [stdout] For more information about this error, try `rustc --explain E0432`.
[INFO] [stdout] 
[INFO] [stdout] error: cannot determine resolution for the derive macro `StructOpt`
[INFO] [stdout]   --> examples/rename_all.rs:62:10
[INFO] [stdout]    |
[INFO] [stdout] 62 | #[derive(StructOpt, Debug)]
[INFO] [stdout]    |          ^^^^^^^^^
[INFO] [stdout]    |
[INFO] [stdout]    = note: import resolution is stuck, try simplifying macro imports
[INFO] [stdout] 
[INFO] [stdout] 
[INFO] [stdout] error: cannot determine resolution for the derive macro `StructOpt`
[INFO] [stdout]   --> examples/rename_all.rs:68:10
[INFO] [stdout]    |
[INFO] [stdout] 68 | #[derive(StructOpt, Debug)]
[INFO] [stdout]    |          ^^^^^^^^^
[INFO] [stdout]    |
[INFO] [stdout]    = note: import resolution is stuck, try simplifying macro imports
[INFO] [stdout] 
[INFO] [stdout] 
[INFO] [stdout] error: cannot find attribute `structopt` in this scope
[INFO] [stdout]   --> examples/rename_all.rs:71:7
[INFO] [stdout]    |
[INFO] [stdout] 71 |     #[structopt(long)]
[INFO] [stdout]    |       ^^^^^^^^^
[INFO] [stdout] 
[INFO] [stdout] 
[INFO] [stdout] error[E0432]: unresolved import `structopt`
[INFO] [stdout]  --> examples/required_if.rs:2:5
[INFO] [stdout]   |
[INFO] [stdout] 2 | use structopt::StructOpt;
[INFO] [stdout]   |     ^^^^^^^^^ use of undeclared crate or module `structopt`
[INFO] [stdout] 
[INFO] [stdout] 
[INFO] [stdout] error: cannot determine resolution for the derive macro `StructOpt`
[INFO] [stdout]  --> examples/required_if.rs:4:17
[INFO] [stdout]   |
[INFO] [stdout] 4 | #[derive(Debug, StructOpt, PartialEq)]
[INFO] [stdout]   |                 ^^^^^^^^^
[INFO] [stdout]   |
[INFO] [stdout]   = note: import resolution is stuck, try simplifying macro imports
[INFO] [stdout] 
[INFO] [stdout] 
[INFO] [stdout] error: cannot find attribute `structopt` in this scope
[INFO] [stdout]   --> tests/argument_naming.rs:34:11
[INFO] [stdout]    |
[INFO] [stdout] 34 |         #[structopt(long)]
[INFO] [stdout]    |           ^^^^^^^^^
[INFO] [stdout] 
[INFO] [stdout] 
[INFO] [stdout] error: cannot determine resolution for the derive macro `StructOpt`
[INFO] [stdout]   --> tests/argument_naming.rs:46:14
[INFO] [stdout]    |
[INFO] [stdout] 46 |     #[derive(StructOpt, Debug, PartialEq)]
[INFO] [stdout]    |              ^^^^^^^^^
[INFO] [stdout]    |
[INFO] [stdout]    = note: import resolution is stuck, try simplifying macro imports
[INFO] [stdout] 
[INFO] [stdout] 
[INFO] [stdout] error: cannot find attribute `structopt` in this scope
[INFO] [stdout]   --> tests/argument_naming.rs:48:11
[INFO] [stdout]    |
[INFO] [stdout] 48 |         #[structopt(long = "foo")]
[INFO] [stdout]    |           ^^^^^^^^^
[INFO] [stdout] 
[INFO] [stdout] 
[INFO] [stdout] error: cannot determine resolution for the derive macro `StructOpt`
[INFO] [stdout]   --> tests/argument_naming.rs:60:14
[INFO] [stdout]    |
[INFO] [stdout] 60 |     #[derive(StructOpt, Debug, PartialEq)]
[INFO] [stdout]    |              ^^^^^^^^^
[INFO] [stdout]    |
[INFO] [stdout]    = note: import resolution is stuck, try simplifying macro imports
[INFO] [stdout] 
[INFO] [stdout] 
[INFO] [stdout] error: cannot find attribute `structopt` in this scope
[INFO] [stdout]   --> tests/argument_naming.rs:62:11
[INFO] [stdout]    |
[INFO] [stdout] 62 |         #[structopt(name = "foo", long)]
[INFO] [stdout]    |           ^^^^^^^^^
[INFO] [stdout] 
[INFO] [stdout] 
[INFO] [stdout] error: cannot determine resolution for the derive macro `StructOpt`
[INFO] [stdout]   --> tests/argument_naming.rs:74:14
[INFO] [stdout]    |
[INFO] [stdout] 74 |     #[derive(StructOpt, Debug, PartialEq)]
[INFO] [stdout]    |              ^^^^^^^^^
[INFO] [stdout]    |
[INFO] [stdout]    = note: import resolution is stuck, try simplifying macro imports
[INFO] [stdout] 
[INFO] [stdout] 
[INFO] [stdout] error: cannot find attribute `structopt` in this scope
[INFO] [stdout]   --> tests/argument_naming.rs:76:11
[INFO] [stdout]    |
[INFO] [stdout] 76 |         #[structopt(long, name = "foo")]
[INFO] [stdout]    |           ^^^^^^^^^
[INFO] [stdout] 
[INFO] [stdout] 
[INFO] [stdout] error: cannot determine resolution for the derive macro `StructOpt`
[INFO] [stdout]   --> tests/argument_naming.rs:88:14
[INFO] [stdout]    |
[INFO] [stdout] 88 |     #[derive(StructOpt, Debug, PartialEq)]
[INFO] [stdout]    |              ^^^^^^^^^
[INFO] [stdout]    |
[INFO] [stdout]    = note: import resolution is stuck, try simplifying macro imports
[INFO] [stdout] 
[INFO] [stdout] 
[INFO] [stdout] error[E0432]: unresolved import `structopt`
[INFO] [stdout]  --> tests/utils.rs:3:5
[INFO] [stdout]   |
[INFO] [stdout] 3 | use structopt::StructOpt;
[INFO] [stdout]   |     ^^^^^^^^^ use of undeclared crate or module `structopt`
[INFO] [stdout] 
[INFO] [stdout] 
[INFO] [stdout] error[E0432]: unresolved import `structopt`
[INFO] [stdout]   --> tests/doc-comments-help.rs:11:5
[INFO] [stdout]    |
[INFO] [stdout] 11 | use structopt::StructOpt;
[INFO] [stdout]    |     ^^^^^^^^^ use of undeclared crate or module `structopt`
[INFO] [stdout] 
[INFO] [stdout] 
[INFO] [stdout] error: cannot find attribute `structopt` in this scope
[INFO] [stdout]   --> tests/argument_naming.rs:91:11
[INFO] [stdout]    |
[INFO] [stdout] 91 |         #[structopt(short)]
[INFO] [stdout]    |           ^^^^^^^^^
[INFO] [stdout] 
[INFO] [stdout] 
[INFO] [stdout] error: cannot determine resolution for the derive macro `StructOpt`
[INFO] [stdout]    --> tests/argument_naming.rs:103:14
[INFO] [stdout]     |
[INFO] [stdout] 103 |     #[derive(StructOpt, Debug, PartialEq)]
[INFO] [stdout]     |              ^^^^^^^^^
[INFO] [stdout]     |
[INFO] [stdout]     = note: import resolution is stuck, try simplifying macro imports
[INFO] [stdout] 
[INFO] [stdout] 
[INFO] [stdout] error: cannot find attribute `structopt` in this scope
[INFO] [stdout]    --> tests/argument_naming.rs:105:11
[INFO] [stdout]     |
[INFO] [stdout] 105 |         #[structopt(short = "o")]
[INFO] [stdout]     |           ^^^^^^^^^
[INFO] [stdout] 
[INFO] [stdout] 
[INFO] [stdout] error: cannot determine resolution for the derive macro `StructOpt`
[INFO] [stdout]    --> tests/argument_naming.rs:117:14
[INFO] [stdout]     |
[INFO] [stdout] 117 |     #[derive(StructOpt, Debug, PartialEq)]
[INFO] [stdout]     |              ^^^^^^^^^
[INFO] [stdout]     |
[INFO] [stdout]     = note: import resolution is stuck, try simplifying macro imports
[INFO] [stdout] 
[INFO] [stdout] 
[INFO] [stdout] error: cannot find attribute `structopt` in this scope
[INFO] [stdout]    --> tests/argument_naming.rs:119:11
[INFO] [stdout]     |
[INFO] [stdout] 119 |         #[structopt(name = "option", short)]
[INFO] [stdout]     |           ^^^^^^^^^
[INFO] [stdout] 
[INFO] [stdout] 
[INFO] [stdout] error: cannot determine resolution for the derive macro `StructOpt`
[INFO] [stdout]    --> tests/argument_naming.rs:131:14
[INFO] [stdout]     |
[INFO] [stdout] 131 |     #[derive(StructOpt, Debug, PartialEq)]
[INFO] [stdout]     |              ^^^^^^^^^
[INFO] [stdout]     |
[INFO] [stdout]     = note: import resolution is stuck, try simplifying macro imports
[INFO] [stdout] 
[INFO] [stdout] 
[INFO] [stdout] error: cannot find attribute `structopt` in this scope
[INFO] [stdout]    --> tests/argument_naming.rs:133:11
[INFO] [stdout]     |
[INFO] [stdout] 133 |         #[structopt(short, name = "option")]
[INFO] [stdout]     |           ^^^^^^^^^
[INFO] [stdout] 
[INFO] [stdout] 
[INFO] [stdout] error: cannot determine resolution for the derive macro `StructOpt`
[INFO] [stdout]   --> tests/doc-comments-help.rs:17:14
[INFO] [stdout]    |
[INFO] [stdout] 17 |     #[derive(StructOpt, PartialEq, Debug)]
[INFO] [stdout]    |              ^^^^^^^^^
[INFO] [stdout]    |
[INFO] [stdout]    = note: import resolution is stuck, try simplifying macro imports
[INFO] [stdout] 
[INFO] [stdout] 
[INFO] [stdout] error: cannot find attribute `structopt` in this scope
[INFO] [stdout]  --> examples/no_version.rs:7:3
[INFO] [stdout]   |
[INFO] [stdout] 7 | #[structopt(
[INFO] [stdout]   |   ^^^^^^^^^
[INFO] [stdout] 
[INFO] [stdout] 
[INFO] [stdout] error: cannot determine resolution for the derive macro `StructOpt`
[INFO] [stdout]    --> tests/argument_naming.rs:145:14
[INFO] [stdout]     |
[INFO] [stdout] 145 |     #[derive(StructOpt, Debug, PartialEq)]
[INFO] [stdout]     |              ^^^^^^^^^
[INFO] [stdout]     |
[INFO] [stdout]     = note: import resolution is stuck, try simplifying macro imports
[INFO] [stdout] 
[INFO] [stdout] 
[INFO] [stdout] error: cannot find attribute `structopt` in this scope
[INFO] [stdout]    --> tests/argument_naming.rs:147:11
[INFO] [stdout]     |
[INFO] [stdout] 147 |         #[structopt(rename_all = "screaming_snake", long)]
[INFO] [stdout]     |           ^^^^^^^^^
[INFO] [stdout] 
[INFO] [stdout] 
[INFO] [stdout] error: cannot determine resolution for the derive macro `StructOpt`
[INFO] [stdout]    --> tests/argument_naming.rs:159:14
[INFO] [stdout]     |
[INFO] [stdout] 159 |     #[derive(StructOpt, Debug, PartialEq)]
[INFO] [stdout]     |              ^^^^^^^^^
[INFO] [stdout]     |
[INFO] [stdout]     = note: import resolution is stuck, try simplifying macro imports
[INFO] [stdout] 
[INFO] [stdout] 
[INFO] [stdout] error: cannot find attribute `structopt` in this scope
[INFO] [stdout]    --> tests/argument_naming.rs:161:11
[INFO] [stdout]     |
[INFO] [stdout] 161 |         #[structopt(rename_all = "screaming_snake", short)]
[INFO] [stdout]     |           ^^^^^^^^^
[INFO] [stdout] 
[INFO] [stdout] 
[INFO] [stdout] error: cannot determine resolution for the derive macro `StructOpt`
[INFO] [stdout]    --> tests/argument_naming.rs:173:14
[INFO] [stdout]     |
[INFO] [stdout] 173 |     #[derive(StructOpt, Debug, PartialEq)]
[INFO] [stdout]     |              ^^^^^^^^^
[INFO] [stdout]     |
[INFO] [stdout]     = note: import resolution is stuck, try simplifying macro imports
[INFO] [stdout] 
[INFO] [stdout] 
[INFO] [stdout] error: cannot find attribute `structopt` in this scope
[INFO] [stdout]    --> tests/argument_naming.rs:176:11
[INFO] [stdout]     |
[INFO] [stdout] 176 |         #[structopt(rename_all = "verbatim", long)]
[INFO] [stdout]     |           ^^^^^^^^^
[INFO] [stdout] 
[INFO] [stdout] 
[INFO] [stdout] error: cannot determine resolution for the derive macro `StructOpt`
[INFO] [stdout]    --> tests/argument_naming.rs:188:14
[INFO] [stdout]     |
[INFO] [stdout] 188 |     #[derive(StructOpt, Debug, PartialEq)]
[INFO] [stdout]     |              ^^^^^^^^^
[INFO] [stdout]     |
[INFO] [stdout]     = note: import resolution is stuck, try simplifying macro imports
[INFO] [stdout] 
[INFO] [stdout] 
[INFO] [stdout] error: cannot find attribute `structopt` in this scope
[INFO] [stdout]    --> tests/argument_naming.rs:190:11
[INFO] [stdout]     |
[INFO] [stdout] 190 |         #[structopt(rename_all = "verbatim", short)]
[INFO] [stdout]     |           ^^^^^^^^^
[INFO] [stdout] 
[INFO] [stdout] 
[INFO] [stdout] error: cannot determine resolution for the derive macro `StructOpt`
[INFO] [stdout]    --> tests/argument_naming.rs:202:14
[INFO] [stdout]     |
[INFO] [stdout] 202 |     #[derive(StructOpt, Debug, PartialEq)]
[INFO] [stdout]     |              ^^^^^^^^^
[INFO] [stdout]     |
[INFO] [stdout]     = note: import resolution is stuck, try simplifying macro imports
[INFO] [stdout] 
[INFO] [stdout] 
[INFO] [stdout] error: cannot find attribute `structopt` in this scope
[INFO] [stdout]  --> examples/at_least_two.rs:8:7
[INFO] [stdout]   |
[INFO] [stdout] 8 |     #[structopt(required = true, min_values = 2)]
[INFO] [stdout]   |       ^^^^^^^^^
[INFO] [stdout] 
[INFO] [stdout] 
[INFO] [stdout] error: cannot find attribute `structopt` in this scope
[INFO] [stdout]    --> tests/argument_naming.rs:203:7
[INFO] [stdout]     |
[INFO] [stdout] 203 |     #[structopt(rename_all = "screaming_snake")]
[INFO] [stdout]     |       ^^^^^^^^^
[INFO] [stdout] 
[INFO] [stdout] 
[INFO] [stdout] error: cannot find attribute `structopt` in this scope
[INFO] [stdout]    --> tests/argument_naming.rs:205:11
[INFO] [stdout]     |
[INFO] [stdout] 205 |         #[structopt(long)]
[INFO] [stdout]     |           ^^^^^^^^^
[INFO] [stdout] 
[INFO] [stdout] 
[INFO] [stdout] error: cannot determine resolution for the derive macro `StructOpt`
[INFO] [stdout]    --> tests/argument_naming.rs:217:14
[INFO] [stdout]     |
[INFO] [stdout] 217 |     #[derive(StructOpt, Debug, PartialEq)]
[INFO] [stdout]     |              ^^^^^^^^^
[INFO] [stdout]     |
[INFO] [stdout]     = note: import resolution is stuck, try simplifying macro imports
[INFO] [stdout] 
[INFO] [stdout] 
[INFO] [stdout] error: cannot find attribute `structopt` in this scope
[INFO] [stdout]    --> tests/argument_naming.rs:218:7
[INFO] [stdout]     |
[INFO] [stdout] 218 |     #[structopt(rename_all = "screaming_snake")]
[INFO] [stdout]     |       ^^^^^^^^^
[INFO] [stdout] 
[INFO] [stdout] 
[INFO] [stdout] error: cannot find attribute `structopt` in this scope
[INFO] [stdout]    --> tests/argument_naming.rs:220:11
[INFO] [stdout]     |
[INFO] [stdout] 220 |         #[structopt(flatten)]
[INFO] [stdout]     |           ^^^^^^^^^
[INFO] [stdout] 
[INFO] [stdout] 
[INFO] [stdout] error: cannot determine resolution for the derive macro `StructOpt`
[INFO] [stdout]    --> tests/argument_naming.rs:224:14
[INFO] [stdout]     |
[INFO] [stdout] 224 |     #[derive(StructOpt, Debug, PartialEq)]
[INFO] [stdout]     |              ^^^^^^^^^
[INFO] [stdout]     |
[INFO] [stdout]     = note: import resolution is stuck, try simplifying macro imports
[INFO] [stdout] 
[INFO] [stdout] 
[INFO] [stdout] error: cannot find attribute `structopt` in this scope
[INFO] [stdout]    --> tests/argument_naming.rs:226:11
[INFO] [stdout]     |
[INFO] [stdout] 226 |         #[structopt(long)]
[INFO] [stdout]     |           ^^^^^^^^^
[INFO] [stdout] 
[INFO] [stdout] 
[INFO] [stdout] error: cannot determine resolution for the derive macro `StructOpt`
[INFO] [stdout]    --> tests/argument_naming.rs:240:14
[INFO] [stdout]     |
[INFO] [stdout] 240 |     #[derive(StructOpt, Debug, PartialEq)]
[INFO] [stdout]     |              ^^^^^^^^^
[INFO] [stdout]     |
[INFO] [stdout]     = note: import resolution is stuck, try simplifying macro imports
[INFO] [stdout] 
[INFO] [stdout] 
[INFO] [stdout] error: cannot find attribute `structopt` in this scope
[INFO] [stdout]    --> tests/argument_naming.rs:241:7
[INFO] [stdout]     |
[INFO] [stdout] 241 |     #[structopt(rename_all = "screaming_snake")]
[INFO] [stdout]     |       ^^^^^^^^^
[INFO] [stdout] 
[INFO] [stdout] 
[INFO] [stdout] error: cannot find attribute `structopt` in this scope
[INFO] [stdout]    --> tests/argument_naming.rs:243:11
[INFO] [stdout]     |
[INFO] [stdout] 243 |         #[structopt(subcommand)]
[INFO] [stdout]     |           ^^^^^^^^^
[INFO] [stdout] 
[INFO] [stdout] 
[INFO] [stdout] error: cannot determine resolution for the derive macro `StructOpt`
[INFO] [stdout]    --> tests/argument_naming.rs:247:14
[INFO] [stdout]     |
[INFO] [stdout] 247 |     #[derive(StructOpt, Debug, PartialEq)]
[INFO] [stdout]     |              ^^^^^^^^^
[INFO] [stdout]     |
[INFO] [stdout]     = note: import resolution is stuck, try simplifying macro imports
[INFO] [stdout] 
[INFO] [stdout] 
[INFO] [stdout] error: cannot find attribute `structopt` in this scope
[INFO] [stdout]    --> tests/argument_naming.rs:250:15
[INFO] [stdout]     |
[INFO] [stdout] 250 |             #[structopt(long)]
[INFO] [stdout]     |               ^^^^^^^^^
[INFO] [stdout] 
[INFO] [stdout] 
[INFO] [stdout] error: cannot determine resolution for the derive macro `StructOpt`
[INFO] [stdout]    --> tests/argument_naming.rs:265:14
[INFO] [stdout]     |
[INFO] [stdout] 265 |     #[derive(StructOpt, Debug, PartialEq)]
[INFO] [stdout]     |              ^^^^^^^^^
[INFO] [stdout]     |
[INFO] [stdout]     = note: import resolution is stuck, try simplifying macro imports
[INFO] [stdout] 
[INFO] [stdout] 
[INFO] [stdout] error: cannot find attribute `structopt` in this scope
[INFO] [stdout]    --> tests/argument_naming.rs:266:7
[INFO] [stdout]     |
[INFO] [stdout] 266 |     #[structopt(rename_all = "screaming_snake")]
[INFO] [stdout]     |       ^^^^^^^^^
[INFO] [stdout] 
[INFO] [stdout] 
[INFO] [stdout] error: cannot find attribute `structopt` in this scope
[INFO] [stdout]    --> tests/argument_naming.rs:270:15
[INFO] [stdout]     |
[INFO] [stdout] 270 |             #[structopt(long)]
[INFO] [stdout]     |               ^^^^^^^^^
[INFO] [stdout] 
[INFO] [stdout] 
[INFO] [stdout] error: cannot determine resolution for the derive macro `StructOpt`
[INFO] [stdout]    --> tests/argument_naming.rs:288:14
[INFO] [stdout]     |
[INFO] [stdout] 288 |     #[derive(StructOpt, Debug, PartialEq)]
[INFO] [stdout]     |              ^^^^^^^^^
[INFO] [stdout]     |
[INFO] [stdout]     = note: import resolution is stuck, try simplifying macro imports
[INFO] [stdout] 
[INFO] [stdout] 
[INFO] [stdout] error: cannot find attribute `structopt` in this scope
[INFO] [stdout]    --> tests/argument_naming.rs:289:7
[INFO] [stdout]     |
[INFO] [stdout] 289 |     #[structopt(rename_all = "screaming_snake")]
[INFO] [stdout]     |       ^^^^^^^^^
[INFO] [stdout] 
[INFO] [stdout] 
[INFO] [stdout] error: cannot find attribute `structopt` in this scope
[INFO] [stdout]  --> examples/required_if.rs:7:7
[INFO] [stdout]   |
[INFO] [stdout] 7 |     #[structopt(short)]
[INFO] [stdout]   |       ^^^^^^^^^
[INFO] [stdout] 
[INFO] [stdout] 
[INFO] [stdout] error: cannot find attribute `structopt` in this scope
[INFO] [stdout]    --> tests/argument_naming.rs:291:11
[INFO] [stdout]     |
[INFO] [stdout] 291 |         #[structopt(rename_all = "kebab_case")]
[INFO] [stdout]     |           ^^^^^^^^^
[INFO] [stdout] 
[INFO] [stdout] 
[INFO] [stdout] error: cannot find attribute `structopt` in this scope
[INFO] [stdout]    --> tests/argument_naming.rs:293:15
[INFO] [stdout]     |
[INFO] [stdout] 293 |             #[structopt(long)]
[INFO] [stdout]     |               ^^^^^^^^^
[INFO] [stdout] 
[INFO] [stdout] 
[INFO] [stdout] error: cannot find attribute `structopt` in this scope
[INFO] [stdout]    --> tests/argument_naming.rs:297:15
[INFO] [stdout]     |
[INFO] [stdout] 297 |             #[structopt(rename_all = "kebab_case", long)]
[INFO] [stdout]     |               ^^^^^^^^^
[INFO] [stdout] 
[INFO] [stdout] 
[INFO] [stdout] error: cannot determine resolution for the derive macro `StructOpt`
[INFO] [stdout]    --> tests/argument_naming.rs:315:14
[INFO] [stdout]     |
[INFO] [stdout] 315 |     #[derive(StructOpt, Debug, PartialEq)]
[INFO] [stdout]     |              ^^^^^^^^^
[INFO] [stdout]     |
[INFO] [stdout]     = note: import resolution is stuck, try simplifying macro imports
[INFO] [stdout] 
[INFO] [stdout] 
[INFO] [stdout] error: cannot find attribute `structopt` in this scope
[INFO] [stdout]    --> tests/argument_naming.rs:317:11
[INFO] [stdout]     |
[INFO] [stdout] 317 |         #[structopt(rename_all = "lower", long)]
[INFO] [stdout]     |           ^^^^^^^^^
[INFO] [stdout] 
[INFO] [stdout] 
[INFO] [stdout] error: cannot determine resolution for the derive macro `StructOpt`
[INFO] [stdout]    --> tests/argument_naming.rs:329:14
[INFO] [stdout]     |
[INFO] [stdout] 329 |     #[derive(StructOpt, Debug, PartialEq)]
[INFO] [stdout]     |              ^^^^^^^^^
[INFO] [stdout]     |
[INFO] [stdout]     = note: import resolution is stuck, try simplifying macro imports
[INFO] [stdout] 
[INFO] [stdout] 
[INFO] [stdout] error: cannot find attribute `structopt` in this scope
[INFO] [stdout]   --> examples/required_if.rs:11:7
[INFO] [stdout]    |
[INFO] [stdout] 11 |     #[structopt(name = "FILE", required_if("out-type", "file"))]
[INFO] [stdout]    |       ^^^^^^^^^
[INFO] [stdout] 
[INFO] [stdout] 
[INFO] [stdout] error: cannot find attribute `structopt` in this scope
[INFO] [stdout]    --> tests/argument_naming.rs:331:11
[INFO] [stdout]     |
[INFO] [stdout] 331 |         #[structopt(rename_all = "upper", long)]
[INFO] [stdout]     |           ^^^^^^^^^
[INFO] [stdout] 
[INFO] [stdout] 
[INFO] [stdout] error: cannot find attribute `structopt` in this scope
[INFO] [stdout]   --> tests/doc-comments-help.rs:21:11
[INFO] [stdout]    |
[INFO] [stdout] 21 |         #[structopt(short, long)]
[INFO] [stdout]    |           ^^^^^^^^^
[INFO] [stdout] 
[INFO] [stdout] 
[INFO] [stdout] error: aborting due to 3 previous errors
[INFO] [stdout] 
[INFO] [stdout] 
[INFO] [stdout] For more information about this error, try `rustc --explain E0432`.
[INFO] [stdout] 
[INFO] [stdout] error: cannot determine resolution for the derive macro `StructOpt`
[INFO] [stdout]   --> tests/doc-comments-help.rs:33:14
[INFO] [stdout]    |
[INFO] [stdout] 33 |     #[derive(StructOpt, PartialEq, Debug)]
[INFO] [stdout]    |              ^^^^^^^^^
[INFO] [stdout]    |
[INFO] [stdout]    = note: import resolution is stuck, try simplifying macro imports
[INFO] [stdout] 
[INFO] [stdout] 
[INFO] [stdout] error: cannot find attribute `structopt` in this scope
[INFO] [stdout]   --> tests/doc-comments-help.rs:34:7
[INFO] [stdout]    |
[INFO] [stdout] 34 |     #[structopt(name = "lorem-ipsum", about = "Dolor sit amet")]
[INFO] [stdout]    |       ^^^^^^^^^
[INFO] [stdout] 
[INFO] [stdout] 
[INFO] [stdout] error: cannot find attribute `structopt` in this scope
[INFO] [stdout]   --> tests/doc-comments-help.rs:37:11
[INFO] [stdout]    |
[INFO] [stdout] 37 |         #[structopt(short, long, help = "DO NOT PASS A BAR UNDER ANY CIRCUMSTANCES")]
[INFO] [stdout]    |           ^^^^^^^^^
[INFO] [stdout] 
[INFO] [stdout] 
[INFO] [stdout] error: cannot determine resolution for the derive macro `StructOpt`
[INFO] [stdout]   --> tests/doc-comments-help.rs:52:14
[INFO] [stdout]    |
[INFO] [stdout] 52 |     #[derive(StructOpt, PartialEq, Debug)]
[INFO] [stdout]    |              ^^^^^^^^^
[INFO] [stdout]    |
[INFO] [stdout]    = note: import resolution is stuck, try simplifying macro imports
[INFO] [stdout] 
[INFO] [stdout] 
[INFO] [stdout] error: cannot find attribute `structopt` in this scope
[INFO] [stdout]   --> tests/doc-comments-help.rs:53:7
[INFO] [stdout]    |
[INFO] [stdout] 53 |     #[structopt(name = "lorem-ipsum", no_version)]
[INFO] [stdout]    |       ^^^^^^^^^
[INFO] [stdout] 
[INFO] [stdout] 
[INFO] [stdout] error: cannot determine resolution for the derive macro `StructOpt`
[INFO] [stdout]   --> tests/doc-comments-help.rs:63:14
[INFO] [stdout]    |
[INFO] [stdout] 63 |     #[derive(StructOpt, PartialEq, Debug)]
[INFO] [stdout]    |              ^^^^^^^^^
[INFO] [stdout]    |
[INFO] [stdout]    = note: import resolution is stuck, try simplifying macro imports
[INFO] [stdout] 
[INFO] [stdout] 
[INFO] [stdout] error: cannot find attribute `structopt` in this scope
[INFO] [stdout]   --> tests/doc-comments-help.rs:64:7
[INFO] [stdout]    |
[INFO] [stdout] 64 |     #[structopt(name = "lorem-ipsum", about = "Dolor sit amet")]
[INFO] [stdout]    |       ^^^^^^^^^
[INFO] [stdout] 
[INFO] [stdout] 
[INFO] [stdout] error: cannot find attribute `structopt` in this scope
[INFO] [stdout]   --> tests/doc-comments-help.rs:69:11
[INFO] [stdout]    |
[INFO] [stdout] 69 |         #[structopt(long)]
[INFO] [stdout]    |           ^^^^^^^^^
[INFO] [stdout] 
[INFO] [stdout] 
[INFO] [stdout] error: cannot find attribute `structopt` in this scope
[INFO] [stdout]   --> tests/doc-comments-help.rs:73:11
[INFO] [stdout]    |
[INFO] [stdout] 73 |         #[structopt(long)]
[INFO] [stdout]    |           ^^^^^^^^^
[INFO] [stdout] 
[INFO] [stdout] 
[INFO] [stdout] error: cannot determine resolution for the derive macro `StructOpt`
[INFO] [stdout]   --> tests/doc-comments-help.rs:91:14
[INFO] [stdout]    |
[INFO] [stdout] 91 |     #[derive(StructOpt, Debug)]
[INFO] [stdout]    |              ^^^^^^^^^
[INFO] [stdout]    |
[INFO] [stdout]    = note: import resolution is stuck, try simplifying macro imports
[INFO] [stdout] 
[INFO] [stdout] 
[INFO] [stdout] error: cannot find attribute `structopt` in this scope
[INFO] [stdout]   --> tests/doc-comments-help.rs:92:7
[INFO] [stdout]    |
[INFO] [stdout] 92 |     #[structopt(name = "lorem-ipsum", about = "Dolor sit amet")]
[INFO] [stdout]    |       ^^^^^^^^^
[INFO] [stdout] 
[INFO] [stdout] 
[INFO] [stdout] error: cannot find attribute `structopt` in this scope
[INFO] [stdout]   --> tests/doc-comments-help.rs:94:11
[INFO] [stdout]    |
[INFO] [stdout] 94 |         #[structopt(subcommand)]
[INFO] [stdout]    |           ^^^^^^^^^
[INFO] [stdout] 
[INFO] [stdout] 
[INFO] [stdout] error: cannot determine resolution for the derive macro `StructOpt`
[INFO] [stdout]   --> tests/doc-comments-help.rs:98:14
[INFO] [stdout]    |
[INFO] [stdout] 98 |     #[derive(StructOpt, Debug)]
[INFO] [stdout]    |              ^^^^^^^^^
[INFO] [stdout]    |
[INFO] [stdout]    = note: import resolution is stuck, try simplifying macro imports
[INFO] [stdout] 
[INFO] [stdout] 
[INFO] [stdout] error: cannot find attribute `structopt` in this scope
[INFO] [stdout]    --> tests/doc-comments-help.rs:104:15
[INFO] [stdout]     |
[INFO] [stdout] 104 |             #[structopt(help = "foo")]
[INFO] [stdout]     |               ^^^^^^^^^
[INFO] [stdout] 
[INFO] [stdout] 
[INFO] [stdout] error: cannot determine resolution for the derive macro `StructOpt`
[INFO] [stdout]    --> tests/doc-comments-help.rs:136:14
[INFO] [stdout]     |
[INFO] [stdout] 136 |     #[derive(StructOpt, Debug)]
[INFO] [stdout]     |              ^^^^^^^^^
[INFO] [stdout]     |
[INFO] [stdout]     = note: import resolution is stuck, try simplifying macro imports
[INFO] [stdout] 
[INFO] [stdout] 
[INFO] [stdout] error: cannot find attribute `structopt` in this scope
[INFO] [stdout]    --> tests/doc-comments-help.rs:137:7
[INFO] [stdout]     |
[INFO] [stdout] 137 |     #[structopt(verbatim_doc_comment)]
[INFO] [stdout]     |       ^^^^^^^^^
[INFO] [stdout] 
[INFO] [stdout] 
[INFO] [stdout] error: cannot find attribute `structopt` in this scope
[INFO] [stdout]    --> tests/doc-comments-help.rs:139:11
[INFO] [stdout]     |
[INFO] [stdout] 139 |         #[structopt(long)]
[INFO] [stdout]     |           ^^^^^^^^^
[INFO] [stdout] 
[INFO] [stdout] 
[INFO] [stdout] error: cannot determine resolution for the derive macro `StructOpt`
[INFO] [stdout]    --> tests/doc-comments-help.rs:166:14
[INFO] [stdout]     |
[INFO] [stdout] 166 |     #[derive(StructOpt, Debug)]
[INFO] [stdout]     |              ^^^^^^^^^
[INFO] [stdout]     |
[INFO] [stdout]     = note: import resolution is stuck, try simplifying macro imports
[INFO] [stdout] 
[INFO] [stdout] 
[INFO] [stdout] error: cannot find attribute `structopt` in this scope
[INFO] [stdout]    --> tests/doc-comments-help.rs:169:11
[INFO] [stdout]     |
[INFO] [stdout] 169 |         #[structopt(long, verbatim_doc_comment)]
[INFO] [stdout]     |           ^^^^^^^^^
[INFO] [stdout] 
[INFO] [stdout] 
[INFO] [stdout] error: cannot find attribute `structopt` in this scope
[INFO] [stdout]    --> tests/doc-comments-help.rs:172:11
[INFO] [stdout]     |
[INFO] [stdout] 172 |         #[structopt(long)]
[INFO] [stdout]     |           ^^^^^^^^^
[INFO] [stdout] 
[INFO] [stdout] 
[INFO] [stdout] error[E0599]: no variant or associated item named `from_args` found for enum `Opt` in the current scope
[INFO] [stdout]   --> examples/git.rs:32:24
[INFO] [stdout]    |
[INFO] [stdout] 11 | enum Opt {
[INFO] [stdout]    | -------- variant or associated item `from_args` not found here
[INFO] [stdout] ...
[INFO] [stdout] 32 |     let matches = Opt::from_args();
[INFO] [stdout]    |                        ^^^^^^^^^ variant or associated item not found in `Opt`
[INFO] [stdout]    |
[INFO] [stdout]    = help: items from traits can only be used if the trait is implemented and in scope
[INFO] [stdout]    = note: the following trait defines an item `from_args`, perhaps you need to implement it:
[INFO] [stdout]            candidate #1: `indigo_structopt::StructOpt`
[INFO] [stdout] 
[INFO] [stdout] 
[INFO] [stdout] error: aborting due to 10 previous errors
[INFO] [stdout] 
[INFO] [stdout] 
[INFO] [stdout] Some errors have detailed explanations: E0432, E0599.
[INFO] [stdout] 
[INFO] [stdout] For more information about an error, try `rustc --explain E0432`.
[INFO] [stdout] 
[INFO] [stdout] error: aborting due to 24 previous errors
[INFO] [stdout] 
[INFO] [stdout] 
[INFO] [stdout] For more information about this error, try `rustc --explain E0432`.
[INFO] [stdout] 
[INFO] [stdout] error[E0599]: no function or associated item named `from_args` found for struct `Opt` in the current scope
[INFO] [stdout]   --> examples/basic.rs:46:20
[INFO] [stdout]    |
[INFO] [stdout] 9  | struct Opt {
[INFO] [stdout]    | ---------- function or associated item `from_args` not found for this
[INFO] [stdout] ...
[INFO] [stdout] 46 |     let opt = Opt::from_args();
[INFO] [stdout]    |                    ^^^^^^^^^ function or associated item not found in `Opt`
[INFO] [stdout]    |
[INFO] [stdout]    = help: items from traits can only be used if the trait is implemented and in scope
[INFO] [stdout]    = note: the following trait defines an item `from_args`, perhaps you need to implement it:
[INFO] [stdout]            candidate #1: `indigo_structopt::StructOpt`
[INFO] [stdout] 
[INFO] [stdout] 
[INFO] [stdout] error: aborting due to 11 previous errors
[INFO] [stdout] 
[INFO] [stdout] 
[INFO] [stdout] Some errors have detailed explanations: E0432, E0599.
[INFO] [stdout] 
[INFO] [stdout] For more information about an error, try `rustc --explain E0432`.
[INFO] [stdout] 
[INFO] [stdout] error[E0599]: no function or associated item named `from_iter` found for struct `warning_never_struct::Opt` in the current scope
[INFO] [stdout]   --> tests/deny-warnings.rs:28:14
[INFO] [stdout]    |
[INFO] [stdout] 20 |     struct Opt {
[INFO] [stdout]    |     ---------- function or associated item `from_iter` not found for this
[INFO] [stdout] ...
[INFO] [stdout] 28 |         Opt::from_iter(&["test", "foo"])
[INFO] [stdout]    |              ^^^^^^^^^ function or associated item not found in `warning_never_struct::Opt`
[INFO] [stdout]    |
[INFO] [stdout]    = help: items from traits can only be used if the trait is implemented and in scope
[INFO] [stdout]    = note: the following traits define an item `from_iter`, perhaps you need to implement one of them:
[INFO] [stdout]            candidate #1: `FromIterator`
[INFO] [stdout]            candidate #2: `indigo_structopt::StructOpt`
[INFO] [stdout] 
[INFO] [stdout] 
[INFO] [stdout] error[E0599]: no variant or associated item named `from_iter` found for enum `warning_never_enum::Opt` in the current scope
[INFO] [stdout]   --> tests/deny-warnings.rs:45:14
[INFO] [stdout]    |
[INFO] [stdout] 35 |     enum Opt {
[INFO] [stdout]    |     -------- variant or associated item `from_iter` not found here
[INFO] [stdout] ...
[INFO] [stdout] 45 |         Opt::from_iter(&["test", "foo", "foo"])
[INFO] [stdout]    |              ^^^^^^^^^ variant or associated item not found in `warning_never_enum::Opt`
[INFO] [stdout]    |
[INFO] [stdout]    = help: items from traits can only be used if the trait is implemented and in scope
[INFO] [stdout]    = note: the following traits define an item `from_iter`, perhaps you need to implement one of them:
[INFO] [stdout]            candidate #1: `FromIterator`
[INFO] [stdout]            candidate #2: `indigo_structopt::StructOpt`
[INFO] [stdout] 
[INFO] [stdout] 
[INFO] [stdout] error: aborting due to 7 previous errors
[INFO] [stdout] 
[INFO] [stdout] 
[INFO] [stdout] Some errors have detailed explanations: E0432, E0599.
[INFO] [stdout] 
[INFO] [stdout] For more information about an error, try `rustc --explain E0432`.
[INFO] [stdout] 
[INFO] [stdout] error[E0599]: no variant or associated item named `from_args` found for enum `Opt` in the current scope
[INFO] [stdout]   --> examples/rename_all.rs:76:20
[INFO] [stdout]    |
[INFO] [stdout] 29 | enum Opt {
[INFO] [stdout]    | -------- variant or associated item `from_args` not found here
[INFO] [stdout] ...
[INFO] [stdout] 76 |     let opt = Opt::from_args();
[INFO] [stdout]    |                    ^^^^^^^^^ variant or associated item not found in `Opt`
[INFO] [stdout]    |
[INFO] [stdout]    = help: items from traits can only be used if the trait is implemented and in scope
[INFO] [stdout]    = note: the following trait defines an item `from_args`, perhaps you need to implement it:
[INFO] [stdout]            candidate #1: `indigo_structopt::StructOpt`
[INFO] [stdout] 
[INFO] [stdout] 
[INFO] [stdout] error: aborting due to 12 previous errors
[INFO] [stdout] 
[INFO] [stdout] 
[INFO] [stdout] Some errors have detailed explanations: E0432, E0599.
[INFO] [stdout] 
[INFO] [stdout] For more information about an error, try `rustc --explain E0432`.
[INFO] [stdout] 
[INFO] [stdout] error[E0599]: no function or associated item named `from_args` found for struct `Opt` in the current scope
[INFO] [stdout]   --> examples/deny_missing_docs.rs:50:27
[INFO] [stdout]    |
[INFO] [stdout] 20 | pub struct Opt {
[INFO] [stdout]    | -------------- function or associated item `from_args` not found for this
[INFO] [stdout] ...
[INFO] [stdout] 50 |     println!("{:?}", Opt::from_args());
[INFO] [stdout]    |                           ^^^^^^^^^ function or associated item not found in `Opt`
[INFO] [stdout]    |
[INFO] [stdout]    = help: items from traits can only be used if the trait is implemented and in scope
[INFO] [stdout]    = note: the following trait defines an item `from_args`, perhaps you need to implement it:
[INFO] [stdout]            candidate #1: `indigo_structopt::StructOpt`
[INFO] [stdout] 
[INFO] [stdout] 
[INFO] [stdout] error[E0599]: no function or associated item named `from_args` found for struct `Opt` in the current scope
[INFO] [stdout]   --> examples/negative_flag.rs:13:20
[INFO] [stdout]    |
[INFO] [stdout] 7  | struct Opt {
[INFO] [stdout]    | ---------- function or associated item `from_args` not found for this
[INFO] [stdout] ...
[INFO] [stdout] 13 |     let cmd = Opt::from_args();
[INFO] [stdout]    |                    ^^^^^^^^^ function or associated item not found in `Opt`
[INFO] [stdout]    |
[INFO] [stdout]    = help: items from traits can only be used if the trait is implemented and in scope
[INFO] [stdout]    = note: the following trait defines an item `from_args`, perhaps you need to implement it:
[INFO] [stdout]            candidate #1: `indigo_structopt::StructOpt`
[INFO] [stdout] 
[INFO] [stdout] 
[INFO] [stdout] error: aborting due to 9 previous errors
[INFO] [stdout] 
[INFO] [stdout] 
[INFO] [stdout] Some errors have detailed explanations: E0432, E0599.
[INFO] [stdout] 
[INFO] [stdout] For more information about an error, try `rustc --explain E0432`.
[INFO] [stdout] 
[INFO] [stdout] error: aborting due to 4 previous errors
[INFO] [stdout] 
[INFO] [stdout] 
[INFO] [stdout] Some errors have detailed explanations: E0432, E0599.
[INFO] [stdout] 
[INFO] [stdout] For more information about an error, try `rustc --explain E0432`.
[INFO] [stdout] 
[INFO] [stdout] error[E0599]: no variant or associated item named `from_clap` found for enum `test_single_word_enum_variant_is_default_renamed_into_kebab_case::Opt` in the current scope
[INFO] [stdout]   --> tests/argument_naming.rs:12:14
[INFO] [stdout]    |
[INFO] [stdout] 6  |     enum Opt {
[INFO] [stdout]    |     -------- variant or associated item `from_clap` not found here
[INFO] [stdout] ...
[INFO] [stdout] 12 |         Opt::from_clap(&Opt::clap().get_matches_from(&["test", "command", "0"]))
[INFO] [stdout]    |              ^^^^^^^^^ variant or associated item not found in `test_single_word_enum_variant_is_default_renamed_into_kebab_case::Opt`
[INFO] [stdout]    |
[INFO] [stdout]    = help: items from traits can only be used if the trait is implemented and in scope
[INFO] [stdout]    = note: the following trait defines an item `from_clap`, perhaps you need to implement it:
[INFO] [stdout]            candidate #1: `indigo_structopt::StructOpt`
[INFO] [stdout] 
[INFO] [stdout] 
[INFO] [stdout] error[E0599]: no variant or associated item named `clap` found for enum `test_single_word_enum_variant_is_default_renamed_into_kebab_case::Opt` in the current scope
[INFO] [stdout]   --> tests/argument_naming.rs:12:30
[INFO] [stdout]    |
[INFO] [stdout] 6  |     enum Opt {
[INFO] [stdout]    |     -------- variant or associated item `clap` not found here
[INFO] [stdout] ...
[INFO] [stdout] 12 |         Opt::from_clap(&Opt::clap().get_matches_from(&["test", "command", "0"]))
[INFO] [stdout]    |                              ^^^^ variant or associated item not found in `test_single_word_enum_variant_is_default_renamed_into_kebab_case::Opt`
[INFO] [stdout]    |
[INFO] [stdout]    = help: items from traits can only be used if the trait is implemented and in scope
[INFO] [stdout]    = note: the following trait defines an item `clap`, perhaps you need to implement it:
[INFO] [stdout]            candidate #1: `indigo_structopt::StructOpt`
[INFO] [stdout] 
[INFO] [stdout] 
[INFO] [stdout] error[E0599]: no variant or associated item named `from_clap` found for enum `test_multi_word_enum_variant_is_renamed::Opt` in the current scope
[INFO] [stdout]   --> tests/argument_naming.rs:25:14
[INFO] [stdout]    |
[INFO] [stdout] 19 |     enum Opt {
[INFO] [stdout]    |     -------- variant or associated item `from_clap` not found here
[INFO] [stdout] ...
[INFO] [stdout] 25 |         Opt::from_clap(&Opt::clap().get_matches_from(&["test", "first-command", "0"]))
[INFO] [stdout]    |              ^^^^^^^^^ variant or associated item not found in `test_multi_word_enum_variant_is_renamed::Opt`
[INFO] [stdout]    |
[INFO] [stdout]    = help: items from traits can only be used if the trait is implemented and in scope
[INFO] [stdout]    = note: the following trait defines an item `from_clap`, perhaps you need to implement it:
[INFO] [stdout]            candidate #1: `indigo_structopt::StructOpt`
[INFO] [stdout] 
[INFO] [stdout] 
[INFO] [stdout] error[E0599]: no variant or associated item named `clap` found for enum `test_multi_word_enum_variant_is_renamed::Opt` in the current scope
[INFO] [stdout]   --> tests/argument_naming.rs:25:30
[INFO] [stdout]    |
[INFO] [stdout] 19 |     enum Opt {
[INFO] [stdout]    |     -------- variant or associated item `clap` not found here
[INFO] [stdout] ...
[INFO] [stdout] 25 |         Opt::from_clap(&Opt::clap().get_matches_from(&["test", "first-command", "0"]))
[INFO] [stdout]    |                              ^^^^ variant or associated item not found in `test_multi_word_enum_variant_is_renamed::Opt`
[INFO] [stdout]    |
[INFO] [stdout]    = help: items from traits can only be used if the trait is implemented and in scope
[INFO] [stdout]    = note: the following trait defines an item `clap`, perhaps you need to implement it:
[INFO] [stdout]            candidate #1: `indigo_structopt::StructOpt`
[INFO] [stdout] 
[INFO] [stdout] 
[INFO] [stdout] error[E0599]: no function or associated item named `from_clap` found for struct `test_standalone_long_generates_kebab_case::Opt` in the current scope
[INFO] [stdout]   --> tests/argument_naming.rs:40:14
[INFO] [stdout]    |
[INFO] [stdout] 33 |     struct Opt {
[INFO] [stdout]    |     ---------- function or associated item `from_clap` not found for this
[INFO] [stdout] ...
[INFO] [stdout] 40 |         Opt::from_clap(&Opt::clap().get_matches_from(&["test", "--foo-option"]))
[INFO] [stdout]    |              ^^^^^^^^^ function or associated item not found in `test_standalone_long_generates_kebab_case::Opt`
[INFO] [stdout]    |
[INFO] [stdout]    = help: items from traits can only be used if the trait is implemented and in scope
[INFO] [stdout]    = note: the following trait defines an item `from_clap`, perhaps you need to implement it:
[INFO] [stdout]            candidate #1: `indigo_structopt::StructOpt`
[INFO] [stdout] 
[INFO] [stdout] 
[INFO] [stdout] error[E0599]: no function or associated item named `clap` found for struct `test_standalone_long_generates_kebab_case::Opt` in the current scope
[INFO] [stdout]   --> tests/argument_naming.rs:40:30
[INFO] [stdout]    |
[INFO] [stdout] 33 |     struct Opt {
[INFO] [stdout]    |     ---------- function or associated item `clap` not found for this
[INFO] [stdout] ...
[INFO] [stdout] 40 |         Opt::from_clap(&Opt::clap().get_matches_from(&["test", "--foo-option"]))
[INFO] [stdout]    |                              ^^^^ function or associated item not found in `test_standalone_long_generates_kebab_case::Opt`
[INFO] [stdout]    |
[INFO] [stdout]    = help: items from traits can only be used if the trait is implemented and in scope
[INFO] [stdout]    = note: the following trait defines an item `clap`, perhaps you need to implement it:
[INFO] [stdout]            candidate #1: `indigo_structopt::StructOpt`
[INFO] [stdout] 
[INFO] [stdout] 
[INFO] [stdout] error[E0599]: no function or associated item named `from_clap` found for struct `test_custom_long_overwrites_default_name::Opt` in the current scope
[INFO] [stdout]   --> tests/argument_naming.rs:54:14
[INFO] [stdout]    |
[INFO] [stdout] 47 |     struct Opt {
[INFO] [stdout]    |     ---------- function or associated item `from_clap` not found for this
[INFO] [stdout] ...
[INFO] [stdout] 54 |         Opt::from_clap(&Opt::clap().get_matches_from(&["test", "--foo"]))
[INFO] [stdout]    |              ^^^^^^^^^ function or associated item not found in `test_custom_long_overwrites_default_name::Opt`
[INFO] [stdout]    |
[INFO] [stdout]    = help: items from traits can only be used if the trait is implemented and in scope
[INFO] [stdout]    = note: the following trait defines an item `from_clap`, perhaps you need to implement it:
[INFO] [stdout]            candidate #1: `indigo_structopt::StructOpt`
[INFO] [stdout] 
[INFO] [stdout] 
[INFO] [stdout] error[E0599]: no function or associated item named `clap` found for struct `test_custom_long_overwrites_default_name::Opt` in the current scope
[INFO] [stdout]   --> tests/argument_naming.rs:54:30
[INFO] [stdout]    |
[INFO] [stdout] 47 |     struct Opt {
[INFO] [stdout]    |     ---------- function or associated item `clap` not found for this
[INFO] [stdout] ...
[INFO] [stdout] 54 |         Opt::from_clap(&Opt::clap().get_matches_from(&["test", "--foo"]))
[INFO] [stdout]    |                              ^^^^ function or associated item not found in `test_custom_long_overwrites_default_name::Opt`
[INFO] [stdout]    |
[INFO] [stdout]    = help: items from traits can only be used if the trait is implemented and in scope
[INFO] [stdout]    = note: the following trait defines an item `clap`, perhaps you need to implement it:
[INFO] [stdout]            candidate #1: `indigo_structopt::StructOpt`
[INFO] [stdout] 
[INFO] [stdout] 
[INFO] [stdout] error[E0599]: no function or associated item named `from_clap` found for struct `test_standalone_long_uses_previous_defined_custom_name::Opt` in the current scope
[INFO] [stdout]   --> tests/argument_naming.rs:68:14
[INFO] [stdout]    |
[INFO] [stdout] 61 |     struct Opt {
[INFO] [stdout]    |     ---------- function or associated item `from_clap` not found for this
[INFO] [stdout] ...
[INFO] [stdout] 68 |         Opt::from_clap(&Opt::clap().get_matches_from(&["test", "--foo"]))
[INFO] [stdout]    |              ^^^^^^^^^ function or associated item not found in `test_standalone_long_uses_previous_defined_custom_name::Opt`
[INFO] [stdout]    |
[INFO] [stdout]    = help: items from traits can only be used if the trait is implemented and in scope
[INFO] [stdout]    = note: the following trait defines an item `from_clap`, perhaps you need to implement it:
[INFO] [stdout]            candidate #1: `indigo_structopt::StructOpt`
[INFO] [stdout] 
[INFO] [stdout] 
[INFO] [stdout] error[E0599]: no function or associated item named `clap` found for struct `test_standalone_long_uses_previous_defined_custom_name::Opt` in the current scope
[INFO] [stdout]   --> tests/argument_naming.rs:68:30
[INFO] [stdout]    |
[INFO] [stdout] 61 |     struct Opt {
[INFO] [stdout]    |     ---------- function or associated item `clap` not found for this
[INFO] [stdout] ...
[INFO] [stdout] 68 |         Opt::from_clap(&Opt::clap().get_matches_from(&["test", "--foo"]))
[INFO] [stdout]    |                              ^^^^ function or associated item not found in `test_standalone_long_uses_previous_defined_custom_name::Opt`
[INFO] [stdout]    |
[INFO] [stdout]    = help: items from traits can only be used if the trait is implemented and in scope
[INFO] [stdout]    = note: the following trait defines an item `clap`, perhaps you need to implement it:
[INFO] [stdout]            candidate #1: `indigo_structopt::StructOpt`
[INFO] [stdout] 
[INFO] [stdout] 
[INFO] [stdout] error[E0599]: no function or associated item named `from_clap` found for struct `test_standalone_long_ignores_afterwards_defined_custom_name::Opt` in the current scope
[INFO] [stdout]   --> tests/argument_naming.rs:82:14
[INFO] [stdout]    |
[INFO] [stdout] 75 |     struct Opt {
[INFO] [stdout]    |     ---------- function or associated item `from_clap` not found for this
[INFO] [stdout] ...
[INFO] [stdout] 82 |         Opt::from_clap(&Opt::clap().get_matches_from(&["test", "--foo-option"]))
[INFO] [stdout]    |              ^^^^^^^^^ function or associated item not found in `test_standalone_long_ignores_afterwards_defined_custom_name::Opt`
[INFO] [stdout]    |
[INFO] [stdout]    = help: items from traits can only be used if the trait is implemented and in scope
[INFO] [stdout]    = note: the following trait defines an item `from_clap`, perhaps you need to implement it:
[INFO] [stdout]            candidate #1: `indigo_structopt::StructOpt`
[INFO] [stdout] 
[INFO] [stdout] 
[INFO] [stdout] error[E0599]: no function or associated item named `clap` found for struct `test_standalone_long_ignores_afterwards_defined_custom_name::Opt` in the current scope
[INFO] [stdout]   --> tests/argument_naming.rs:82:30
[INFO] [stdout]    |
[INFO] [stdout] 75 |     struct Opt {
[INFO] [stdout]    |     ---------- function or associated item `clap` not found for this
[INFO] [stdout] ...
[INFO] [stdout] 82 |         Opt::from_clap(&Opt::clap().get_matches_from(&["test", "--foo-option"]))
[INFO] [stdout]    |                              ^^^^ function or associated item not found in `test_standalone_long_ignores_afterwards_defined_custom_name::Opt`
[INFO] [stdout]    |
[INFO] [stdout]    = help: items from traits can only be used if the trait is implemented and in scope
[INFO] [stdout]    = note: the following trait defines an item `clap`, perhaps you need to implement it:
[INFO] [stdout]            candidate #1: `indigo_structopt::StructOpt`
[INFO] [stdout] 
[INFO] [stdout] 
[INFO] [stdout] error[E0599]: no function or associated item named `from_clap` found for struct `test_standalone_short_generates_kebab_case::Opt` in the current scope
[INFO] [stdout]   --> tests/argument_naming.rs:97:14
[INFO] [stdout]    |
[INFO] [stdout] 90 |     struct Opt {
[INFO] [stdout]    |     ---------- function or associated item `from_clap` not found for this
[INFO] [stdout] ...
[INFO] [stdout] 97 |         Opt::from_clap(&Opt::clap().get_matches_from(&["test", "-f"]))
[INFO] [stdout]    |              ^^^^^^^^^ function or associated item not found in `test_standalone_short_generates_kebab_case::Opt`
[INFO] [stdout]    |
[INFO] [stdout]    = help: items from traits can only be used if the trait is implemented and in scope
[INFO] [stdout]    = note: the following trait defines an item `from_clap`, perhaps you need to implement it:
[INFO] [stdout]            candidate #1: `indigo_structopt::StructOpt`
[INFO] [stdout] 
[INFO] [stdout] 
[INFO] [stdout] error[E0599]: no function or associated item named `clap` found for struct `test_standalone_short_generates_kebab_case::Opt` in the current scope
[INFO] [stdout]   --> tests/argument_naming.rs:97:30
[INFO] [stdout]    |
[INFO] [stdout] 90 |     struct Opt {
[INFO] [stdout]    |     ---------- function or associated item `clap` not found for this
[INFO] [stdout] ...
[INFO] [stdout] 97 |         Opt::from_clap(&Opt::clap().get_matches_from(&["test", "-f"]))
[INFO] [stdout]    |                              ^^^^ function or associated item not found in `test_standalone_short_generates_kebab_case::Opt`
[INFO] [stdout]    |
[INFO] [stdout]    = help: items from traits can only be used if the trait is implemented and in scope
[INFO] [stdout]    = note: the following trait defines an item `clap`, perhaps you need to implement it:
[INFO] [stdout]            candidate #1: `indigo_structopt::StructOpt`
[INFO] [stdout] 
[INFO] [stdout] 
[INFO] [stdout] error[E0599]: no function or associated item named `from_clap` found for struct `test_custom_short_overwrites_default_name::Opt` in the current scope
[INFO] [stdout]    --> tests/argument_naming.rs:111:14
[INFO] [stdout]     |
[INFO] [stdout] 104 |     struct Opt {
[INFO] [stdout]     |     ---------- function or associated item `from_clap` not found for this
[INFO] [stdout] ...
[INFO] [stdout] 111 |         Opt::from_clap(&Opt::clap().get_matches_from(&["test", "-o"]))
[INFO] [stdout]     |              ^^^^^^^^^ function or associated item not found in `test_custom_short_overwrites_default_name::Opt`
[INFO] [stdout]     |
[INFO] [stdout]     = help: items from traits can only be used if the trait is implemented and in scope
[INFO] [stdout]     = note: the following trait defines an item `from_clap`, perhaps you need to implement it:
[INFO] [stdout]             candidate #1: `indigo_structopt::StructOpt`
[INFO] [stdout] 
[INFO] [stdout] 
[INFO] [stdout] error[E0599]: no function or associated item named `clap` found for struct `test_custom_short_overwrites_default_name::Opt` in the current scope
[INFO] [stdout]    --> tests/argument_naming.rs:111:30
[INFO] [stdout]     |
[INFO] [stdout] 104 |     struct Opt {
[INFO] [stdout]     |     ---------- function or associated item `clap` not found for this
[INFO] [stdout] ...
[INFO] [stdout] 111 |         Opt::from_clap(&Opt::clap().get_matches_from(&["test", "-o"]))
[INFO] [stdout]     |                              ^^^^ function or associated item not found in `test_custom_short_overwrites_default_name::Opt`
[INFO] [stdout]     |
[INFO] [stdout]     = help: items from traits can only be used if the trait is implemented and in scope
[INFO] [stdout]     = note: the following trait defines an item `clap`, perhaps you need to implement it:
[INFO] [stdout]             candidate #1: `indigo_structopt::StructOpt`
[INFO] [stdout] 
[INFO] [stdout] 
[INFO] [stdout] error[E0599]: no function or associated item named `from_clap` found for struct `test_standalone_short_uses_previous_defined_custom_name::Opt` in the current scope
[INFO] [stdout]    --> tests/argument_naming.rs:125:14
[INFO] [stdout]     |
[INFO] [stdout] 118 |     struct Opt {
[INFO] [stdout]     |     ---------- function or associated item `from_clap` not found for this
[INFO] [stdout] ...
[INFO] [stdout] 125 |         Opt::from_clap(&Opt::clap().get_matches_from(&["test", "-o"]))
[INFO] [stdout]     |              ^^^^^^^^^ function or associated item not found in `test_standalone_short_uses_previous_defined_custom_name::Opt`
[INFO] [stdout]     |
[INFO] [stdout]     = help: items from traits can only be used if the trait is implemented and in scope
[INFO] [stdout]     = note: the following trait defines an item `from_clap`, perhaps you need to implement it:
[INFO] [stdout]             candidate #1: `indigo_structopt::StructOpt`
[INFO] [stdout] 
[INFO] [stdout] 
[INFO] [stdout] error[E0599]: no function or associated item named `clap` found for struct `test_standalone_short_uses_previous_defined_custom_name::Opt` in the current scope
[INFO] [stdout]    --> tests/argument_naming.rs:125:30
[INFO] [stdout]     |
[INFO] [stdout] 118 |     struct Opt {
[INFO] [stdout]     |     ---------- function or associated item `clap` not found for this
[INFO] [stdout] ...
[INFO] [stdout] 125 |         Opt::from_clap(&Opt::clap().get_matches_from(&["test", "-o"]))
[INFO] [stdout]     |                              ^^^^ function or associated item not found in `test_standalone_short_uses_previous_defined_custom_name::Opt`
[INFO] [stdout]     |
[INFO] [stdout]     = help: items from traits can only be used if the trait is implemented and in scope
[INFO] [stdout]     = note: the following trait defines an item `clap`, perhaps you need to implement it:
[INFO] [stdout]             candidate #1: `indigo_structopt::StructOpt`
[INFO] [stdout] 
[INFO] [stdout] 
[INFO] [stdout] error[E0599]: no function or associated item named `from_clap` found for struct `test_standalone_short_ignores_afterwards_defined_custom_name::Opt` in the current scope
[INFO] [stdout]    --> tests/argument_naming.rs:139:14
[INFO] [stdout]     |
[INFO] [stdout] 132 |     struct Opt {
[INFO] [stdout]     |     ---------- function or associated item `from_clap` not found for this
[INFO] [stdout] ...
[INFO] [stdout] 139 |         Opt::from_clap(&Opt::clap().get_matches_from(&["test", "-f"]))
[INFO] [stdout]     |              ^^^^^^^^^ function or associated item not found in `test_standalone_short_ignores_afterwards_defined_custom_name::Opt`
[INFO] [stdout]     |
[INFO] [stdout]     = help: items from traits can only be used if the trait is implemented and in scope
[INFO] [stdout]     = note: the following trait defines an item `from_clap`, perhaps you need to implement it:
[INFO] [stdout]             candidate #1: `indigo_structopt::StructOpt`
[INFO] [stdout] 
[INFO] [stdout] 
[INFO] [stdout] error[E0599]: no function or associated item named `clap` found for struct `test_standalone_short_ignores_afterwards_defined_custom_name::Opt` in the current scope
[INFO] [stdout]    --> tests/argument_naming.rs:139:30
[INFO] [stdout]     |
[INFO] [stdout] 132 |     struct Opt {
[INFO] [stdout]     |     ---------- function or associated item `clap` not found for this
[INFO] [stdout] ...
[INFO] [stdout] 139 |         Opt::from_clap(&Opt::clap().get_matches_from(&["test", "-f"]))
[INFO] [stdout]     |                              ^^^^ function or associated item not found in `test_standalone_short_ignores_afterwards_defined_custom_name::Opt`
[INFO] [stdout]     |
[INFO] [stdout]     = help: items from traits can only be used if the trait is implemented and in scope
[INFO] [stdout]     = note: the following trait defines an item `clap`, perhaps you need to implement it:
[INFO] [stdout]             candidate #1: `indigo_structopt::StructOpt`
[INFO] [stdout] 
[INFO] [stdout] 
[INFO] [stdout] error[E0599]: no function or associated item named `from_clap` found for struct `test_standalone_long_uses_previous_defined_casing::Opt` in the current scope
[INFO] [stdout]    --> tests/argument_naming.rs:153:14
[INFO] [stdout]     |
[INFO] [stdout] 146 |     struct Opt {
[INFO] [stdout]     |     ---------- function or associated item `from_clap` not found for this
[INFO] [stdout] ...
[INFO] [stdout] 153 |         Opt::from_clap(&Opt::clap().get_matches_from(&["test", "--FOO_OPTION"]))
[INFO] [stdout]     |              ^^^^^^^^^ function or associated item not found in `test_standalone_long_uses_previous_defined_casing::Opt`
[INFO] [stdout]     |
[INFO] [stdout]     = help: items from traits can only be used if the trait is implemented and in scope
[INFO] [stdout]     = note: the following trait defines an item `from_clap`, perhaps you need to implement it:
[INFO] [stdout]             candidate #1: `indigo_structopt::StructOpt`
[INFO] [stdout] 
[INFO] [stdout] 
[INFO] [stdout] error[E0599]: no function or associated item named `clap` found for struct `test_standalone_long_uses_previous_defined_casing::Opt` in the current scope
[INFO] [stdout]    --> tests/argument_naming.rs:153:30
[INFO] [stdout]     |
[INFO] [stdout] 146 |     struct Opt {
[INFO] [stdout]     |     ---------- function or associated item `clap` not found for this
[INFO] [stdout] ...
[INFO] [stdout] 153 |         Opt::from_clap(&Opt::clap().get_matches_from(&["test", "--FOO_OPTION"]))
[INFO] [stdout]     |                              ^^^^ function or associated item not found in `test_standalone_long_uses_previous_defined_casing::Opt`
[INFO] [stdout]     |
[INFO] [stdout]     = help: items from traits can only be used if the trait is implemented and in scope
[INFO] [stdout]     = note: the following trait defines an item `clap`, perhaps you need to implement it:
[INFO] [stdout]             candidate #1: `indigo_structopt::StructOpt`
[INFO] [stdout] 
[INFO] [stdout] 
[INFO] [stdout] error[E0599]: no function or associated item named `from_clap` found for struct `test_standalone_short_uses_previous_defined_casing::Opt` in the current scope
[INFO] [stdout]    --> tests/argument_naming.rs:167:14
[INFO] [stdout]     |
[INFO] [stdout] 160 |     struct Opt {
[INFO] [stdout]     |     ---------- function or associated item `from_clap` not found for this
[INFO] [stdout] ...
[INFO] [stdout] 167 |         Opt::from_clap(&Opt::clap().get_matches_from(&["test", "-F"]))
[INFO] [stdout]     |              ^^^^^^^^^ function or associated item not found in `test_standalone_short_uses_previous_defined_casing::Opt`
[INFO] [stdout]     |
[INFO] [stdout]     = help: items from traits can only be used if the trait is implemented and in scope
[INFO] [stdout]     = note: the following trait defines an item `from_clap`, perhaps you need to implement it:
[INFO] [stdout]             candidate #1: `indigo_structopt::StructOpt`
[INFO] [stdout] 
[INFO] [stdout] 
[INFO] [stdout] error[E0599]: no function or associated item named `clap` found for struct `test_standalone_short_uses_previous_defined_casing::Opt` in the current scope
[INFO] [stdout]    --> tests/argument_naming.rs:167:30
[INFO] [stdout]     |
[INFO] [stdout] 160 |     struct Opt {
[INFO] [stdout]     |     ---------- function or associated item `clap` not found for this
[INFO] [stdout] ...
[INFO] [stdout] 167 |         Opt::from_clap(&Opt::clap().get_matches_from(&["test", "-F"]))
[INFO] [stdout]     |                              ^^^^ function or associated item not found in `test_standalone_short_uses_previous_defined_casing::Opt`
[INFO] [stdout]     |
[INFO] [stdout]     = help: items from traits can only be used if the trait is implemented and in scope
[INFO] [stdout]     = note: the following trait defines an item `clap`, perhaps you need to implement it:
[INFO] [stdout]             candidate #1: `indigo_structopt::StructOpt`
[INFO] [stdout] 
[INFO] [stdout] 
[INFO] [stdout] error[E0599]: no function or associated item named `from_args` found for struct `Opt` in the current scope
[INFO] [stdout]   --> examples/at_least_two.rs:13:20
[INFO] [stdout]    |
[INFO] [stdout] 7  | struct Opt {
[INFO] [stdout]    | ---------- function or associated item `from_args` not found for this
[INFO] [stdout] ...
[INFO] [stdout] 13 |     let opt = Opt::from_args();
[INFO] [stdout]    |                    ^^^^^^^^^ function or associated item not found in `Opt`
[INFO] [stdout]    |
[INFO] [stdout]    = help: items from traits can only be used if the trait is implemented and in scope
[INFO] [stdout]    = note: the following trait defines an item `from_args`, perhaps you need to implement it:
[INFO] [stdout]            candidate #1: `indigo_structopt::StructOpt`
[INFO] [stdout] 
[INFO] [stdout] 
[INFO] [stdout] error[E0599]: no function or associated item named `from_clap` found for struct `test_standalone_long_works_with_verbatim_casing::Opt` in the current scope
[INFO] [stdout]    --> tests/argument_naming.rs:182:14
[INFO] [stdout]     |
[INFO] [stdout] 175 |     struct Opt {
[INFO] [stdout]     |     ---------- function or associated item `from_clap` not found for this
[INFO] [stdout] ...
[INFO] [stdout] 182 |         Opt::from_clap(&Opt::clap().get_matches_from(&["test", "--_fOO_oPtiON"]))
[INFO] [stdout]     |              ^^^^^^^^^ function or associated item not found in `test_standalone_long_works_with_verbatim_casing::Opt`
[INFO] [stdout]     |
[INFO] [stdout]     = help: items from traits can only be used if the trait is implemented and in scope
[INFO] [stdout]     = note: the following trait defines an item `from_clap`, perhaps you need to implement it:
[INFO] [stdout]             candidate #1: `indigo_structopt::StructOpt`
[INFO] [stdout] 
[INFO] [stdout] 
[INFO] [stdout] error[E0599]: no function or associated item named `clap` found for struct `test_standalone_long_works_with_verbatim_casing::Opt` in the current scope
[INFO] [stdout]    --> tests/argument_naming.rs:182:30
[INFO] [stdout]     |
[INFO] [stdout] 175 |     struct Opt {
[INFO] [stdout]     |     ---------- function or associated item `clap` not found for this
[INFO] [stdout] ...
[INFO] [stdout] 182 |         Opt::from_clap(&Opt::clap().get_matches_from(&["test", "--_fOO_oPtiON"]))
[INFO] [stdout]     |                              ^^^^ function or associated item not found in `test_standalone_long_works_with_verbatim_casing::Opt`
[INFO] [stdout]     |
[INFO] [stdout]     = help: items from traits can only be used if the trait is implemented and in scope
[INFO] [stdout]     = note: the following trait defines an item `clap`, perhaps you need to implement it:
[INFO] [stdout]             candidate #1: `indigo_structopt::StructOpt`
[INFO] [stdout] 
[INFO] [stdout] 
[INFO] [stdout] error[E0599]: no function or associated item named `from_clap` found for struct `test_standalone_short_works_with_verbatim_casing::Opt` in the current scope
[INFO] [stdout]    --> tests/argument_naming.rs:196:14
[INFO] [stdout]     |
[INFO] [stdout] 189 |     struct Opt {
[INFO] [stdout]     |     ---------- function or associated item `from_clap` not found for this
[INFO] [stdout] ...
[INFO] [stdout] 196 |         Opt::from_clap(&Opt::clap().get_matches_from(&["test", "-_"]))
[INFO] [stdout]     |              ^^^^^^^^^ function or associated item not found in `test_standalone_short_works_with_verbatim_casing::Opt`
[INFO] [stdout]     |
[INFO] [stdout]     = help: items from traits can only be used if the trait is implemented and in scope
[INFO] [stdout]     = note: the following trait defines an item `from_clap`, perhaps you need to implement it:
[INFO] [stdout]             candidate #1: `indigo_structopt::StructOpt`
[INFO] [stdout] 
[INFO] [stdout] 
[INFO] [stdout] error[E0599]: no function or associated item named `clap` found for struct `test_standalone_short_works_with_verbatim_casing::Opt` in the current scope
[INFO] [stdout]    --> tests/argument_naming.rs:196:30
[INFO] [stdout]     |
[INFO] [stdout] 189 |     struct Opt {
[INFO] [stdout]     |     ---------- function or associated item `clap` not found for this
[INFO] [stdout] ...
[INFO] [stdout] 196 |         Opt::from_clap(&Opt::clap().get_matches_from(&["test", "-_"]))
[INFO] [stdout]     |                              ^^^^ function or associated item not found in `test_standalone_short_works_with_verbatim_casing::Opt`
[INFO] [stdout]     |
[INFO] [stdout]     = help: items from traits can only be used if the trait is implemented and in scope
[INFO] [stdout]     = note: the following trait defines an item `clap`, perhaps you need to implement it:
[INFO] [stdout]             candidate #1: `indigo_structopt::StructOpt`
[INFO] [stdout] 
[INFO] [stdout] 
[INFO] [stdout] error[E0599]: no function or associated item named `from_clap` found for struct `test_rename_all_is_propagated_from_struct_to_fields::Opt` in the current scope
[INFO] [stdout]    --> tests/argument_naming.rs:211:14
[INFO] [stdout]     |
[INFO] [stdout] 204 |     struct Opt {
[INFO] [stdout]     |     ---------- function or associated item `from_clap` not found for this
[INFO] [stdout] ...
[INFO] [stdout] 211 |         Opt::from_clap(&Opt::clap().get_matches_from(&["test", "--FOO"]))
[INFO] [stdout]     |              ^^^^^^^^^ function or associated item not found in `test_rename_all_is_propagated_from_struct_to_fields::Opt`
[INFO] [stdout]     |
[INFO] [stdout]     = help: items from traits can only be used if the trait is implemented and in scope
[INFO] [stdout]     = note: the following trait defines an item `from_clap`, perhaps you need to implement it:
[INFO] [stdout]             candidate #1: `indigo_structopt::StructOpt`
[INFO] [stdout] 
[INFO] [stdout] 
[INFO] [stdout] error[E0599]: no function or associated item named `clap` found for struct `test_rename_all_is_propagated_from_struct_to_fields::Opt` in the current scope
[INFO] [stdout]    --> tests/argument_naming.rs:211:30
[INFO] [stdout]     |
[INFO] [stdout] 204 |     struct Opt {
[INFO] [stdout]     |     ---------- function or associated item `clap` not found for this
[INFO] [stdout] ...
[INFO] [stdout] 211 |         Opt::from_clap(&Opt::clap().get_matches_from(&["test", "--FOO"]))
[INFO] [stdout]     |                              ^^^^ function or associated item not found in `test_rename_all_is_propagated_from_struct_to_fields::Opt`
[INFO] [stdout]     |
[INFO] [stdout]     = help: items from traits can only be used if the trait is implemented and in scope
[INFO] [stdout]     = note: the following trait defines an item `clap`, perhaps you need to implement it:
[INFO] [stdout]             candidate #1: `indigo_structopt::StructOpt`
[INFO] [stdout] 
[INFO] [stdout] 
[INFO] [stdout] error: aborting due to 4 previous errors
[INFO] [stdout] 
[INFO] [stdout] 
[INFO] [stdout] Some errors have detailed explanations: E0432, E0599.
[INFO] [stdout] 
[INFO] [stdout] For more information about an error, try `rustc --explain E0432`.
[INFO] [stdout] 
[INFO] [stdout] error[E0599]: no function or associated item named `from_clap` found for struct `test_rename_all_is_not_propagated_from_struct_into_flattened::Opt` in the current scope
[INFO] [stdout]    --> tests/argument_naming.rs:234:14
[INFO] [stdout]     |
[INFO] [stdout] 219 |     struct Opt {
[INFO] [stdout]     |     ---------- function or associated item `from_clap` not found for this
[INFO] [stdout] ...
[INFO] [stdout] 234 |         Opt::from_clap(&Opt::clap().get_matches_from(&["test", "--foo"]))
[INFO] [stdout]     |              ^^^^^^^^^ function or associated item not found in `test_rename_all_is_not_propagated_from_struct_into_flattened::Opt`
[INFO] [stdout]     |
[INFO] [stdout]     = help: items from traits can only be used if the trait is implemented and in scope
[INFO] [stdout]     = note: the following trait defines an item `from_clap`, perhaps you need to implement it:
[INFO] [stdout]             candidate #1: `indigo_structopt::StructOpt`
[INFO] [stdout] 
[INFO] [stdout] 
[INFO] [stdout] error[E0599]: no function or associated item named `from_iter` found for struct `special_types_bool::Opt` in the current scope
[INFO] [stdout]   --> tests/special_types.rs:31:14
[INFO] [stdout]    |
[INFO] [stdout] 23 |     struct Opt {
[INFO] [stdout]    |     ---------- function or associated item `from_iter` not found for this
[INFO] [stdout] ...
[INFO] [stdout] 31 |         Opt::from_iter(&["test", "success"])
[INFO] [stdout]    |              ^^^^^^^^^ function or associated item not found in `special_types_bool::Opt`
[INFO] [stdout]    |
[INFO] [stdout]    = help: items from traits can only be used if the trait is implemented and in scope
[INFO] [stdout]    = note: the following traits define an item `from_iter`, perhaps you need to implement one of them:
[INFO] [stdout]            candidate #1: `FromIterator`
[INFO] [stdout]            candidate #2: `indigo_structopt::StructOpt`
[INFO] [stdout] 
[INFO] [stdout] 
[INFO] [stdout] error[E0599]: no function or associated item named `clap` found for struct `test_rename_all_is_not_propagated_from_struct_into_flattened::Opt` in the current scope
[INFO] [stdout]    --> tests/argument_naming.rs:234:30
[INFO] [stdout]     |
[INFO] [stdout] 219 |     struct Opt {
[INFO] [stdout]     |     ---------- function or associated item `clap` not found for this
[INFO] [stdout] ...
[INFO] [stdout] 234 |         Opt::from_clap(&Opt::clap().get_matches_from(&["test", "--foo"]))
[INFO] [stdout]     |                              ^^^^ function or associated item not found in `test_rename_all_is_not_propagated_from_struct_into_flattened::Opt`
[INFO] [stdout]     |
[INFO] [stdout]     = help: items from traits can only be used if the trait is implemented and in scope
[INFO] [stdout]     = note: the following trait defines an item `clap`, perhaps you need to implement it:
[INFO] [stdout]             candidate #1: `indigo_structopt::StructOpt`
[INFO] [stdout] 
[INFO] [stdout] 
[INFO] [stdout] error[E0599]: no function or associated item named `from_clap` found for struct `test_rename_all_is_not_propagated_from_struct_into_subcommand::Opt` in the current scope
[INFO] [stdout]    --> tests/argument_naming.rs:259:14
[INFO] [stdout]     |
[INFO] [stdout] 242 |     struct Opt {
[INFO] [stdout]     |     ---------- function or associated item `from_clap` not found for this
[INFO] [stdout] ...
[INFO] [stdout] 259 |         Opt::from_clap(&Opt::clap().get_matches_from(&["test", "command", "--foo"]))
[INFO] [stdout]     |              ^^^^^^^^^ function or associated item not found in `test_rename_all_is_not_propagated_from_struct_into_subcommand::Opt`
[INFO] [stdout]     |
[INFO] [stdout]     = help: items from traits can only be used if the trait is implemented and in scope
[INFO] [stdout]     = note: the following trait defines an item `from_clap`, perhaps you need to implement it:
[INFO] [stdout]             candidate #1: `indigo_structopt::StructOpt`
[INFO] [stdout] 
[INFO] [stdout] 
[INFO] [stdout] error[E0599]: no function or associated item named `clap` found for struct `test_rename_all_is_not_propagated_from_struct_into_subcommand::Opt` in the current scope
[INFO] [stdout]    --> tests/argument_naming.rs:259:30
[INFO] [stdout]     |
[INFO] [stdout] 242 |     struct Opt {
[INFO] [stdout]     |     ---------- function or associated item `clap` not found for this
[INFO] [stdout] ...
[INFO] [stdout] 259 |         Opt::from_clap(&Opt::clap().get_matches_from(&["test", "command", "--foo"]))
[INFO] [stdout]     |                              ^^^^ function or associated item not found in `test_rename_all_is_not_propagated_from_struct_into_subcommand::Opt`
[INFO] [stdout]     |
[INFO] [stdout]     = help: items from traits can only be used if the trait is implemented and in scope
[INFO] [stdout]     = note: the following trait defines an item `clap`, perhaps you need to implement it:
[INFO] [stdout]             candidate #1: `indigo_structopt::StructOpt`
[INFO] [stdout] 
[INFO] [stdout] 
[INFO] [stdout] error[E0599]: no variant or associated item named `from_clap` found for enum `test_rename_all_is_propagated_from_enum_to_variants_and_their_fields::Opt` in the current scope
[INFO] [stdout]    --> tests/argument_naming.rs:277:14
[INFO] [stdout]     |
[INFO] [stdout] 267 |     enum Opt {
[INFO] [stdout]     |     -------- variant or associated item `from_clap` not found here
[INFO] [stdout] ...
[INFO] [stdout] 277 |         Opt::from_clap(&Opt::clap().get_matches_from(&["test", "FIRST_VARIANT"]))
[INFO] [stdout]     |              ^^^^^^^^^ variant or associated item not found in `test_rename_all_is_propagated_from_enum_to_variants_and_their_fields::Opt`
[INFO] [stdout]     |
[INFO] [stdout]     = help: items from traits can only be used if the trait is implemented and in scope
[INFO] [stdout]     = note: the following trait defines an item `from_clap`, perhaps you need to implement it:
[INFO] [stdout]             candidate #1: `indigo_structopt::StructOpt`
[INFO] [stdout] 
[INFO] [stdout] 
[INFO] [stdout] error[E0599]: no function or associated item named `from_iter` found for struct `special_types_option::Opt` in the current scope
[INFO] [stdout]   --> tests/special_types.rs:51:14
[INFO] [stdout]    |
[INFO] [stdout] 42 |     struct Opt {
[INFO] [stdout]    |     ---------- function or associated item `from_iter` not found for this
[INFO] [stdout] ...
[INFO] [stdout] 51 |         Opt::from_iter(&["test", "success"])
[INFO] [stdout]    |              ^^^^^^^^^ function or associated item not found in `special_types_option::Opt`
[INFO] [stdout]    |
[INFO] [stdout]    = help: items from traits can only be used if the trait is implemented and in scope
[INFO] [stdout]    = note: the following traits define an item `from_iter`, perhaps you need to implement one of them:
[INFO] [stdout]            candidate #1: `FromIterator`
[INFO] [stdout]            candidate #2: `indigo_structopt::StructOpt`
[INFO] [stdout] 
[INFO] [stdout] 
[INFO] [stdout] error[E0599]: no variant or associated item named `clap` found for enum `test_rename_all_is_propagated_from_enum_to_variants_and_their_fields::Opt` in the current scope
[INFO] [stdout]    --> tests/argument_naming.rs:277:30
[INFO] [stdout]     |
[INFO] [stdout] 267 |     enum Opt {
[INFO] [stdout]     |     -------- variant or associated item `clap` not found here
[INFO] [stdout] ...
[INFO] [stdout] 277 |         Opt::from_clap(&Opt::clap().get_matches_from(&["test", "FIRST_VARIANT"]))
[INFO] [stdout]     |                              ^^^^ variant or associated item not found in `test_rename_all_is_propagated_from_enum_to_variants_and_their_fields::Opt`
[INFO] [stdout]     |
[INFO] [stdout]     = help: items from traits can only be used if the trait is implemented and in scope
[INFO] [stdout]     = note: the following trait defines an item `clap`, perhaps you need to implement it:
[INFO] [stdout]             candidate #1: `indigo_structopt::StructOpt`
[INFO] [stdout] 
[INFO] [stdout] 
[INFO] [stdout] error[E0599]: no variant or associated item named `from_clap` found for enum `test_rename_all_is_propagated_from_enum_to_variants_and_their_fields::Opt` in the current scope
[INFO] [stdout]    --> tests/argument_naming.rs:282:14
[INFO] [stdout]     |
[INFO] [stdout] 267 |     enum Opt {
[INFO] [stdout]     |     -------- variant or associated item `from_clap` not found here
[INFO] [stdout] ...
[INFO] [stdout] 282 |         Opt::from_clap(&Opt::clap().get_matches_from(&["test", "SECOND_VARIANT", "--FOO"]))
[INFO] [stdout]     |              ^^^^^^^^^ variant or associated item not found in `test_rename_all_is_propagated_from_enum_to_variants_and_their_fields::Opt`
[INFO] [stdout]     |
[INFO] [stdout]     = help: items from traits can only be used if the trait is implemented and in scope
[INFO] [stdout]     = note: the following trait defines an item `from_clap`, perhaps you need to implement it:
[INFO] [stdout]             candidate #1: `indigo_structopt::StructOpt`
[INFO] [stdout] 
[INFO] [stdout] 
[INFO] [stdout] error[E0599]: no variant or associated item named `clap` found for enum `test_rename_all_is_propagated_from_enum_to_variants_and_their_fields::Opt` in the current scope
[INFO] [stdout]    --> tests/argument_naming.rs:282:30
[INFO] [stdout]     |
[INFO] [stdout] 267 |     enum Opt {
[INFO] [stdout]     |     -------- variant or associated item `clap` not found here
[INFO] [stdout] ...
[INFO] [stdout] 282 |         Opt::from_clap(&Opt::clap().get_matches_from(&["test", "SECOND_VARIANT", "--FOO"]))
[INFO] [stdout]     |                              ^^^^ variant or associated item not found in `test_rename_all_is_propagated_from_enum_to_variants_and_their_fields::Opt`
[INFO] [stdout]     |
[INFO] [stdout]     = help: items from traits can only be used if the trait is implemented and in scope
[INFO] [stdout]     = note: the following trait defines an item `clap`, perhaps you need to implement it:
[INFO] [stdout]             candidate #1: `indigo_structopt::StructOpt`
[INFO] [stdout] 
[INFO] [stdout] 
[INFO] [stdout] error[E0599]: no variant or associated item named `from_clap` found for enum `test_rename_all_is_propagation_can_be_overridden::Opt` in the current scope
[INFO] [stdout]    --> tests/argument_naming.rs:304:14
[INFO] [stdout]     |
[INFO] [stdout] 290 |     enum Opt {
[INFO] [stdout]     |     -------- variant or associated item `from_clap` not found here
[INFO] [stdout] ...
[INFO] [stdout] 304 |         Opt::from_clap(&Opt::clap().get_matches_from(&["test", "first-variant", "--foo-option"]))
[INFO] [stdout]     |              ^^^^^^^^^ variant or associated item not found in `test_rename_all_is_propagation_can_be_overridden::Opt`
[INFO] [stdout]     |
[INFO] [stdout]     = help: items from traits can only be used if the trait is implemented and in scope
[INFO] [stdout]     = note: the following trait defines an item `from_clap`, perhaps you need to implement it:
[INFO] [stdout]             candidate #1: `indigo_structopt::StructOpt`
[INFO] [stdout] 
[INFO] [stdout] 
[INFO] [stdout] error[E0599]: no variant or associated item named `clap` found for enum `test_rename_all_is_propagation_can_be_overridden::Opt` in the current scope
[INFO] [stdout]    --> tests/argument_naming.rs:304:30
[INFO] [stdout]     |
[INFO] [stdout] 290 |     enum Opt {
[INFO] [stdout]     |     -------- variant or associated item `clap` not found here
[INFO] [stdout] ...
[INFO] [stdout] 304 |         Opt::from_clap(&Opt::clap().get_matches_from(&["test", "first-variant", "--foo-option"]))
[INFO] [stdout]     |                              ^^^^ variant or associated item not found in `test_rename_all_is_propagation_can_be_overridden::Opt`
[INFO] [stdout]     |
[INFO] [stdout]     = help: items from traits can only be used if the trait is implemented and in scope
[INFO] [stdout]     = note: the following trait defines an item `clap`, perhaps you need to implement it:
[INFO] [stdout]             candidate #1: `indigo_structopt::StructOpt`
[INFO] [stdout] 
[INFO] [stdout] 
[INFO] [stdout] error[E0599]: no variant or associated item named `from_clap` found for enum `test_rename_all_is_propagation_can_be_overridden::Opt` in the current scope
[INFO] [stdout]    --> tests/argument_naming.rs:309:14
[INFO] [stdout]     |
[INFO] [stdout] 290 |     enum Opt {
[INFO] [stdout]     |     -------- variant or associated item `from_clap` not found here
[INFO] [stdout] ...
[INFO] [stdout] 309 |         Opt::from_clap(&Opt::clap().get_matches_from(&["test", "SECOND_VARIANT", "--foo-option"]))
[INFO] [stdout]     |              ^^^^^^^^^ variant or associated item not found in `test_rename_all_is_propagation_can_be_overridden::Opt`
[INFO] [stdout]     |
[INFO] [stdout]     = help: items from traits can only be used if the trait is implemented and in scope
[INFO] [stdout]     = note: the following trait defines an item `from_clap`, perhaps you need to implement it:
[INFO] [stdout]             candidate #1: `indigo_structopt::StructOpt`
[INFO] [stdout] 
[INFO] [stdout] 
[INFO] [stdout] error[E0599]: no variant or associated item named `clap` found for enum `test_rename_all_is_propagation_can_be_overridden::Opt` in the current scope
[INFO] [stdout]    --> tests/argument_naming.rs:309:30
[INFO] [stdout]     |
[INFO] [stdout] 290 |     enum Opt {
[INFO] [stdout]     |     -------- variant or associated item `clap` not found here
[INFO] [stdout] ...
[INFO] [stdout] 309 |         Opt::from_clap(&Opt::clap().get_matches_from(&["test", "SECOND_VARIANT", "--foo-option"]))
[INFO] [stdout]     |                              ^^^^ variant or associated item not found in `test_rename_all_is_propagation_can_be_overridden::Opt`
[INFO] [stdout]     |
[INFO] [stdout]     = help: items from traits can only be used if the trait is implemented and in scope
[INFO] [stdout]     = note: the following trait defines an item `clap`, perhaps you need to implement it:
[INFO] [stdout]             candidate #1: `indigo_structopt::StructOpt`
[INFO] [stdout] 
[INFO] [stdout] 
[INFO] [stdout] error[E0599]: no function or associated item named `from_iter` found for struct `special_types_vec::Opt` in the current scope
[INFO] [stdout]   --> tests/special_types.rs:71:14
[INFO] [stdout]    |
[INFO] [stdout] 62 |     struct Opt {
[INFO] [stdout]    |     ---------- function or associated item `from_iter` not found for this
[INFO] [stdout] ...
[INFO] [stdout] 71 |         Opt::from_iter(&["test", "success"])
[INFO] [stdout]    |              ^^^^^^^^^ function or associated item not found in `special_types_vec::Opt`
[INFO] [stdout]    |
[INFO] [stdout]    = help: items from traits can only be used if the trait is implemented and in scope
[INFO] [stdout]    = note: the following traits define an item `from_iter`, perhaps you need to implement one of them:
[INFO] [stdout]            candidate #1: `FromIterator`
[INFO] [stdout]            candidate #2: `indigo_structopt::StructOpt`
[INFO] [stdout] 
[INFO] [stdout] 
[INFO] [stdout] error[E0599]: no function or associated item named `from_clap` found for struct `test_lower_is_renamed::Opt` in the current scope
[INFO] [stdout]    --> tests/argument_naming.rs:323:14
[INFO] [stdout]     |
[INFO] [stdout] 316 |     struct Opt {
[INFO] [stdout]     |     ---------- function or associated item `from_clap` not found for this
[INFO] [stdout] ...
[INFO] [stdout] 323 |         Opt::from_clap(&Opt::clap().get_matches_from(&["test", "--foooption"]))
[INFO] [stdout]     |              ^^^^^^^^^ function or associated item not found in `test_lower_is_renamed::Opt`
[INFO] [stdout]     |
[INFO] [stdout]     = help: items from traits can only be used if the trait is implemented and in scope
[INFO] [stdout]     = note: the following trait defines an item `from_clap`, perhaps you need to implement it:
[INFO] [stdout]             candidate #1: `indigo_structopt::StructOpt`
[INFO] [stdout] 
[INFO] [stdout] 
[INFO] [stdout] error[E0599]: no function or associated item named `clap` found for struct `test_lower_is_renamed::Opt` in the current scope
[INFO] [stdout]    --> tests/argument_naming.rs:323:30
[INFO] [stdout]     |
[INFO] [stdout] 316 |     struct Opt {
[INFO] [stdout]     |     ---------- function or associated item `clap` not found for this
[INFO] [stdout] ...
[INFO] [stdout] 323 |         Opt::from_clap(&Opt::clap().get_matches_from(&["test", "--foooption"]))
[INFO] [stdout]     |                              ^^^^ function or associated item not found in `test_lower_is_renamed::Opt`
[INFO] [stdout]     |
[INFO] [stdout]     = help: items from traits can only be used if the trait is implemented and in scope
[INFO] [stdout]     = note: the following trait defines an item `clap`, perhaps you need to implement it:
[INFO] [stdout]             candidate #1: `indigo_structopt::StructOpt`
[INFO] [stdout] 
[INFO] [stdout] 
[INFO] [stdout] error[E0599]: no function or associated item named `from_clap` found for struct `test_upper_is_renamed::Opt` in the current scope
[INFO] [stdout]    --> tests/argument_naming.rs:337:14
[INFO] [stdout]     |
[INFO] [stdout] 330 |     struct Opt {
[INFO] [stdout]     |     ---------- function or associated item `from_clap` not found for this
[INFO] [stdout] ...
[INFO] [stdout] 337 |         Opt::from_clap(&Opt::clap().get_matches_from(&["test", "--FOOOPTION"]))
[INFO] [stdout]     |              ^^^^^^^^^ function or associated item not found in `test_upper_is_renamed::Opt`
[INFO] [stdout]     |
[INFO] [stdout]     = help: items from traits can only be used if the trait is implemented and in scope
[INFO] [stdout]     = note: the following trait defines an item `from_clap`, perhaps you need to implement it:
[INFO] [stdout]             candidate #1: `indigo_structopt::StructOpt`
[INFO] [stdout] 
[INFO] [stdout] 
[INFO] [stdout] error[E0599]: no function or associated item named `clap` found for struct `test_upper_is_renamed::Opt` in the current scope
[INFO] [stdout]    --> tests/argument_naming.rs:337:30
[INFO] [stdout]     |
[INFO] [stdout] 330 |     struct Opt {
[INFO] [stdout]     |     ---------- function or associated item `clap` not found for this
[INFO] [stdout] ...
[INFO] [stdout] 337 |         Opt::from_clap(&Opt::clap().get_matches_from(&["test", "--FOOOPTION"]))
[INFO] [stdout]     |                              ^^^^ function or associated item not found in `test_upper_is_renamed::Opt`
[INFO] [stdout]     |
[INFO] [stdout]     = help: items from traits can only be used if the trait is implemented and in scope
[INFO] [stdout]     = note: the following trait defines an item `clap`, perhaps you need to implement it:
[INFO] [stdout]             candidate #1: `indigo_structopt::StructOpt`
[INFO] [stdout] 
[INFO] [stdout] 
[INFO] [stdout] error: aborting due to 98 previous errors
[INFO] [stdout] 
[INFO] [stdout] 
[INFO] [stdout] Some errors have detailed explanations: E0432, E0599.
[INFO] [stdout] 
[INFO] [stdout] For more information about an error, try `rustc --explain E0432`.
[INFO] [stdout] 
[INFO] [stdout] error: aborting due to 9 previous errors; 1 warning emitted
[INFO] [stdout] 
[INFO] [stdout] 
[INFO] [stdout] Some errors have detailed explanations: E0432, E0599.
[INFO] [stdout] 
[INFO] [stdout] For more information about an error, try `rustc --explain E0432`.
[INFO] [stdout] 
[INFO] [stdout] error[E0599]: no function or associated item named `from_iter` found for struct `required_argument::Opt` in the current scope
[INFO] [stdout]   --> tests/arguments.rs:18:38
[INFO] [stdout]    |
[INFO] [stdout] 15 |     struct Opt {
[INFO] [stdout]    |     ---------- function or associated item `from_iter` not found for this
[INFO] [stdout] ...
[INFO] [stdout] 18 |     assert_eq!(Opt { arg: 42 }, Opt::from_iter(&["test", "42"]));
[INFO] [stdout]    |                                      ^^^^^^^^^ function or associated item not found in `required_argument::Opt`
[INFO] [stdout]    |
[INFO] [stdout]    = help: items from traits can only be used if the trait is implemented and in scope
[INFO] [stdout]    = note: the following traits define an item `from_iter`, perhaps you need to implement one of them:
[INFO] [stdout]            candidate #1: `FromIterator`
[INFO] [stdout]            candidate #2: `indigo_structopt::StructOpt`
[INFO] [stdout] 
[INFO] [stdout] 
[INFO] [stdout] error[E0599]: no function or associated item named `from_args` found for struct `Opt` in the current scope
[INFO] [stdout]   --> examples/no_version.rs:15:20
[INFO] [stdout]    |
[INFO] [stdout] 12 | struct Opt {}
[INFO] [stdout]    | ---------- function or associated item `from_args` not found for this
[INFO] [stdout] ...
[INFO] [stdout] 15 |     let opt = Opt::from_args();
[INFO] [stdout]    |                    ^^^^^^^^^ function or associated item not found in `Opt`
[INFO] [stdout]    |
[INFO] [stdout]    = help: items from traits can only be used if the trait is implemented and in scope
[INFO] [stdout]    = note: the following trait defines an item `from_args`, perhaps you need to implement it:
[INFO] [stdout]            candidate #1: `indigo_structopt::StructOpt`
[INFO] [stdout] 
[INFO] [stdout] 
[INFO] [stdout] error[E0599]: no function or associated item named `clap` found for struct `required_argument::Opt` in the current scope
[INFO] [stdout]   --> tests/arguments.rs:19:18
[INFO] [stdout]    |
[INFO] [stdout] 15 |     struct Opt {
[INFO] [stdout]    |     ---------- function or associated item `clap` not found for this
[INFO] [stdout] ...
[INFO] [stdout] 19 |     assert!(Opt::clap().get_matches_from_safe(&["test"]).is_err());
[INFO] [stdout]    |                  ^^^^ function or associated item not found in `required_argument::Opt`
[INFO] [stdout]    |
[INFO] [stdout]    = help: items from traits can only be used if the trait is implemented and in scope
[INFO] [stdout]    = note: the following trait defines an item `clap`, perhaps you need to implement it:
[INFO] [stdout]            candidate #1: `indigo_structopt::StructOpt`
[INFO] [stdout] 
[INFO] [stdout] 
[INFO] [stdout] error[E0599]: no function or associated item named `clap` found for struct `required_argument::Opt` in the current scope
[INFO] [stdout]   --> tests/arguments.rs:20:18
[INFO] [stdout]    |
[INFO] [stdout] 15 |     struct Opt {
[INFO] [stdout]    |     ---------- function or associated item `clap` not found for this
[INFO] [stdout] ...
[INFO] [stdout] 20 |     assert!(Opt::clap()
[INFO] [stdout]    |                  ^^^^ function or associated item not found in `required_argument::Opt`
[INFO] [stdout]    |
[INFO] [stdout]    = help: items from traits can only be used if the trait is implemented and in scope
[INFO] [stdout]    = note: the following trait defines an item `clap`, perhaps you need to implement it:
[INFO] [stdout]            candidate #1: `indigo_structopt::StructOpt`
[INFO] [stdout] 
[INFO] [stdout] 
[INFO] [stdout] error[E0599]: no function or associated item named `from_iter` found for struct `optional_argument::Opt` in the current scope
[INFO] [stdout]   --> tests/arguments.rs:31:44
[INFO] [stdout]    |
[INFO] [stdout] 28 |     struct Opt {
[INFO] [stdout]    |     ---------- function or associated item `from_iter` not found for this
[INFO] [stdout] ...
[INFO] [stdout] 31 |     assert_eq!(Opt { arg: Some(42) }, Opt::from_iter(&["test", "42"]));
[INFO] [stdout]    |                                            ^^^^^^^^^ function or associated item not found in `optional_argument::Opt`
[INFO] [stdout]    |
[INFO] [stdout]    = help: items from traits can only be used if the trait is implemented and in scope
[INFO] [stdout]    = note: the following traits define an item `from_iter`, perhaps you need to implement one of them:
[INFO] [stdout]            candidate #1: `FromIterator`
[INFO] [stdout]            candidate #2: `indigo_structopt::StructOpt`
[INFO] [stdout] 
[INFO] [stdout] 
[INFO] [stdout] error[E0599]: no function or associated item named `from_iter` found for struct `optional_argument::Opt` in the current scope
[INFO] [stdout]   --> tests/arguments.rs:32:40
[INFO] [stdout]    |
[INFO] [stdout] 28 |     struct Opt {
[INFO] [stdout]    |     ---------- function or associated item `from_iter` not found for this
[INFO] [stdout] ...
[INFO] [stdout] 32 |     assert_eq!(Opt { arg: None }, Opt::from_iter(&["test"]));
[INFO] [stdout]    |                                        ^^^^^^^^^ function or associated item not found in `optional_argument::Opt`
[INFO] [stdout]    |
[INFO] [stdout]    = help: items from traits can only be used if the trait is implemented and in scope
[INFO] [stdout]    = note: the following traits define an item `from_iter`, perhaps you need to implement one of them:
[INFO] [stdout]            candidate #1: `FromIterator`
[INFO] [stdout]            candidate #2: `indigo_structopt::StructOpt`
[INFO] [stdout] 
[INFO] [stdout] 
[INFO] [stdout] error: aborting due to 5 previous errors
[INFO] [stdout] 
[INFO] [stdout] 
[INFO] [stdout] error[E0599]: no function or associated item named `clap` found for struct `optional_argument::Opt` in the current scope
[INFO] [stdout]   --> tests/arguments.rs:33:18
[INFO] [stdout]    |
[INFO] [stdout] 28 |     struct Opt {
[INFO] [stdout]    |     ---------- function or associated item `clap` not found for this
[INFO] [stdout] ...
[INFO] [stdout] 33 |     assert!(Opt::clap()
[INFO] [stdout]    |                  ^^^^ function or associated item not found in `optional_argument::Opt`
[INFO] [stdout]    |
[INFO] [stdout]    = help: items from traits can only be used if the trait is implemented and in scope
[INFO] [stdout]    = note: the following trait defines an item `clap`, perhaps you need to implement it:
[INFO] [stdout]            candidate #1: `indigo_structopt::StructOpt`
[INFO] [stdout] 
[INFO] [stdout] 
[INFO] [stdout] error[E0599]: no function or associated item named `from_iter` found for struct `argument_with_default::Opt` in the current scope
[INFO] [stdout]   --> tests/arguments.rs:45:38
[INFO] [stdout]    |
[INFO] [stdout] 41 |     struct Opt {
[INFO] [stdout]    |     ---------- function or associated item `from_iter` not found for this
[INFO] [stdout] ...
[INFO] [stdout] 45 |     assert_eq!(Opt { arg: 24 }, Opt::from_iter(&["test", "24"]));
[INFO] [stdout]    |                                      ^^^^^^^^^ function or associated item not found in `argument_with_default::Opt`
[INFO] [stdout]    |
[INFO] [stdout]    = help: items from traits can only be used if the trait is implemented and in scope
[INFO] [stdout]    = note: the following traits define an item `from_iter`, perhaps you need to implement one of them:
[INFO] [stdout]            candidate #1: `FromIterator`
[INFO] [stdout]            candidate #2: `indigo_structopt::StructOpt`
[INFO] [stdout] 
[INFO] [stdout] 
[INFO] [stdout] error[E0599]: no function or associated item named `from_iter` found for struct `argument_with_default::Opt` in the current scope
[INFO] [stdout]   --> tests/arguments.rs:46:38
[INFO] [stdout]    |
[INFO] [stdout] 41 |     struct Opt {
[INFO] [stdout]    |     ---------- function or associated item `from_iter` not found for this
[INFO] [stdout] ...
[INFO] [stdout] 46 |     assert_eq!(Opt { arg: 42 }, Opt::from_iter(&["test"]));
[INFO] [stdout]    |                                      ^^^^^^^^^ function or associated item not found in `argument_with_default::Opt`
[INFO] [stdout]    |
[INFO] [stdout]    = help: items from traits can only be used if the trait is implemented and in scope
[INFO] [stdout]    = note: the following traits define an item `from_iter`, perhaps you need to implement one of them:
[INFO] [stdout]            candidate #1: `FromIterator`
[INFO] [stdout]            candidate #2: `indigo_structopt::StructOpt`
[INFO] [stdout] 
[INFO] [stdout] 
[INFO] [stdout] error[E0599]: no function or associated item named `clap` found for struct `argument_with_default::Opt` in the current scope
[INFO] [stdout]   --> tests/arguments.rs:47:18
[INFO] [stdout]    |
[INFO] [stdout] 41 |     struct Opt {
[INFO] [stdout]    |     ---------- function or associated item `clap` not found for this
[INFO] [stdout] ...
[INFO] [stdout] 47 |     assert!(Opt::clap()
[INFO] [stdout]    |                  ^^^^ function or associated item not found in `argument_with_default::Opt`
[INFO] [stdout]    |
[INFO] [stdout]    = help: items from traits can only be used if the trait is implemented and in scope
[INFO] [stdout]    = note: the following trait defines an item `clap`, perhaps you need to implement it:
[INFO] [stdout]            candidate #1: `indigo_structopt::StructOpt`
[INFO] [stdout] 
[INFO] [stdout] 
[INFO] [stdout] error[E0599]: no function or associated item named `from_iter` found for struct `arguments::Opt` in the current scope
[INFO] [stdout]   --> tests/arguments.rs:58:44
[INFO] [stdout]    |
[INFO] [stdout] 55 |     struct Opt {
[INFO] [stdout]    |     ---------- function or associated item `from_iter` not found for this
[INFO] [stdout] ...
[INFO] [stdout] 58 |     assert_eq!(Opt { arg: vec![24] }, Opt::from_iter(&["test", "24"]));
[INFO] [stdout]    |                                            ^^^^^^^^^ function or associated item not found in `arguments::Opt`
[INFO] [stdout]    |
[INFO] [stdout]    = help: items from traits can only be used if the trait is implemented and in scope
[INFO] [stdout]    = note: the following traits define an item `from_iter`, perhaps you need to implement one of them:
[INFO] [stdout]            candidate #1: `FromIterator`
[INFO] [stdout]            candidate #2: `indigo_structopt::StructOpt`
[INFO] [stdout] 
[INFO] [stdout] 
[INFO] [stdout] error[E0599]: no function or associated item named `from_iter` found for struct `arguments::Opt` in the current scope
[INFO] [stdout]   --> tests/arguments.rs:59:42
[INFO] [stdout]    |
[INFO] [stdout] 55 |     struct Opt {
[INFO] [stdout]    |     ---------- function or associated item `from_iter` not found for this
[INFO] [stdout] ...
[INFO] [stdout] 59 |     assert_eq!(Opt { arg: vec![] }, Opt::from_iter(&["test"]));
[INFO] [stdout]    |                                          ^^^^^^^^^ function or associated item not found in `arguments::Opt`
[INFO] [stdout]    |
[INFO] [stdout]    = help: items from traits can only be used if the trait is implemented and in scope
[INFO] [stdout]    = note: the following traits define an item `from_iter`, perhaps you need to implement one of them:
[INFO] [stdout]            candidate #1: `FromIterator`
[INFO] [stdout]            candidate #2: `indigo_structopt::StructOpt`
[INFO] [stdout] 
[INFO] [stdout] 
[INFO] [stdout] error[E0599]: no function or associated item named `from_iter` found for struct `arguments::Opt` in the current scope
[INFO] [stdout]   --> tests/arguments.rs:62:14
[INFO] [stdout]    |
[INFO] [stdout] 55 |     struct Opt {
[INFO] [stdout]    |     ---------- function or associated item `from_iter` not found for this
[INFO] [stdout] ...
[INFO] [stdout] 62 |         Opt::from_iter(&["test", "24", "42"])
[INFO] [stdout]    |              ^^^^^^^^^ function or associated item not found in `arguments::Opt`
[INFO] [stdout]    |
[INFO] [stdout]    = help: items from traits can only be used if the trait is implemented and in scope
[INFO] [stdout]    = note: the following traits define an item `from_iter`, perhaps you need to implement one of them:
[INFO] [stdout]            candidate #1: `FromIterator`
[INFO] [stdout]            candidate #2: `indigo_structopt::StructOpt`
[INFO] [stdout] 
[INFO] [stdout] 
[INFO] [stdout] error[E0599]: no function or associated item named `from_iter_safe` found for struct `arguments_safe::Opt` in the current scope
[INFO] [stdout]   --> tests/arguments.rs:74:14
[INFO] [stdout]    |
[INFO] [stdout] 69 |     struct Opt {
[INFO] [stdout]    |     ---------- function or associated item `from_iter_safe` not found for this
[INFO] [stdout] ...
[INFO] [stdout] 74 |         Opt::from_iter_safe(&["test", "24"]).unwrap()
[INFO] [stdout]    |              ^^^^^^^^^^^^^^ function or associated item not found in `arguments_safe::Opt`
[INFO] [stdout]    |
[INFO] [stdout]    = help: items from traits can only be used if the trait is implemented and in scope
[INFO] [stdout]    = note: the following trait defines an item `from_iter_safe`, perhaps you need to implement it:
[INFO] [stdout]            candidate #1: `indigo_structopt::StructOpt`
[INFO] [stdout] 
[INFO] [stdout] 
[INFO] [stdout] error[E0599]: no function or associated item named `from_iter_safe` found for struct `arguments_safe::Opt` in the current scope
[INFO] [stdout]   --> tests/arguments.rs:76:42
[INFO] [stdout]    |
[INFO] [stdout] 69 |     struct Opt {
[INFO] [stdout]    |     ---------- function or associated item `from_iter_safe` not found for this
[INFO] [stdout] ...
[INFO] [stdout] 76 |     assert_eq!(Opt { arg: vec![] }, Opt::from_iter_safe(&["test"]).unwrap());
[INFO] [stdout]    |                                          ^^^^^^^^^^^^^^ function or associated item not found in `arguments_safe::Opt`
[INFO] [stdout]    |
[INFO] [stdout]    = help: items from traits can only be used if the trait is implemented and in scope
[INFO] [stdout]    = note: the following trait defines an item `from_iter_safe`, perhaps you need to implement it:
[INFO] [stdout]            candidate #1: `indigo_structopt::StructOpt`
[INFO] [stdout] 
[INFO] [stdout] 
[INFO] [stdout] Some errors have detailed explanations: E0432, E0433, E0599.
[INFO] [stdout] 
[INFO] [stdout] For more information about an error, try `rustc --explain E0432`.
[INFO] [stdout] 
[INFO] [stdout] error[E0599]: no function or associated item named `from_args` found for struct `Opt` in the current scope
[INFO] [stdout]   --> examples/required_if.rs:16:20
[INFO] [stdout]    |
[INFO] [stdout] 5  | struct Opt {
[INFO] [stdout]    | ---------- function or associated item `from_args` not found for this
[INFO] [stdout] ...
[INFO] [stdout] 16 |     let opt = Opt::from_args();
[INFO] [stdout]    |                    ^^^^^^^^^ function or associated item not found in `Opt`
[INFO] [stdout]    |
[INFO] [stdout]    = help: items from traits can only be used if the trait is implemented and in scope
[INFO] [stdout]    = note: the following trait defines an item `from_args`, perhaps you need to implement it:
[INFO] [stdout]            candidate #1: `indigo_structopt::StructOpt`
[INFO] [stdout] 
[INFO] [stdout] 
[INFO] [stdout] error: aborting due to 5 previous errors
[INFO] [stdout] 
[INFO] [stdout] 
[INFO] [stdout] error[E0599]: no function or associated item named `from_iter_safe` found for struct `arguments_safe::Opt` in the current scope
[INFO] [stdout]   --> tests/arguments.rs:79:14
[INFO] [stdout]    |
[INFO] [stdout] 69 |     struct Opt {
[INFO] [stdout]    |     ---------- function or associated item `from_iter_safe` not found for this
[INFO] [stdout] ...
[INFO] [stdout] 79 |         Opt::from_iter_safe(&["test", "24", "42"]).unwrap()
[INFO] [stdout]    |              ^^^^^^^^^^^^^^ function or associated item not found in `arguments_safe::Opt`
[INFO] [stdout]    |
[INFO] [stdout]    = help: items from traits can only be used if the trait is implemented and in scope
[INFO] [stdout]    = note: the following trait defines an item `from_iter_safe`, perhaps you need to implement it:
[INFO] [stdout]            candidate #1: `indigo_structopt::StructOpt`
[INFO] [stdout] 
[INFO] [stdout] 
[INFO] [stdout] error[E0599]: no function or associated item named `from_iter_safe` found for struct `arguments_safe::Opt` in the current scope
[INFO] [stdout]   --> tests/arguments.rs:84:14
[INFO] [stdout]    |
[INFO] [stdout] 69 |     struct Opt {
[INFO] [stdout]    |     ---------- function or associated item `from_iter_safe` not found for this
[INFO] [stdout] ...
[INFO] [stdout] 84 |         Opt::from_iter_safe(&["test", "NOPE"]).err().unwrap().kind
[INFO] [stdout]    |              ^^^^^^^^^^^^^^ function or associated item not found in `arguments_safe::Opt`
[INFO] [stdout]    |
[INFO] [stdout]    = help: items from traits can only be used if the trait is implemented and in scope
[INFO] [stdout]    = note: the following trait defines an item `from_iter_safe`, perhaps you need to implement it:
[INFO] [stdout]            candidate #1: `indigo_structopt::StructOpt`
[INFO] [stdout] 
[INFO] [stdout] 
[INFO] [stdout] error: aborting due to 24 previous errors
[INFO] [stdout] 
[INFO] [stdout] 
[INFO] [stdout] Some errors have detailed explanations: E0432, E0599.
[INFO] [stdout] 
[INFO] [stdout] For more information about an error, try `rustc --explain E0432`.
[INFO] [stdout] 
[INFO] [stdout] Some errors have detailed explanations: E0432, E0599.
[INFO] [stdout] 
[INFO] [stdout] For more information about an error, try `rustc --explain E0432`.
[INFO] [stdout] 
[INFO] [stderr] error: build failed
[INFO] running `Command { std: "docker" "inspect" "8cf4ff593033d7bb2bbe9707b77ff5870afd895c6b4b94b7c3bd85e41954e21b", kill_on_drop: false }`
[INFO] running `Command { std: "docker" "rm" "-f" "8cf4ff593033d7bb2bbe9707b77ff5870afd895c6b4b94b7c3bd85e41954e21b", kill_on_drop: false }`
[INFO] [stdout] 8cf4ff593033d7bb2bbe9707b77ff5870afd895c6b4b94b7c3bd85e41954e21b
