[INFO] fetching crate in_space_routes 0.0.5...
[INFO] testing in_space_routes-0.0.5 against 1.54.0 for beta-1.55-1
[INFO] extracting crate in_space_routes 0.0.5 into /workspace/builds/worker-4/source
[INFO] validating manifest of crates.io crate in_space_routes 0.0.5 on toolchain 1.54.0
[INFO] running `Command { std: "/workspace/cargo-home/bin/cargo" "+1.54.0" "metadata" "--manifest-path" "Cargo.toml" "--no-deps", kill_on_drop: false }`
[INFO] started tweaking crates.io crate in_space_routes 0.0.5
[INFO] finished tweaking crates.io crate in_space_routes 0.0.5
[INFO] tweaked toml for crates.io crate in_space_routes 0.0.5 written to /workspace/builds/worker-4/source/Cargo.toml
[INFO] running `Command { std: "/workspace/cargo-home/bin/cargo" "+1.54.0" "generate-lockfile" "--manifest-path" "Cargo.toml" "-Zno-index-update", kill_on_drop: false }`
[INFO] [stderr]     Blocking waiting for file lock on package cache
[INFO] running `Command { std: "/workspace/cargo-home/bin/cargo" "+1.54.0" "fetch" "--manifest-path" "Cargo.toml", kill_on_drop: false }`
[INFO] running `Command { std: "docker" "create" "-v" "/var/lib/crater-agent-workspace/builds/worker-4/target:/opt/rustwide/target:rw,Z" "-v" "/var/lib/crater-agent-workspace/builds/worker-4/source:/opt/rustwide/workdir:ro,Z" "-v" "/var/lib/crater-agent-workspace/cargo-home:/opt/rustwide/cargo-home:ro,Z" "-v" "/var/lib/crater-agent-workspace/rustup-home:/opt/rustwide/rustup-home:ro,Z" "-e" "SOURCE_DIR=/opt/rustwide/workdir" "-e" "CARGO_TARGET_DIR=/opt/rustwide/target" "-e" "CARGO_HOME=/opt/rustwide/cargo-home" "-e" "RUSTUP_HOME=/opt/rustwide/rustup-home" "-w" "/opt/rustwide/workdir" "-m" "1610612736" "--user" "0:0" "--network" "none" "ghcr.io/rust-lang/crates-build-env/linux@sha256:34b6a614d2c27851fe6cbf88fbd1137609cefab8b10d0615aaeb6fd47975d74e" "/opt/rustwide/cargo-home/bin/cargo" "+1.54.0" "metadata" "--no-deps" "--format-version=1", kill_on_drop: false }`
[INFO] [stdout] 8704c976901c537df67f6e51c335215c96912d06d91bea0f173cada324c4aea2
[INFO] [stderr] WARNING: Your kernel does not support swap limit capabilities or the cgroup is not mounted. Memory limited without swap.
[INFO] running `Command { std: "docker" "start" "-a" "8704c976901c537df67f6e51c335215c96912d06d91bea0f173cada324c4aea2", kill_on_drop: false }`
[INFO] running `Command { std: "docker" "inspect" "8704c976901c537df67f6e51c335215c96912d06d91bea0f173cada324c4aea2", kill_on_drop: false }`
[INFO] running `Command { std: "docker" "rm" "-f" "8704c976901c537df67f6e51c335215c96912d06d91bea0f173cada324c4aea2", kill_on_drop: false }`
[INFO] [stdout] 8704c976901c537df67f6e51c335215c96912d06d91bea0f173cada324c4aea2
[INFO] running `Command { std: "docker" "create" "-v" "/var/lib/crater-agent-workspace/builds/worker-4/target:/opt/rustwide/target:rw,Z" "-v" "/var/lib/crater-agent-workspace/builds/worker-4/source:/opt/rustwide/workdir:ro,Z" "-v" "/var/lib/crater-agent-workspace/cargo-home:/opt/rustwide/cargo-home:ro,Z" "-v" "/var/lib/crater-agent-workspace/rustup-home:/opt/rustwide/rustup-home:ro,Z" "-e" "SOURCE_DIR=/opt/rustwide/workdir" "-e" "CARGO_TARGET_DIR=/opt/rustwide/target" "-e" "CARGO_INCREMENTAL=0" "-e" "RUST_BACKTRACE=full" "-e" "RUSTFLAGS=--cap-lints=warn" "-e" "CARGO_HOME=/opt/rustwide/cargo-home" "-e" "RUSTUP_HOME=/opt/rustwide/rustup-home" "-w" "/opt/rustwide/workdir" "-m" "1610612736" "--user" "0:0" "--network" "none" "ghcr.io/rust-lang/crates-build-env/linux@sha256:34b6a614d2c27851fe6cbf88fbd1137609cefab8b10d0615aaeb6fd47975d74e" "/opt/rustwide/cargo-home/bin/cargo" "+1.54.0" "build" "--frozen" "--message-format=json", kill_on_drop: false }`
[INFO] [stdout] a217ba032b263e694833aac17c6668f56e92dedea65d92b68a62b7178e7181e0
[INFO] [stderr] WARNING: Your kernel does not support swap limit capabilities or the cgroup is not mounted. Memory limited without swap.
[INFO] running `Command { std: "docker" "start" "-a" "a217ba032b263e694833aac17c6668f56e92dedea65d92b68a62b7178e7181e0", kill_on_drop: false }`
[INFO] [stderr]    Compiling urlencoding v1.3.3
[INFO] [stderr]    Compiling futures-util v0.3.16
[INFO] [stderr]    Compiling input_buffer v0.3.1
[INFO] [stderr]    Compiling pin-project-internal v1.0.8
[INFO] [stderr]    Compiling tokio v0.2.25
[INFO] [stderr]    Compiling sha-1 v0.9.7
[INFO] [stderr]    Compiling pin-project-internal v0.4.28
[INFO] [stderr]    Compiling serde_urlencoded v0.6.1
[INFO] [stderr]    Compiling multipart v0.17.1
[INFO] [stderr]    Compiling tungstenite v0.11.1
[INFO] [stderr]    Compiling headers v0.3.4
[INFO] [stderr]    Compiling pin-project v1.0.8
[INFO] [stderr]    Compiling pin-project v0.4.28
[INFO] [stderr]    Compiling tracing-futures v0.2.5
[INFO] [stderr]    Compiling futures v0.3.16
[INFO] [stderr]    Compiling tokio-util v0.3.1
[INFO] [stderr]    Compiling tokio-tungstenite v0.11.0
[INFO] [stderr]    Compiling h2 v0.2.7
[INFO] [stderr]    Compiling hyper v0.13.10
[INFO] [stderr]    Compiling warp v0.2.5
[INFO] [stderr]    Compiling in_space_core v0.0.5
[INFO] [stderr]    Compiling in_space_routes v0.0.5 (/opt/rustwide/workdir)
[INFO] [stdout] error[E0432]: unresolved import `syn::export`
[INFO] [stdout]   --> src/lib.rs:13:10
[INFO] [stdout]    |
[INFO] [stdout] 13 | use syn::export::Span;
[INFO] [stdout]    |          ^^^^^^ could not find `export` in `syn`
[INFO] [stdout] 
[INFO] [stdout] 
[INFO] [stdout] error[E0433]: failed to resolve: could not find `export` in `syn`
[INFO] [stdout]   --> src/lib.rs:38:23
[INFO] [stdout]    |
[INFO] [stdout] 38 |     path: Option<syn::export::TokenStream2>,
[INFO] [stdout]    |                       ^^^^^^ could not find `export` in `syn`
[INFO] [stdout] 
[INFO] [stdout] 
[INFO] [stdout] error[E0433]: failed to resolve: could not find `export` in `syn`
[INFO] [stdout]   --> src/lib.rs:46:78
[INFO] [stdout]    |
[INFO] [stdout] 46 | fn create_route(struct_ty: &syn::Type, method: &syn::ImplItemMethod) -> syn::export::TokenStream2 {
[INFO] [stdout]    |                                                                              ^^^^^^ could not find `export` in `syn`
[INFO] [stdout] 
[INFO] [stdout] 
[INFO] [stdout] error[E0433]: failed to resolve: could not find `export` in `syn`
[INFO] [stdout]    --> src/lib.rs:297:26
[INFO] [stdout]     |
[INFO] [stdout] 297 |     let routes: Vec<syn::export::TokenStream2> = controller_impl
[INFO] [stdout]     |                          ^^^^^^ could not find `export` in `syn`
[INFO] [stdout] 
[INFO] [stdout] 
[INFO] [stdout] error[E0283]: type annotations needed
[INFO] [stdout]   --> src/lib.rs:38:5
[INFO] [stdout]    |
[INFO] [stdout] 38 |     path: Option<syn::export::TokenStream2>,
[INFO] [stdout]    |     ^^^^^^^^^^^^^^^^^^^^^^^^^^^^^^^^^^^^^^^ cannot infer type
[INFO] [stdout]    |
[INFO] [stdout]    = note: cannot satisfy `_: std::default::Default`
[INFO] [stdout]    = note: required by `std::default::Default::default`
[INFO] [stdout]    = note: this error originates in the derive macro `Default` (in Nightly builds, run with -Z macro-backtrace for more info)
[INFO] [stdout] 
[INFO] [stdout] 
[INFO] [stdout] error: aborting due to 5 previous errors
[INFO] [stdout] 
[INFO] [stdout] 
[INFO] [stdout] Some errors have detailed explanations: E0283, E0432, E0433.
[INFO] [stdout] 
[INFO] [stdout] For more information about an error, try `rustc --explain E0283`.
[INFO] [stdout] 
[INFO] [stderr] error: could not compile `in_space_routes`
[INFO] [stderr] 
[INFO] [stderr] To learn more, run the command again with --verbose.
[INFO] running `Command { std: "docker" "inspect" "a217ba032b263e694833aac17c6668f56e92dedea65d92b68a62b7178e7181e0", kill_on_drop: false }`
[INFO] running `Command { std: "docker" "rm" "-f" "a217ba032b263e694833aac17c6668f56e92dedea65d92b68a62b7178e7181e0", kill_on_drop: false }`
[INFO] [stdout] a217ba032b263e694833aac17c6668f56e92dedea65d92b68a62b7178e7181e0
